49.13.134.145 - - [05/Jan/2026:13:52:46 +0100] "HEAD / HTTP/1.1" 301 0 "http://www.omkar.com" "Mozilla/5.0+(compatible; UptimeRobot/2.0; http://www.uptimerobot.com/)"
157.90.156.63 - - [05/Jan/2026:13:52:47 +0100] "HEAD / HTTP/1.1" 301 0 "http://omkar.com/" "Mozilla/5.0+(compatible; UptimeRobot/2.0; http://www.uptimerobot.com/)"
13.57.39.165 - - [05/Jan/2026:13:55:12 +0100] "GET /.well-known/acme-challenge/__resolve-check HTTP/1.1" 301 162 "-" "vercel-fetch"
54.177.224.37 - - [05/Jan/2026:13:55:15 +0100] "GET /.well-known/acme-challenge/__resolve-check HTTP/1.1" 301 162 "-" "vercel-fetch"
54.219.74.168 - - [05/Jan/2026:13:55:19 +0100] "GET /.well-known/acme-challenge/__resolve-check HTTP/1.1" 301 162 "-" "vercel-fetch"
17.241.227.118 - - [05/Jan/2026:13:57:09 +0100] "GET /robots.txt HTTP/1.1" 301 162 "-" "Mozilla/5.0 (Macintosh; Intel Mac OS X 10_15_7) AppleWebKit/605.1.15 (KHTML, like Gecko) Version/17.4 Safari/605.1.15 (Applebot/0.1; +http://www.apple.com/go/applebot)"
17.241.227.118 - - [05/Jan/2026:13:57:11 +0100] "GET / HTTP/1.1" 301 162 "-" "Mozilla/5.0 (Macintosh; Intel Mac OS X 10_15_7) AppleWebKit/605.1.15 (KHTML, like Gecko) Version/17.4 Safari/605.1.15 (Applebot/0.1; +http://www.apple.com/go/applebot)"
18.192.166.72 - - [05/Jan/2026:13:57:52 +0100] "HEAD / HTTP/1.1" 301 0 "http://www.omkar.com" "Mozilla/5.0+(compatible; UptimeRobot/2.0; http://www.uptimerobot.com/)"
128.140.106.114 - - [05/Jan/2026:13:57:54 +0100] "HEAD / HTTP/1.1" 301 0 "http://omkar.com/" "Mozilla/5.0+(compatible; UptimeRobot/2.0; http://www.uptimerobot.com/)"
128.140.106.114 - - [05/Jan/2026:14:02:59 +0100] "HEAD / HTTP/1.1" 301 0 "http://www.omkar.com" "Mozilla/5.0+(compatible; UptimeRobot/2.0; http://www.uptimerobot.com/)"
49.13.167.123 - - [05/Jan/2026:14:03:00 +0100] "HEAD / HTTP/1.1" 301 0 "http://omkar.com/" "Mozilla/5.0+(compatible; UptimeRobot/2.0; http://www.uptimerobot.com/)"
78.47.98.55 - - [05/Jan/2026:14:08:05 +0100] "HEAD / HTTP/1.1" 301 0 "http://www.omkar.com" "Mozilla/5.0+(compatible; UptimeRobot/2.0; http://www.uptimerobot.com/)"
52.59.43.236 - - [05/Jan/2026:14:08:07 +0100] "HEAD / HTTP/1.1" 301 0 "http://omkar.com/" "Mozilla/5.0+(compatible; UptimeRobot/2.0; http://www.uptimerobot.com/)"
184.154.76.22 - - [05/Jan/2026:14:11:35 +0100] "GET / HTTP/1.1" 301 162 "http://www.google.com/url?url=omkar.com&yahoo.com" "Mozilla/5.0 (compatible; MSIE 9.0; Windows NT 6.1; WOW64; Trident/6.0)"
78.47.98.55 - - [05/Jan/2026:14:13:14 +0100] "HEAD / HTTP/1.1" 301 0 "http://omkar.com/" "Mozilla/5.0+(compatible; UptimeRobot/2.0; http://www.uptimerobot.com/)"
167.235.143.113 - - [05/Jan/2026:14:13:14 +0100] "HEAD / HTTP/1.1" 301 0 "http://www.omkar.com" "Mozilla/5.0+(compatible; UptimeRobot/2.0; http://www.uptimerobot.com/)"
66.249.90.37 - - [05/Jan/2026:14:14:58 +0100] "GET /altamonteflexi/thankyou.html HTTP/1.1" 301 162 "-" "Mozilla/5.0 AppleWebKit/537.36 Chrome/141.0.7390.122 Safari/537.36 Google-Ads-Conversions"
216.244.66.197 - - [05/Jan/2026:14:15:56 +0100] "GET /robots.txt HTTP/1.1" 301 162 "-" "Mozilla/5.0 (compatible; DotBot/1.2; +https://opensiteexplorer.org/dotbot; help@moz.com)"
63.178.84.147 - - [05/Jan/2026:14:18:21 +0100] "HEAD / HTTP/1.1" 301 0 "http://omkar.com/" "Mozilla/5.0+(compatible; UptimeRobot/2.0; http://www.uptimerobot.com/)"
49.13.130.29 - - [05/Jan/2026:14:18:24 +0100] "HEAD / HTTP/1.1" 301 0 "http://www.omkar.com" "Mozilla/5.0+(compatible; UptimeRobot/2.0; http://www.uptimerobot.com/)"
134.122.30.36 - - [05/Jan/2026:14:19:48 +0100] "GET / HTTP/1.1" 301 162 "-" "Mozilla/5.0 (Windows NT 10.0; Win64; x64) AppleWebKit/537.36 (KHTML, like Gecko) Chrome/129.0.0.0 Safari/537.36"
142.214.184.9 - - [05/Jan/2026:14:23:22 +0100] "GET /.well-known/acme-challenge/MXJ3YZ5BV22VIR5YTSPCSDF4KIDDE44M HTTP/1.1" 301 162 "-" "Cpanel-HTTP-Client/1.0"
142.214.184.9 - - [05/Jan/2026:14:23:24 +0100] "GET /.well-known/acme-challenge/PI7KC8IX1IBP8QBT_N5A511S3C1C39E4 HTTP/1.1" 301 162 "-" "Cpanel-HTTP-Client/1.0"
18.193.252.127 - - [05/Jan/2026:14:23:29 +0100] "HEAD / HTTP/1.1" 301 0 "http://omkar.com/" "Mozilla/5.0+(compatible; UptimeRobot/2.0; http://www.uptimerobot.com/)"
49.13.134.145 - - [05/Jan/2026:14:23:30 +0100] "HEAD / HTTP/1.1" 301 0 "http://www.omkar.com" "Mozilla/5.0+(compatible; UptimeRobot/2.0; http://www.uptimerobot.com/)"
78.47.173.76 - - [05/Jan/2026:14:28:35 +0100] "HEAD / HTTP/1.1" 301 0 "http://omkar.com/" "Mozilla/5.0+(compatible; UptimeRobot/2.0; http://www.uptimerobot.com/)"
88.99.80.227 - - [05/Jan/2026:14:28:37 +0100] "HEAD / HTTP/1.1" 301 0 "http://www.omkar.com" "Mozilla/5.0+(compatible; UptimeRobot/2.0; http://www.uptimerobot.com/)"
185.231.155.169 - - [05/Jan/2026:14:29:55 +0100] "GET /blogs/4-reasons-a-property-investment-a-smart-way-to-earn/ HTTP/1.0" 301 162 "http://omkar.com/blogs/4-reasons-a-property-investment-a-smart-way-to-earn/" "Mozilla/5.0 (Windows NT 10.0; Win64; x64) AppleWebKit/537.36 (KHTML, like Gecko) Chrome/131.0.0.0 Safari/537.36 Avast/131.0.0.0"
185.231.155.169 - - [05/Jan/2026:14:29:58 +0100] "GET /blogs/4-reasons-a-property-investment-a-smart-way-to-earn/ HTTP/1.0" 301 162 "http://omkar.com/blogs/4-reasons-a-property-investment-a-smart-way-to-earn/" "Mozilla/5.0 (Windows NT 10.0; Win64; x64) AppleWebKit/537.36 (KHTML, like Gecko) Chrome/130.0.0.0 Safari/537.36 CCleaner/130.0.0.0"
185.231.155.169 - - [05/Jan/2026:14:29:59 +0100] "GET /blogs/4-reasons-a-property-investment-a-smart-way-to-earn/ HTTP/1.0" 301 162 "http://omkar.com/blogs/4-reasons-a-property-investment-a-smart-way-to-earn/" "Mozilla/5.0 (Windows NT 10.0; Win64; x64) AppleWebKit/537.36 (KHTML, like Gecko) Chrome/130.0.0.0 Safari/537.36 CCleaner/130.0.0.0"
185.231.155.169 - - [05/Jan/2026:14:30:03 +0100] "GET /blogs/4-reasons-a-property-investment-a-smart-way-to-earn/ HTTP/1.0" 301 162 "http://omkar.com/blogs/4-reasons-a-property-investment-a-smart-way-to-earn/" "Mozilla/5.0 (Windows NT 10.0; Win64; x64) AppleWebKit/537.36 (KHTML, like Gecko) Chrome/129.0.0.0 Safari/537.36"
185.231.155.169 - - [05/Jan/2026:14:30:14 +0100] "GET /blogs/4-reasons-a-property-investment-a-smart-way-to-earn/ HTTP/1.0" 301 162 "http://omkar.com/blogs/4-reasons-a-property-investment-a-smart-way-to-earn/" "Mozilla/5.0 (Windows NT 10.0; Win64; x64) AppleWebKit/537.36 (KHTML, like Gecko) Chrome/130.0.0.0 Safari/537.36"
209.85.238.3 - - [05/Jan/2026:14:30:40 +0100] "GET /meridia/thank-you.php HTTP/1.1" 301 162 "-" "Mozilla/5.0 AppleWebKit/537.36 Chrome/141.0.7390.122 Safari/537.36 Google-Ads-Conversions"
4.190.212.213 - - [05/Jan/2026:14:32:50 +0100] "GET /wp-content/plugins/hellopress/wp_filemanager.php HTTP/1.1" 301 162 "-" "-"
4.190.212.213 - - [05/Jan/2026:14:32:54 +0100] "GET /ca4.php HTTP/1.1" 301 162 "-" "-"
4.190.212.213 - - [05/Jan/2026:14:32:55 +0100] "GET /p.php HTTP/1.1" 301 162 "-" "-"
4.190.212.213 - - [05/Jan/2026:14:32:56 +0100] "GET /inwp.php HTTP/1.1" 301 162 "-" "-"
4.190.212.213 - - [05/Jan/2026:14:32:57 +0100] "GET /file22.php HTTP/1.1" 301 162 "-" "-"
4.190.212.213 - - [05/Jan/2026:14:32:58 +0100] "GET /7logs.php HTTP/1.1" 301 162 "-" "-"
4.190.212.213 - - [05/Jan/2026:14:32:59 +0100] "GET /tanjiro.php HTTP/1.1" 301 162 "-" "-"
4.190.212.213 - - [05/Jan/2026:14:33:00 +0100] "GET /wefile.php HTTP/1.1" 301 162 "-" "-"
4.190.212.213 - - [05/Jan/2026:14:33:01 +0100] "GET /ad1.php HTTP/1.1" 301 162 "-" "-"
4.190.212.213 - - [05/Jan/2026:14:33:02 +0100] "GET /bjfl.php HTTP/1.1" 301 162 "-" "-"
4.190.212.213 - - [05/Jan/2026:14:33:03 +0100] "GET /wen.php HTTP/1.1" 301 162 "-" "-"
4.190.212.213 - - [05/Jan/2026:14:33:04 +0100] "GET /anz.php HTTP/1.1" 301 162 "-" "-"
4.190.212.213 - - [05/Jan/2026:14:33:06 +0100] "GET /bnn_.php HTTP/1.1" 301 162 "-" "-"
4.190.212.213 - - [05/Jan/2026:14:33:07 +0100] "GET /motu.php HTTP/1.1" 301 162 "-" "-"
4.190.212.213 - - [05/Jan/2026:14:33:07 +0100] "GET /file66.php HTTP/1.1" 301 162 "-" "-"
4.190.212.213 - - [05/Jan/2026:14:33:08 +0100] "GET /kure.php HTTP/1.1" 301 162 "-" "-"
4.190.212.213 - - [05/Jan/2026:14:33:09 +0100] "GET /gaje.php HTTP/1.1" 301 162 "-" "-"
4.190.212.213 - - [05/Jan/2026:14:33:10 +0100] "GET /blnux.php HTTP/1.1" 301 162 "-" "-"
4.190.212.213 - - [05/Jan/2026:14:33:11 +0100] "GET /fgd.php HTTP/1.1" 301 162 "-" "-"
4.190.212.213 - - [05/Jan/2026:14:33:12 +0100] "GET /msy.php HTTP/1.1" 301 162 "-" "-"
4.190.212.213 - - [05/Jan/2026:14:33:13 +0100] "GET /alog.php HTTP/1.1" 301 162 "-" "-"
4.190.212.213 - - [05/Jan/2026:14:33:13 +0100] "GET /X7T6.php HTTP/1.1" 301 162 "-" "-"
4.190.212.213 - - [05/Jan/2026:14:33:14 +0100] "GET /xwpg.php HTTP/1.1" 301 162 "-" "-"
4.190.212.213 - - [05/Jan/2026:14:33:15 +0100] "GET /Rk41.php HTTP/1.1" 301 162 "-" "-"
4.190.212.213 - - [05/Jan/2026:14:33:17 +0100] "GET /ztv.php HTTP/1.1" 301 162 "-" "-"
4.190.212.213 - - [05/Jan/2026:14:33:18 +0100] "GET /sef.php HTTP/1.1" 301 162 "-" "-"
4.190.212.213 - - [05/Jan/2026:14:33:19 +0100] "GET /155.php HTTP/1.1" 301 162 "-" "-"
18.192.166.72 - - [05/Jan/2026:14:33:42 +0100] "HEAD / HTTP/1.1" 301 0 "http://omkar.com/" "Mozilla/5.0+(compatible; UptimeRobot/2.0; http://www.uptimerobot.com/)"
78.47.173.76 - - [05/Jan/2026:14:33:44 +0100] "HEAD / HTTP/1.1" 301 0 "http://www.omkar.com" "Mozilla/5.0+(compatible; UptimeRobot/2.0; http://www.uptimerobot.com/)"
173.252.83.3 - - [05/Jan/2026:14:35:58 +0100] "GET /residential-and-commercial-projects/veda-exclusive-parel HTTP/1.1" 301 162 "-" "facebookexternalhit/1.1 (+http://www.facebook.com/externalhit_uatext.php)"
63.178.84.147 - - [05/Jan/2026:14:38:48 +0100] "HEAD / HTTP/1.1" 301 0 "http://omkar.com/" "Mozilla/5.0+(compatible; UptimeRobot/2.0; http://www.uptimerobot.com/)"
142.132.180.39 - - [05/Jan/2026:14:38:50 +0100] "HEAD / HTTP/1.1" 301 0 "http://www.omkar.com" "Mozilla/5.0+(compatible; UptimeRobot/2.0; http://www.uptimerobot.com/)"
128.140.41.193 - - [05/Jan/2026:14:43:54 +0100] "HEAD / HTTP/1.1" 301 0 "http://omkar.com/" "Mozilla/5.0+(compatible; UptimeRobot/2.0; http://www.uptimerobot.com/)"
142.132.180.39 - - [05/Jan/2026:14:43:57 +0100] "HEAD / HTTP/1.1" 301 0 "http://www.omkar.com" "Mozilla/5.0+(compatible; UptimeRobot/2.0; http://www.uptimerobot.com/)"
49.13.134.145 - - [05/Jan/2026:14:49:00 +0100] "HEAD / HTTP/1.1" 301 0 "http://omkar.com/" "Mozilla/5.0+(compatible; UptimeRobot/2.0; http://www.uptimerobot.com/)"
168.119.96.239 - - [05/Jan/2026:14:49:03 +0100] "HEAD / HTTP/1.1" 301 0 "http://www.omkar.com" "Mozilla/5.0+(compatible; UptimeRobot/2.0; http://www.uptimerobot.com/)"
49.13.164.148 - - [05/Jan/2026:14:54:09 +0100] "HEAD / HTTP/1.1" 301 0 "http://omkar.com/" "Mozilla/5.0+(compatible; UptimeRobot/2.0; http://www.uptimerobot.com/)"
159.69.158.189 - - [05/Jan/2026:14:54:10 +0100] "HEAD / HTTP/1.1" 301 0 "http://www.omkar.com" "Mozilla/5.0+(compatible; UptimeRobot/2.0; http://www.uptimerobot.com/)"
78.47.173.76 - - [05/Jan/2026:14:59:17 +0100] "HEAD / HTTP/1.1" 301 0 "http://omkar.com/" "Mozilla/5.0+(compatible; UptimeRobot/2.0; http://www.uptimerobot.com/)"
49.13.164.148 - - [05/Jan/2026:14:59:20 +0100] "HEAD / HTTP/1.1" 301 0 "http://www.omkar.com" "Mozilla/5.0+(compatible; UptimeRobot/2.0; http://www.uptimerobot.com/)"
4.213.136.62 - - [05/Jan/2026:15:00:20 +0100] "GET /0.php HTTP/1.1" 301 162 "https://www.google.fr/" "Mozilla/5.0 (iPhone; CPU iPhone OS 17_1_1 like Mac OS X) AppleWebKit/605.1.15 (KHTML, like Gecko) Version/17.1 Mobile/15E148 Safari/604.1"
4.213.136.62 - - [05/Jan/2026:15:00:21 +0100] "GET /1.php HTTP/1.1" 301 162 "https://www.bing.com/" "Mozilla/5.0 (iPhone; CPU iPhone OS 15_7_9 like Mac OS X) AppleWebKit/605.1.15 (KHTML, like Gecko) Version/15.6.5 Mobile/15E148 Safari/604.1"
4.213.136.62 - - [05/Jan/2026:15:00:22 +0100] "GET /2.php HTTP/1.1" 301 162 "https://duckduckgo.com/" "Mozilla/5.0 (iPad; CPU OS 16_7_2 like Mac OS X) AppleWebKit/605.1.15 (KHTML, like Gecko) Version/16.6 Mobile/15E148 Safari/604.1"
4.213.136.62 - - [05/Jan/2026:15:00:23 +0100] "GET /12.php HTTP/1.1" 301 162 "https://duckduckgo.com/" "Mozilla/5.0 (iPhone; CPU iPhone OS 17_0_3 like Mac OS X) AppleWebKit/605.1.15 (KHTML, like Gecko) Version/17.0.1 Mobile/15E148 Safari/604.1"
4.213.136.62 - - [05/Jan/2026:15:00:23 +0100] "GET /13.php HTTP/1.1" 301 162 "https://www.google.co.uk/" "Mozilla/5.0 (iPad; CPU OS 16_7_2 like Mac OS X) AppleWebKit/605.1.15 (KHTML, like Gecko) Version/16.6 Mobile/15E148 Safari/604.1"
4.213.136.62 - - [05/Jan/2026:15:00:25 +0100] "GET /403.php HTTP/1.1" 301 162 "https://www.google.co.uk/" "Mozilla/5.0 (iPad; CPU OS 16_7_2 like Mac OS X) AppleWebKit/605.1.15 (KHTML, like Gecko) Version/16.6 Mobile/15E148 Safari/604.1"
4.213.136.62 - - [05/Jan/2026:15:00:26 +0100] "GET /404.php HTTP/1.1" 301 162 "https://www.google.fr/" "Mozilla/5.0 (Linux; Android 12; 2201116SG) AppleWebKit/537.36 (KHTML, like Gecko) Chrome/116.0.0.0 Mobile Safari/537.36"
4.213.136.62 - - [05/Jan/2026:15:00:26 +0100] "GET /a.php HTTP/1.1" 301 162 "https://www.google.co.uk/" "Mozilla/5.0 (iPhone; CPU iPhone OS 16_6_1 like Mac OS X) AppleWebKit/605.1.15 (KHTML, like Gecko) Version/16.6 Mobile/15E148 Safari/604.1"
4.213.136.62 - - [05/Jan/2026:15:00:27 +0100] "GET /aa.php HTTP/1.1" 301 162 "https://www.bing.com/" "Mozilla/5.0 (iPhone; CPU iPhone OS 17_1 like Mac OS X) AppleWebKit/605.1.15 (KHTML, like Gecko) CriOS/119.0.6045.109 Mobile/15E148 Safari/604.1"
4.213.136.62 - - [05/Jan/2026:15:00:27 +0100] "GET /abcd.php HTTP/1.1" 301 162 "https://www.google.com/" "Mozilla/5.0 (Linux; Android 10; LM-Q720) AppleWebKit/537.36 (KHTML, like Gecko) Chrome/116.0.0.0 Mobile Safari/537.36"
4.213.136.62 - - [05/Jan/2026:15:00:28 +0100] "GET /about.php HTTP/1.1" 301 162 "https://www.google.de/" "Mozilla/5.0 (iPhone; CPU iPhone OS 16_0 like Mac OS X) AppleWebKit/605.1.15 (KHTML, like Gecko) FxiOS/118.0 Mobile/15E148 Safari/605.1.15"
4.213.136.62 - - [05/Jan/2026:15:00:28 +0100] "GET /admin.php HTTP/1.1" 301 162 "https://www.google.com/" "Mozilla/5.0 (Linux; Android 12; V2134) AppleWebKit/537.36 (KHTML, like Gecko) Chrome/116.0.0.0 Mobile Safari/537.36"
4.213.136.62 - - [05/Jan/2026:15:00:29 +0100] "GET /admin-header.php HTTP/1.1" 301 162 "https://www.google.co.uk/" "Mozilla/5.0 (iPad; CPU OS 17_0_3 like Mac OS X) AppleWebKit/605.1.15 (KHTML, like Gecko) Version/17.0.1 Mobile/15E148 Safari/604.1"
4.213.136.62 - - [05/Jan/2026:15:00:29 +0100] "GET /adminfuns.php HTTP/1.1" 301 162 "https://www.google.fr/" "Mozilla/5.0 (Linux; Android 13; SM-G991U) AppleWebKit/537.36 (KHTML, like Gecko) Chrome/117.0.0.0 Mobile Safari/537.36"
4.213.136.62 - - [05/Jan/2026:15:00:30 +0100] "GET /ahax.php HTTP/1.1" 301 162 "https://www.yahoo.com/" "Mozilla/5.0 (Linux; Android 13; M2101K6G) AppleWebKit/537.36 (KHTML, like Gecko) Chrome/116.0.0.0 Mobile Safari/537.36"
4.213.136.62 - - [05/Jan/2026:15:00:30 +0100] "GET /akcc.php HTTP/1.1" 301 162 "https://www.bing.com/" "Mozilla/5.0 (iPhone; CPU iPhone OS 17_1_1 like Mac OS X) AppleWebKit/605.1.15 (KHTML, like Gecko) Version/17.1 Mobile/15E148 Safari/604.1"
4.213.136.62 - - [05/Jan/2026:15:00:30 +0100] "GET /alf.php HTTP/1.1" 301 162 "https://duckduckgo.com/" "Mozilla/5.0 (iPad; CPU OS 17_0_3 like Mac OS X) AppleWebKit/605.1.15 (KHTML, like Gecko) Version/17.0.1 Mobile/15E148 Safari/604.1"
4.213.136.62 - - [05/Jan/2026:15:00:31 +0100] "GET /alfa.php HTTP/1.1" 301 162 "https://www.google.co.uk/" "Mozilla/5.0 (Linux; Android 11; 21081111RG) AppleWebKit/537.36 (KHTML, like Gecko) Chrome/116.0.0.0 Mobile Safari/537.36"
4.213.136.62 - - [05/Jan/2026:15:00:31 +0100] "GET /alfashell.php HTTP/1.1" 301 162 "https://duckduckgo.com/" "Mozilla/5.0 (iPhone; CPU iPhone OS 16_0 like Mac OS X) AppleWebKit/605.1.15 (KHTML, like Gecko) FxiOS/118.0 Mobile/15E148 Safari/605.1.15"
4.213.136.62 - - [05/Jan/2026:15:00:32 +0100] "GET /api.php HTTP/1.1" 301 162 "https://www.yahoo.com/" "Mozilla/5.0 (Linux; Android 10; LM-Q720) AppleWebKit/537.36 (KHTML, like Gecko) Chrome/116.0.0.0 Mobile Safari/537.36"
4.213.136.62 - - [05/Jan/2026:15:00:32 +0100] "GET /app.php HTTP/1.1" 301 162 "https://www.yahoo.com/" "Mozilla/5.g (Linux; Android 13; Pixel 7) AppleWebKit/537.36 (KHTML, like Gecko) Chrome/116.0.0.0 Mobile Safari/537.36"
4.213.136.62 - - [05/Jan/2026:15:00:32 +0100] "GET /as.php HTTP/1.1" 301 162 "https://duckduckgo.com/" "Mozilla/5.0 (Linux; Android 13; SM-S908E) AppleWebKit/537.36 (KHTML, like Gecko) Chrome/116.0.0.0 Mobile Safari/537.36"
4.213.136.62 - - [05/Jan/2026:15:00:33 +0100] "GET /bolt.php HTTP/1.1" 301 162 "https://www.google.fr/" "Mozilla/5.0 (iPhone; CPU iPhone OS 16_6_1 like Mac OS X) AppleWebKit/605.1.15 (KHTML, like Gecko) Version/16.6 Mobile/15E148 Safari/604.1"
4.213.136.62 - - [05/Jan/2026:15:00:33 +0100] "GET /buy.php HTTP/1.1" 301 162 "https://www.google.fr/" "Mozilla/5.0 (Linux; Android 13; SM-G991U) AppleWebKit/537.36 (KHTML, like Gecko) Chrome/117.0.0.0 Mobile Safari/537.36"
4.213.136.62 - - [05/Jan/2026:15:00:34 +0100] "GET /c.php HTTP/1.1" 301 162 "https://www.google.fr/" "Mozilla/5.0 (iPad; CPU OS 16_7_2 like Mac OS X) AppleWebKit/605.1.15 (KHTML, like Gecko) Version/16.6 Mobile/15E148 Safari/604.1"
4.213.136.62 - - [05/Jan/2026:15:00:34 +0100] "GET /cc.php HTTP/1.1" 301 162 "https://www.bing.com/" "Mozilla/5.0 (iPhone; CPU iPhone OS 17_1 like Mac OS X) AppleWebKit/605.1.15 (KHTML, like Gecko) CriOS/119.0.6045.109 Mobile/15E148 Safari/604.1"
4.213.136.62 - - [05/Jan/2026:15:00:35 +0100] "GET /chosen.php HTTP/1.1" 301 162 "https://www.google.co.uk/" "Mozilla/5.0 (Linux; Android 14; Pixel 8 Pro) AppleWebKit/537.36 (KHTML, like Gecko) Chrome/119.0.0.0 Mobile Safari/537.36"
4.213.136.62 - - [05/Jan/2026:15:00:36 +0100] "GET /classwithtostring.php HTTP/1.1" 301 162 "https://www.google.co.uk/" "Mozilla/5.0 (iPhone; CPU iPhone OS 16_6_1 like Mac OS X) AppleWebKit/605.1.15 (KHTML, like Gecko) Version/16.6 Mobile/15E148 Safari/604.1"
4.213.136.62 - - [05/Jan/2026:15:00:36 +0100] "GET /config.php HTTP/1.1" 301 162 "https://www.yahoo.com/" "Mozilla/5.0 (iPhone; CPU iPhone OS 17_1 like Mac OS X) AppleWebKit/605.1.15 (KHTML, like Gecko) CriOS/119.0.6045.109 Mobile/15E148 Safari/604.1"
4.213.136.62 - - [05/Jan/2026:15:00:37 +0100] "GET /content.php HTTP/1.1" 301 162 "https://www.google.com/" "Mozilla/5.0 (Linux; Android 13; SM-G991U) AppleWebKit/537.36 (KHTML, like Gecko) Chrome/117.0.0.0 Mobile Safari/537.36"
4.213.136.62 - - [05/Jan/2026:15:00:37 +0100] "GET /dropdown.php HTTP/1.1" 301 162 "https://www.google.de/" "Mozilla/5.0 (Linux; Android 11; 21081111RG) AppleWebKit/537.36 (KHTML, like Gecko) Chrome/116.0.0.0 Mobile Safari/537.36"
4.213.136.62 - - [05/Jan/2026:15:00:38 +0100] "GET /edit.php HTTP/1.1" 301 162 "https://www.google.fr/" "Mozilla/5.0 (iPad; CPU OS 17_0_3 like Mac OS X) AppleWebKit/605.1.15 (KHTML, like Gecko) Version/17.0.1 Mobile/15E148 Safari/604.1"
4.213.136.62 - - [05/Jan/2026:15:00:38 +0100] "GET /ee.php HTTP/1.1" 301 162 "https://www.google.fr/" "Mozilla/5.g (Linux; Android 13; Pixel 7) AppleWebKit/537.36 (KHTML, like Gecko) Chrome/116.0.0.0 Mobile Safari/537.36"
4.213.136.62 - - [05/Jan/2026:15:00:39 +0100] "GET /favicon.php HTTP/1.1" 301 162 "https://www.yahoo.com/" "Mozilla/5.0 (iPhone; CPU iPhone OS 15_7_9 like Mac OS X) AppleWebKit/605.1.15 (KHTML, like Gecko) Version/15.6.5 Mobile/15E148 Safari/604.1"
4.213.136.62 - - [05/Jan/2026:15:00:39 +0100] "GET /file.php HTTP/1.1" 301 162 "https://www.bing.com/" "Mozilla/5.0 (iPhone; CPU iPhone OS 17_0_3 like Mac OS X) AppleWebKit/605.1.15 (KHTML, like Gecko) Version/17.0.1 Mobile/15E148 Safari/604.1"
66.249.73.100 - - [05/Jan/2026:15:00:40 +0100] "GET /ads.txt HTTP/1.1" 301 162 "-" "Mozilla/5.0 (compatible; Googlebot/2.1; +http://www.google.com/bot.html)"
4.213.136.62 - - [05/Jan/2026:15:00:41 +0100] "GET /fm.php HTTP/1.1" 301 162 "https://www.google.de/" "Mozilla/5.0 (Linux; Android 14; Pixel 8 Pro) AppleWebKit/537.36 (KHTML, like Gecko) Chrome/119.0.0.0 Mobile Safari/537.36"
4.213.136.62 - - [05/Jan/2026:15:00:41 +0100] "GET /fx.php HTTP/1.1" 301 162 "https://www.yahoo.com/" "Mozilla/5.0 (Linux; Android 13; M2101K6G) AppleWebKit/537.36 (KHTML, like Gecko) Chrome/116.0.0.0 Mobile Safari/537.36"
4.213.136.62 - - [05/Jan/2026:15:00:41 +0100] "GET /gecko.php HTTP/1.1" 301 162 "https://www.google.co.uk/" "Mozilla/5.0 (Linux; Android 13; SM-G991U) AppleWebKit/537.36 (KHTML, like Gecko) Chrome/117.0.0.0 Mobile Safari/537.36"
4.213.136.62 - - [05/Jan/2026:15:00:42 +0100] "GET /gecko-new.php HTTP/1.1" 301 162 "https://www.google.com/" "Mozilla/5.0 (Linux; Android 11; CPH2251) AppleWebKit/537.36 (KHTML, like Gecko) Chrome/116.0.0.0 Mobile Safari/537.36"
4.213.136.62 - - [05/Jan/2026:15:00:42 +0100] "GET /gel4y.php HTTP/1.1" 301 162 "https://www.google.fr/" "Mozilla/5.0 (Linux; Android 12; SM-A525F) AppleWebKit/537.36 (KHTML, like Gecko) Chrome/117.0.0.0 Mobile Safari/537.36"
4.213.136.62 - - [05/Jan/2026:15:00:43 +0100] "GET /gg.php HTTP/1.1" 301 162 "https://www.bing.com/" "Mozilla/5.0 (Linux; Android 13; M2101K6G) AppleWebKit/537.36 (KHTML, like Gecko) Chrome/116.0.0.0 Mobile Safari/537.36"
4.213.136.62 - - [05/Jan/2026:15:00:44 +0100] "GET /goods.php HTTP/1.1" 301 162 "https://duckduckgo.com/" "Mozilla/5.0 (Linux; Android 14; Pixel 8 Pro) AppleWebKit/537.36 (KHTML, like Gecko) Chrome/119.0.0.0 Mobile Safari/537.36"
4.213.136.62 - - [05/Jan/2026:15:00:44 +0100] "GET /help.php HTTP/1.1" 301 162 "https://www.google.fr/" "Mozilla/5.0 (Linux; Android 13; M2101K6G) AppleWebKit/537.36 (KHTML, like Gecko) Chrome/116.0.0.0 Mobile Safari/537.36"
4.213.136.62 - - [05/Jan/2026:15:00:45 +0100] "GET /i.php HTTP/1.1" 301 162 "https://www.google.co.uk/" "Mozilla/5.0 (Linux; Android 10; K) AppleWebKit/537.36 (KHTML, like Gecko) Chrome/117.0.0.0 Mobile Safari/537.36"
4.213.136.62 - - [05/Jan/2026:15:00:45 +0100] "GET /index.php HTTP/1.1" 301 162 "https://www.google.de/" "Mozilla/5.0 (iPad; CPU OS 16_7_2 like Mac OS X) AppleWebKit/605.1.15 (KHTML, like Gecko) Version/16.6 Mobile/15E148 Safari/604.1"
4.213.136.62 - - [05/Jan/2026:15:00:45 +0100] "GET /info.php HTTP/1.1" 301 162 "https://www.bing.com/" "Mozilla/5.0 (iPhone; CPU iPhone OS 17_1 like Mac OS X) AppleWebKit/605.1.15 (KHTML, like Gecko) CriOS/119.0.6045.109 Mobile/15E148 Safari/604.1"
4.213.136.62 - - [05/Jan/2026:15:00:46 +0100] "GET /ioxi-o.php HTTP/1.1" 301 162 "https://www.google.com/" "Mozilla/5.0 (Linux; Android 11; 21081111RG) AppleWebKit/537.36 (KHTML, like Gecko) Chrome/116.0.0.0 Mobile Safari/537.36"
4.213.136.62 - - [05/Jan/2026:15:00:46 +0100] "GET /k.php HTTP/1.1" 301 162 "https://www.google.co.uk/" "Mozilla/5.0 (Linux; Android 12; V2134) AppleWebKit/537.36 (KHTML, like Gecko) Chrome/116.0.0.0 Mobile Safari/537.36"
4.213.136.62 - - [05/Jan/2026:15:00:47 +0100] "GET /link.php HTTP/1.1" 301 162 "https://www.google.com/" "Mozilla/5.0 (Linux; Android 14; Pixel 8 Pro) AppleWebKit/537.36 (KHTML, like Gecko) Chrome/119.0.0.0 Mobile Safari/537.36"
4.213.136.62 - - [05/Jan/2026:15:00:47 +0100] "GET /man.php HTTP/1.1" 301 162 "https://www.google.co.uk/" "Mozilla/5.0 (iPhone; CPU iPhone OS 16_0 like Mac OS X) AppleWebKit/605.1.15 (KHTML, like Gecko) FxiOS/118.0 Mobile/15E148 Safari/605.1.15"
4.213.136.62 - - [05/Jan/2026:15:00:48 +0100] "GET /mini.php HTTP/1.1" 301 162 "https://www.google.com/" "Mozilla/5.0 (iPhone; CPU iPhone OS 17_0_3 like Mac OS X) AppleWebKit/605.1.15 (KHTML, like Gecko) Version/17.0.1 Mobile/15E148 Safari/604.1"
4.213.136.62 - - [05/Jan/2026:15:00:48 +0100] "GET /new.php HTTP/1.1" 301 162 "https://www.google.de/" "Mozilla/5.0 (Linux; Android 13; SM-S908E) AppleWebKit/537.36 (KHTML, like Gecko) Chrome/116.0.0.0 Mobile Safari/537.36"
4.213.136.62 - - [05/Jan/2026:15:00:49 +0100] "GET /num.php HTTP/1.1" 301 162 "https://duckduckgo.com/" "Mozilla/5.0 (Linux; Android 12; 2201116SG) AppleWebKit/537.36 (KHTML, like Gecko) Chrome/116.0.0.0 Mobile Safari/537.36"
4.213.136.62 - - [05/Jan/2026:15:00:49 +0100] "GET /root.php HTTP/1.1" 301 162 "https://www.bing.com/" "Mozilla/5.0 (iPhone; CPU iPhone OS 16_6_1 like Mac OS X) AppleWebKit/605.1.15 (KHTML, like Gecko) Version/16.6 Mobile/15E148 Safari/604.1"
4.213.136.62 - - [05/Jan/2026:15:00:49 +0100] "GET /shell.php HTTP/1.1" 301 162 "https://www.yahoo.com/" "Mozilla/5.0 (Linux; Android 14; Pixel 8 Pro) AppleWebKit/537.36 (KHTML, like Gecko) Chrome/119.0.0.0 Mobile Safari/537.36"
4.213.136.62 - - [05/Jan/2026:15:00:50 +0100] "GET /system.php HTTP/1.1" 301 162 "https://www.google.fr/" "Mozilla/5.0 (Linux; Android 12; V2134) AppleWebKit/537.36 (KHTML, like Gecko) Chrome/116.0.0.0 Mobile Safari/537.36"
4.213.136.62 - - [05/Jan/2026:15:00:50 +0100] "GET /termps.php HTTP/1.1" 301 162 "https://www.google.fr/" "Mozilla/5.0 (Linux; Android 12; V2134) AppleWebKit/537.36 (KHTML, like Gecko) Chrome/116.0.0.0 Mobile Safari/537.36"
4.213.136.62 - - [05/Jan/2026:15:00:51 +0100] "GET /test.php HTTP/1.1" 301 162 "https://www.google.fr/" "Mozilla/5.0 (Linux; Android 13; SM-G991U) AppleWebKit/537.36 (KHTML, like Gecko) Chrome/117.0.0.0 Mobile Safari/537.36"
4.213.136.62 - - [05/Jan/2026:15:00:51 +0100] "GET /tiny.php HTTP/1.1" 301 162 "https://www.bing.com/" "Mozilla/5.0 (Linux; Android 13; M2101K6G) AppleWebKit/537.36 (KHTML, like Gecko) Chrome/116.0.0.0 Mobile Safari/537.36"
4.213.136.62 - - [05/Jan/2026:15:00:51 +0100] "GET /user.php HTTP/1.1" 301 162 "https://www.google.de/" "Mozilla/5.0 (Linux; Android 10; LM-Q720) AppleWebKit/537.36 (KHTML, like Gecko) Chrome/116.0.0.0 Mobile Safari/537.36"
4.213.136.62 - - [05/Jan/2026:15:00:52 +0100] "GET /vx.php HTTP/1.1" 301 162 "https://duckduckgo.com/" "Mozilla/5.0 (Linux; Android 13; M2101K6G) AppleWebKit/537.36 (KHTML, like Gecko) Chrome/116.0.0.0 Mobile Safari/537.36"
4.213.136.62 - - [05/Jan/2026:15:00:52 +0100] "GET /wp-admin.php HTTP/1.1" 301 162 "https://www.google.co.uk/" "Mozilla/5.0 (iPhone; CPU iPhone OS 17_0_3 like Mac OS X) AppleWebKit/605.1.15 (KHTML, like Gecko) Version/17.0.1 Mobile/15E148 Safari/604.1"
4.213.136.62 - - [05/Jan/2026:15:00:53 +0100] "GET /wp-blog.php HTTP/1.1" 301 162 "https://www.google.fr/" "Mozilla/5.0 (iPhone; CPU iPhone OS 16_0 like Mac OS X) AppleWebKit/605.1.15 (KHTML, like Gecko) FxiOS/118.0 Mobile/15E148 Safari/605.1.15"
4.213.136.62 - - [05/Jan/2026:15:00:53 +0100] "GET /wp-good.php HTTP/1.1" 301 162 "https://www.google.com/" "Mozilla/5.0 (iPad; CPU OS 16_7_2 like Mac OS X) AppleWebKit/605.1.15 (KHTML, like Gecko) Version/16.6 Mobile/15E148 Safari/604.1"
4.213.136.62 - - [05/Jan/2026:15:00:54 +0100] "GET /wp-include.php HTTP/1.1" 301 162 "https://www.google.fr/" "Mozilla/5.0 (Linux; Android 10; LM-Q720) AppleWebKit/537.36 (KHTML, like Gecko) Chrome/116.0.0.0 Mobile Safari/537.36"
4.213.136.62 - - [05/Jan/2026:15:00:54 +0100] "GET /wp-links.php HTTP/1.1" 301 162 "https://www.google.de/" "Mozilla/5.0 (iPhone; CPU iPhone OS 17_1 like Mac OS X) AppleWebKit/605.1.15 (KHTML, like Gecko) CriOS/119.0.6045.109 Mobile/15E148 Safari/604.1"
4.213.136.62 - - [05/Jan/2026:15:00:55 +0100] "GET /wp-signin.php HTTP/1.1" 301 162 "https://duckduckgo.com/" "Mozilla/5.0 (iPhone; CPU iPhone OS 15_7_9 like Mac OS X) AppleWebKit/605.1.15 (KHTML, like Gecko) Version/15.6.5 Mobile/15E148 Safari/604.1"
4.213.136.62 - - [05/Jan/2026:15:00:55 +0100] "GET /wp-trackback.php HTTP/1.1" 301 162 "https://www.google.de/" "Mozilla/5.0 (iPhone; CPU iPhone OS 16_0 like Mac OS X) AppleWebKit/605.1.15 (KHTML, like Gecko) FxiOS/118.0 Mobile/15E148 Safari/605.1.15"
4.213.136.62 - - [05/Jan/2026:15:00:55 +0100] "GET /wp.php HTTP/1.1" 301 162 "https://www.google.co.uk/" "Mozilla/5.0 (Linux; Android 12; V2134) AppleWebKit/537.36 (KHTML, like Gecko) Chrome/116.0.0.0 Mobile Safari/537.36"
4.213.136.62 - - [05/Jan/2026:15:00:56 +0100] "GET /wso.php HTTP/1.1" 301 162 "https://www.google.de/" "Mozilla/5.0 (Linux; Android 13; M2101K6G) AppleWebKit/537.36 (KHTML, like Gecko) Chrome/116.0.0.0 Mobile Safari/537.36"
4.213.136.62 - - [05/Jan/2026:15:00:57 +0100] "GET /xmlrpc.php HTTP/1.1" 301 162 "https://duckduckgo.com/" "Mozilla/5.g (Linux; Android 13; Pixel 7) AppleWebKit/537.36 (KHTML, like Gecko) Chrome/116.0.0.0 Mobile Safari/537.36"
4.213.136.62 - - [05/Jan/2026:15:00:57 +0100] "GET /xmrlpc.php HTTP/1.1" 301 162 "https://www.google.fr/" "Mozilla/5.0 (Linux; Android 13; SM-S908E) AppleWebKit/537.36 (KHTML, like Gecko) Chrome/116.0.0.0 Mobile Safari/537.36"
66.249.73.101 - - [05/Jan/2026:15:01:21 +0100] "GET /learjscm864672 HTTP/1.1" 301 162 "-" "Mozilla/5.0 (Linux; Android 6.0.1; Nexus 5X Build/MMB29P) AppleWebKit/537.36 (KHTML, like Gecko) Chrome/141.0.7390.122 Mobile Safari/537.36 (compatible; Googlebot/2.1; +http://www.google.com/bot.html)"
66.249.73.129 - - [05/Jan/2026:15:01:45 +0100] "GET /robots.txt HTTP/1.1" 301 162 "-" "Mozilla/5.0 (compatible; Googlebot/2.1; +http://www.google.com/bot.html)"
66.249.73.129 - - [05/Jan/2026:15:01:53 +0100] "GET /ads.txt HTTP/1.1" 301 162 "-" "Mozilla/5.0 (compatible; Googlebot/2.1; +http://www.google.com/bot.html)"
66.249.73.100 - - [05/Jan/2026:15:02:44 +0100] "GET /soxdp943199 HTTP/1.1" 301 162 "-" "Mozilla/5.0 (Linux; Android 6.0.1; Nexus 5X Build/MMB29P) AppleWebKit/537.36 (KHTML, like Gecko) Chrome/141.0.7390.122 Mobile Safari/537.36 (compatible; Googlebot/2.1; +http://www.google.com/bot.html)"
66.249.73.100 - - [05/Jan/2026:15:04:18 +0100] "GET /inyyfdb90149343 HTTP/1.1" 301 162 "-" "Mozilla/5.0 (Linux; Android 6.0.1; Nexus 5X Build/MMB29P) AppleWebKit/537.36 (KHTML, like Gecko) Chrome/141.0.7390.122 Mobile Safari/537.36 (compatible; Googlebot/2.1; +http://www.google.com/bot.html)"
52.28.162.93 - - [05/Jan/2026:15:04:26 +0100] "HEAD / HTTP/1.1" 301 0 "http://omkar.com/" "Mozilla/5.0+(compatible; UptimeRobot/2.0; http://www.uptimerobot.com/)"
52.28.162.93 - - [05/Jan/2026:15:04:30 +0100] "HEAD / HTTP/1.1" 301 0 "http://www.omkar.com" "Mozilla/5.0+(compatible; UptimeRobot/2.0; http://www.uptimerobot.com/)"
66.249.73.102 - - [05/Jan/2026:15:05:52 +0100] "GET /synwurwga85980270 HTTP/1.1" 301 162 "-" "Mozilla/5.0 (Linux; Android 6.0.1; Nexus 5X Build/MMB29P) AppleWebKit/537.36 (KHTML, like Gecko) Chrome/141.0.7390.122 Mobile Safari/537.36 (compatible; Googlebot/2.1; +http://www.google.com/bot.html)"
52.200.93.170 - - [05/Jan/2026:15:07:03 +0100] "GET /robots.txt HTTP/1.1" 301 162 "-" "Mozilla/5.0 AppleWebKit/537.36 (KHTML, like Gecko; compatible; Amazonbot/0.1; +https://developer.amazon.com/support/amazonbot) Chrome/119.0.6045.214 Safari/537.36"
54.85.7.119 - - [05/Jan/2026:15:07:05 +0100] "GET /omkar_admin/data_content/pressrelease_pdf_files/Marwar_Mag._.pdf HTTP/1.1" 301 162 "-" "Mozilla/5.0 AppleWebKit/537.36 (KHTML, like Gecko; compatible; Amazonbot/0.1; +https://developer.amazon.com/support/amazonbot) Chrome/119.0.6045.214 Safari/537.36"
66.249.73.100 - - [05/Jan/2026:15:07:25 +0100] "GET /sensalpn877254 HTTP/1.1" 301 162 "-" "Mozilla/5.0 (Linux; Android 6.0.1; Nexus 5X Build/MMB29P) AppleWebKit/537.36 (KHTML, like Gecko) Chrome/141.0.7390.122 Mobile Safari/537.36 (compatible; Googlebot/2.1; +http://www.google.com/bot.html)"
66.249.73.100 - - [05/Jan/2026:15:08:59 +0100] "GET /sensalpn877254 HTTP/1.1" 301 162 "-" "Mozilla/5.0 (Linux; Android 6.0.1; Nexus 5X Build/MMB29P) AppleWebKit/537.36 (KHTML, like Gecko) Chrome/141.0.7390.122 Mobile Safari/537.36 (compatible; GoogleOther)"
88.99.80.227 - - [05/Jan/2026:15:09:35 +0100] "HEAD / HTTP/1.1" 301 0 "http://omkar.com/" "Mozilla/5.0+(compatible; UptimeRobot/2.0; http://www.uptimerobot.com/)"
128.140.106.114 - - [05/Jan/2026:15:09:36 +0100] "HEAD / HTTP/1.1" 301 0 "http://www.omkar.com" "Mozilla/5.0+(compatible; UptimeRobot/2.0; http://www.uptimerobot.com/)"
66.249.73.102 - - [05/Jan/2026:15:10:33 +0100] "GET /parazoag1115051 HTTP/1.1" 301 162 "-" "Mozilla/5.0 (Linux; Android 6.0.1; Nexus 5X Build/MMB29P) AppleWebKit/537.36 (KHTML, like Gecko) Chrome/141.0.7390.122 Mobile Safari/537.36 (compatible; Googlebot/2.1; +http://www.google.com/bot.html)"
66.249.73.129 - - [05/Jan/2026:15:13:27 +0100] "GET /ongoing-residential-projects-mumbai/the-bliss-collection?utm_source=GoogleMyBusiness HTTP/1.1" 301 162 "-" "Mozilla/5.0 (Linux; Android 6.0.1; Nexus 5X Build/MMB29P) AppleWebKit/537.36 (KHTML, like Gecko) Chrome/141.0.7390.122 Mobile Safari/537.36 (compatible; Googlebot/2.1; +http://www.google.com/bot.html)"
66.249.71.193 - - [05/Jan/2026:15:13:40 +0100] "GET /prenb508113 HTTP/1.1" 301 162 "-" "Mozilla/5.0 (Linux; Android 6.0.1; Nexus 5X Build/MMB29P) AppleWebKit/537.36 (KHTML, like Gecko) Chrome/141.0.7390.122 Mobile Safari/537.36 (compatible; Googlebot/2.1; +http://www.google.com/bot.html)"
52.59.43.236 - - [05/Jan/2026:15:14:41 +0100] "HEAD / HTTP/1.1" 301 0 "http://omkar.com/" "Mozilla/5.0+(compatible; UptimeRobot/2.0; http://www.uptimerobot.com/)"
168.119.96.239 - - [05/Jan/2026:15:14:45 +0100] "HEAD / HTTP/1.1" 301 0 "http://www.omkar.com" "Mozilla/5.0+(compatible; UptimeRobot/2.0; http://www.uptimerobot.com/)"
216.244.66.197 - - [05/Jan/2026:15:15:57 +0100] "GET /robots.txt HTTP/1.1" 301 162 "-" "Mozilla/5.0 (compatible; DotBot/1.2; +https://opensiteexplorer.org/dotbot; help@moz.com)"
216.244.66.197 - - [05/Jan/2026:15:15:57 +0100] "GET /robots.txt HTTP/1.1" 301 162 "-" "Mozilla/5.0 (compatible; DotBot/1.2; +https://opensiteexplorer.org/dotbot; help@moz.com)"
66.249.71.162 - - [05/Jan/2026:15:16:48 +0100] "GET /beza49748851 HTTP/1.1" 301 162 "-" "Mozilla/5.0 (Linux; Android 6.0.1; Nexus 5X Build/MMB29P) AppleWebKit/537.36 (KHTML, like Gecko) Chrome/141.0.7390.122 Mobile Safari/537.36 (compatible; Googlebot/2.1; +http://www.google.com/bot.html)"
142.132.180.39 - - [05/Jan/2026:15:19:48 +0100] "HEAD / HTTP/1.1" 301 0 "http://omkar.com/" "Mozilla/5.0+(compatible; UptimeRobot/2.0; http://www.uptimerobot.com/)"
49.13.167.123 - - [05/Jan/2026:15:19:51 +0100] "HEAD / HTTP/1.1" 301 0 "http://www.omkar.com" "Mozilla/5.0+(compatible; UptimeRobot/2.0; http://www.uptimerobot.com/)"
66.249.73.101 - - [05/Jan/2026:15:19:55 +0100] "GET /index.phpplumpzfdzf1091929 HTTP/1.1" 301 162 "-" "Mozilla/5.0 (Linux; Android 6.0.1; Nexus 5X Build/MMB29P) AppleWebKit/537.36 (KHTML, like Gecko) Chrome/141.0.7390.122 Mobile Safari/537.36 (compatible; Googlebot/2.1; +http://www.google.com/bot.html)"
208.84.101.154 - - [05/Jan/2026:15:22:11 +0100] "GET / HTTP/1.1" 301 162 "-" "Mozilla/5.0 (Windows NT 10.0; Win64; x64) AppleWebKit/537.36 (KHTML, like Gecko) Chrome/78.0.3904.108 Safari/537.36"
66.249.73.101 - - [05/Jan/2026:15:23:03 +0100] "GET /eucrhnml8736672 HTTP/1.1" 301 162 "-" "Mozilla/5.0 (Linux; Android 6.0.1; Nexus 5X Build/MMB29P) AppleWebKit/537.36 (KHTML, like Gecko) Chrome/141.0.7390.122 Mobile Safari/537.36 (compatible; Googlebot/2.1; +http://www.google.com/bot.html)"
57.129.139.80 - - [05/Jan/2026:15:24:14 +0100] "GET /upcomingresbkc/overview HTTP/1.1" 301 162 "-" "Mozilla/5.0 (Windows NT 10.0; Win64; x64) AppleWebKit/537.36 (KHTML, like Gecko) Chrome/139.0.0.0 Safari/537.36"
18.192.166.72 - - [05/Jan/2026:15:24:55 +0100] "HEAD / HTTP/1.1" 301 0 "http://omkar.com/" "Mozilla/5.0+(compatible; UptimeRobot/2.0; http://www.uptimerobot.com/)"
52.59.43.236 - - [05/Jan/2026:15:24:57 +0100] "HEAD / HTTP/1.1" 301 0 "http://www.omkar.com" "Mozilla/5.0+(compatible; UptimeRobot/2.0; http://www.uptimerobot.com/)"
66.249.73.102 - - [05/Jan/2026:15:26:11 +0100] "GET /index.phpplumpzfdzf1091929 HTTP/1.1" 301 162 "-" "Mozilla/5.0 (Linux; Android 6.0.1; Nexus 5X Build/MMB29P) AppleWebKit/537.36 (KHTML, like Gecko) Chrome/141.0.7390.122 Mobile Safari/537.36 (compatible; GoogleOther)"
34.198.85.162 - - [05/Jan/2026:15:28:47 +0100] "GET / HTTP/1.1" 301 162 "-" "Mozilla/5.0 (Macintosh; Intel Mac OS X 10_15_7) AppleWebKit/605.1.15 (KHTML, like Gecko) Version/18.6 Safari/605.1.15 Ddg/18.6 Chrome/141.0.0.0"
66.249.71.39 - - [05/Jan/2026:15:29:18 +0100] "GET /darvsqquh36573541 HTTP/1.1" 301 162 "-" "Mozilla/5.0 (Linux; Android 6.0.1; Nexus 5X Build/MMB29P) AppleWebKit/537.36 (KHTML, like Gecko) Chrome/141.0.7390.122 Mobile Safari/537.36 (compatible; Googlebot/2.1; +http://www.google.com/bot.html)"
168.119.96.239 - - [05/Jan/2026:15:30:02 +0100] "HEAD / HTTP/1.1" 301 0 "http://omkar.com/" "Mozilla/5.0+(compatible; UptimeRobot/2.0; http://www.uptimerobot.com/)"
49.13.24.81 - - [05/Jan/2026:15:30:03 +0100] "HEAD / HTTP/1.1" 301 0 "http://www.omkar.com" "Mozilla/5.0+(compatible; UptimeRobot/2.0; http://www.uptimerobot.com/)"
167.235.143.113 - - [05/Jan/2026:15:35:09 +0100] "HEAD / HTTP/1.1" 301 0 "http://omkar.com/" "Mozilla/5.0+(compatible; UptimeRobot/2.0; http://www.uptimerobot.com/)"
168.119.53.160 - - [05/Jan/2026:15:35:10 +0100] "HEAD / HTTP/1.1" 301 0 "http://www.omkar.com" "Mozilla/5.0+(compatible; UptimeRobot/2.0; http://www.uptimerobot.com/)"
66.249.73.101 - - [05/Jan/2026:15:35:33 +0100] "GET /index.phppsebovvgoq1129958 HTTP/1.1" 301 162 "-" "Mozilla/5.0 (Linux; Android 6.0.1; Nexus 5X Build/MMB29P) AppleWebKit/537.36 (KHTML, like Gecko) Chrome/141.0.7390.122 Mobile Safari/537.36 (compatible; Googlebot/2.1; +http://www.google.com/bot.html)"
103.131.71.30 - - [05/Jan/2026:15:35:59 +0100] "GET /robots.txt HTTP/1.1" 301 162 "-" "Mozilla/5.0 (compatible; coccocbot-image/1.0; +http://help.coccoc.com/searchengine)"
155.117.98.114 - - [05/Jan/2026:15:36:37 +0100] "GET /login.php?s=Admin/login HTTP/1.1" 301 162 "-" "Mozilla/5.0 (Windows NT 10.0; WOW64; rv:48.0) Gecko/20100101 Firefox/48.0"
66.249.73.129 - - [05/Jan/2026:15:38:41 +0100] "GET /index.phppparazkg1011942 HTTP/1.1" 301 162 "-" "Mozilla/5.0 (Linux; Android 6.0.1; Nexus 5X Build/MMB29P) AppleWebKit/537.36 (KHTML, like Gecko) Chrome/141.0.7390.122 Mobile Safari/537.36 (compatible; Googlebot/2.1; +http://www.google.com/bot.html)"
168.119.96.239 - - [05/Jan/2026:15:40:16 +0100] "HEAD / HTTP/1.1" 301 0 "http://www.omkar.com" "Mozilla/5.0+(compatible; UptimeRobot/2.0; http://www.uptimerobot.com/)"
159.69.158.189 - - [05/Jan/2026:15:40:20 +0100] "HEAD / HTTP/1.1" 301 0 "http://omkar.com/" "Mozilla/5.0+(compatible; UptimeRobot/2.0; http://www.uptimerobot.com/)"
66.249.71.8 - - [05/Jan/2026:15:41:48 +0100] "GET /micrgygnpv896648 HTTP/1.1" 301 162 "-" "Mozilla/5.0 (Linux; Android 6.0.1; Nexus 5X Build/MMB29P) AppleWebKit/537.36 (KHTML, like Gecko) Chrome/141.0.7390.122 Mobile Safari/537.36 (compatible; Googlebot/2.1; +http://www.google.com/bot.html)"
66.249.73.102 - - [05/Jan/2026:15:44:56 +0100] "GET /arqo967084 HTTP/1.1" 301 162 "-" "Mozilla/5.0 (Linux; Android 6.0.1; Nexus 5X Build/MMB29P) AppleWebKit/537.36 (KHTML, like Gecko) Chrome/141.0.7390.122 Mobile Safari/537.36 (compatible; Googlebot/2.1; +http://www.google.com/bot.html)"
157.90.155.240 - - [05/Jan/2026:15:45:25 +0100] "HEAD / HTTP/1.1" 301 0 "http://www.omkar.com" "Mozilla/5.0+(compatible; UptimeRobot/2.0; http://www.uptimerobot.com/)"
49.13.134.145 - - [05/Jan/2026:15:45:26 +0100] "HEAD / HTTP/1.1" 301 0 "http://omkar.com/" "Mozilla/5.0+(compatible; UptimeRobot/2.0; http://www.uptimerobot.com/)"
66.249.73.101 - - [05/Jan/2026:15:48:03 +0100] "GET /allfgioq66258888 HTTP/1.1" 301 162 "-" "Mozilla/5.0 (Linux; Android 6.0.1; Nexus 5X Build/MMB29P) AppleWebKit/537.36 (KHTML, like Gecko) Chrome/141.0.7390.122 Mobile Safari/537.36 (compatible; Googlebot/2.1; +http://www.google.com/bot.html)"
88.99.80.227 - - [05/Jan/2026:15:50:32 +0100] "HEAD / HTTP/1.1" 301 0 "http://omkar.com/" "Mozilla/5.0+(compatible; UptimeRobot/2.0; http://www.uptimerobot.com/)"
159.69.158.189 - - [05/Jan/2026:15:50:33 +0100] "HEAD / HTTP/1.1" 301 0 "http://www.omkar.com" "Mozilla/5.0+(compatible; UptimeRobot/2.0; http://www.uptimerobot.com/)"
66.249.73.130 - - [05/Jan/2026:15:51:10 +0100] "GET /index.phppunpwynesc278872 HTTP/1.1" 301 162 "-" "Mozilla/5.0 (Linux; Android 6.0.1; Nexus 5X Build/MMB29P) AppleWebKit/537.36 (KHTML, like Gecko) Chrome/141.0.7390.122 Mobile Safari/537.36 (compatible; Googlebot/2.1; +http://www.google.com/bot.html)"
66.249.73.102 - - [05/Jan/2026:15:54:18 +0100] "GET /unitnndk4968584 HTTP/1.1" 301 162 "-" "Mozilla/5.0 (Linux; Android 6.0.1; Nexus 5X Build/MMB29P) AppleWebKit/537.36 (KHTML, like Gecko) Chrome/141.0.7390.122 Mobile Safari/537.36 (compatible; Googlebot/2.1; +http://www.google.com/bot.html)"
168.119.96.239 - - [05/Jan/2026:15:55:40 +0100] "HEAD / HTTP/1.1" 301 0 "http://omkar.com/" "Mozilla/5.0+(compatible; UptimeRobot/2.0; http://www.uptimerobot.com/)"
3.77.67.4 - - [05/Jan/2026:15:55:45 +0100] "HEAD / HTTP/1.1" 301 0 "http://www.omkar.com" "Mozilla/5.0+(compatible; UptimeRobot/2.0; http://www.uptimerobot.com/)"
66.249.73.102 - - [05/Jan/2026:15:57:25 +0100] "GET /drlvkeu410095 HTTP/1.1" 301 162 "-" "Mozilla/5.0 (Linux; Android 6.0.1; Nexus 5X Build/MMB29P) AppleWebKit/537.36 (KHTML, like Gecko) Chrome/141.0.7390.122 Mobile Safari/537.36 (compatible; Googlebot/2.1; +http://www.google.com/bot.html)"
66.249.71.38 - - [05/Jan/2026:16:00:33 +0100] "GET /saqwwq5161054 HTTP/1.1" 301 162 "-" "Mozilla/5.0 (Linux; Android 6.0.1; Nexus 5X Build/MMB29P) AppleWebKit/537.36 (KHTML, like Gecko) Chrome/141.0.7390.122 Mobile Safari/537.36 (compatible; Googlebot/2.1; +http://www.google.com/bot.html)"
168.119.96.239 - - [05/Jan/2026:16:00:47 +0100] "HEAD / HTTP/1.1" 301 0 "http://omkar.com/" "Mozilla/5.0+(compatible; UptimeRobot/2.0; http://www.uptimerobot.com/)"
49.13.130.29 - - [05/Jan/2026:16:00:53 +0100] "HEAD / HTTP/1.1" 301 0 "http://www.omkar.com" "Mozilla/5.0+(compatible; UptimeRobot/2.0; http://www.uptimerobot.com/)"
66.249.71.38 - - [05/Jan/2026:16:03:40 +0100] "GET /atmsvfn47541652 HTTP/1.1" 301 162 "-" "Mozilla/5.0 (Linux; Android 6.0.1; Nexus 5X Build/MMB29P) AppleWebKit/537.36 (KHTML, like Gecko) Chrome/141.0.7390.122 Mobile Safari/537.36 (compatible; Googlebot/2.1; +http://www.google.com/bot.html)"
216.244.66.197 - - [05/Jan/2026:16:04:58 +0100] "GET /robots.txt HTTP/1.1" 301 162 "-" "Mozilla/5.0 (compatible; DotBot/1.2; +https://opensiteexplorer.org/dotbot; help@moz.com)"
216.244.66.197 - - [05/Jan/2026:16:04:58 +0100] "GET /robots.txt HTTP/1.1" 301 162 "-" "Mozilla/5.0 (compatible; DotBot/1.2; +https://opensiteexplorer.org/dotbot; help@moz.com)"
78.47.173.76 - - [05/Jan/2026:16:05:53 +0100] "HEAD / HTTP/1.1" 301 0 "http://omkar.com/" "Mozilla/5.0+(compatible; UptimeRobot/2.0; http://www.uptimerobot.com/)"
78.46.215.1 - - [05/Jan/2026:16:06:02 +0100] "HEAD / HTTP/1.1" 301 0 "http://www.omkar.com" "Mozilla/5.0+(compatible; UptimeRobot/2.0; http://www.uptimerobot.com/)"
66.249.73.102 - - [05/Jan/2026:16:06:48 +0100] "GET /ethnrndmj17931654 HTTP/1.1" 301 162 "-" "Mozilla/5.0 (Linux; Android 6.0.1; Nexus 5X Build/MMB29P) AppleWebKit/537.36 (KHTML, like Gecko) Chrome/141.0.7390.122 Mobile Safari/537.36 (compatible; Googlebot/2.1; +http://www.google.com/bot.html)"
82.21.185.191 - - [05/Jan/2026:16:07:17 +0100] "GET /mail HTTP/1.1" 301 162 "-" "Mozilla/5.0 (Windows NT 6.1) AppleWebKit/537.36 (KHTML, like Gecko) Chrome/41.0.2226.0 Safari/537.36"
82.21.185.191 - - [05/Jan/2026:16:07:24 +0100] "GET /webmail HTTP/1.1" 301 162 "-" "Mozilla/5.0 (Windows NT 6.1) AppleWebKit/537.36 (KHTML, like Gecko) Chrome/41.0.2224.3 Safari/537.36"
66.249.73.100 - - [05/Jan/2026:16:09:55 +0100] "GET /bionyyhpii5452363 HTTP/1.1" 301 162 "-" "Mozilla/5.0 (Linux; Android 6.0.1; Nexus 5X Build/MMB29P) AppleWebKit/537.36 (KHTML, like Gecko) Chrome/141.0.7390.122 Mobile Safari/537.36 (compatible; Googlebot/2.1; +http://www.google.com/bot.html)"
18.192.166.72 - - [05/Jan/2026:16:11:07 +0100] "HEAD / HTTP/1.1" 301 0 "http://omkar.com/" "Mozilla/5.0+(compatible; UptimeRobot/2.0; http://www.uptimerobot.com/)"
168.119.96.239 - - [05/Jan/2026:16:11:08 +0100] "HEAD / HTTP/1.1" 301 0 "http://www.omkar.com" "Mozilla/5.0+(compatible; UptimeRobot/2.0; http://www.uptimerobot.com/)"
38.28.245.198 - - [05/Jan/2026:16:11:19 +0100] "GET http://www.omkar.com/omkar_admin/data_content/layout/mediamImg/Project-layout1.jpg HTTP/1.1" 301 162 "-" "Mozilla/5.0 (compatible; crawler)"
66.249.71.38 - - [05/Jan/2026:16:13:03 +0100] "GET /potesfzy858653 HTTP/1.1" 301 162 "-" "Mozilla/5.0 (Linux; Android 6.0.1; Nexus 5X Build/MMB29P) AppleWebKit/537.36 (KHTML, like Gecko) Chrome/141.0.7390.122 Mobile Safari/537.36 (compatible; Googlebot/2.1; +http://www.google.com/bot.html)"
66.249.71.40 - - [05/Jan/2026:16:16:10 +0100] "GET /headwmizbh1639474 HTTP/1.1" 301 162 "-" "Mozilla/5.0 (Linux; Android 6.0.1; Nexus 5X Build/MMB29P) AppleWebKit/537.36 (KHTML, like Gecko) Chrome/141.0.7390.122 Mobile Safari/537.36 (compatible; Googlebot/2.1; +http://www.google.com/bot.html)"
142.132.180.39 - - [05/Jan/2026:16:16:15 +0100] "HEAD / HTTP/1.1" 301 0 "http://omkar.com/" "Mozilla/5.0+(compatible; UptimeRobot/2.0; http://www.uptimerobot.com/)"
78.47.173.76 - - [05/Jan/2026:16:16:16 +0100] "HEAD / HTTP/1.1" 301 0 "http://www.omkar.com" "Mozilla/5.0+(compatible; UptimeRobot/2.0; http://www.uptimerobot.com/)"
66.249.73.101 - - [05/Jan/2026:16:19:18 +0100] "GET /depclnjg648272 HTTP/1.1" 301 162 "-" "Mozilla/5.0 (Linux; Android 6.0.1; Nexus 5X Build/MMB29P) AppleWebKit/537.36 (KHTML, like Gecko) Chrome/141.0.7390.122 Mobile Safari/537.36 (compatible; Googlebot/2.1; +http://www.google.com/bot.html)"
157.90.155.240 - - [05/Jan/2026:16:21:22 +0100] "HEAD / HTTP/1.1" 301 0 "http://omkar.com/" "Mozilla/5.0+(compatible; UptimeRobot/2.0; http://www.uptimerobot.com/)"
142.132.180.39 - - [05/Jan/2026:16:21:23 +0100] "HEAD / HTTP/1.1" 301 0 "http://www.omkar.com" "Mozilla/5.0+(compatible; UptimeRobot/2.0; http://www.uptimerobot.com/)"
66.249.71.39 - - [05/Jan/2026:16:22:25 +0100] "GET /adjgd4877183 HTTP/1.1" 301 162 "-" "Mozilla/5.0 (Linux; Android 6.0.1; Nexus 5X Build/MMB29P) AppleWebKit/537.36 (KHTML, like Gecko) Chrome/141.0.7390.122 Mobile Safari/537.36 (compatible; Googlebot/2.1; +http://www.google.com/bot.html)"
66.249.73.100 - - [05/Jan/2026:16:25:33 +0100] "GET /meniz5703693 HTTP/1.1" 301 162 "-" "Mozilla/5.0 (Linux; Android 6.0.1; Nexus 5X Build/MMB29P) AppleWebKit/537.36 (KHTML, like Gecko) Chrome/141.0.7390.122 Mobile Safari/537.36 (compatible; Googlebot/2.1; +http://www.google.com/bot.html)"
78.47.173.76 - - [05/Jan/2026:16:26:28 +0100] "HEAD / HTTP/1.1" 301 0 "http://omkar.com/" "Mozilla/5.0+(compatible; UptimeRobot/2.0; http://www.uptimerobot.com/)"
88.99.80.227 - - [05/Jan/2026:16:26:31 +0100] "HEAD / HTTP/1.1" 301 0 "http://www.omkar.com" "Mozilla/5.0+(compatible; UptimeRobot/2.0; http://www.uptimerobot.com/)"
66.249.71.40 - - [05/Jan/2026:16:28:40 +0100] "GET /jaigil537864 HTTP/1.1" 301 162 "-" "Mozilla/5.0 (Linux; Android 6.0.1; Nexus 5X Build/MMB29P) AppleWebKit/537.36 (KHTML, like Gecko) Chrome/141.0.7390.122 Mobile Safari/537.36 (compatible; Googlebot/2.1; +http://www.google.com/bot.html)"
188.95.65.41 - - [05/Jan/2026:16:28:42 +0100] "GET /wp-content/uploads/ HTTP/1.1" 301 162 "-" "-"
188.95.65.41 - - [05/Jan/2026:16:28:46 +0100] "GET /wp-includes/ HTTP/1.1" 301 162 "-" "-"
188.95.65.41 - - [05/Jan/2026:16:28:47 +0100] "GET /wp-includes/css/ HTTP/1.1" 301 162 "-" "-"
188.95.65.41 - - [05/Jan/2026:16:28:49 +0100] "GET /wp-includes/ID3/ HTTP/1.1" 301 162 "-" "-"
188.95.65.41 - - [05/Jan/2026:16:28:50 +0100] "GET /wp-includes/IXR/ HTTP/1.1" 301 162 "-" "-"
188.95.65.41 - - [05/Jan/2026:16:28:52 +0100] "GET /wp-includes/Requests/ HTTP/1.1" 301 162 "-" "-"
188.95.65.41 - - [05/Jan/2026:16:28:53 +0100] "GET /wp-includes/SimplePie/ HTTP/1.1" 301 162 "-" "-"
188.95.65.41 - - [05/Jan/2026:16:28:54 +0100] "GET /wp-includes/Text/ HTTP/1.1" 301 162 "-" "-"
188.95.65.41 - - [05/Jan/2026:16:28:56 +0100] "GET /wp-content/mu-plugins-old/ HTTP/1.1" 301 162 "-" "-"
188.95.65.41 - - [05/Jan/2026:16:28:57 +0100] "GET /wp-content/themes/classic/inc/ HTTP/1.1" 301 162 "-" "-"
188.95.65.41 - - [05/Jan/2026:16:28:58 +0100] "GET /wp-content/plugins/ninja-forms/ HTTP/1.1" 301 162 "-" "-"
188.95.65.41 - - [05/Jan/2026:16:29:00 +0100] "GET /wp-content/mu-plugins/ HTTP/1.1" 301 162 "-" "-"
188.95.65.41 - - [05/Jan/2026:16:29:01 +0100] "GET /wp-includes/Text/Diff/Renderer/ HTTP/1.1" 301 162 "-" "-"
188.95.65.41 - - [05/Jan/2026:16:29:02 +0100] "GET /wp-includes/blocks/ HTTP/1.1" 301 162 "-" "-"
188.95.65.41 - - [05/Jan/2026:16:29:04 +0100] "GET /wp-includes/certificates/ HTTP/1.1" 301 162 "-" "-"
188.95.65.41 - - [05/Jan/2026:16:29:06 +0100] "GET /wp-includes/customize/ HTTP/1.1" 301 162 "-" "-"
188.95.65.41 - - [05/Jan/2026:16:29:08 +0100] "GET /wp-includes/fonts/ HTTP/1.1" 301 162 "-" "-"
188.95.65.41 - - [05/Jan/2026:16:29:09 +0100] "GET /wp-includes/images/ HTTP/1.1" 301 162 "-" "-"
188.95.65.41 - - [05/Jan/2026:16:29:11 +0100] "GET /.well-known/ HTTP/1.1" 301 162 "-" "-"
188.95.65.41 - - [05/Jan/2026:16:29:11 +0100] "GET /ALFA_DATA/ HTTP/1.1" 301 162 "-" "-"
188.95.65.41 - - [05/Jan/2026:16:29:13 +0100] "GET /.well-knownold/ HTTP/1.1" 301 162 "-" "-"
188.95.65.41 - - [05/Jan/2026:16:29:14 +0100] "GET /.well-known/acme-challenge/ HTTP/1.1" 301 162 "-" "-"
188.95.65.41 - - [05/Jan/2026:16:29:14 +0100] "GET /cgi-bin/ HTTP/1.1" 301 162 "-" "-"
188.95.65.41 - - [05/Jan/2026:16:29:15 +0100] "GET /index/ HTTP/1.1" 301 162 "-" "-"
188.95.65.41 - - [05/Jan/2026:16:29:16 +0100] "GET /id/ HTTP/1.1" 301 162 "-" "-"
188.95.65.41 - - [05/Jan/2026:16:29:18 +0100] "GET /www/ HTTP/1.1" 301 162 "-" "-"
188.95.65.41 - - [05/Jan/2026:16:29:19 +0100] "GET /web/ HTTP/1.1" 301 162 "-" "-"
188.95.65.41 - - [05/Jan/2026:16:29:22 +0100] "GET /uploads/ HTTP/1.1" 301 162 "-" "-"
188.95.65.41 - - [05/Jan/2026:16:29:22 +0100] "GET /upload/ HTTP/1.1" 301 162 "-" "-"
188.95.65.41 - - [05/Jan/2026:16:29:23 +0100] "GET /admin/uploads/ HTTP/1.1" 301 162 "-" "-"
188.95.65.41 - - [05/Jan/2026:16:29:24 +0100] "GET /Admin/uploads/ HTTP/1.1" 301 162 "-" "-"
188.95.65.41 - - [05/Jan/2026:16:29:26 +0100] "GET /admin/ HTTP/1.1" 301 162 "-" "-"
188.95.65.41 - - [05/Jan/2026:16:29:27 +0100] "GET /images/ HTTP/1.1" 301 162 "-" "-"
188.95.65.41 - - [05/Jan/2026:16:29:30 +0100] "GET /assets/ HTTP/1.1" 301 162 "-" "-"
188.95.65.41 - - [05/Jan/2026:16:29:30 +0100] "GET /vendor/phpunit/phpunit/src/Util/PHP/ HTTP/1.1" 301 162 "-" "-"
188.95.65.41 - - [05/Jan/2026:16:29:32 +0100] "GET /upload/image/ HTTP/1.1" 301 162 "-" "-"
188.95.65.41 - - [05/Jan/2026:16:29:33 +0100] "GET /assets/images/ HTTP/1.1" 301 162 "-" "-"
188.95.65.41 - - [05/Jan/2026:16:29:34 +0100] "GET /Public/ HTTP/1.1" 301 162 "-" "-"
188.95.65.41 - - [05/Jan/2026:16:29:36 +0100] "GET /vendor/ HTTP/1.1" 301 162 "-" "-"
