4.197.176.45 - - [03/Jan/2026:15:26:23 +0100] "GET /wp-includes/widgets/autoload_classmap.php HTTP/1.1" 301 162 "https://www.google.com/" "Mozilla/5.0 (Linux; Android 12; SM-A525F) AppleWebKit/537.36 (KHTML, like Gecko) Chrome/117.0.0.0 Mobile Safari/537.36"
4.197.176.45 - - [03/Jan/2026:15:26:23 +0100] "GET /wp-includes/widgets/ HTTP/1.1" 301 162 "https://www.google.com/" "Mozilla/5.0 (Linux; Android 13; SM-G991U) AppleWebKit/537.36 (KHTML, like Gecko) Chrome/117.0.0.0 Mobile Safari/537.36"
167.235.143.113 - - [03/Jan/2026:15:26:25 +0100] "HEAD / HTTP/1.1" 301 0 "http://www.omkar.com" "Mozilla/5.0+(compatible; UptimeRobot/2.0; http://www.uptimerobot.com/)"
128.140.41.193 - - [03/Jan/2026:15:26:47 +0100] "HEAD / HTTP/1.1" 301 0 "http://omkar.com/" "Mozilla/5.0+(compatible; UptimeRobot/2.0; http://www.uptimerobot.com/)"
31.13.127.117 - - [03/Jan/2026:15:27:58 +0100] "GET / HTTP/1.1" 301 162 "-" "facebookexternalhit/1.1 (+http://www.facebook.com/externalhit_uatext.php)"
34.198.85.162 - - [03/Jan/2026:15:28:50 +0100] "GET / HTTP/1.1" 301 162 "-" "Mozilla/5.0 (Macintosh; Intel Mac OS X 10_15_7) AppleWebKit/605.1.15 (KHTML, like Gecko) Version/18.6 Safari/605.1.15 Ddg/18.6 Chrome/141.0.0.0"
157.90.155.240 - - [03/Jan/2026:15:31:31 +0100] "HEAD / HTTP/1.1" 301 0 "http://www.omkar.com" "Mozilla/5.0+(compatible; UptimeRobot/2.0; http://www.uptimerobot.com/)"
168.119.53.160 - - [03/Jan/2026:15:31:54 +0100] "HEAD / HTTP/1.1" 301 0 "http://omkar.com/" "Mozilla/5.0+(compatible; UptimeRobot/2.0; http://www.uptimerobot.com/)"
52.28.162.93 - - [03/Jan/2026:15:36:40 +0100] "HEAD / HTTP/1.1" 301 0 "http://www.omkar.com" "Mozilla/5.0+(compatible; UptimeRobot/2.0; http://www.uptimerobot.com/)"
3.79.134.69 - - [03/Jan/2026:15:37:00 +0100] "HEAD / HTTP/1.1" 301 0 "http://omkar.com/" "Mozilla/5.0+(compatible; UptimeRobot/2.0; http://www.uptimerobot.com/)"
185.39.19.43 - - [03/Jan/2026:15:37:34 +0100] "GET / HTTP/1.0" 301 162 "http://omkar.com/" "Mozilla/5.0 (Windows NT 10.0; Win64; x64) AppleWebKit/537.36 (KHTML, like Gecko) Chrome/130.0.0.0 Safari/537.36"
88.99.80.227 - - [03/Jan/2026:15:41:50 +0100] "HEAD / HTTP/1.1" 301 0 "http://www.omkar.com" "Mozilla/5.0+(compatible; UptimeRobot/2.0; http://www.uptimerobot.com/)"
142.132.180.39 - - [03/Jan/2026:15:42:06 +0100] "HEAD / HTTP/1.1" 301 0 "http://omkar.com/" "Mozilla/5.0+(compatible; UptimeRobot/2.0; http://www.uptimerobot.com/)"
66.249.73.101 - - [03/Jan/2026:15:43:18 +0100] "GET /pebxc8308907 HTTP/1.1" 301 162 "-" "Mozilla/5.0 (Linux; Android 6.0.1; Nexus 5X Build/MMB29P) AppleWebKit/537.36 (KHTML, like Gecko) Chrome/141.0.7390.122 Mobile Safari/537.36 (compatible; GoogleOther)"
49.13.164.148 - - [03/Jan/2026:15:46:56 +0100] "HEAD / HTTP/1.1" 301 0 "http://www.omkar.com" "Mozilla/5.0+(compatible; UptimeRobot/2.0; http://www.uptimerobot.com/)"
3.79.134.69 - - [03/Jan/2026:15:47:12 +0100] "HEAD / HTTP/1.1" 301 0 "http://omkar.com/" "Mozilla/5.0+(compatible; UptimeRobot/2.0; http://www.uptimerobot.com/)"
157.90.156.63 - - [03/Jan/2026:15:52:02 +0100] "HEAD / HTTP/1.1" 301 0 "http://www.omkar.com" "Mozilla/5.0+(compatible; UptimeRobot/2.0; http://www.uptimerobot.com/)"
18.193.252.127 - - [03/Jan/2026:15:52:17 +0100] "HEAD / HTTP/1.1" 301 0 "http://omkar.com/" "Mozilla/5.0+(compatible; UptimeRobot/2.0; http://www.uptimerobot.com/)"
49.13.164.148 - - [03/Jan/2026:15:57:13 +0100] "HEAD / HTTP/1.1" 301 0 "http://www.omkar.com" "Mozilla/5.0+(compatible; UptimeRobot/2.0; http://www.uptimerobot.com/)"
49.13.164.148 - - [03/Jan/2026:15:57:24 +0100] "HEAD / HTTP/1.1" 301 0 "http://omkar.com/" "Mozilla/5.0+(compatible; UptimeRobot/2.0; http://www.uptimerobot.com/)"
159.69.158.189 - - [03/Jan/2026:16:02:20 +0100] "HEAD / HTTP/1.1" 301 0 "http://www.omkar.com" "Mozilla/5.0+(compatible; UptimeRobot/2.0; http://www.uptimerobot.com/)"
49.13.164.148 - - [03/Jan/2026:16:02:32 +0100] "HEAD / HTTP/1.1" 301 0 "http://omkar.com/" "Mozilla/5.0+(compatible; UptimeRobot/2.0; http://www.uptimerobot.com/)"
157.90.155.240 - - [03/Jan/2026:16:07:29 +0100] "HEAD / HTTP/1.1" 301 0 "http://www.omkar.com" "Mozilla/5.0+(compatible; UptimeRobot/2.0; http://www.uptimerobot.com/)"
167.235.143.113 - - [03/Jan/2026:16:07:38 +0100] "HEAD / HTTP/1.1" 301 0 "http://omkar.com/" "Mozilla/5.0+(compatible; UptimeRobot/2.0; http://www.uptimerobot.com/)"
78.46.215.1 - - [03/Jan/2026:16:12:40 +0100] "HEAD / HTTP/1.1" 301 0 "http://www.omkar.com" "Mozilla/5.0+(compatible; UptimeRobot/2.0; http://www.uptimerobot.com/)"
159.69.158.189 - - [03/Jan/2026:16:12:43 +0100] "HEAD / HTTP/1.1" 301 0 "http://omkar.com/" "Mozilla/5.0+(compatible; UptimeRobot/2.0; http://www.uptimerobot.com/)"
78.46.215.1 - - [03/Jan/2026:16:17:48 +0100] "HEAD / HTTP/1.1" 301 0 "http://www.omkar.com" "Mozilla/5.0+(compatible; UptimeRobot/2.0; http://www.uptimerobot.com/)"
168.119.53.160 - - [03/Jan/2026:16:17:52 +0100] "HEAD / HTTP/1.1" 301 0 "http://omkar.com/" "Mozilla/5.0+(compatible; UptimeRobot/2.0; http://www.uptimerobot.com/)"
49.13.167.123 - - [03/Jan/2026:16:22:54 +0100] "HEAD / HTTP/1.1" 301 0 "http://www.omkar.com" "Mozilla/5.0+(compatible; UptimeRobot/2.0; http://www.uptimerobot.com/)"
3.79.134.69 - - [03/Jan/2026:16:22:59 +0100] "HEAD / HTTP/1.1" 301 0 "http://omkar.com/" "Mozilla/5.0+(compatible; UptimeRobot/2.0; http://www.uptimerobot.com/)"
104.215.18.38 - - [03/Jan/2026:16:24:31 +0100] "GET /0.php HTTP/1.1" 301 162 "https://duckduckgo.com/" "Mozilla/5.0 (iPhone; CPU iPhone OS 15_7_9 like Mac OS X) AppleWebKit/605.1.15 (KHTML, like Gecko) Version/15.6.5 Mobile/15E148 Safari/604.1"
104.215.18.38 - - [03/Jan/2026:16:24:33 +0100] "GET /1.php HTTP/1.1" 301 162 "https://www.yahoo.com/" "Mozilla/5.0 (Linux; Android 11; 21081111RG) AppleWebKit/537.36 (KHTML, like Gecko) Chrome/116.0.0.0 Mobile Safari/537.36"
104.215.18.38 - - [03/Jan/2026:16:24:34 +0100] "GET /2.php HTTP/1.1" 301 162 "https://www.google.co.uk/" "Mozilla/5.0 (iPad; CPU OS 16_7_2 like Mac OS X) AppleWebKit/605.1.15 (KHTML, like Gecko) Version/16.6 Mobile/15E148 Safari/604.1"
104.215.18.38 - - [03/Jan/2026:16:24:36 +0100] "GET /12.php HTTP/1.1" 301 162 "https://www.google.com/" "Mozilla/5.0 (iPad; CPU OS 16_7_2 like Mac OS X) AppleWebKit/605.1.15 (KHTML, like Gecko) Version/16.6 Mobile/15E148 Safari/604.1"
104.215.18.38 - - [03/Jan/2026:16:24:37 +0100] "GET /13.php HTTP/1.1" 301 162 "https://duckduckgo.com/" "Mozilla/5.0 (Linux; Android 12; V2134) AppleWebKit/537.36 (KHTML, like Gecko) Chrome/116.0.0.0 Mobile Safari/537.36"
104.215.18.38 - - [03/Jan/2026:16:24:38 +0100] "GET /403.php HTTP/1.1" 301 162 "https://www.google.de/" "Mozilla/5.0 (iPhone; CPU iPhone OS 17_1_1 like Mac OS X) AppleWebKit/605.1.15 (KHTML, like Gecko) Version/17.1 Mobile/15E148 Safari/604.1"
104.215.18.38 - - [03/Jan/2026:16:24:39 +0100] "GET /404.php HTTP/1.1" 301 162 "https://www.google.fr/" "Mozilla/5.0 (Linux; Android 10; LM-Q720) AppleWebKit/537.36 (KHTML, like Gecko) Chrome/116.0.0.0 Mobile Safari/537.36"
104.215.18.38 - - [03/Jan/2026:16:24:40 +0100] "GET /a.php HTTP/1.1" 301 162 "https://www.google.fr/" "Mozilla/5.0 (Linux; Android 11; 21081111RG) AppleWebKit/537.36 (KHTML, like Gecko) Chrome/116.0.0.0 Mobile Safari/537.36"
104.215.18.38 - - [03/Jan/2026:16:24:41 +0100] "GET /aa.php HTTP/1.1" 301 162 "https://www.google.de/" "Mozilla/5.0 (Linux; Android 12; 2201116SG) AppleWebKit/537.36 (KHTML, like Gecko) Chrome/116.0.0.0 Mobile Safari/537.36"
104.215.18.38 - - [03/Jan/2026:16:24:43 +0100] "GET /abcd.php HTTP/1.1" 301 162 "https://www.google.com/" "Mozilla/5.0 (iPhone; CPU iPhone OS 16_6_1 like Mac OS X) AppleWebKit/605.1.15 (KHTML, like Gecko) Version/16.6 Mobile/15E148 Safari/604.1"
104.215.18.38 - - [03/Jan/2026:16:24:43 +0100] "GET /about.php HTTP/1.1" 301 162 "https://www.yahoo.com/" "Mozilla/5.0 (iPhone; CPU iPhone OS 15_7_9 like Mac OS X) AppleWebKit/605.1.15 (KHTML, like Gecko) Version/15.6.5 Mobile/15E148 Safari/604.1"
104.215.18.38 - - [03/Jan/2026:16:24:44 +0100] "GET /admin.php HTTP/1.1" 301 162 "https://www.google.fr/" "Mozilla/5.0 (iPhone; CPU iPhone OS 15_7_9 like Mac OS X) AppleWebKit/605.1.15 (KHTML, like Gecko) Version/15.6.5 Mobile/15E148 Safari/604.1"
104.215.18.38 - - [03/Jan/2026:16:24:45 +0100] "GET /admin-header.php HTTP/1.1" 301 162 "https://duckduckgo.com/" "Mozilla/5.0 (iPhone; CPU iPhone OS 17_1 like Mac OS X) AppleWebKit/605.1.15 (KHTML, like Gecko) CriOS/119.0.6045.109 Mobile/15E148 Safari/604.1"
104.215.18.38 - - [03/Jan/2026:16:24:46 +0100] "GET /adminfuns.php HTTP/1.1" 301 162 "https://www.google.de/" "Mozilla/5.0 (iPhone; CPU iPhone OS 17_0_3 like Mac OS X) AppleWebKit/605.1.15 (KHTML, like Gecko) Version/17.0.1 Mobile/15E148 Safari/604.1"
104.215.18.38 - - [03/Jan/2026:16:24:48 +0100] "GET /ahax.php HTTP/1.1" 301 162 "https://www.google.de/" "Mozilla/5.0 (Linux; Android 12; 2201116SG) AppleWebKit/537.36 (KHTML, like Gecko) Chrome/116.0.0.0 Mobile Safari/537.36"
104.215.18.38 - - [03/Jan/2026:16:24:49 +0100] "GET /akcc.php HTTP/1.1" 301 162 "https://duckduckgo.com/" "Mozilla/5.0 (iPad; CPU OS 16_7_2 like Mac OS X) AppleWebKit/605.1.15 (KHTML, like Gecko) Version/16.6 Mobile/15E148 Safari/604.1"
104.215.18.38 - - [03/Jan/2026:16:24:50 +0100] "GET /alf.php HTTP/1.1" 301 162 "https://www.yahoo.com/" "Mozilla/5.0 (Linux; Android 10; LM-Q720) AppleWebKit/537.36 (KHTML, like Gecko) Chrome/116.0.0.0 Mobile Safari/537.36"
104.215.18.38 - - [03/Jan/2026:16:24:51 +0100] "GET /alfa.php HTTP/1.1" 301 162 "https://www.google.de/" "Mozilla/5.0 (iPhone; CPU iPhone OS 16_6_1 like Mac OS X) AppleWebKit/605.1.15 (KHTML, like Gecko) Version/16.6 Mobile/15E148 Safari/604.1"
104.215.18.38 - - [03/Jan/2026:16:24:51 +0100] "GET /alfashell.php HTTP/1.1" 301 162 "https://www.google.co.uk/" "Mozilla/5.0 (iPhone; CPU iPhone OS 17_0_3 like Mac OS X) AppleWebKit/605.1.15 (KHTML, like Gecko) Version/17.0.1 Mobile/15E148 Safari/604.1"
104.215.18.38 - - [03/Jan/2026:16:24:52 +0100] "GET /api.php HTTP/1.1" 301 162 "https://www.google.com/" "Mozilla/5.0 (Linux; Android 10; LM-Q720) AppleWebKit/537.36 (KHTML, like Gecko) Chrome/116.0.0.0 Mobile Safari/537.36"
104.215.18.38 - - [03/Jan/2026:16:24:53 +0100] "GET /app.php HTTP/1.1" 301 162 "https://www.google.de/" "Mozilla/5.0 (iPhone; CPU iPhone OS 17_0_3 like Mac OS X) AppleWebKit/605.1.15 (KHTML, like Gecko) Version/17.0.1 Mobile/15E148 Safari/604.1"
104.215.18.38 - - [03/Jan/2026:16:24:54 +0100] "GET /as.php HTTP/1.1" 301 162 "https://www.google.fr/" "Mozilla/5.0 (iPhone; CPU iPhone OS 16_0 like Mac OS X) AppleWebKit/605.1.15 (KHTML, like Gecko) FxiOS/118.0 Mobile/15E148 Safari/605.1.15"
104.215.18.38 - - [03/Jan/2026:16:24:55 +0100] "GET /bolt.php HTTP/1.1" 301 162 "https://www.google.co.uk/" "Mozilla/5.0 (Linux; Android 12; 2201116SG) AppleWebKit/537.36 (KHTML, like Gecko) Chrome/116.0.0.0 Mobile Safari/537.36"
104.215.18.38 - - [03/Jan/2026:16:24:55 +0100] "GET /buy.php HTTP/1.1" 301 162 "https://www.google.fr/" "Mozilla/5.0 (Linux; Android 10; LM-Q720) AppleWebKit/537.36 (KHTML, like Gecko) Chrome/116.0.0.0 Mobile Safari/537.36"
104.215.18.38 - - [03/Jan/2026:16:24:57 +0100] "GET /c.php HTTP/1.1" 301 162 "https://www.google.co.uk/" "Mozilla/5.0 (iPad; CPU OS 16_7_2 like Mac OS X) AppleWebKit/605.1.15 (KHTML, like Gecko) Version/16.6 Mobile/15E148 Safari/604.1"
104.215.18.38 - - [03/Jan/2026:16:24:58 +0100] "GET /cc.php HTTP/1.1" 301 162 "https://www.google.co.uk/" "Mozilla/5.0 (iPhone; CPU iPhone OS 16_6_1 like Mac OS X) AppleWebKit/605.1.15 (KHTML, like Gecko) Version/16.6 Mobile/15E148 Safari/604.1"
104.215.18.38 - - [03/Jan/2026:16:25:00 +0100] "GET /chosen.php HTTP/1.1" 301 162 "https://www.yahoo.com/" "Mozilla/5.0 (iPhone; CPU iPhone OS 17_1 like Mac OS X) AppleWebKit/605.1.15 (KHTML, like Gecko) CriOS/119.0.6045.109 Mobile/15E148 Safari/604.1"
104.215.18.38 - - [03/Jan/2026:16:25:01 +0100] "GET /classwithtostring.php HTTP/1.1" 301 162 "https://duckduckgo.com/" "Mozilla/5.0 (Linux; Android 10; LM-Q720) AppleWebKit/537.36 (KHTML, like Gecko) Chrome/116.0.0.0 Mobile Safari/537.36"
104.215.18.38 - - [03/Jan/2026:16:25:02 +0100] "GET /config.php HTTP/1.1" 301 162 "https://www.google.fr/" "Mozilla/5.0 (Linux; Android 11; 21081111RG) AppleWebKit/537.36 (KHTML, like Gecko) Chrome/116.0.0.0 Mobile Safari/537.36"
104.215.18.38 - - [03/Jan/2026:16:25:03 +0100] "GET /content.php HTTP/1.1" 301 162 "https://www.google.com/" "Mozilla/5.0 (Linux; Android 10; K) AppleWebKit/537.36 (KHTML, like Gecko) Chrome/117.0.0.0 Mobile Safari/537.36"
104.215.18.38 - - [03/Jan/2026:16:25:05 +0100] "GET /dropdown.php HTTP/1.1" 301 162 "https://www.google.de/" "Mozilla/5.0 (Linux; Android 11; 21081111RG) AppleWebKit/537.36 (KHTML, like Gecko) Chrome/116.0.0.0 Mobile Safari/537.36"
104.215.18.38 - - [03/Jan/2026:16:25:05 +0100] "GET /edit.php HTTP/1.1" 301 162 "https://duckduckgo.com/" "Mozilla/5.0 (iPhone; CPU iPhone OS 16_6_1 like Mac OS X) AppleWebKit/605.1.15 (KHTML, like Gecko) Version/16.6 Mobile/15E148 Safari/604.1"
104.215.18.38 - - [03/Jan/2026:16:25:07 +0100] "GET /ee.php HTTP/1.1" 301 162 "https://www.yahoo.com/" "Mozilla/5.0 (Linux; Android 13; SM-S908E) AppleWebKit/537.36 (KHTML, like Gecko) Chrome/116.0.0.0 Mobile Safari/537.36"
104.215.18.38 - - [03/Jan/2026:16:25:08 +0100] "GET /favicon.php HTTP/1.1" 301 162 "https://www.google.de/" "Mozilla/5.0 (iPhone; CPU iPhone OS 16_6_1 like Mac OS X) AppleWebKit/605.1.15 (KHTML, like Gecko) Version/16.6 Mobile/15E148 Safari/604.1"
104.215.18.38 - - [03/Jan/2026:16:25:08 +0100] "GET /file.php HTTP/1.1" 301 162 "https://www.yahoo.com/" "Mozilla/5.0 (iPhone; CPU iPhone OS 16_6_1 like Mac OS X) AppleWebKit/605.1.15 (KHTML, like Gecko) Version/16.6 Mobile/15E148 Safari/604.1"
104.215.18.38 - - [03/Jan/2026:16:25:09 +0100] "GET /fm.php HTTP/1.1" 301 162 "https://www.google.fr/" "Mozilla/5.0 (iPad; CPU OS 16_7_2 like Mac OS X) AppleWebKit/605.1.15 (KHTML, like Gecko) Version/16.6 Mobile/15E148 Safari/604.1"
104.215.18.38 - - [03/Jan/2026:16:25:10 +0100] "GET /fx.php HTTP/1.1" 301 162 "https://www.google.com/" "Mozilla/5.0 (Linux; Android 13; SM-S908E) AppleWebKit/537.36 (KHTML, like Gecko) Chrome/116.0.0.0 Mobile Safari/537.36"
104.215.18.38 - - [03/Jan/2026:16:25:11 +0100] "GET /gecko.php HTTP/1.1" 301 162 "https://www.google.de/" "Mozilla/5.0 (Linux; Android 12; V2134) AppleWebKit/537.36 (KHTML, like Gecko) Chrome/116.0.0.0 Mobile Safari/537.36"
104.215.18.38 - - [03/Jan/2026:16:25:12 +0100] "GET /gecko-new.php HTTP/1.1" 301 162 "https://www.google.fr/" "Mozilla/5.0 (iPhone; CPU iPhone OS 16_0 like Mac OS X) AppleWebKit/605.1.15 (KHTML, like Gecko) FxiOS/118.0 Mobile/15E148 Safari/605.1.15"
104.215.18.38 - - [03/Jan/2026:16:25:12 +0100] "GET /gel4y.php HTTP/1.1" 301 162 "https://www.bing.com/" "Mozilla/5.0 (Linux; Android 12; V2134) AppleWebKit/537.36 (KHTML, like Gecko) Chrome/116.0.0.0 Mobile Safari/537.36"
104.215.18.38 - - [03/Jan/2026:16:25:14 +0100] "GET /gg.php HTTP/1.1" 301 162 "https://www.bing.com/" "Mozilla/5.0 (iPhone; CPU iPhone OS 17_1_1 like Mac OS X) AppleWebKit/605.1.15 (KHTML, like Gecko) Version/17.1 Mobile/15E148 Safari/604.1"
104.215.18.38 - - [03/Jan/2026:16:25:16 +0100] "GET /goods.php HTTP/1.1" 301 162 "https://www.google.com/" "Mozilla/5.0 (iPhone; CPU iPhone OS 17_1 like Mac OS X) AppleWebKit/605.1.15 (KHTML, like Gecko) CriOS/119.0.6045.109 Mobile/15E148 Safari/604.1"
104.215.18.38 - - [03/Jan/2026:16:25:17 +0100] "GET /help.php HTTP/1.1" 301 162 "https://www.bing.com/" "Mozilla/5.0 (Linux; Android 13; SM-G991U) AppleWebKit/537.36 (KHTML, like Gecko) Chrome/117.0.0.0 Mobile Safari/537.36"
104.215.18.38 - - [03/Jan/2026:16:25:18 +0100] "GET /i.php HTTP/1.1" 301 162 "https://www.google.fr/" "Mozilla/5.0 (Linux; Android 11; 21081111RG) AppleWebKit/537.36 (KHTML, like Gecko) Chrome/116.0.0.0 Mobile Safari/537.36"
104.215.18.38 - - [03/Jan/2026:16:25:20 +0100] "GET /index.php HTTP/1.1" 301 162 "https://www.google.de/" "Mozilla/5.g (Linux; Android 13; Pixel 7) AppleWebKit/537.36 (KHTML, like Gecko) Chrome/116.0.0.0 Mobile Safari/537.36"
104.215.18.38 - - [03/Jan/2026:16:25:21 +0100] "GET /info.php HTTP/1.1" 301 162 "https://www.bing.com/" "Mozilla/5.0 (Linux; Android 10; LM-Q720) AppleWebKit/537.36 (KHTML, like Gecko) Chrome/116.0.0.0 Mobile Safari/537.36"
104.215.18.38 - - [03/Jan/2026:16:25:22 +0100] "GET /ioxi-o.php HTTP/1.1" 301 162 "https://www.bing.com/" "Mozilla/5.0 (iPad; CPU OS 17_0_3 like Mac OS X) AppleWebKit/605.1.15 (KHTML, like Gecko) Version/17.0.1 Mobile/15E148 Safari/604.1"
104.215.18.38 - - [03/Jan/2026:16:25:24 +0100] "GET /k.php HTTP/1.1" 301 162 "https://www.yahoo.com/" "Mozilla/5.0 (Linux; Android 10; LM-Q720) AppleWebKit/537.36 (KHTML, like Gecko) Chrome/116.0.0.0 Mobile Safari/537.36"
104.215.18.38 - - [03/Jan/2026:16:25:24 +0100] "GET /link.php HTTP/1.1" 301 162 "https://duckduckgo.com/" "Mozilla/5.0 (iPhone; CPU iPhone OS 16_6_1 like Mac OS X) AppleWebKit/605.1.15 (KHTML, like Gecko) Version/16.6 Mobile/15E148 Safari/604.1"
104.215.18.38 - - [03/Jan/2026:16:25:26 +0100] "GET /man.php HTTP/1.1" 301 162 "https://www.google.com/" "Mozilla/5.0 (Linux; Android 14; Pixel 8 Pro) AppleWebKit/537.36 (KHTML, like Gecko) Chrome/119.0.0.0 Mobile Safari/537.36"
104.215.18.38 - - [03/Jan/2026:16:25:27 +0100] "GET /mini.php HTTP/1.1" 301 162 "https://www.google.fr/" "Mozilla/5.0 (iPhone; CPU iPhone OS 16_6_1 like Mac OS X) AppleWebKit/605.1.15 (KHTML, like Gecko) Version/16.6 Mobile/15E148 Safari/604.1"
104.215.18.38 - - [03/Jan/2026:16:25:27 +0100] "GET /new.php HTTP/1.1" 301 162 "https://duckduckgo.com/" "Mozilla/5.0 (Linux; Android 10; K) AppleWebKit/537.36 (KHTML, like Gecko) Chrome/117.0.0.0 Mobile Safari/537.36"
104.215.18.38 - - [03/Jan/2026:16:25:28 +0100] "GET /num.php HTTP/1.1" 301 162 "https://www.google.com/" "Mozilla/5.0 (iPhone; CPU iPhone OS 15_7_9 like Mac OS X) AppleWebKit/605.1.15 (KHTML, like Gecko) Version/15.6.5 Mobile/15E148 Safari/604.1"
104.215.18.38 - - [03/Jan/2026:16:25:29 +0100] "GET /root.php HTTP/1.1" 301 162 "https://www.bing.com/" "Mozilla/5.0 (iPhone; CPU iPhone OS 15_7_9 like Mac OS X) AppleWebKit/605.1.15 (KHTML, like Gecko) Version/15.6.5 Mobile/15E148 Safari/604.1"
104.215.18.38 - - [03/Jan/2026:16:25:32 +0100] "GET /shell.php HTTP/1.1" 301 162 "https://www.google.de/" "Mozilla/5.0 (Linux; Android 13; M2101K6G) AppleWebKit/537.36 (KHTML, like Gecko) Chrome/116.0.0.0 Mobile Safari/537.36"
104.215.18.38 - - [03/Jan/2026:16:25:33 +0100] "GET /system.php HTTP/1.1" 301 162 "https://www.google.de/" "Mozilla/5.0 (Linux; Android 13; SM-G991U) AppleWebKit/537.36 (KHTML, like Gecko) Chrome/117.0.0.0 Mobile Safari/537.36"
104.215.18.38 - - [03/Jan/2026:16:25:34 +0100] "GET /termps.php HTTP/1.1" 301 162 "https://www.google.co.uk/" "Mozilla/5.0 (iPhone; CPU iPhone OS 17_1_1 like Mac OS X) AppleWebKit/605.1.15 (KHTML, like Gecko) Version/17.1 Mobile/15E148 Safari/604.1"
104.215.18.38 - - [03/Jan/2026:16:25:35 +0100] "GET /test.php HTTP/1.1" 301 162 "https://www.google.fr/" "Mozilla/5.0 (Linux; Android 13; SM-S908E) AppleWebKit/537.36 (KHTML, like Gecko) Chrome/116.0.0.0 Mobile Safari/537.36"
104.215.18.38 - - [03/Jan/2026:16:25:36 +0100] "GET /tiny.php HTTP/1.1" 301 162 "https://www.bing.com/" "Mozilla/5.g (Linux; Android 13; Pixel 7) AppleWebKit/537.36 (KHTML, like Gecko) Chrome/116.0.0.0 Mobile Safari/537.36"
104.215.18.38 - - [03/Jan/2026:16:25:37 +0100] "GET /user.php HTTP/1.1" 301 162 "https://www.google.de/" "Mozilla/5.0 (iPhone; CPU iPhone OS 17_1_1 like Mac OS X) AppleWebKit/605.1.15 (KHTML, like Gecko) Version/17.1 Mobile/15E148 Safari/604.1"
104.215.18.38 - - [03/Jan/2026:16:25:38 +0100] "GET /vx.php HTTP/1.1" 301 162 "https://www.google.de/" "Mozilla/5.0 (Linux; Android 12; 2201116SG) AppleWebKit/537.36 (KHTML, like Gecko) Chrome/116.0.0.0 Mobile Safari/537.36"
104.215.18.38 - - [03/Jan/2026:16:25:41 +0100] "GET /wp-admin.php HTTP/1.1" 301 162 "https://www.bing.com/" "Mozilla/5.0 (iPhone; CPU iPhone OS 15_7_9 like Mac OS X) AppleWebKit/605.1.15 (KHTML, like Gecko) Version/15.6.5 Mobile/15E148 Safari/604.1"
104.215.18.38 - - [03/Jan/2026:16:25:41 +0100] "GET /wp-blog.php HTTP/1.1" 301 162 "https://www.google.com/" "Mozilla/5.0 (Linux; Android 13; M2101K6G) AppleWebKit/537.36 (KHTML, like Gecko) Chrome/116.0.0.0 Mobile Safari/537.36"
104.215.18.38 - - [03/Jan/2026:16:25:42 +0100] "GET /wp-good.php HTTP/1.1" 301 162 "https://duckduckgo.com/" "Mozilla/5.0 (iPhone; CPU iPhone OS 17_1_1 like Mac OS X) AppleWebKit/605.1.15 (KHTML, like Gecko) Version/17.1 Mobile/15E148 Safari/604.1"
104.215.18.38 - - [03/Jan/2026:16:25:43 +0100] "GET /wp-include.php HTTP/1.1" 301 162 "https://www.google.co.uk/" "Mozilla/5.0 (Linux; Android 13; SM-S908E) AppleWebKit/537.36 (KHTML, like Gecko) Chrome/116.0.0.0 Mobile Safari/537.36"
104.215.18.38 - - [03/Jan/2026:16:25:44 +0100] "GET /wp-links.php HTTP/1.1" 301 162 "https://www.google.de/" "Mozilla/5.0 (iPhone; CPU iPhone OS 16_0 like Mac OS X) AppleWebKit/605.1.15 (KHTML, like Gecko) FxiOS/118.0 Mobile/15E148 Safari/605.1.15"
104.215.18.38 - - [03/Jan/2026:16:25:46 +0100] "GET /wp-signin.php HTTP/1.1" 301 162 "https://www.google.de/" "Mozilla/5.0 (iPhone; CPU iPhone OS 17_1_1 like Mac OS X) AppleWebKit/605.1.15 (KHTML, like Gecko) Version/17.1 Mobile/15E148 Safari/604.1"
104.215.18.38 - - [03/Jan/2026:16:25:47 +0100] "GET /wp-trackback.php HTTP/1.1" 301 162 "https://www.bing.com/" "Mozilla/5.0 (Linux; Android 13; SM-S908E) AppleWebKit/537.36 (KHTML, like Gecko) Chrome/116.0.0.0 Mobile Safari/537.36"
104.215.18.38 - - [03/Jan/2026:16:25:48 +0100] "GET /wp.php HTTP/1.1" 301 162 "https://www.google.de/" "Mozilla/5.0 (iPhone; CPU iPhone OS 16_0 like Mac OS X) AppleWebKit/605.1.15 (KHTML, like Gecko) FxiOS/118.0 Mobile/15E148 Safari/605.1.15"
104.215.18.38 - - [03/Jan/2026:16:25:49 +0100] "GET /wso.php HTTP/1.1" 301 162 "https://www.google.fr/" "Mozilla/5.0 (Linux; Android 13; SM-G991U) AppleWebKit/537.36 (KHTML, like Gecko) Chrome/117.0.0.0 Mobile Safari/537.36"
104.215.18.38 - - [03/Jan/2026:16:25:50 +0100] "GET /xmlrpc.php HTTP/1.1" 301 162 "https://www.google.co.uk/" "Mozilla/5.g (Linux; Android 13; Pixel 7) AppleWebKit/537.36 (KHTML, like Gecko) Chrome/116.0.0.0 Mobile Safari/537.36"
104.215.18.38 - - [03/Jan/2026:16:25:50 +0100] "GET /xmrlpc.php HTTP/1.1" 301 162 "https://duckduckgo.com/" "Mozilla/5.0 (iPhone; CPU iPhone OS 17_1_1 like Mac OS X) AppleWebKit/605.1.15 (KHTML, like Gecko) Version/17.1 Mobile/15E148 Safari/604.1"
185.231.155.169 - - [03/Jan/2026:16:26:28 +0100] "GET /blogs/4-reasons-a-property-investment-a-smart-way-to-earn/ HTTP/1.0" 301 162 "http://omkar.com/blogs/4-reasons-a-property-investment-a-smart-way-to-earn/" "Mozilla/5.0 (Windows NT 10.0; Win64; x64) AppleWebKit/537.36 (KHTML, like Gecko) Chrome/131.0.0.0 Safari/537.36 Avast/131.0.0.0"
49.13.167.123 - - [03/Jan/2026:16:28:02 +0100] "HEAD / HTTP/1.1" 301 0 "http://www.omkar.com" "Mozilla/5.0+(compatible; UptimeRobot/2.0; http://www.uptimerobot.com/)"
49.13.164.148 - - [03/Jan/2026:16:28:06 +0100] "HEAD / HTTP/1.1" 301 0 "http://omkar.com/" "Mozilla/5.0+(compatible; UptimeRobot/2.0; http://www.uptimerobot.com/)"
78.46.190.63 - - [03/Jan/2026:16:33:08 +0100] "HEAD / HTTP/1.1" 301 0 "http://www.omkar.com" "Mozilla/5.0+(compatible; UptimeRobot/2.0; http://www.uptimerobot.com/)"
49.13.24.81 - - [03/Jan/2026:16:33:15 +0100] "HEAD / HTTP/1.1" 301 0 "http://omkar.com/" "Mozilla/5.0+(compatible; UptimeRobot/2.0; http://www.uptimerobot.com/)"
54.193.53.125 - - [03/Jan/2026:16:34:00 +0100] "GET / HTTP/1.1" 301 162 "-" "Mozilla/5.0 (Windows NT 10.0; Win64; x64) AppleWebKit/537.36 (KHTML, like Gecko) Chrome/142.0.0.0 Safari/537.36 Edg/142.0.0.0"
63.178.84.147 - - [03/Jan/2026:16:38:15 +0100] "HEAD / HTTP/1.1" 301 0 "http://www.omkar.com" "Mozilla/5.0+(compatible; UptimeRobot/2.0; http://www.uptimerobot.com/)"
49.13.24.81 - - [03/Jan/2026:16:38:20 +0100] "HEAD / HTTP/1.1" 301 0 "http://omkar.com/" "Mozilla/5.0+(compatible; UptimeRobot/2.0; http://www.uptimerobot.com/)"
103.131.71.34 - - [03/Jan/2026:16:42:43 +0100] "GET /robots.txt HTTP/1.1" 301 162 "-" "Mozilla/5.0 (compatible; coccocbot-image/1.0; +http://help.coccoc.com/searchengine)"
66.249.71.39 - - [03/Jan/2026:16:43:18 +0100] "GET /pebxc8308907 HTTP/1.1" 301 162 "-" "Mozilla/5.0 (Linux; Android 6.0.1; Nexus 5X Build/MMB29P) AppleWebKit/537.36 (KHTML, like Gecko) Chrome/141.0.7390.122 Mobile Safari/537.36 (compatible; Googlebot/2.1; +http://www.google.com/bot.html)"
78.46.215.1 - - [03/Jan/2026:16:43:22 +0100] "HEAD / HTTP/1.1" 301 0 "http://www.omkar.com" "Mozilla/5.0+(compatible; UptimeRobot/2.0; http://www.uptimerobot.com/)"
3.77.67.4 - - [03/Jan/2026:16:43:26 +0100] "HEAD / HTTP/1.1" 301 0 "http://omkar.com/" "Mozilla/5.0+(compatible; UptimeRobot/2.0; http://www.uptimerobot.com/)"
43.135.144.81 - - [03/Jan/2026:16:45:56 +0100] "GET / HTTP/1.1" 301 162 "-" "Mozilla/5.0 (iPhone; CPU iPhone OS 13_2_3 like Mac OS X) AppleWebKit/605.1.15 (KHTML, like Gecko) Version/13.0.3 Mobile/15E148 Safari/604.1"
205.210.31.59 - - [03/Jan/2026:16:46:40 +0100] "GET / HTTP/1.1" 301 162 "-" "-"
18.193.252.127 - - [03/Jan/2026:16:48:28 +0100] "HEAD / HTTP/1.1" 301 0 "http://www.omkar.com" "Mozilla/5.0+(compatible; UptimeRobot/2.0; http://www.uptimerobot.com/)"
52.59.43.236 - - [03/Jan/2026:16:48:34 +0100] "HEAD / HTTP/1.1" 301 0 "http://omkar.com/" "Mozilla/5.0+(compatible; UptimeRobot/2.0; http://www.uptimerobot.com/)"
18.232.11.247 - - [03/Jan/2026:16:52:57 +0100] "GET /?ref=cybrhome HTTP/1.1" 301 162 "-" "Mozilla/5.0 AppleWebKit/537.36 (KHTML, like Gecko; compatible; Amazonbot/0.1; +https://developer.amazon.com/support/amazonbot) Chrome/119.0.6045.214 Safari/537.36"
3.232.39.98 - - [03/Jan/2026:16:53:06 +0100] "GET /ongoing-residential-projects-mumbai/omkar-meridia-bkc HTTP/1.1" 301 162 "-" "Mozilla/5.0 AppleWebKit/537.36 (KHTML, like Gecko; compatible; Amazonbot/0.1; +https://developer.amazon.com/support/amazonbot) Chrome/119.0.6045.214 Safari/537.36"
142.132.180.39 - - [03/Jan/2026:16:53:36 +0100] "HEAD / HTTP/1.1" 301 0 "http://www.omkar.com" "Mozilla/5.0+(compatible; UptimeRobot/2.0; http://www.uptimerobot.com/)"
52.28.162.93 - - [03/Jan/2026:16:53:44 +0100] "HEAD / HTTP/1.1" 301 0 "http://omkar.com/" "Mozilla/5.0+(compatible; UptimeRobot/2.0; http://www.uptimerobot.com/)"
40.77.167.16 - - [03/Jan/2026:16:54:53 +0100] "GET /ConstructionUpdate/AltaMonteMalad/TowerC_1000.jpg HTTP/1.1" 301 162 "-" "Mozilla/5.0 AppleWebKit/537.36 (KHTML, like Gecko; compatible; bingbot/2.0; +http://www.bing.com/bingbot.htm) Chrome/116.0.1938.76 Safari/537.36"
142.132.180.39 - - [03/Jan/2026:16:58:41 +0100] "HEAD / HTTP/1.1" 301 0 "http://www.omkar.com" "Mozilla/5.0+(compatible; UptimeRobot/2.0; http://www.uptimerobot.com/)"
142.132.180.39 - - [03/Jan/2026:16:58:51 +0100] "HEAD / HTTP/1.1" 301 0 "http://omkar.com/" "Mozilla/5.0+(compatible; UptimeRobot/2.0; http://www.uptimerobot.com/)"
3.79.134.69 - - [03/Jan/2026:17:03:48 +0100] "HEAD / HTTP/1.1" 301 0 "http://www.omkar.com" "Mozilla/5.0+(compatible; UptimeRobot/2.0; http://www.uptimerobot.com/)"
157.90.156.63 - - [03/Jan/2026:17:03:57 +0100] "HEAD / HTTP/1.1" 301 0 "http://omkar.com/" "Mozilla/5.0+(compatible; UptimeRobot/2.0; http://www.uptimerobot.com/)"
162.62.213.187 - - [03/Jan/2026:17:08:47 +0100] "GET /ongoing-residential-projects-mumbai/omkar-1973-worli HTTP/1.1" 301 162 "-" "Mozilla/5.0 (iPhone; CPU iPhone OS 13_2_3 like Mac OS X) AppleWebKit/605.1.15 (KHTML, like Gecko) Version/13.0.3 Mobile/15E148 Safari/604.1"
49.13.24.81 - - [03/Jan/2026:17:08:55 +0100] "HEAD / HTTP/1.1" 301 0 "http://www.omkar.com" "Mozilla/5.0+(compatible; UptimeRobot/2.0; http://www.uptimerobot.com/)"
142.132.180.39 - - [03/Jan/2026:17:09:04 +0100] "HEAD / HTTP/1.1" 301 0 "http://omkar.com/" "Mozilla/5.0+(compatible; UptimeRobot/2.0; http://www.uptimerobot.com/)"
66.249.73.102 - - [03/Jan/2026:17:13:18 +0100] "GET /dignmp619770 HTTP/1.1" 301 162 "-" "Mozilla/5.0 (Linux; Android 6.0.1; Nexus 5X Build/MMB29P) AppleWebKit/537.36 (KHTML, like Gecko) Chrome/141.0.7390.122 Mobile Safari/537.36 (compatible; Googlebot/2.1; +http://www.google.com/bot.html)"
3.77.67.4 - - [03/Jan/2026:17:14:02 +0100] "HEAD / HTTP/1.1" 301 0 "http://www.omkar.com" "Mozilla/5.0+(compatible; UptimeRobot/2.0; http://www.uptimerobot.com/)"
78.46.215.1 - - [03/Jan/2026:17:14:10 +0100] "HEAD / HTTP/1.1" 301 0 "http://omkar.com/" "Mozilla/5.0+(compatible; UptimeRobot/2.0; http://www.uptimerobot.com/)"
43.157.156.190 - - [03/Jan/2026:17:18:36 +0100] "GET /ongoing-residential-projects-mumbai/omkar-vive-bkc HTTP/1.1" 301 162 "-" "Mozilla/5.0 (iPhone; CPU iPhone OS 13_2_3 like Mac OS X) AppleWebKit/605.1.15 (KHTML, like Gecko) Version/13.0.3 Mobile/15E148 Safari/604.1"
142.214.184.9 - - [03/Jan/2026:17:18:51 +0100] "GET /.well-known/acme-challenge/4SZL_0HMHJ4XPEVUKSU-Q3F2FNNUVPGH HTTP/1.1" 301 162 "-" "Cpanel-HTTP-Client/1.0"
142.214.184.9 - - [03/Jan/2026:17:18:52 +0100] "GET /.well-known/acme-challenge/K1A-KBOXZ808KEX7Z3T4NBX7I4BBDJCE HTTP/1.1" 301 162 "-" "Cpanel-HTTP-Client/1.0"
69.171.231.9 - - [03/Jan/2026:17:19:02 +0100] "GET / HTTP/1.1" 301 162 "-" "facebookexternalhit/1.1 (+http://www.facebook.com/externalhit_uatext.php)"
69.171.231.115 - - [03/Jan/2026:17:19:02 +0100] "GET / HTTP/1.1" 301 162 "-" "facebookexternalhit/1.1 (+http://www.facebook.com/externalhit_uatext.php)"
69.171.231.25 - - [03/Jan/2026:17:19:06 +0100] "GET / HTTP/1.1" 301 162 "-" "facebookexternalhit/1.1 (+http://www.facebook.com/externalhit_uatext.php)"
69.171.231.29 - - [03/Jan/2026:17:19:06 +0100] "GET / HTTP/1.1" 301 162 "-" "facebookexternalhit/1.1 (+http://www.facebook.com/externalhit_uatext.php)"
69.171.231.2 - - [03/Jan/2026:17:19:08 +0100] "GET / HTTP/1.1" 301 162 "-" "facebookexternalhit/1.1 (+http://www.facebook.com/externalhit_uatext.php)"
128.140.106.114 - - [03/Jan/2026:17:19:09 +0100] "HEAD / HTTP/1.1" 301 0 "http://www.omkar.com" "Mozilla/5.0+(compatible; UptimeRobot/2.0; http://www.uptimerobot.com/)"
69.171.231.25 - - [03/Jan/2026:17:19:10 +0100] "GET / HTTP/1.1" 301 162 "-" "facebookexternalhit/1.1 (+http://www.facebook.com/externalhit_uatext.php)"
18.192.166.72 - - [03/Jan/2026:17:19:15 +0100] "HEAD / HTTP/1.1" 301 0 "http://omkar.com/" "Mozilla/5.0+(compatible; UptimeRobot/2.0; http://www.uptimerobot.com/)"
49.13.167.123 - - [03/Jan/2026:17:24:15 +0100] "HEAD / HTTP/1.1" 301 0 "http://www.omkar.com" "Mozilla/5.0+(compatible; UptimeRobot/2.0; http://www.uptimerobot.com/)"
63.178.84.147 - - [03/Jan/2026:17:24:23 +0100] "HEAD / HTTP/1.1" 301 0 "http://omkar.com/" "Mozilla/5.0+(compatible; UptimeRobot/2.0; http://www.uptimerobot.com/)"
49.13.164.148 - - [03/Jan/2026:17:29:24 +0100] "HEAD / HTTP/1.1" 301 0 "http://www.omkar.com" "Mozilla/5.0+(compatible; UptimeRobot/2.0; http://www.uptimerobot.com/)"
49.13.130.29 - - [03/Jan/2026:17:29:28 +0100] "HEAD / HTTP/1.1" 301 0 "http://omkar.com/" "Mozilla/5.0+(compatible; UptimeRobot/2.0; http://www.uptimerobot.com/)"
43.159.144.16 - - [03/Jan/2026:17:31:47 +0100] "GET / HTTP/1.1" 301 162 "-" "Mozilla/5.0 (iPhone; CPU iPhone OS 13_2_3 like Mac OS X) AppleWebKit/605.1.15 (KHTML, like Gecko) Version/13.0.3 Mobile/15E148 Safari/604.1"
63.178.84.147 - - [03/Jan/2026:17:34:31 +0100] "HEAD / HTTP/1.1" 301 0 "http://www.omkar.com" "Mozilla/5.0+(compatible; UptimeRobot/2.0; http://www.uptimerobot.com/)"
49.13.167.123 - - [03/Jan/2026:17:34:35 +0100] "HEAD / HTTP/1.1" 301 0 "http://omkar.com/" "Mozilla/5.0+(compatible; UptimeRobot/2.0; http://www.uptimerobot.com/)"
35.229.40.57 - - [03/Jan/2026:17:38:42 +0100] "GET / HTTP/1.1" 301 162 "-" "Mozilla/5.0 (compatible; CMS-Checker/1.0; +https://example.com)"
35.229.40.57 - - [03/Jan/2026:17:38:42 +0100] "GET / HTTP/1.1" 301 162 "-" "Mozilla/5.0 (compatible; CMS-Checker/1.0; +https://example.com)"
52.28.162.93 - - [03/Jan/2026:17:39:39 +0100] "HEAD / HTTP/1.1" 301 0 "http://www.omkar.com" "Mozilla/5.0+(compatible; UptimeRobot/2.0; http://www.uptimerobot.com/)"
168.119.123.75 - - [03/Jan/2026:17:39:45 +0100] "HEAD / HTTP/1.1" 301 0 "http://omkar.com/" "Mozilla/5.0+(compatible; UptimeRobot/2.0; http://www.uptimerobot.com/)"
157.90.155.240 - - [03/Jan/2026:17:44:45 +0100] "HEAD / HTTP/1.1" 301 0 "http://www.omkar.com" "Mozilla/5.0+(compatible; UptimeRobot/2.0; http://www.uptimerobot.com/)"
49.13.167.123 - - [03/Jan/2026:17:44:51 +0100] "HEAD / HTTP/1.1" 301 0 "http://omkar.com/" "Mozilla/5.0+(compatible; UptimeRobot/2.0; http://www.uptimerobot.com/)"
3.77.67.4 - - [03/Jan/2026:17:49:51 +0100] "HEAD / HTTP/1.1" 301 0 "http://www.omkar.com" "Mozilla/5.0+(compatible; UptimeRobot/2.0; http://www.uptimerobot.com/)"
52.59.43.236 - - [03/Jan/2026:17:49:57 +0100] "HEAD / HTTP/1.1" 301 0 "http://omkar.com/" "Mozilla/5.0+(compatible; UptimeRobot/2.0; http://www.uptimerobot.com/)"
128.140.106.114 - - [03/Jan/2026:17:54:58 +0100] "HEAD / HTTP/1.1" 301 0 "http://www.omkar.com" "Mozilla/5.0+(compatible; UptimeRobot/2.0; http://www.uptimerobot.com/)"
167.235.143.113 - - [03/Jan/2026:17:55:03 +0100] "HEAD / HTTP/1.1" 301 0 "http://omkar.com/" "Mozilla/5.0+(compatible; UptimeRobot/2.0; http://www.uptimerobot.com/)"
49.13.164.148 - - [03/Jan/2026:18:00:05 +0100] "HEAD / HTTP/1.1" 301 0 "http://www.omkar.com" "Mozilla/5.0+(compatible; UptimeRobot/2.0; http://www.uptimerobot.com/)"
18.193.252.127 - - [03/Jan/2026:18:00:13 +0100] "HEAD / HTTP/1.1" 301 0 "http://omkar.com/" "Mozilla/5.0+(compatible; UptimeRobot/2.0; http://www.uptimerobot.com/)"
34.198.85.162 - - [03/Jan/2026:18:01:53 +0100] "GET / HTTP/1.1" 301 162 "-" "Mozilla/5.0 (X11; Linux x86_64) AppleWebKit/537.36 (KHTML, like Gecko) Chrome/51.0.2704.103 Safari/537.36"
168.119.123.75 - - [03/Jan/2026:18:05:11 +0100] "HEAD / HTTP/1.1" 301 0 "http://www.omkar.com" "Mozilla/5.0+(compatible; UptimeRobot/2.0; http://www.uptimerobot.com/)"
63.178.84.147 - - [03/Jan/2026:18:05:18 +0100] "HEAD / HTTP/1.1" 301 0 "http://omkar.com/" "Mozilla/5.0+(compatible; UptimeRobot/2.0; http://www.uptimerobot.com/)"
103.131.71.57 - - [03/Jan/2026:18:05:49 +0100] "GET /robots.txt HTTP/1.1" 301 162 "-" "Mozilla/5.0 (compatible; coccocbot-web/1.0; +http://help.coccoc.com/searchengine)"
66.249.71.40 - - [03/Jan/2026:18:08:18 +0100] "GET /unppkujlu07665083 HTTP/1.1" 301 162 "-" "Mozilla/5.0 (Linux; Android 6.0.1; Nexus 5X Build/MMB29P) AppleWebKit/537.36 (KHTML, like Gecko) Chrome/141.0.7390.122 Mobile Safari/537.36 (compatible; Googlebot/2.1; +http://www.google.com/bot.html)"
168.119.96.239 - - [03/Jan/2026:18:10:17 +0100] "HEAD / HTTP/1.1" 301 0 "http://www.omkar.com" "Mozilla/5.0+(compatible; UptimeRobot/2.0; http://www.uptimerobot.com/)"
18.192.166.72 - - [03/Jan/2026:18:10:25 +0100] "HEAD / HTTP/1.1" 301 0 "http://omkar.com/" "Mozilla/5.0+(compatible; UptimeRobot/2.0; http://www.uptimerobot.com/)"
106.78.36.53 - - [03/Jan/2026:18:15:04 +0100] "GET / HTTP/1.1" 301 162 "http://127.0.0.1:5500/" "Mozilla/5.0 (Windows NT 10.0; Win64; x64) AppleWebKit/537.36 (KHTML, like Gecko) Chrome/143.0.0.0 Safari/537.36 Edg/143.0.0.0"
52.28.162.93 - - [03/Jan/2026:18:15:24 +0100] "HEAD / HTTP/1.1" 301 0 "http://www.omkar.com" "Mozilla/5.0+(compatible; UptimeRobot/2.0; http://www.uptimerobot.com/)"
167.235.143.113 - - [03/Jan/2026:18:15:30 +0100] "HEAD / HTTP/1.1" 301 0 "http://omkar.com/" "Mozilla/5.0+(compatible; UptimeRobot/2.0; http://www.uptimerobot.com/)"
49.13.167.123 - - [03/Jan/2026:18:20:29 +0100] "HEAD / HTTP/1.1" 301 0 "http://www.omkar.com" "Mozilla/5.0+(compatible; UptimeRobot/2.0; http://www.uptimerobot.com/)"
3.77.67.4 - - [03/Jan/2026:18:20:56 +0100] "HEAD / HTTP/1.1" 301 0 "http://omkar.com/" "Mozilla/5.0+(compatible; UptimeRobot/2.0; http://www.uptimerobot.com/)"
31.13.127.10 - - [03/Jan/2026:18:24:44 +0100] "GET /ongoingreschembur/overview HTTP/1.1" 301 162 "-" "facebookexternalhit/1.1 (+http://www.facebook.com/externalhit_uatext.php)"
113.186.195.255 - - [03/Jan/2026:18:25:31 +0100] "GET http://www.omkar.com//uploads/news/attachment/attachment_1_2_2016-06-10-05-46.pdf HTTP/1.1" 301 162 "-" "Mozilla/5.0 (Windows NT 10.0; Win64; x64) AppleWebKit/537.36 (KHTML, like Gecko) Chrome/121.0.0.0 Safari/537.36 Edg/121.0.0.0"
78.46.190.63 - - [03/Jan/2026:18:25:35 +0100] "HEAD / HTTP/1.1" 301 0 "http://www.omkar.com" "Mozilla/5.0+(compatible; UptimeRobot/2.0; http://www.uptimerobot.com/)"
45.151.236.135 - - [03/Jan/2026:18:25:38 +0100] "GET http://www.omkar.com//uploads/news/attachment/attachment_1_2_2016-06-10-05-46.pdf HTTP/1.1" 301 162 "-" "Mozilla/5.0 (Windows NT 10.0; Win64; x64; rv:123.0) Gecko/20100101 Firefox/123.0"
63.178.84.147 - - [03/Jan/2026:18:26:09 +0100] "HEAD / HTTP/1.1" 301 0 "http://omkar.com/" "Mozilla/5.0+(compatible; UptimeRobot/2.0; http://www.uptimerobot.com/)"
157.90.156.63 - - [03/Jan/2026:18:30:42 +0100] "HEAD / HTTP/1.1" 301 0 "http://www.omkar.com" "Mozilla/5.0+(compatible; UptimeRobot/2.0; http://www.uptimerobot.com/)"
49.13.167.123 - - [03/Jan/2026:18:31:15 +0100] "HEAD / HTTP/1.1" 301 0 "http://omkar.com/" "Mozilla/5.0+(compatible; UptimeRobot/2.0; http://www.uptimerobot.com/)"
66.249.73.131 - - [03/Jan/2026:18:33:18 +0100] "GET /index.phppbideg237796 HTTP/1.1" 301 162 "-" "Mozilla/5.0 (Linux; Android 6.0.1; Nexus 5X Build/MMB29P) AppleWebKit/537.36 (KHTML, like Gecko) Chrome/141.0.7390.122 Mobile Safari/537.36 (compatible; Googlebot/2.1; +http://www.google.com/bot.html)"
168.119.123.75 - - [03/Jan/2026:18:35:51 +0100] "HEAD / HTTP/1.1" 301 0 "http://www.omkar.com" "Mozilla/5.0+(compatible; UptimeRobot/2.0; http://www.uptimerobot.com/)"
168.119.123.75 - - [03/Jan/2026:18:36:21 +0100] "HEAD / HTTP/1.1" 301 0 "http://omkar.com/" "Mozilla/5.0+(compatible; UptimeRobot/2.0; http://www.uptimerobot.com/)"
49.13.130.29 - - [03/Jan/2026:18:40:57 +0100] "HEAD / HTTP/1.1" 301 0 "http://www.omkar.com" "Mozilla/5.0+(compatible; UptimeRobot/2.0; http://www.uptimerobot.com/)"
128.140.41.193 - - [03/Jan/2026:18:41:37 +0100] "HEAD / HTTP/1.1" 301 0 "http://omkar.com/" "Mozilla/5.0+(compatible; UptimeRobot/2.0; http://www.uptimerobot.com/)"
128.140.106.114 - - [03/Jan/2026:18:46:03 +0100] "HEAD / HTTP/1.1" 301 0 "http://www.omkar.com" "Mozilla/5.0+(compatible; UptimeRobot/2.0; http://www.uptimerobot.com/)"
49.13.24.81 - - [03/Jan/2026:18:46:44 +0100] "HEAD / HTTP/1.1" 301 0 "http://omkar.com/" "Mozilla/5.0+(compatible; UptimeRobot/2.0; http://www.uptimerobot.com/)"
66.249.71.99 - - [03/Jan/2026:18:49:58 +0100] "GET /index.phppchfbrok1390213 HTTP/1.1" 301 162 "-" "Mozilla/5.0 (Linux; Android 6.0.1; Nexus 5X Build/MMB29P) AppleWebKit/537.36 (KHTML, like Gecko) Chrome/141.0.7390.122 Mobile Safari/537.36 (compatible; Googlebot/2.1; +http://www.google.com/bot.html)"
157.90.155.240 - - [03/Jan/2026:18:51:10 +0100] "HEAD / HTTP/1.1" 301 0 "http://www.omkar.com" "Mozilla/5.0+(compatible; UptimeRobot/2.0; http://www.uptimerobot.com/)"
51.68.107.142 - - [03/Jan/2026:18:51:32 +0100] "GET /robots.txt HTTP/1.1" 301 162 "-" "Mozilla/5.0 (compatible; MJ12bot/v2.0.4; http://mj12bot.com/)"
51.68.107.142 - - [03/Jan/2026:18:51:32 +0100] "GET / HTTP/1.1" 301 162 "-" "Mozilla/5.0 (compatible; MJ12bot/v2.0.4; http://mj12bot.com/)"
51.68.107.142 - - [03/Jan/2026:18:51:34 +0100] "GET /robots.txt HTTP/1.1" 301 162 "-" "Mozilla/5.0 (compatible; MJ12bot/v2.0.4; http://mj12bot.com/)"
51.68.107.142 - - [03/Jan/2026:18:51:35 +0100] "GET / HTTP/1.1" 301 162 "-" "Mozilla/5.0 (compatible; MJ12bot/v2.0.4; http://mj12bot.com/)"
157.90.155.240 - - [03/Jan/2026:18:51:50 +0100] "HEAD / HTTP/1.1" 301 0 "http://omkar.com/" "Mozilla/5.0+(compatible; UptimeRobot/2.0; http://www.uptimerobot.com/)"
49.13.164.148 - - [03/Jan/2026:18:56:17 +0100] "HEAD / HTTP/1.1" 301 0 "http://www.omkar.com" "Mozilla/5.0+(compatible; UptimeRobot/2.0; http://www.uptimerobot.com/)"
49.13.24.81 - - [03/Jan/2026:18:56:58 +0100] "HEAD / HTTP/1.1" 301 0 "http://omkar.com/" "Mozilla/5.0+(compatible; UptimeRobot/2.0; http://www.uptimerobot.com/)"
51.159.147.28 - - [03/Jan/2026:18:59:53 +0100] "GET /robots.txt HTTP/1.1" 301 162 "-" "Mozilla/5.0 (Windows NT 10.0; Win64; x64; rv:104.0) Gecko/20100101 Firefox/104.0"
23.27.93.42 - - [03/Jan/2026:18:59:55 +0100] "GET / HTTP/1.1" 301 162 "-" "Mozilla/5.0 (X11; Linux x86_64; rv:137.0) Gecko/20100101 Firefox/137.0"
78.47.98.55 - - [03/Jan/2026:19:01:24 +0100] "HEAD / HTTP/1.1" 301 0 "http://www.omkar.com" "Mozilla/5.0+(compatible; UptimeRobot/2.0; http://www.uptimerobot.com/)"
63.178.84.147 - - [03/Jan/2026:19:02:05 +0100] "HEAD / HTTP/1.1" 301 0 "http://omkar.com/" "Mozilla/5.0+(compatible; UptimeRobot/2.0; http://www.uptimerobot.com/)"
3.79.134.69 - - [03/Jan/2026:19:06:35 +0100] "HEAD / HTTP/1.1" 301 0 "http://www.omkar.com" "Mozilla/5.0+(compatible; UptimeRobot/2.0; http://www.uptimerobot.com/)"
66.249.73.100 - - [03/Jan/2026:19:06:38 +0100] "GET /unpebhw387751 HTTP/1.1" 301 162 "-" "Mozilla/5.0 (Linux; Android 6.0.1; Nexus 5X Build/MMB29P) AppleWebKit/537.36 (KHTML, like Gecko) Chrome/141.0.7390.122 Mobile Safari/537.36 (compatible; Googlebot/2.1; +http://www.google.com/bot.html)"
168.119.53.160 - - [03/Jan/2026:19:07:11 +0100] "HEAD / HTTP/1.1" 301 0 "http://omkar.com/" "Mozilla/5.0+(compatible; UptimeRobot/2.0; http://www.uptimerobot.com/)"
49.13.24.81 - - [03/Jan/2026:19:11:41 +0100] "HEAD / HTTP/1.1" 301 0 "http://www.omkar.com" "Mozilla/5.0+(compatible; UptimeRobot/2.0; http://www.uptimerobot.com/)"
167.235.143.113 - - [03/Jan/2026:19:12:16 +0100] "HEAD / HTTP/1.1" 301 0 "http://omkar.com/" "Mozilla/5.0+(compatible; UptimeRobot/2.0; http://www.uptimerobot.com/)"
78.46.190.63 - - [03/Jan/2026:19:16:48 +0100] "HEAD / HTTP/1.1" 301 0 "http://www.omkar.com" "Mozilla/5.0+(compatible; UptimeRobot/2.0; http://www.uptimerobot.com/)"
168.119.123.75 - - [03/Jan/2026:19:17:25 +0100] "HEAD / HTTP/1.1" 301 0 "http://omkar.com/" "Mozilla/5.0+(compatible; UptimeRobot/2.0; http://www.uptimerobot.com/)"
157.90.156.63 - - [03/Jan/2026:19:21:54 +0100] "HEAD / HTTP/1.1" 301 0 "http://www.omkar.com" "Mozilla/5.0+(compatible; UptimeRobot/2.0; http://www.uptimerobot.com/)"
52.59.43.236 - - [03/Jan/2026:19:22:31 +0100] "HEAD / HTTP/1.1" 301 0 "http://omkar.com/" "Mozilla/5.0+(compatible; UptimeRobot/2.0; http://www.uptimerobot.com/)"
66.249.73.100 - - [03/Jan/2026:19:23:18 +0100] "GET /bonyowz515302 HTTP/1.1" 301 162 "-" "Mozilla/5.0 (Linux; Android 6.0.1; Nexus 5X Build/MMB29P) AppleWebKit/537.36 (KHTML, like Gecko) Chrome/141.0.7390.122 Mobile Safari/537.36 (compatible; GoogleOther)"
52.28.162.93 - - [03/Jan/2026:19:27:05 +0100] "HEAD / HTTP/1.1" 301 0 "http://www.omkar.com" "Mozilla/5.0+(compatible; UptimeRobot/2.0; http://www.uptimerobot.com/)"
159.69.158.189 - - [03/Jan/2026:19:27:37 +0100] "HEAD / HTTP/1.1" 301 0 "http://omkar.com/" "Mozilla/5.0+(compatible; UptimeRobot/2.0; http://www.uptimerobot.com/)"
49.13.167.123 - - [03/Jan/2026:19:32:11 +0100] "HEAD / HTTP/1.1" 301 0 "http://www.omkar.com" "Mozilla/5.0+(compatible; UptimeRobot/2.0; http://www.uptimerobot.com/)"
49.13.134.145 - - [03/Jan/2026:19:32:43 +0100] "HEAD / HTTP/1.1" 301 0 "http://omkar.com/" "Mozilla/5.0+(compatible; UptimeRobot/2.0; http://www.uptimerobot.com/)"
78.46.190.63 - - [03/Jan/2026:19:37:17 +0100] "HEAD / HTTP/1.1" 301 0 "http://www.omkar.com" "Mozilla/5.0+(compatible; UptimeRobot/2.0; http://www.uptimerobot.com/)"
18.192.166.72 - - [03/Jan/2026:19:37:49 +0100] "HEAD / HTTP/1.1" 301 0 "http://omkar.com/" "Mozilla/5.0+(compatible; UptimeRobot/2.0; http://www.uptimerobot.com/)"
78.46.215.1 - - [03/Jan/2026:19:42:23 +0100] "HEAD / HTTP/1.1" 301 0 "http://www.omkar.com" "Mozilla/5.0+(compatible; UptimeRobot/2.0; http://www.uptimerobot.com/)"
159.69.158.189 - - [03/Jan/2026:19:42:56 +0100] "HEAD / HTTP/1.1" 301 0 "http://omkar.com/" "Mozilla/5.0+(compatible; UptimeRobot/2.0; http://www.uptimerobot.com/)"
167.235.143.113 - - [03/Jan/2026:19:47:29 +0100] "HEAD / HTTP/1.1" 301 0 "http://www.omkar.com" "Mozilla/5.0+(compatible; UptimeRobot/2.0; http://www.uptimerobot.com/)"
157.90.156.63 - - [03/Jan/2026:19:48:08 +0100] "HEAD / HTTP/1.1" 301 0 "http://omkar.com/" "Mozilla/5.0+(compatible; UptimeRobot/2.0; http://www.uptimerobot.com/)"
216.244.66.197 - - [03/Jan/2026:19:51:26 +0100] "GET /robots.txt HTTP/1.1" 301 162 "-" "Mozilla/5.0 (compatible; DotBot/1.2; +https://opensiteexplorer.org/dotbot; help@moz.com)"
128.140.106.114 - - [03/Jan/2026:19:52:36 +0100] "HEAD / HTTP/1.1" 301 0 "http://www.omkar.com" "Mozilla/5.0+(compatible; UptimeRobot/2.0; http://www.uptimerobot.com/)"
63.178.84.147 - - [03/Jan/2026:19:53:13 +0100] "HEAD / HTTP/1.1" 301 0 "http://omkar.com/" "Mozilla/5.0+(compatible; UptimeRobot/2.0; http://www.uptimerobot.com/)"
66.249.73.100 - - [03/Jan/2026:19:56:39 +0100] "GET /theosnrb0760220 HTTP/1.1" 301 162 "-" "Mozilla/5.0 (Linux; Android 6.0.1; Nexus 5X Build/MMB29P) AppleWebKit/537.36 (KHTML, like Gecko) Chrome/141.0.7390.122 Mobile Safari/537.36 (compatible; GoogleOther)"
128.140.106.114 - - [03/Jan/2026:19:57:44 +0100] "HEAD / HTTP/1.1" 301 0 "http://www.omkar.com" "Mozilla/5.0+(compatible; UptimeRobot/2.0; http://www.uptimerobot.com/)"
18.192.166.72 - - [03/Jan/2026:19:58:20 +0100] "HEAD / HTTP/1.1" 301 0 "http://omkar.com/" "Mozilla/5.0+(compatible; UptimeRobot/2.0; http://www.uptimerobot.com/)"
157.90.156.63 - - [03/Jan/2026:20:02:49 +0100] "HEAD / HTTP/1.1" 301 0 "http://www.omkar.com" "Mozilla/5.0+(compatible; UptimeRobot/2.0; http://www.uptimerobot.com/)"
159.69.158.189 - - [03/Jan/2026:20:03:26 +0100] "HEAD / HTTP/1.1" 301 0 "http://omkar.com/" "Mozilla/5.0+(compatible; UptimeRobot/2.0; http://www.uptimerobot.com/)"
52.59.43.236 - - [03/Jan/2026:20:07:56 +0100] "HEAD / HTTP/1.1" 301 0 "http://www.omkar.com" "Mozilla/5.0+(compatible; UptimeRobot/2.0; http://www.uptimerobot.com/)"
128.140.41.193 - - [03/Jan/2026:20:08:36 +0100] "HEAD / HTTP/1.1" 301 0 "http://omkar.com/" "Mozilla/5.0+(compatible; UptimeRobot/2.0; http://www.uptimerobot.com/)"
50.6.35.186 - - [03/Jan/2026:20:11:43 +0100] "GET /.well-known/acme-challenge/FJ6AOK8ALPPI2AA497Y6P8OGAIUF4XN1 HTTP/1.1" 301 162 "-" "Cpanel-HTTP-Client/1.0"
50.6.35.186 - - [03/Jan/2026:20:11:55 +0100] "GET /.well-known/acme-challenge/9N08F-P9H8A3CLQ-FZBJPJBL58297MI0 HTTP/1.1" 301 162 "-" "Cpanel-HTTP-Client/1.0"
52.59.43.236 - - [03/Jan/2026:20:13:02 +0100] "HEAD / HTTP/1.1" 301 0 "http://www.omkar.com" "Mozilla/5.0+(compatible; UptimeRobot/2.0; http://www.uptimerobot.com/)"
66.249.71.39 - - [03/Jan/2026:20:13:18 +0100] "GET /theosnrb0760220 HTTP/1.1" 301 162 "-" "Mozilla/5.0 (Linux; Android 6.0.1; Nexus 5X Build/MMB29P) AppleWebKit/537.36 (KHTML, like Gecko) Chrome/141.0.7390.122 Mobile Safari/537.36 (compatible; Googlebot/2.1; +http://www.google.com/bot.html)"
159.69.158.189 - - [03/Jan/2026:20:13:42 +0100] "HEAD / HTTP/1.1" 301 0 "http://omkar.com/" "Mozilla/5.0+(compatible; UptimeRobot/2.0; http://www.uptimerobot.com/)"
35.230.55.213 - - [03/Jan/2026:20:15:49 +0100] "HEAD /wp/ HTTP/1.1" 301 0 "-" "Mozilla/5.0 (Macintosh; Intel Mac OS X 13_5) AppleWebKit/605.1.15 (KHTML, like Gecko) Version/16.5 Safari/605.1.15"
35.230.55.213 - - [03/Jan/2026:20:15:51 +0100] "HEAD /new/ HTTP/1.1" 301 0 "-" "Mozilla/5.0 (X11; Linux x86_64; rv:127.0) Gecko/20100101 Firefox/127.0"
35.230.55.213 - - [03/Jan/2026:20:15:52 +0100] "HEAD / HTTP/1.1" 301 0 "-" "Mozilla/5.0 (Linux; Android 11; moto g31) AppleWebKit/537.36 (KHTML, like Gecko) Chrome/122.0.6261.96 Mobile Safari/537.36"
35.230.55.213 - - [03/Jan/2026:20:15:53 +0100] "HEAD /wordpress/ HTTP/1.1" 301 0 "-" "Mozilla/5.0 (iPhone; CPU iPhone OS 16_7 like Mac OS X) AppleWebKit/605.1.15 (KHTML, like Gecko) Version/16.7 Mobile/15E148 Safari/604.1"
35.230.55.213 - - [03/Jan/2026:20:15:54 +0100] "HEAD /blog/ HTTP/1.1" 301 0 "-" "Mozilla/5.0 (Linux; Android 13; Infinix X688B) AppleWebKit/537.36 (KHTML, like Gecko) Chrome/124.0.6367.48 Mobile Safari/537.36"
35.230.55.213 - - [03/Jan/2026:20:15:55 +0100] "HEAD /old/ HTTP/1.1" 301 0 "-" "Mozilla/5.0 (Macintosh; Intel Mac OS X 13_5) AppleWebKit/605.1.15 (KHTML, like Gecko) Version/16.5 Safari/605.1.15"
35.230.55.213 - - [03/Jan/2026:20:15:57 +0100] "HEAD /backup/ HTTP/1.1" 301 0 "-" "Mozilla/5.0 (Linux; Android 13; Pixel 7a) AppleWebKit/537.36 (KHTML, like Gecko) Chrome/124.0.6367.82 Mobile Safari/537.36"
168.119.123.75 - - [03/Jan/2026:20:18:07 +0100] "HEAD / HTTP/1.1" 301 0 "http://www.omkar.com" "Mozilla/5.0+(compatible; UptimeRobot/2.0; http://www.uptimerobot.com/)"
157.90.155.240 - - [03/Jan/2026:20:18:48 +0100] "HEAD / HTTP/1.1" 301 0 "http://omkar.com/" "Mozilla/5.0+(compatible; UptimeRobot/2.0; http://www.uptimerobot.com/)"
142.214.184.9 - - [03/Jan/2026:20:20:18 +0100] "GET /.well-known/acme-challenge/D4UEWKK77Y8ENHLEGAA5C68ITHTW6SDD HTTP/1.1" 301 162 "-" "Cpanel-HTTP-Client/1.0"
142.214.184.9 - - [03/Jan/2026:20:20:19 +0100] "GET /.well-known/acme-challenge/OJBUCVMH06G-BT_OGHP1CNPTYQE7713G HTTP/1.1" 301 162 "-" "Cpanel-HTTP-Client/1.0"
49.13.167.123 - - [03/Jan/2026:20:23:13 +0100] "HEAD / HTTP/1.1" 301 0 "http://www.omkar.com" "Mozilla/5.0+(compatible; UptimeRobot/2.0; http://www.uptimerobot.com/)"
52.59.43.236 - - [03/Jan/2026:20:23:54 +0100] "HEAD / HTTP/1.1" 301 0 "http://omkar.com/" "Mozilla/5.0+(compatible; UptimeRobot/2.0; http://www.uptimerobot.com/)"
49.13.130.29 - - [03/Jan/2026:20:28:20 +0100] "HEAD / HTTP/1.1" 301 0 "http://www.omkar.com" "Mozilla/5.0+(compatible; UptimeRobot/2.0; http://www.uptimerobot.com/)"
78.46.215.1 - - [03/Jan/2026:20:29:00 +0100] "HEAD / HTTP/1.1" 301 0 "http://omkar.com/" "Mozilla/5.0+(compatible; UptimeRobot/2.0; http://www.uptimerobot.com/)"
159.195.70.223 - - [03/Jan/2026:20:29:42 +0100] "GET / HTTP/1.1" 301 162 "-" "Go-http-client/1.1"
159.195.70.223 - - [03/Jan/2026:20:29:44 +0100] "GET /wp-includes/css/buttons.css HTTP/1.1" 301 162 "-" "Go-http-client/1.1"
159.195.70.223 - - [03/Jan/2026:20:29:46 +0100] "GET /media/system/js/core.js HTTP/1.1" 301 162 "-" "Go-http-client/1.1"
157.90.156.63 - - [03/Jan/2026:20:33:26 +0100] "HEAD / HTTP/1.1" 301 0 "http://www.omkar.com" "Mozilla/5.0+(compatible; UptimeRobot/2.0; http://www.uptimerobot.com/)"
167.235.143.113 - - [03/Jan/2026:20:34:07 +0100] "HEAD / HTTP/1.1" 301 0 "http://omkar.com/" "Mozilla/5.0+(compatible; UptimeRobot/2.0; http://www.uptimerobot.com/)"
