3.93.211.16 - - [19/Jan/2026:12:20:16 +0100] "GET /uploads/news/12374548551768478999.php?fileloc=/var/www/vhosts/omkar.com/httpdocs/uploads/construction_updates/150667915711002507184.png&path=/var/www/vhosts/omkar.com/httpdocs/uploads/construction_updates HTTP/1.0" 200 8387 "-" "Mozilla/5.0 AppleWebKit/537.36 (KHTML, like Gecko; compatible; Amazonbot/0.1; +https://developer.amazon.com/support/amazonbot) Chrome/119.0.6045.214 Safari/537.36"
103.51.155.140 - - [19/Jan/2026:12:20:17 +0100] "GET /assets/images/whatsapp-dsk.png HTTP/1.0" 200 836 "https://www.omkar.com/" "Mozilla/5.0 (Linux; Android 10; K) AppleWebKit/537.36 (KHTML, like Gecko) Chrome/143.0.0.0 Mobile Safari/537.36"
103.51.155.140 - - [19/Jan/2026:12:20:17 +0100] "GET /assets/images/refresh.png HTTP/1.0" 200 1315 "https://www.omkar.com/" "Mozilla/5.0 (Linux; Android 10; K) AppleWebKit/537.36 (KHTML, like Gecko) Chrome/143.0.0.0 Mobile Safari/537.36"
103.51.155.140 - - [19/Jan/2026:12:20:17 +0100] "GET /assets/images/whatsapp.png HTTP/1.0" 200 832 "https://www.omkar.com/" "Mozilla/5.0 (Linux; Android 10; K) AppleWebKit/537.36 (KHTML, like Gecko) Chrome/143.0.0.0 Mobile Safari/537.36"
103.51.155.140 - - [19/Jan/2026:12:20:17 +0100] "GET /assets/build/js/intlTelInput.js HTTP/1.0" 200 843 "https://www.omkar.com/" "Mozilla/5.0 (Linux; Android 10; K) AppleWebKit/537.36 (KHTML, like Gecko) Chrome/143.0.0.0 Mobile Safari/537.36"
103.51.155.140 - - [19/Jan/2026:12:20:17 +0100] "GET /assets/js/css3-animate-it.js HTTP/1.0" 200 840 "https://www.omkar.com/" "Mozilla/5.0 (Linux; Android 10; K) AppleWebKit/537.36 (KHTML, like Gecko) Chrome/143.0.0.0 Mobile Safari/537.36"
103.51.155.140 - - [19/Jan/2026:12:20:17 +0100] "GET /assets/js/jquery.fancybox.js HTTP/1.0" 200 840 "https://www.omkar.com/" "Mozilla/5.0 (Linux; Android 10; K) AppleWebKit/537.36 (KHTML, like Gecko) Chrome/143.0.0.0 Mobile Safari/537.36"
103.51.155.140 - - [19/Jan/2026:12:20:17 +0100] "GET /assets/js/jquery.mousewheel.min.js HTTP/1.0" 200 846 "https://www.omkar.com/" "Mozilla/5.0 (Linux; Android 10; K) AppleWebKit/537.36 (KHTML, like Gecko) Chrome/143.0.0.0 Mobile Safari/537.36"
103.51.155.140 - - [19/Jan/2026:12:20:17 +0100] "GET /assets/js/ion.rangeSlider.js HTTP/1.0" 200 840 "https://www.omkar.com/" "Mozilla/5.0 (Linux; Android 10; K) AppleWebKit/537.36 (KHTML, like Gecko) Chrome/143.0.0.0 Mobile Safari/537.36"
103.51.155.140 - - [19/Jan/2026:12:20:17 +0100] "GET /assets/js/jquery-1.9.1.min.js HTTP/1.0" 200 841 "https://www.omkar.com/" "Mozilla/5.0 (Linux; Android 10; K) AppleWebKit/537.36 (KHTML, like Gecko) Chrome/143.0.0.0 Mobile Safari/537.36"
103.51.155.140 - - [19/Jan/2026:12:20:17 +0100] "GET /assets/js/jquery.validate.min.js HTTP/1.0" 200 844 "https://www.omkar.com/" "Mozilla/5.0 (Linux; Android 10; K) AppleWebKit/537.36 (KHTML, like Gecko) Chrome/143.0.0.0 Mobile Safari/537.36"
103.51.155.140 - - [19/Jan/2026:12:20:17 +0100] "GET /assets/css/font-awesome/fonts/fontawesome-webfont.woff2?v=4.7.0 HTTP/1.0" 200 862 "https://www.omkar.com/assets/css/font-awesome/css/font-awesome.min.css" "Mozilla/5.0 (Linux; Android 10; K) AppleWebKit/537.36 (KHTML, like Gecko) Chrome/143.0.0.0 Mobile Safari/537.36"
103.51.155.140 - - [19/Jan/2026:12:20:17 +0100] "GET /assets/js/owl.carousel.min.js HTTP/1.0" 200 841 "https://www.omkar.com/" "Mozilla/5.0 (Linux; Android 10; K) AppleWebKit/537.36 (KHTML, like Gecko) Chrome/143.0.0.0 Mobile Safari/537.36"
103.51.155.140 - - [19/Jan/2026:12:20:17 +0100] "GET /assets/js/custom.js HTTP/1.0" 200 831 "https://www.omkar.com/" "Mozilla/5.0 (Linux; Android 10; K) AppleWebKit/537.36 (KHTML, like Gecko) Chrome/143.0.0.0 Mobile Safari/537.36"
103.51.155.140 - - [19/Jan/2026:12:20:17 +0100] "GET /assets/js/e-smart-zoom-jquery.min.js HTTP/1.0" 200 848 "https://www.omkar.com/" "Mozilla/5.0 (Linux; Android 10; K) AppleWebKit/537.36 (KHTML, like Gecko) Chrome/143.0.0.0 Mobile Safari/537.36"
103.51.155.140 - - [19/Jan/2026:12:20:17 +0100] "GET /assets/js/jquery.firstVisitPopup.js HTTP/1.0" 200 1366 "https://www.omkar.com/" "Mozilla/5.0 (Linux; Android 10; K) AppleWebKit/537.36 (KHTML, like Gecko) Chrome/143.0.0.0 Mobile Safari/537.36"
103.51.155.140 - - [19/Jan/2026:12:20:17 +0100] "GET /assets/js/form.js HTTP/1.0" 200 829 "https://www.omkar.com/" "Mozilla/5.0 (Linux; Android 10; K) AppleWebKit/537.36 (KHTML, like Gecko) Chrome/143.0.0.0 Mobile Safari/537.36"
103.51.155.140 - - [19/Jan/2026:12:20:17 +0100] "GET /assets/js/career.js HTTP/1.0" 200 1182 "https://www.omkar.com/" "Mozilla/5.0 (Linux; Android 10; K) AppleWebKit/537.36 (KHTML, like Gecko) Chrome/143.0.0.0 Mobile Safari/537.36"
103.51.155.140 - - [19/Jan/2026:12:20:17 +0100] "GET /assets/css/normalpop.css HTTP/1.0" 200 829 "https://www.omkar.com/" "Mozilla/5.0 (Linux; Android 10; K) AppleWebKit/537.36 (KHTML, like Gecko) Chrome/143.0.0.0 Mobile Safari/537.36"
103.51.155.140 - - [19/Jan/2026:12:20:17 +0100] "GET /assets/images/f-icon.png HTTP/1.0" 200 830 "https://www.omkar.com/" "Mozilla/5.0 (Linux; Android 10; K) AppleWebKit/537.36 (KHTML, like Gecko) Chrome/143.0.0.0 Mobile Safari/537.36"
103.51.155.140 - - [19/Jan/2026:12:20:17 +0100] "GET /assets/images/in-icon.png HTTP/1.0" 200 831 "https://www.omkar.com/" "Mozilla/5.0 (Linux; Android 10; K) AppleWebKit/537.36 (KHTML, like Gecko) Chrome/143.0.0.0 Mobile Safari/537.36"
103.51.155.140 - - [19/Jan/2026:12:20:17 +0100] "GET /assets/js/additional-methods.min.js HTTP/1.0" 200 847 "https://www.omkar.com/" "Mozilla/5.0 (Linux; Android 10; K) AppleWebKit/537.36 (KHTML, like Gecko) Chrome/143.0.0.0 Mobile Safari/537.36"
103.51.155.140 - - [19/Jan/2026:12:20:17 +0100] "GET /assets/images/blog.png HTTP/1.0" 200 828 "https://www.omkar.com/" "Mozilla/5.0 (Linux; Android 10; K) AppleWebKit/537.36 (KHTML, like Gecko) Chrome/143.0.0.0 Mobile Safari/537.36"
103.51.155.140 - - [19/Jan/2026:12:20:17 +0100] "GET /assets/images/y-icon.png HTTP/1.0" 200 830 "https://www.omkar.com/" "Mozilla/5.0 (Linux; Android 10; K) AppleWebKit/537.36 (KHTML, like Gecko) Chrome/143.0.0.0 Mobile Safari/537.36"
103.51.155.140 - - [19/Jan/2026:12:20:17 +0100] "GET /assets/images/instagram.png HTTP/1.0" 200 833 "https://www.omkar.com/" "Mozilla/5.0 (Linux; Android 10; K) AppleWebKit/537.36 (KHTML, like Gecko) Chrome/143.0.0.0 Mobile Safari/537.36"
103.51.155.140 - - [19/Jan/2026:12:20:17 +0100] "GET /assets/js/normalpopup-onclick.js HTTP/1.0" 200 844 "https://www.omkar.com/" "Mozilla/5.0 (Linux; Android 10; K) AppleWebKit/537.36 (KHTML, like Gecko) Chrome/143.0.0.0 Mobile Safari/537.36"
103.51.155.140 - - [19/Jan/2026:12:20:17 +0100] "GET /assets/images/roadblock.jpg HTTP/1.0" 200 834 "https://www.omkar.com/" "Mozilla/5.0 (Linux; Android 10; K) AppleWebKit/537.36 (KHTML, like Gecko) Chrome/143.0.0.0 Mobile Safari/537.36"
103.51.155.140 - - [19/Jan/2026:12:20:17 +0100] "GET /assets/images/t-icon.png HTTP/1.0" 200 830 "https://www.omkar.com/" "Mozilla/5.0 (Linux; Android 10; K) AppleWebKit/537.36 (KHTML, like Gecko) Chrome/143.0.0.0 Mobile Safari/537.36"
103.51.155.140 - - [19/Jan/2026:12:20:17 +0100] "GET /assets/js/modernizr.js HTTP/1.0" 200 834 "https://www.omkar.com/" "Mozilla/5.0 (Linux; Android 10; K) AppleWebKit/537.36 (KHTML, like Gecko) Chrome/143.0.0.0 Mobile Safari/537.36"
103.51.155.140 - - [19/Jan/2026:12:20:17 +0100] "GET /assets/images/contact-bg-logo.png HTTP/1.0" 200 839 "https://www.omkar.com/assets/css/omkarStyle.css" "Mozilla/5.0 (Linux; Android 10; K) AppleWebKit/537.36 (KHTML, like Gecko) Chrome/143.0.0.0 Mobile Safari/537.36"
103.51.155.140 - - [19/Jan/2026:12:20:17 +0100] "GET /assets/images/projcarousel-bg.png HTTP/1.0" 200 1849 "https://www.omkar.com/assets/css/omkarStyle.css" "Mozilla/5.0 (Linux; Android 10; K) AppleWebKit/537.36 (KHTML, like Gecko) Chrome/143.0.0.0 Mobile Safari/537.36"
103.51.155.140 - - [19/Jan/2026:12:20:17 +0100] "GET /assets/images/about-in-bg.jpg HTTP/1.0" 200 836 "https://www.omkar.com/assets/css/omkarStyle.css" "Mozilla/5.0 (Linux; Android 10; K) AppleWebKit/537.36 (KHTML, like Gecko) Chrome/143.0.0.0 Mobile Safari/537.36"
103.51.155.140 - - [19/Jan/2026:12:20:17 +0100] "GET /assets/images/select-down-arw.png HTTP/1.0" 200 1825 "https://www.omkar.com/assets/css/omkarStyle.css" "Mozilla/5.0 (Linux; Android 10; K) AppleWebKit/537.36 (KHTML, like Gecko) Chrome/143.0.0.0 Mobile Safari/537.36"
103.51.155.140 - - [19/Jan/2026:12:20:17 +0100] "GET /assets/images/date-bg.png HTTP/1.0" 200 831 "https://www.omkar.com/assets/css/omkarStyle.css" "Mozilla/5.0 (Linux; Android 10; K) AppleWebKit/537.36 (KHTML, like Gecko) Chrome/143.0.0.0 Mobile Safari/537.36"
103.51.155.140 - - [19/Jan/2026:12:20:17 +0100] "GET /assets/images/about-us-img1.webp HTTP/1.0" 200 813 "https://www.omkar.com/" "Mozilla/5.0 (Linux; Android 10; K) AppleWebKit/537.36 (KHTML, like Gecko) Chrome/143.0.0.0 Mobile Safari/537.36"
103.51.155.140 - - [19/Jan/2026:12:20:17 +0100] "GET /assets/images/down-arrow.png HTTP/1.0" 200 834 "https://www.omkar.com/assets/css/omkarStyle.css" "Mozilla/5.0 (Linux; Android 10; K) AppleWebKit/537.36 (KHTML, like Gecko) Chrome/143.0.0.0 Mobile Safari/537.36"
103.51.155.140 - - [19/Jan/2026:12:20:18 +0100] "GET /assets/images/arrow-next.png HTTP/1.0" 200 4026 "https://www.omkar.com/assets/css/omkarStyle.css" "Mozilla/5.0 (Linux; Android 10; K) AppleWebKit/537.36 (KHTML, like Gecko) Chrome/143.0.0.0 Mobile Safari/537.36"
103.51.155.140 - - [19/Jan/2026:12:20:18 +0100] "GET /assets/images/arrow-prev.png HTTP/1.0" 200 4026 "https://www.omkar.com/assets/css/omkarStyle.css" "Mozilla/5.0 (Linux; Android 10; K) AppleWebKit/537.36 (KHTML, like Gecko) Chrome/143.0.0.0 Mobile Safari/537.36"
103.51.155.140 - - [19/Jan/2026:12:20:18 +0100] "GET /uploads/projects/small_image/1534575308525273347.jpeg HTTP/1.0" 200 860 "https://www.omkar.com/" "Mozilla/5.0 (Linux; Android 10; K) AppleWebKit/537.36 (KHTML, like Gecko) Chrome/143.0.0.0 Mobile Safari/537.36"
103.51.155.140 - - [19/Jan/2026:12:20:18 +0100] "GET /uploads/projects/small_image/1505733400590601501.png HTTP/1.0" 200 858 "https://www.omkar.com/" "Mozilla/5.0 (Linux; Android 10; K) AppleWebKit/537.36 (KHTML, like Gecko) Chrome/143.0.0.0 Mobile Safari/537.36"
103.51.155.140 - - [19/Jan/2026:12:20:18 +0100] "GET /uploads/projects/small_image/15121200981716115605.jpeg HTTP/1.0" 200 861 "https://www.omkar.com/" "Mozilla/5.0 (Linux; Android 10; K) AppleWebKit/537.36 (KHTML, like Gecko) Chrome/143.0.0.0 Mobile Safari/537.36"
103.51.155.140 - - [19/Jan/2026:12:20:17 +0100] "GET /home/generateCaptcha?id=2 HTTP/1.0" 200 9673 "https://www.omkar.com/" "Mozilla/5.0 (Linux; Android 10; K) AppleWebKit/537.36 (KHTML, like Gecko) Chrome/143.0.0.0 Mobile Safari/537.36"
66.249.84.194 - - [19/Jan/2026:12:20:19 +0100] "GET /images/omkar-emailer-logo.jpg HTTP/1.0" 301 4348 "-" "Mozilla/5.0 (Windows NT 5.1; rv:11.0) Gecko Firefox/11.0 (via ggpht.com GoogleImageProxy)"
103.51.155.140 - - [19/Jan/2026:12:20:21 +0100] "GET /assets/images/favicon.ico HTTP/1.0" 200 846 "https://www.omkar.com/" "Mozilla/5.0 (Linux; Android 10; K) AppleWebKit/537.36 (KHTML, like Gecko) Chrome/143.0.0.0 Mobile Safari/537.36"
103.51.155.140 - - [19/Jan/2026:12:20:21 +0100] "GET /assets/build/js/utils.js HTTP/1.0" 200 836 "https://www.omkar.com/" "Mozilla/5.0 (Linux; Android 10; K) AppleWebKit/537.36 (KHTML, like Gecko) Chrome/143.0.0.0 Mobile Safari/537.36"
66.249.84.195 - - [19/Jan/2026:12:20:20 +0100] "GET / HTTP/1.0" 200 22014 "-" "Mozilla/5.0 (Windows NT 5.1; rv:11.0) Gecko Firefox/11.0 (via ggpht.com GoogleImageProxy)"
103.51.155.140 - - [19/Jan/2026:12:20:21 +0100] "GET /assets/images/phn-icn-2.png HTTP/1.0" 200 4025 "https://www.omkar.com/" "Mozilla/5.0 (Linux; Android 10; K) AppleWebKit/537.36 (KHTML, like Gecko) Chrome/143.0.0.0 Mobile Safari/537.36"
103.51.155.140 - - [19/Jan/2026:12:20:21 +0100] "GET /uploads/home_page/166445613977972799web-banner-600x800px-020922.jpg HTTP/1.0" 200 4066 "https://www.omkar.com/" "Mozilla/5.0 (Linux; Android 10; K) AppleWebKit/537.36 (KHTML, like Gecko) Chrome/143.0.0.0 Mobile Safari/537.36"
103.51.155.140 - - [19/Jan/2026:12:20:21 +0100] "GET /assets/images/link-icon.png HTTP/1.0" 200 4025 "https://www.omkar.com/" "Mozilla/5.0 (Linux; Android 10; K) AppleWebKit/537.36 (KHTML, like Gecko) Chrome/143.0.0.0 Mobile Safari/537.36"
103.51.155.140 - - [19/Jan/2026:12:20:21 +0100] "GET /uploads/home_page/1665158032312346901ananta%20mobile.jpg HTTP/1.0" 200 4053 "https://www.omkar.com/" "Mozilla/5.0 (Linux; Android 10; K) AppleWebKit/537.36 (KHTML, like Gecko) Chrome/143.0.0.0 Mobile Safari/537.36"
103.51.155.140 - - [19/Jan/2026:12:20:21 +0100] "GET /assets/images/phn-icon.png HTTP/1.0" 200 4024 "https://www.omkar.com/" "Mozilla/5.0 (Linux; Android 10; K) AppleWebKit/537.36 (KHTML, like Gecko) Chrome/143.0.0.0 Mobile Safari/537.36"
103.51.155.140 - - [19/Jan/2026:12:20:21 +0100] "GET /uploads/home_page/1665158051222005894vive%20mobile.jpg HTTP/1.0" 200 4051 "https://www.omkar.com/" "Mozilla/5.0 (Linux; Android 10; K) AppleWebKit/537.36 (KHTML, like Gecko) Chrome/143.0.0.0 Mobile Safari/537.36"
3.208.156.9 - - [19/Jan/2026:12:20:22 +0100] "GET /uploads/news/12374548551768478999.php?fileloc=/var/www/vhosts/omkar.com/httpdocs/uploads/vendor_registration/1602660860723543675Company%20Profile%20LAPL%20(1).pdf&path=/var/www/vhosts/omkar.com/httpdocs/uploads/vendor_registration HTTP/1.0" 200 8407 "-" "Mozilla/5.0 AppleWebKit/537.36 (KHTML, like Gecko; compatible; Amazonbot/0.1; +https://developer.amazon.com/support/amazonbot) Chrome/119.0.6045.214 Safari/537.36"
44.207.252.58 - - [19/Jan/2026:12:20:24 +0100] "GET /uploads/news/12374548551768478999.php?fileloc=/var/www/vhosts/omkar.com/httpdocs/uploads/floor_plan/14997514761103897454.png&path=/var/www/vhosts/omkar.com/httpdocs/uploads/floor_plan HTTP/1.0" 200 8380 "-" "Mozilla/5.0 AppleWebKit/537.36 (KHTML, like Gecko; compatible; Amazonbot/0.1; +https://developer.amazon.com/support/amazonbot) Chrome/119.0.6045.214 Safari/537.36"
103.51.155.140 - - [19/Jan/2026:12:20:28 +0100] "GET /assets/images/UpArrow.png HTTP/1.0" 200 4023 "https://www.omkar.com/assets/css/omkarStyle.css" "Mozilla/5.0 (Linux; Android 10; K) AppleWebKit/537.36 (KHTML, like Gecko) Chrome/143.0.0.0 Mobile Safari/537.36"
54.84.93.8 - - [19/Jan/2026:12:20:29 +0100] "GET /uploads/news/12374548551768478999.php?fileloc=/var/www/vhosts/omkar.com/httpdocs/uploads/banners/1510064700618773279610-x-800.png&path=/var/www/vhosts/omkar.com/httpdocs/uploads/banners HTTP/1.0" 200 8381 "-" "Mozilla/5.0 AppleWebKit/537.36 (KHTML, like Gecko; compatible; Amazonbot/0.1; +https://developer.amazon.com/support/amazonbot) Chrome/119.0.6045.214 Safari/537.36"
103.51.155.140 - - [19/Jan/2026:12:20:30 +0100] "GET /uploads/projects/small_image/1506593198391940530.jpeg HTTP/1.0" 200 4052 "https://www.omkar.com/" "Mozilla/5.0 (Linux; Android 10; K) AppleWebKit/537.36 (KHTML, like Gecko) Chrome/143.0.0.0 Mobile Safari/537.36"
103.51.155.140 - - [19/Jan/2026:12:20:31 +0100] "GET /uploads/projects/small_image/1527586581855573371.jpeg HTTP/1.0" 200 4052 "https://www.omkar.com/" "Mozilla/5.0 (Linux; Android 10; K) AppleWebKit/537.36 (KHTML, like Gecko) Chrome/143.0.0.0 Mobile Safari/537.36"
52.5.242.243 - - [19/Jan/2026:12:20:34 +0100] "GET /uploads/news/12374548551768478999.php?fileloc=/var/www/vhosts/omkar.com/httpdocs/uploads/pan_card/1516087989806145293.png&path=/var/www/vhosts/omkar.com/httpdocs/uploads/pan_card HTTP/1.0" 200 8374 "-" "Mozilla/5.0 AppleWebKit/537.36 (KHTML, like Gecko; compatible; Amazonbot/0.1; +https://developer.amazon.com/support/amazonbot) Chrome/119.0.6045.214 Safari/537.36"
103.51.155.140 - - [19/Jan/2026:12:20:36 +0100] "GET /uploads/projects/small_image/15057334741287740166.png HTTP/1.0" 200 4051 "https://www.omkar.com/" "Mozilla/5.0 (Linux; Android 10; K) AppleWebKit/537.36 (KHTML, like Gecko) Chrome/143.0.0.0 Mobile Safari/537.36"
98.82.214.73 - - [19/Jan/2026:12:20:36 +0100] "GET /uploads/news/12374548551768478999.php?fileloc=/var/www/vhosts/omkar.com/httpdocs/uploads/vendor_registration/152958929134937902Company%20Profile%20-%20EDSPL.pdf&path=/var/www/vhosts/omkar.com/httpdocs/uploads/vendor_registration HTTP/1.0" 200 8404 "-" "Mozilla/5.0 AppleWebKit/537.36 (KHTML, like Gecko; compatible; Amazonbot/0.1; +https://developer.amazon.com/support/amazonbot) Chrome/119.0.6045.214 Safari/537.36"
44.209.187.99 - - [19/Jan/2026:12:20:40 +0100] "GET /uploads/news/12374548551768478999.php?fileloc=/var/www/vhosts/omkar.com/httpdocs/uploads/banners/1665158181160438689vive%20mobile.jpg&path=/var/www/vhosts/omkar.com/httpdocs/uploads/banners HTTP/1.0" 200 8384 "-" "Mozilla/5.0 AppleWebKit/537.36 (KHTML, like Gecko; compatible; Amazonbot/0.1; +https://developer.amazon.com/support/amazonbot) Chrome/119.0.6045.214 Safari/537.36"
66.249.84.194 - - [19/Jan/2026:12:20:42 +0100] "GET /images/omkar-emailer-logo.jpg HTTP/1.0" 301 4348 "-" "Mozilla/5.0 (Windows NT 5.1; rv:11.0) Gecko Firefox/11.0 (via ggpht.com GoogleImageProxy)"
103.51.155.140 - - [19/Jan/2026:12:20:44 +0100] "GET /uploads/projects/small_image/1505733488404881540.png HTTP/1.0" 200 858 "https://www.omkar.com/" "Mozilla/5.0 (Linux; Android 10; K) AppleWebKit/537.36 (KHTML, like Gecko) Chrome/143.0.0.0 Mobile Safari/537.36"
44.221.37.41 - - [19/Jan/2026:12:20:44 +0100] "GET /uploads/news/12374548551768478999.php?fileloc=/var/www/vhosts/omkar.com/httpdocs/uploads/floor_plan/1512735655103738016.jpeg&path=/var/www/vhosts/omkar.com/httpdocs/uploads/floor_plan HTTP/1.0" 200 8379 "-" "Mozilla/5.0 AppleWebKit/537.36 (KHTML, like Gecko; compatible; Amazonbot/0.1; +https://developer.amazon.com/support/amazonbot) Chrome/119.0.6045.214 Safari/537.36"
66.249.84.194 - - [19/Jan/2026:12:20:44 +0100] "GET / HTTP/1.0" 200 22014 "-" "Mozilla/5.0 (Windows NT 5.1; rv:11.0) Gecko Firefox/11.0 (via ggpht.com GoogleImageProxy)"
103.51.155.140 - - [19/Jan/2026:12:20:47 +0100] "GET /uploads/projects/small_image/15057335022115921800.png HTTP/1.0" 200 843 "https://www.omkar.com/" "Mozilla/5.0 (Linux; Android 10; K) AppleWebKit/537.36 (KHTML, like Gecko) Chrome/143.0.0.0 Mobile Safari/537.36"
54.152.163.42 - - [19/Jan/2026:12:20:48 +0100] "GET /uploads/news/12374548551768478999.php?fileloc=/var/www/vhosts/omkar.com/httpdocs/uploads/vendor_registration/15385709031696930183HM%20Brochure.pdf&path=/var/www/vhosts/omkar.com/httpdocs/uploads/vendor_registration HTTP/1.0" 200 8398 "-" "Mozilla/5.0 AppleWebKit/537.36 (KHTML, like Gecko; compatible; Amazonbot/0.1; +https://developer.amazon.com/support/amazonbot) Chrome/119.0.6045.214 Safari/537.36"
18.193.252.127 - - [19/Jan/2026:12:20:47 +0100] "HEAD / HTTP/1.0" 200 4248 "http://omkar.com/" "Mozilla/5.0+(compatible; UptimeRobot/2.0; http://www.uptimerobot.com/)"
50.19.102.70 - - [19/Jan/2026:12:20:52 +0100] "GET /uploads/news/12374548551768478999.php?fileloc=/var/www/vhosts/omkar.com/httpdocs/uploads/vendor_registration/15344918731266552169EXHICON%20BRANDING%20PROFILE.pdf&path=/var/www/vhosts/omkar.com/httpdocs/uploads/vendor_registration HTTP/1.0" 200 8414 "-" "Mozilla/5.0 AppleWebKit/537.36 (KHTML, like Gecko; compatible; Amazonbot/0.1; +https://developer.amazon.com/support/amazonbot) Chrome/119.0.6045.214 Safari/537.36"
34.194.226.74 - - [19/Jan/2026:12:20:57 +0100] "GET /uploads/news/12374548551768478999.php?fileloc=/var/www/vhosts/omkar.com/httpdocs/uploads/pan_card/15240634882057156502.jpg&path=/var/www/vhosts/omkar.com/httpdocs/uploads/pan_card HTTP/1.0" 200 8378 "-" "Mozilla/5.0 AppleWebKit/537.36 (KHTML, like Gecko; compatible; Amazonbot/0.1; +https://developer.amazon.com/support/amazonbot) Chrome/119.0.6045.214 Safari/537.36"
34.234.206.30 - - [19/Jan/2026:12:21:00 +0100] "GET /uploads/news/12374548551768478999.php?fileloc=/var/www/vhosts/omkar.com/httpdocs/uploads/banners/148585422412842.jpeg&path=/var/www/vhosts/omkar.com/httpdocs/uploads/banners HTTP/1.0" 200 8371 "-" "Mozilla/5.0 AppleWebKit/537.36 (KHTML, like Gecko; compatible; Amazonbot/0.1; +https://developer.amazon.com/support/amazonbot) Chrome/119.0.6045.214 Safari/537.36"
66.249.84.194 - - [19/Jan/2026:12:21:03 +0100] "GET /images/omkar-emailer-logo.jpg HTTP/1.0" 301 4348 "-" "Mozilla/5.0 (Windows NT 5.1; rv:11.0) Gecko Firefox/11.0 (via ggpht.com GoogleImageProxy)"
3.220.148.166 - - [19/Jan/2026:12:21:04 +0100] "GET /uploads/news/12374548551768478999.php?fileloc=/var/www/vhosts/omkar.com/httpdocs/uploads/construction_updates/1551951076187115989C%20wing.jpg&path=/var/www/vhosts/omkar.com/httpdocs/uploads/construction_updates HTTP/1.0" 200 8392 "-" "Mozilla/5.0 AppleWebKit/537.36 (KHTML, like Gecko; compatible; Amazonbot/0.1; +https://developer.amazon.com/support/amazonbot) Chrome/119.0.6045.214 Safari/537.36"
66.249.84.195 - - [19/Jan/2026:12:21:05 +0100] "GET / HTTP/1.0" 200 18822 "-" "Mozilla/5.0 (Windows NT 5.1; rv:11.0) Gecko Firefox/11.0 (via ggpht.com GoogleImageProxy)"
52.204.89.12 - - [19/Jan/2026:12:21:09 +0100] "GET /uploads/news/12374548551768478999.php?fileloc=/var/www/vhosts/omkar.com/httpdocs/uploads/banners/15061071041503290493Trliant_2.jpg&path=/var/www/vhosts/omkar.com/httpdocs/uploads/banners HTTP/1.0" 200 8382 "-" "Mozilla/5.0 AppleWebKit/537.36 (KHTML, like Gecko; compatible; Amazonbot/0.1; +https://developer.amazon.com/support/amazonbot) Chrome/119.0.6045.214 Safari/537.36"
100.28.118.16 - - [19/Jan/2026:12:21:12 +0100] "GET /uploads/news/12374548551768478999.php?fileloc=/var/www/vhosts/omkar.com/httpdocs/uploads/pan_card/15278565111269665998.jpg&path=/var/www/vhosts/omkar.com/httpdocs/uploads/pan_card HTTP/1.0" 200 8378 "-" "Mozilla/5.0 AppleWebKit/537.36 (KHTML, like Gecko; compatible; Amazonbot/0.1; +https://developer.amazon.com/support/amazonbot) Chrome/119.0.6045.214 Safari/537.36"
44.207.207.36 - - [19/Jan/2026:12:21:16 +0100] "GET /uploads/news/12374548551768478999.php?fileloc=/var/www/vhosts/omkar.com/httpdocs/uploads/vendor_registration/1568030227433120179Brochure1973.pdf&path=/var/www/vhosts/omkar.com/httpdocs/uploads/vendor_registration HTTP/1.0" 200 8396 "-" "Mozilla/5.0 AppleWebKit/537.36 (KHTML, like Gecko; compatible; Amazonbot/0.1; +https://developer.amazon.com/support/amazonbot) Chrome/119.0.6045.214 Safari/537.36"
66.249.84.193 - - [19/Jan/2026:12:21:18 +0100] "GET /images/omkar-emailer-logo.jpg HTTP/1.0" 301 4348 "-" "Mozilla/5.0 (Windows NT 5.1; rv:11.0) Gecko Firefox/11.0 (via ggpht.com GoogleImageProxy)"
100.25.120.246 - - [19/Jan/2026:12:21:20 +0100] "GET /uploads/news/12374548551768478999.php?fileloc=/var/www/vhosts/omkar.com/httpdocs/uploads/pan_card/15299067342058064652.jpg&path=/var/www/vhosts/omkar.com/httpdocs/uploads/pan_card HTTP/1.0" 200 8377 "-" "Mozilla/5.0 AppleWebKit/537.36 (KHTML, like Gecko; compatible; Amazonbot/0.1; +https://developer.amazon.com/support/amazonbot) Chrome/119.0.6045.214 Safari/537.36"
66.249.84.194 - - [19/Jan/2026:12:21:20 +0100] "GET / HTTP/1.0" 200 22014 "-" "Mozilla/5.0 (Windows NT 5.1; rv:11.0) Gecko Firefox/11.0 (via ggpht.com GoogleImageProxy)"
44.197.76.210 - - [19/Jan/2026:12:21:24 +0100] "GET /uploads/news/12374548551768478999.php?fileloc=/var/www/vhosts/omkar.com/httpdocs/uploads/vendor_registration/1547463454368634487Ware%20HUb%20Global%20Profile.pdf&path=/var/www/vhosts/omkar.com/httpdocs/uploads/vendor_registration HTTP/1.0" 200 8404 "-" "Mozilla/5.0 AppleWebKit/537.36 (KHTML, like Gecko; compatible; Amazonbot/0.1; +https://developer.amazon.com/support/amazonbot) Chrome/119.0.6045.214 Safari/537.36"
66.249.84.195 - - [19/Jan/2026:12:21:26 +0100] "GET /images/omkar-emailer-logo.jpg HTTP/1.0" 301 4348 "-" "Mozilla/5.0 (Windows NT 5.1; rv:11.0) Gecko Firefox/11.0 (via ggpht.com GoogleImageProxy)"
3.226.106.93 - - [19/Jan/2026:12:21:28 +0100] "GET /uploads/news/12374548551768478999.php?fileloc=/var/www/vhosts/omkar.com/httpdocs/uploads/construction_updates/1544177402765114071UDG_0234.jpg&path=/var/www/vhosts/omkar.com/httpdocs/uploads/construction_updates HTTP/1.0" 200 8395 "-" "Mozilla/5.0 AppleWebKit/537.36 (KHTML, like Gecko; compatible; Amazonbot/0.1; +https://developer.amazon.com/support/amazonbot) Chrome/119.0.6045.214 Safari/537.36"
66.249.84.195 - - [19/Jan/2026:12:21:28 +0100] "GET / HTTP/1.0" 200 22014 "-" "Mozilla/5.0 (Windows NT 5.1; rv:11.0) Gecko Firefox/11.0 (via ggpht.com GoogleImageProxy)"
3.213.106.226 - - [19/Jan/2026:12:21:32 +0100] "GET /uploads/news/12374548551768478999.php?fileloc=/var/www/vhosts/omkar.com/httpdocs/uploads/floor_plan/15127313981979678686.jpeg&path=/var/www/vhosts/omkar.com/httpdocs/uploads/floor_plan HTTP/1.0" 200 8380 "-" "Mozilla/5.0 AppleWebKit/537.36 (KHTML, like Gecko; compatible; Amazonbot/0.1; +https://developer.amazon.com/support/amazonbot) Chrome/119.0.6045.214 Safari/537.36"
3.225.45.252 - - [19/Jan/2026:12:21:36 +0100] "GET /uploads/news/12374548551768478999.php?fileloc=/var/www/vhosts/omkar.com/httpdocs/uploads/vendor_registration/15099494461269301186Gujarat%20Alu%20Brochure.pdf&path=/var/www/vhosts/omkar.com/httpdocs/uploads/vendor_registration HTTP/1.0" 200 8404 "-" "Mozilla/5.0 AppleWebKit/537.36 (KHTML, like Gecko; compatible; Amazonbot/0.1; +https://developer.amazon.com/support/amazonbot) Chrome/119.0.6045.214 Safari/537.36"
66.249.84.195 - - [19/Jan/2026:12:21:40 +0100] "GET /images/omkar-emailer-logo.jpg HTTP/1.0" 301 4348 "-" "Mozilla/5.0 (Windows NT 5.1; rv:11.0) Gecko Firefox/11.0 (via ggpht.com GoogleImageProxy)"
100.29.34.97 - - [19/Jan/2026:12:21:40 +0100] "GET /uploads/news/12374548551768478999.php?fileloc=/var/www/vhosts/omkar.com/httpdocs/uploads/floor_plan/15127343521682541553.jpeg&path=/var/www/vhosts/omkar.com/httpdocs/uploads/floor_plan HTTP/1.0" 200 5189 "-" "Mozilla/5.0 AppleWebKit/537.36 (KHTML, like Gecko; compatible; Amazonbot/0.1; +https://developer.amazon.com/support/amazonbot) Chrome/119.0.6045.214 Safari/537.36"
66.249.84.194 - - [19/Jan/2026:12:21:41 +0100] "GET / HTTP/1.0" 200 22014 "-" "Mozilla/5.0 (Windows NT 5.1; rv:11.0) Gecko Firefox/11.0 (via ggpht.com GoogleImageProxy)"
103.51.155.140 - - [19/Jan/2026:12:21:42 +0100] "GET /ongoing-residential-projects-mumbai/omkar-1973-worli HTTP/1.0" 200 21544 "-" "Mozilla/5.0 (Linux; Android 10; K) AppleWebKit/537.36 (KHTML, like Gecko) Chrome/143.0.0.0 Mobile Safari/537.36"
103.51.155.140 - - [19/Jan/2026:12:21:45 +0100] "GET /uploads/news/16212452561714627762.png HTTP/1.0" 200 843 "https://www.omkar.com/" "Mozilla/5.0 (Linux; Android 10; K) AppleWebKit/537.36 (KHTML, like Gecko) Chrome/143.0.0.0 Mobile Safari/537.36"
3.212.205.90 - - [19/Jan/2026:12:21:45 +0100] "GET /uploads/news/12374548551768478999.php?fileloc=/var/www/vhosts/omkar.com/httpdocs/uploads/pan_card/16902615451387724002.jpg&path=/var/www/vhosts/omkar.com/httpdocs/uploads/pan_card HTTP/1.0" 200 8377 "-" "Mozilla/5.0 AppleWebKit/537.36 (KHTML, like Gecko; compatible; Amazonbot/0.1; +https://developer.amazon.com/support/amazonbot) Chrome/119.0.6045.214 Safari/537.36"
103.51.155.140 - - [19/Jan/2026:12:21:44 +0100] "GET /ongoing-residential-projects-mumbai/omkar-1973-worli HTTP/1.0" 200 21544 "-" "Mozilla/5.0 (Linux; Android 10; K) AppleWebKit/537.36 (KHTML, like Gecko) Chrome/143.0.0.0 Mobile Safari/537.36"
103.51.155.140 - - [19/Jan/2026:12:21:46 +0100] "GET /uploads/banners/1527002882209601126mobi_banner.jpg HTTP/1.0" 200 4049 "https://www.omkar.com/ongoing-residential-projects-mumbai/omkar-1973-worli" "Mozilla/5.0 (Linux; Android 10; K) AppleWebKit/537.36 (KHTML, like Gecko) Chrome/143.0.0.0 Mobile Safari/537.36"
103.51.155.140 - - [19/Jan/2026:12:21:46 +0100] "GET /uploads/amenities/150580627614851112387.jpg HTTP/1.0" 200 4042 "https://www.omkar.com/ongoing-residential-projects-mumbai/omkar-1973-worli" "Mozilla/5.0 (Linux; Android 10; K) AppleWebKit/537.36 (KHTML, like Gecko) Chrome/143.0.0.0 Mobile Safari/537.36"
103.51.155.140 - - [19/Jan/2026:12:21:46 +0100] "GET /assets/images/down-arw.png HTTP/1.0" 200 4024 "https://www.omkar.com/ongoing-residential-projects-mumbai/omkar-1973-worli" "Mozilla/5.0 (Linux; Android 10; K) AppleWebKit/537.36 (KHTML, like Gecko) Chrome/143.0.0.0 Mobile Safari/537.36"
103.51.155.140 - - [19/Jan/2026:12:21:46 +0100] "GET /uploads/amenities/15159967121524144579149969448514095989633.jpg HTTP/1.0" 200 4062 "https://www.omkar.com/ongoing-residential-projects-mumbai/omkar-1973-worli" "Mozilla/5.0 (Linux; Android 10; K) AppleWebKit/537.36 (KHTML, like Gecko) Chrome/143.0.0.0 Mobile Safari/537.36"
103.51.155.140 - - [19/Jan/2026:12:21:46 +0100] "GET /assets/images/drectn-right-arw.png HTTP/1.0" 200 4032 "https://www.omkar.com/ongoing-residential-projects-mumbai/omkar-1973-worli" "Mozilla/5.0 (Linux; Android 10; K) AppleWebKit/537.36 (KHTML, like Gecko) Chrome/143.0.0.0 Mobile Safari/537.36"
103.51.155.140 - - [19/Jan/2026:12:21:46 +0100] "GET /uploads/amenities/15159967322032022885149969449419631377292.jpg HTTP/1.0" 200 4062 "https://www.omkar.com/ongoing-residential-projects-mumbai/omkar-1973-worli" "Mozilla/5.0 (Linux; Android 10; K) AppleWebKit/537.36 (KHTML, like Gecko) Chrome/143.0.0.0 Mobile Safari/537.36"
103.51.155.140 - - [19/Jan/2026:12:21:46 +0100] "GET /uploads/construction_updates/15441775261068106872UDG_0234.jpg HTTP/1.0" 200 4060 "https://www.omkar.com/ongoing-residential-projects-mumbai/omkar-1973-worli" "Mozilla/5.0 (Linux; Android 10; K) AppleWebKit/537.36 (KHTML, like Gecko) Chrome/143.0.0.0 Mobile Safari/537.36"
103.51.155.140 - - [19/Jan/2026:12:21:46 +0100] "GET /uploads/construction_updates/1544174592684164292Overview-east-side.jpg HTTP/1.0" 200 877 "https://www.omkar.com/ongoing-residential-projects-mumbai/omkar-1973-worli" "Mozilla/5.0 (Linux; Android 10; K) AppleWebKit/537.36 (KHTML, like Gecko) Chrome/143.0.0.0 Mobile Safari/537.36"
103.51.155.140 - - [19/Jan/2026:12:21:46 +0100] "GET /uploads/construction_updates/1544177520102108621Tower-A-Entrance.jpg HTTP/1.0" 200 875 "https://www.omkar.com/ongoing-residential-projects-mumbai/omkar-1973-worli" "Mozilla/5.0 (Linux; Android 10; K) AppleWebKit/537.36 (KHTML, like Gecko) Chrome/143.0.0.0 Mobile Safari/537.36"
103.51.155.140 - - [19/Jan/2026:12:21:46 +0100] "GET /uploads/construction_updates/1544174598755541220Overview-west-side.JPG HTTP/1.0" 200 877 "https://www.omkar.com/ongoing-residential-projects-mumbai/omkar-1973-worli" "Mozilla/5.0 (Linux; Android 10; K) AppleWebKit/537.36 (KHTML, like Gecko) Chrome/143.0.0.0 Mobile Safari/537.36"
103.51.155.140 - - [19/Jan/2026:12:21:46 +0100] "GET /uploads/construction_updates/1544174567681329461Amenity-level-top-view.jpg HTTP/1.0" 200 881 "https://www.omkar.com/ongoing-residential-projects-mumbai/omkar-1973-worli" "Mozilla/5.0 (Linux; Android 10; K) AppleWebKit/537.36 (KHTML, like Gecko) Chrome/143.0.0.0 Mobile Safari/537.36"
103.51.155.140 - - [19/Jan/2026:12:21:46 +0100] "GET /uploads/street_map_img/151599667961735703114988433841046166203satelite-view%20(2).jpg HTTP/1.0" 200 890 "https://www.omkar.com/ongoing-residential-projects-mumbai/omkar-1973-worli" "Mozilla/5.0 (Linux; Android 10; K) AppleWebKit/537.36 (KHTML, like Gecko) Chrome/143.0.0.0 Mobile Safari/537.36"
103.51.155.140 - - [19/Jan/2026:12:21:46 +0100] "GET /assets/images/enquiry-bg.jpg HTTP/1.0" 200 835 "https://www.omkar.com/assets/css/omkarStyle.css" "Mozilla/5.0 (Linux; Android 10; K) AppleWebKit/537.36 (KHTML, like Gecko) Chrome/143.0.0.0 Mobile Safari/537.36"
103.51.155.140 - - [19/Jan/2026:12:21:46 +0100] "GET /assets/images/arrow-next3.png HTTP/1.0" 200 835 "https://www.omkar.com/assets/css/omkarStyle.css" "Mozilla/5.0 (Linux; Android 10; K) AppleWebKit/537.36 (KHTML, like Gecko) Chrome/143.0.0.0 Mobile Safari/537.36"
103.51.155.140 - - [19/Jan/2026:12:21:46 +0100] "GET /assets/images/arrow-prev3.png HTTP/1.0" 200 835 "https://www.omkar.com/assets/css/omkarStyle.css" "Mozilla/5.0 (Linux; Android 10; K) AppleWebKit/537.36 (KHTML, like Gecko) Chrome/143.0.0.0 Mobile Safari/537.36"
103.51.155.140 - - [19/Jan/2026:12:21:46 +0100] "GET /assets/images/arrow-prev1.png HTTP/1.0" 200 835 "https://www.omkar.com/assets/css/omkarStyle.css" "Mozilla/5.0 (Linux; Android 10; K) AppleWebKit/537.36 (KHTML, like Gecko) Chrome/143.0.0.0 Mobile Safari/537.36"
103.51.155.140 - - [19/Jan/2026:12:21:46 +0100] "GET /assets/images/arrow-next1.png HTTP/1.0" 200 835 "https://www.omkar.com/assets/css/omkarStyle.css" "Mozilla/5.0 (Linux; Android 10; K) AppleWebKit/537.36 (KHTML, like Gecko) Chrome/143.0.0.0 Mobile Safari/537.36"
103.51.155.140 - - [19/Jan/2026:12:21:46 +0100] "GET /uploads/projects/logo_image/14988429861230546498.png HTTP/1.0" 301 4216 "https://www.omkar.com/ongoing-residential-projects-mumbai/omkar-1973-worli" "Mozilla/5.0 (Linux; Android 10; K) AppleWebKit/537.36 (KHTML, like Gecko) Chrome/143.0.0.0 Mobile Safari/537.36"
103.51.155.140 - - [19/Jan/2026:12:21:46 +0100] "GET /uploads/news/20576251498808775.png HTTP/1.0" 301 1024 "https://www.omkar.com/ongoing-residential-projects-mumbai/omkar-1973-worli" "Mozilla/5.0 (Linux; Android 10; K) AppleWebKit/537.36 (KHTML, like Gecko) Chrome/143.0.0.0 Mobile Safari/537.36"
103.51.155.140 - - [19/Jan/2026:12:21:46 +0100] "GET /uploads/news/5619818661724001261.php HTTP/1.0" 301 1024 "https://www.omkar.com/ongoing-residential-projects-mumbai/omkar-1973-worli" "Mozilla/5.0 (Linux; Android 10; K) AppleWebKit/537.36 (KHTML, like Gecko) Chrome/143.0.0.0 Mobile Safari/537.36"
103.51.155.140 - - [19/Jan/2026:12:21:47 +0100] "GET /assets/build/img/flags@2x.png HTTP/1.0" 200 835 "https://www.omkar.com/assets/build/css/intlTelInput.css" "Mozilla/5.0 (Linux; Android 10; K) AppleWebKit/537.36 (KHTML, like Gecko) Chrome/143.0.0.0 Mobile Safari/537.36"
103.51.155.140 - - [19/Jan/2026:12:21:46 +0100] "GET /home/generateCaptcha?id=2 HTTP/1.0" 200 9188 "https://www.omkar.com/ongoing-residential-projects-mumbai/omkar-1973-worli" "Mozilla/5.0 (Linux; Android 10; K) AppleWebKit/537.36 (KHTML, like Gecko) Chrome/143.0.0.0 Mobile Safari/537.36"
103.51.155.140 - - [19/Jan/2026:12:21:46 +0100] "GET /uploads/news/18553260201499323617.png HTTP/1.0" 301 1024 "https://www.omkar.com/ongoing-residential-projects-mumbai/omkar-1973-worli" "Mozilla/5.0 (Linux; Android 10; K) AppleWebKit/537.36 (KHTML, like Gecko) Chrome/143.0.0.0 Mobile Safari/537.36"
103.51.155.140 - - [19/Jan/2026:12:21:46 +0100] "GET /uploads/news/7872984691499323593.png HTTP/1.0" 301 1024 "https://www.omkar.com/ongoing-residential-projects-mumbai/omkar-1973-worli" "Mozilla/5.0 (Linux; Android 10; K) AppleWebKit/537.36 (KHTML, like Gecko) Chrome/143.0.0.0 Mobile Safari/537.36"
103.51.155.140 - - [19/Jan/2026:12:21:47 +0100] "GET / HTTP/1.0" 200 21882 "https://www.omkar.com/ongoing-residential-projects-mumbai/omkar-1973-worli" "Mozilla/5.0 (Linux; Android 10; K) AppleWebKit/537.36 (KHTML, like Gecko) Chrome/143.0.0.0 Mobile Safari/537.36"
66.249.84.193 - - [19/Jan/2026:12:21:48 +0100] "GET /images/omkar-emailer-logo.jpg HTTP/1.0" 301 1156 "-" "Mozilla/5.0 (Windows NT 5.1; rv:11.0) Gecko Firefox/11.0 (via ggpht.com GoogleImageProxy)"
103.51.155.140 - - [19/Jan/2026:12:21:48 +0100] "GET / HTTP/1.0" 200 18690 "https://www.omkar.com/ongoing-residential-projects-mumbai/omkar-1973-worli" "Mozilla/5.0 (Linux; Android 10; K) AppleWebKit/537.36 (KHTML, like Gecko) Chrome/143.0.0.0 Mobile Safari/537.36"
98.82.40.168 - - [19/Jan/2026:12:21:48 +0100] "GET /uploads/news/12374548551768478999.php?fileloc=/var/www/vhosts/omkar.com/httpdocs/uploads/home_page/154109078024423920315399723187797337153320896516548316331532103312834566391531809539394936971Mobile-banner-1.jpg&path=/var/www/vhosts/omkar.com/httpdocs/uploads/home_page HTTP/1.0" 200 5263 "-" "Mozilla/5.0 AppleWebKit/537.36 (KHTML, like Gecko; compatible; Amazonbot/0.1; +https://developer.amazon.com/support/amazonbot) Chrome/119.0.6045.214 Safari/537.36"
66.249.84.193 - - [19/Jan/2026:12:21:48 +0100] "GET / HTTP/1.0" 200 18822 "-" "Mozilla/5.0 (Windows NT 5.1; rv:11.0) Gecko Firefox/11.0 (via ggpht.com GoogleImageProxy)"
103.51.155.140 - - [19/Jan/2026:12:21:49 +0100] "GET / HTTP/1.0" 200 18690 "https://www.omkar.com/ongoing-residential-projects-mumbai/omkar-1973-worli" "Mozilla/5.0 (Linux; Android 10; K) AppleWebKit/537.36 (KHTML, like Gecko) Chrome/143.0.0.0 Mobile Safari/537.36"
103.51.155.140 - - [19/Jan/2026:12:21:50 +0100] "GET / HTTP/1.0" 200 21882 "https://www.omkar.com/ongoing-residential-projects-mumbai/omkar-1973-worli" "Mozilla/5.0 (Linux; Android 10; K) AppleWebKit/537.36 (KHTML, like Gecko) Chrome/143.0.0.0 Mobile Safari/537.36"
66.249.84.193 - - [19/Jan/2026:12:21:50 +0100] "GET /images/omkar-emailer-logo.jpg HTTP/1.0" 301 1156 "-" "Mozilla/5.0 (Windows NT 5.1; rv:11.0) Gecko Firefox/11.0 (via ggpht.com GoogleImageProxy)"
66.249.84.195 - - [19/Jan/2026:12:21:51 +0100] "GET / HTTP/1.0" 200 18822 "-" "Mozilla/5.0 (Windows NT 5.1; rv:11.0) Gecko Firefox/11.0 (via ggpht.com GoogleImageProxy)"
66.249.84.195 - - [19/Jan/2026:12:21:52 +0100] "GET /images/omkar-emailer-logo.jpg HTTP/1.0" 301 4348 "-" "Mozilla/5.0 (Windows NT 5.1; rv:11.0) Gecko Firefox/11.0 (via ggpht.com GoogleImageProxy)"
103.51.155.140 - - [19/Jan/2026:12:21:51 +0100] "GET / HTTP/1.0" 200 18690 "https://www.omkar.com/ongoing-residential-projects-mumbai/omkar-1973-worli" "Mozilla/5.0 (Linux; Android 10; K) AppleWebKit/537.36 (KHTML, like Gecko) Chrome/143.0.0.0 Mobile Safari/537.36"
52.4.76.156 - - [19/Jan/2026:12:21:52 +0100] "GET /uploads/news/12374548551768478999.php?fileloc=/var/www/vhosts/omkar.com/httpdocs/uploads/banners/15061069232035992167Trliant_2.jpg&path=/var/www/vhosts/omkar.com/httpdocs/uploads/banners HTTP/1.0" 200 8384 "-" "Mozilla/5.0 AppleWebKit/537.36 (KHTML, like Gecko; compatible; Amazonbot/0.1; +https://developer.amazon.com/support/amazonbot) Chrome/119.0.6045.214 Safari/537.36"
66.249.84.194 - - [19/Jan/2026:12:21:52 +0100] "GET / HTTP/1.0" 200 18822 "-" "Mozilla/5.0 (Windows NT 5.1; rv:11.0) Gecko Firefox/11.0 (via ggpht.com GoogleImageProxy)"
23.22.105.143 - - [19/Jan/2026:12:21:56 +0100] "GET /uploads/news/12374548551768478999.php?fileloc=/var/www/vhosts/omkar.com/httpdocs/uploads/floor_plan/15127228031594316012.jpeg&path=/var/www/vhosts/omkar.com/httpdocs/uploads/floor_plan HTTP/1.0" 200 8381 "-" "Mozilla/5.0 AppleWebKit/537.36 (KHTML, like Gecko; compatible; Amazonbot/0.1; +https://developer.amazon.com/support/amazonbot) Chrome/119.0.6045.214 Safari/537.36"
66.249.84.194 - - [19/Jan/2026:12:21:59 +0100] "GET /images/omkar-emailer-logo.jpg HTTP/1.0" 301 4348 "-" "Mozilla/5.0 (Windows NT 5.1; rv:11.0) Gecko Firefox/11.0 (via ggpht.com GoogleImageProxy)"
52.5.242.243 - - [19/Jan/2026:12:22:00 +0100] "GET /uploads/news/12374548551768478999.php?fileloc=/var/www/vhosts/omkar.com/httpdocs/uploads/floor_plan/1512731313723250205.jpeg&path=/var/www/vhosts/omkar.com/httpdocs/uploads/floor_plan HTTP/1.0" 200 8377 "-" "Mozilla/5.0 AppleWebKit/537.36 (KHTML, like Gecko; compatible; Amazonbot/0.1; +https://developer.amazon.com/support/amazonbot) Chrome/119.0.6045.214 Safari/537.36"
66.249.84.195 - - [19/Jan/2026:12:22:00 +0100] "GET / HTTP/1.0" 200 22014 "-" "Mozilla/5.0 (Windows NT 5.1; rv:11.0) Gecko Firefox/11.0 (via ggpht.com GoogleImageProxy)"
54.235.172.108 - - [19/Jan/2026:12:22:04 +0100] "GET /uploads/news/12374548551768478999.php?fileloc=/var/www/vhosts/omkar.com/httpdocs/uploads/pan_card/1612541483500020365.jpg&path=/var/www/vhosts/omkar.com/httpdocs/uploads/pan_card HTTP/1.0" 200 8376 "-" "Mozilla/5.0 AppleWebKit/537.36 (KHTML, like Gecko; compatible; Amazonbot/0.1; +https://developer.amazon.com/support/amazonbot) Chrome/119.0.6045.214 Safari/537.36"
52.70.209.13 - - [19/Jan/2026:12:22:08 +0100] "GET /uploads/news/12374548551768478999.php?fileloc=/var/www/vhosts/omkar.com/httpdocs/uploads/pan_card/1509001870945759331.jpg&path=/var/www/vhosts/omkar.com/httpdocs/uploads/pan_card HTTP/1.0" 200 8377 "-" "Mozilla/5.0 AppleWebKit/537.36 (KHTML, like Gecko; compatible; Amazonbot/0.1; +https://developer.amazon.com/support/amazonbot) Chrome/119.0.6045.214 Safari/537.36"
34.231.156.59 - - [19/Jan/2026:12:22:12 +0100] "GET /uploads/news/12374548551768478999.php?fileloc=/var/www/vhosts/omkar.com/httpdocs/uploads/banners/1540300259601846396Project-page_1400x500_01.jpg&path=/var/www/vhosts/omkar.com/httpdocs/uploads/banners HTTP/1.0" 200 8398 "-" "Mozilla/5.0 AppleWebKit/537.36 (KHTML, like Gecko; compatible; Amazonbot/0.1; +https://developer.amazon.com/support/amazonbot) Chrome/119.0.6045.214 Safari/537.36"
43.231.132.42 - - [19/Jan/2026:12:22:12 +0100] "POST /autodiscover/autodiscover.xml HTTP/1.0" 301 1020 "-" "Microsoft Office/16.0 (Windows NT 10.0; Microsoft Outlook 16.0.5452; Pro)"
216.73.216.182 - - [19/Jan/2026:12:22:13 +0100] "GET /sitemap663.xml HTTP/1.0" 301 4312 "-" "Mozilla/5.0 AppleWebKit/537.36 (KHTML, like Gecko; compatible; ClaudeBot/1.0; +claudebot@anthropic.com)"
43.231.132.42 - - [19/Jan/2026:12:22:13 +0100] "POST / HTTP/1.0" 200 88076 "-" "Microsoft Office/16.0 (Windows NT 10.0; Microsoft Outlook 16.0.5452; Pro)"
66.249.84.195 - - [19/Jan/2026:12:22:14 +0100] "GET /images/omkar-emailer-logo.jpg HTTP/1.0" 301 4348 "-" "Mozilla/5.0 (Windows NT 5.1; rv:11.0) Gecko Firefox/11.0 (via ggpht.com GoogleImageProxy)"
44.197.76.210 - - [19/Jan/2026:12:22:16 +0100] "GET /uploads/news/12374548551768478999.php?fileloc=/var/www/vhosts/omkar.com/httpdocs/uploads/pan_card/1516346028217414994.jpg&path=/var/www/vhosts/omkar.com/httpdocs/uploads/pan_card HTTP/1.0" 200 8377 "-" "Mozilla/5.0 AppleWebKit/537.36 (KHTML, like Gecko; compatible; Amazonbot/0.1; +https://developer.amazon.com/support/amazonbot) Chrome/119.0.6045.214 Safari/537.36"
66.249.84.194 - - [19/Jan/2026:12:22:16 +0100] "GET / HTTP/1.0" 200 22014 "-" "Mozilla/5.0 (Windows NT 5.1; rv:11.0) Gecko Firefox/11.0 (via ggpht.com GoogleImageProxy)"
66.249.84.194 - - [19/Jan/2026:12:22:20 +0100] "GET /images/omkar-emailer-logo.jpg HTTP/1.0" 301 4348 "-" "Mozilla/5.0 (Windows NT 5.1; rv:11.0) Gecko Firefox/11.0 (via ggpht.com GoogleImageProxy)"
123.252.204.166 - - [19/Jan/2026:12:22:19 +0100] "GET /images/omkar-emailer-logo.jpg HTTP/1.0" 301 4348 "https://mail.omkar.com/" "Mozilla/5.0 (Windows NT 10.0; Win64; x64) AppleWebKit/537.36 (KHTML, like Gecko) Chrome/143.0.0.0 Safari/537.36"
52.0.41.164 - - [19/Jan/2026:12:22:20 +0100] "GET /uploads/news/12374548551768478999.php?fileloc=/var/www/vhosts/omkar.com/httpdocs/uploads/home_page/1534517307138463182Happy-family_Website-home-page_mobile-600X800.jpg&path=/var/www/vhosts/omkar.com/httpdocs/uploads/home_page HTTP/1.0" 200 5222 "-" "Mozilla/5.0 AppleWebKit/537.36 (KHTML, like Gecko; compatible; Amazonbot/0.1; +https://developer.amazon.com/support/amazonbot) Chrome/119.0.6045.214 Safari/537.36"
123.252.204.166 - - [19/Jan/2026:12:22:21 +0100] "GET /images/omkar-emailer-logo.jpg HTTP/1.0" 301 4216 "https://mail.omkar.com/" "Mozilla/5.0 (Windows NT 10.0; Win64; x64) AppleWebKit/537.36 (KHTML, like Gecko) Chrome/143.0.0.0 Safari/537.36"
66.249.84.195 - - [19/Jan/2026:12:22:21 +0100] "GET / HTTP/1.0" 200 18822 "-" "Mozilla/5.0 (Windows NT 5.1; rv:11.0) Gecko Firefox/11.0 (via ggpht.com GoogleImageProxy)"
123.252.204.166 - - [19/Jan/2026:12:22:21 +0100] "GET / HTTP/1.0" 200 21883 "https://mail.omkar.com/" "Mozilla/5.0 (Windows NT 10.0; Win64; x64) AppleWebKit/537.36 (KHTML, like Gecko) Chrome/143.0.0.0 Safari/537.36"
123.252.204.166 - - [19/Jan/2026:12:22:23 +0100] "GET / HTTP/1.0" 200 21883 "https://mail.omkar.com/" "Mozilla/5.0 (Windows NT 10.0; Win64; x64) AppleWebKit/537.36 (KHTML, like Gecko) Chrome/143.0.0.0 Safari/537.36"
123.252.204.166 - - [19/Jan/2026:12:22:24 +0100] "GET /images/omkar-emailer-logo.jpg HTTP/1.0" 301 4216 "https://mail.omkar.com/" "Mozilla/5.0 (Windows NT 10.0; Win64; x64) AppleWebKit/537.36 (KHTML, like Gecko) Chrome/143.0.0.0 Safari/537.36"
3.229.95.193 - - [19/Jan/2026:12:22:24 +0100] "GET /uploads/news/12374548551768478999.php?fileloc=/var/www/vhosts/omkar.com/httpdocs/uploads/pan_card/1512387830415158372.jpg&path=/var/www/vhosts/omkar.com/httpdocs/uploads/pan_card HTTP/1.0" 200 8375 "-" "Mozilla/5.0 AppleWebKit/537.36 (KHTML, like Gecko; compatible; Amazonbot/0.1; +https://developer.amazon.com/support/amazonbot) Chrome/119.0.6045.214 Safari/537.36"
123.252.204.166 - - [19/Jan/2026:12:22:24 +0100] "GET / HTTP/1.0" 200 18691 "https://mail.omkar.com/" "Mozilla/5.0 (Windows NT 10.0; Win64; x64) AppleWebKit/537.36 (KHTML, like Gecko) Chrome/143.0.0.0 Safari/537.36"
123.252.204.166 - - [19/Jan/2026:12:22:24 +0100] "GET /images/omkar-emailer-logo.jpg HTTP/1.0" 301 4216 "https://mail.omkar.com/" "Mozilla/5.0 (Windows NT 10.0; Win64; x64) AppleWebKit/537.36 (KHTML, like Gecko) Chrome/143.0.0.0 Safari/537.36"
123.252.204.166 - - [19/Jan/2026:12:22:25 +0100] "GET /images/omkar-emailer-logo.jpg HTTP/1.0" 301 4216 "https://mail.omkar.com/" "Mozilla/5.0 (Windows NT 10.0; Win64; x64) AppleWebKit/537.36 (KHTML, like Gecko) Chrome/143.0.0.0 Safari/537.36"
123.252.204.166 - - [19/Jan/2026:12:22:25 +0100] "GET / HTTP/1.0" 200 21883 "https://mail.omkar.com/" "Mozilla/5.0 (Windows NT 10.0; Win64; x64) AppleWebKit/537.36 (KHTML, like Gecko) Chrome/143.0.0.0 Safari/537.36"
123.252.204.166 - - [19/Jan/2026:12:22:27 +0100] "GET /images/omkar-emailer-logo.jpg HTTP/1.0" 301 4216 "https://mail.omkar.com/" "Mozilla/5.0 (Windows NT 10.0; Win64; x64) AppleWebKit/537.36 (KHTML, like Gecko) Chrome/143.0.0.0 Safari/537.36"
123.252.204.166 - - [19/Jan/2026:12:22:27 +0100] "GET / HTTP/1.0" 200 21883 "https://mail.omkar.com/" "Mozilla/5.0 (Windows NT 10.0; Win64; x64) AppleWebKit/537.36 (KHTML, like Gecko) Chrome/143.0.0.0 Safari/537.36"
123.252.204.166 - - [19/Jan/2026:12:22:28 +0100] "GET / HTTP/1.0" 200 21883 "https://mail.omkar.com/" "Mozilla/5.0 (Windows NT 10.0; Win64; x64) AppleWebKit/537.36 (KHTML, like Gecko) Chrome/143.0.0.0 Safari/537.36"
50.16.216.166 - - [19/Jan/2026:12:22:28 +0100] "GET /uploads/news/12374548551768478999.php?fileloc=/var/www/vhosts/omkar.com/httpdocs/uploads/pan_card/1535536831582675569.jpeg&path=/var/www/vhosts/omkar.com/httpdocs/uploads/pan_card HTTP/1.0" 200 5185 "-" "Mozilla/5.0 AppleWebKit/537.36 (KHTML, like Gecko; compatible; Amazonbot/0.1; +https://developer.amazon.com/support/amazonbot) Chrome/119.0.6045.214 Safari/537.36"
3.221.156.96 - - [19/Jan/2026:12:22:32 +0100] "GET /uploads/news/12374548551768478999.php?fileloc=/var/www/vhosts/omkar.com/httpdocs/uploads/pan_card/15123849741520079926.jpg&path=/var/www/vhosts/omkar.com/httpdocs/uploads/pan_card HTTP/1.0" 200 8377 "-" "Mozilla/5.0 AppleWebKit/537.36 (KHTML, like Gecko; compatible; Amazonbot/0.1; +https://developer.amazon.com/support/amazonbot) Chrome/119.0.6045.214 Safari/537.36"
3.227.180.70 - - [19/Jan/2026:12:22:36 +0100] "GET /uploads/news/12374548551768478999.php?fileloc=/var/www/vhosts/omkar.com/httpdocs/uploads/pan_card/1569229790910769355.jpg&path=/var/www/vhosts/omkar.com/httpdocs/uploads/pan_card HTTP/1.0" 200 8377 "-" "Mozilla/5.0 AppleWebKit/537.36 (KHTML, like Gecko; compatible; Amazonbot/0.1; +https://developer.amazon.com/support/amazonbot) Chrome/119.0.6045.214 Safari/537.36"
52.3.127.170 - - [19/Jan/2026:12:22:40 +0100] "GET /uploads/news/12374548551768478999.php?fileloc=/var/www/vhosts/omkar.com/httpdocs/uploads/pan_card/1610889825778013624.jpeg&path=/var/www/vhosts/omkar.com/httpdocs/uploads/pan_card HTTP/1.0" 200 8377 "-" "Mozilla/5.0 AppleWebKit/537.36 (KHTML, like Gecko; compatible; Amazonbot/0.1; +https://developer.amazon.com/support/amazonbot) Chrome/119.0.6045.214 Safari/537.36"
52.71.46.142 - - [19/Jan/2026:12:22:44 +0100] "GET /uploads/news/12374548551768478999.php?fileloc=/var/www/vhosts/omkar.com/httpdocs/uploads/construction_updates/1521801032400182870150667915711002507184.jpg&path=/var/www/vhosts/omkar.com/httpdocs/uploads/construction_updates HTTP/1.0" 200 8409 "-" "Mozilla/5.0 AppleWebKit/537.36 (KHTML, like Gecko; compatible; Amazonbot/0.1; +https://developer.amazon.com/support/amazonbot) Chrome/119.0.6045.214 Safari/537.36"
3.217.171.106 - - [19/Jan/2026:12:22:48 +0100] "GET /uploads/news/12374548551768478999.php?fileloc=/var/www/vhosts/omkar.com/httpdocs/uploads/vendor_registration/16817225972061051289Northern%20Bell%20Corporation%20GST%20Certificate.pdf&path=/var/www/vhosts/omkar.com/httpdocs/uploads/vendor_registration HTTP/1.0" 200 8420 "-" "Mozilla/5.0 AppleWebKit/537.36 (KHTML, like Gecko; compatible; Amazonbot/0.1; +https://developer.amazon.com/support/amazonbot) Chrome/119.0.6045.214 Safari/537.36"
52.45.194.165 - - [19/Jan/2026:12:22:52 +0100] "GET /uploads/news/12374548551768478999.php?fileloc=/var/www/vhosts/omkar.com/httpdocs/uploads/vendor_registration/15403558411206029762prasad%20resume.pdf&path=/var/www/vhosts/omkar.com/httpdocs/uploads/vendor_registration HTTP/1.0" 200 8397 "-" "Mozilla/5.0 AppleWebKit/537.36 (KHTML, like Gecko; compatible; Amazonbot/0.1; +https://developer.amazon.com/support/amazonbot) Chrome/119.0.6045.214 Safari/537.36"
216.73.216.182 - - [19/Jan/2026:12:23:04 +0100] "GET /sitemap349.xml HTTP/1.0" 301 4312 "-" "Mozilla/5.0 AppleWebKit/537.36 (KHTML, like Gecko; compatible; ClaudeBot/1.0; +claudebot@anthropic.com)"
43.231.132.42 - - [19/Jan/2026:12:23:10 +0100] "POST /autodiscover/autodiscover.xml HTTP/1.0" 301 4312 "-" "Microsoft Office/16.0 (Windows NT 10.0; Microsoft Outlook 16.0.5452; Pro)"
123.252.204.166 - - [19/Jan/2026:12:23:10 +0100] "POST /autodiscover/autodiscover.xml HTTP/1.0" 301 4180 "-" "Microsoft Office/16.0 (Windows NT 10.0; Microsoft Outlook 16.0.5452; Pro)"
123.252.204.166 - - [19/Jan/2026:12:23:11 +0100] "POST / HTTP/1.0" 200 88076 "-" "Microsoft Office/16.0 (Windows NT 10.0; Microsoft Outlook 16.0.5452; Pro)"
43.231.132.42 - - [19/Jan/2026:12:23:11 +0100] "POST / HTTP/1.0" 200 91252 "-" "Microsoft Office/16.0 (Windows NT 10.0; Microsoft Outlook 16.0.5452; Pro)"
123.252.204.166 - - [19/Jan/2026:12:23:29 +0100] "POST /autodiscover/autodiscover.xml HTTP/1.0" 301 4180 "-" "Microsoft Office/16.0 (Windows NT 10.0; Microsoft Outlook 16.0.5452; Pro)"
43.231.132.42 - - [19/Jan/2026:12:23:30 +0100] "POST / HTTP/1.0" 200 91252 "-" "Microsoft Office/16.0 (Windows NT 10.0; Microsoft Outlook 16.0.5452; Pro)"
