223.228.48.61 - - [19/Jan/2026:10:46:54 +0100] "GET /uploads/amenities/15053064091178840699Business%20center.jpg HTTP/1.0" 200 864 "https://www.omkar.com/ongoing-commercial-projects-mumbai/tsbb-andheri-east" "Mozilla/5.0 (Linux; Android 10; K) AppleWebKit/537.36 (KHTML, like Gecko) Chrome/143.0.0.0 Mobile Safari/537.36"
223.228.48.61 - - [19/Jan/2026:10:46:54 +0100] "GET /uploads/construction_updates/15160017021150082381150591344117678358654.jpg HTTP/1.0" 200 881 "https://www.omkar.com/ongoing-commercial-projects-mumbai/tsbb-andheri-east" "Mozilla/5.0 (Linux; Android 10; K) AppleWebKit/537.36 (KHTML, like Gecko) Chrome/143.0.0.0 Mobile Safari/537.36"
223.228.48.61 - - [19/Jan/2026:10:46:54 +0100] "GET /uploads/construction_updates/1516001710680312739150591342810217962592.jpg HTTP/1.0" 200 880 "https://www.omkar.com/ongoing-commercial-projects-mumbai/tsbb-andheri-east" "Mozilla/5.0 (Linux; Android 10; K) AppleWebKit/537.36 (KHTML, like Gecko) Chrome/143.0.0.0 Mobile Safari/537.36"
223.228.48.61 - - [19/Jan/2026:10:46:54 +0100] "GET /uploads/construction_updates/1516001686515649861150591342020807170501.jpg HTTP/1.0" 200 880 "https://www.omkar.com/ongoing-commercial-projects-mumbai/tsbb-andheri-east" "Mozilla/5.0 (Linux; Android 10; K) AppleWebKit/537.36 (KHTML, like Gecko) Chrome/143.0.0.0 Mobile Safari/537.36"
223.228.48.61 - - [19/Jan/2026:10:46:54 +0100] "GET /uploads/street_map_img/1516001648110477022315035731722134678995Map_2.jpg HTTP/1.0" 200 879 "https://www.omkar.com/ongoing-commercial-projects-mumbai/tsbb-andheri-east" "Mozilla/5.0 (Linux; Android 10; K) AppleWebKit/537.36 (KHTML, like Gecko) Chrome/143.0.0.0 Mobile Safari/537.36"
223.228.48.61 - - [19/Jan/2026:10:46:54 +0100] "GET /assets/images/f-icon.png HTTP/1.0" 200 830 "https://www.omkar.com/ongoing-commercial-projects-mumbai/tsbb-andheri-east" "Mozilla/5.0 (Linux; Android 10; K) AppleWebKit/537.36 (KHTML, like Gecko) Chrome/143.0.0.0 Mobile Safari/537.36"
223.228.48.61 - - [19/Jan/2026:10:46:54 +0100] "GET /assets/images/t-icon.png HTTP/1.0" 200 830 "https://www.omkar.com/ongoing-commercial-projects-mumbai/tsbb-andheri-east" "Mozilla/5.0 (Linux; Android 10; K) AppleWebKit/537.36 (KHTML, like Gecko) Chrome/143.0.0.0 Mobile Safari/537.36"
223.228.48.61 - - [19/Jan/2026:10:46:54 +0100] "GET /uploads/construction_updates/15160016723689191681505913435773569463.jpg HTTP/1.0" 200 878 "https://www.omkar.com/ongoing-commercial-projects-mumbai/tsbb-andheri-east" "Mozilla/5.0 (Linux; Android 10; K) AppleWebKit/537.36 (KHTML, like Gecko) Chrome/143.0.0.0 Mobile Safari/537.36"
223.228.48.61 - - [19/Jan/2026:10:46:54 +0100] "GET /assets/images/in-icon.png HTTP/1.0" 200 831 "https://www.omkar.com/ongoing-commercial-projects-mumbai/tsbb-andheri-east" "Mozilla/5.0 (Linux; Android 10; K) AppleWebKit/537.36 (KHTML, like Gecko) Chrome/143.0.0.0 Mobile Safari/537.36"
223.228.48.61 - - [19/Jan/2026:10:46:54 +0100] "GET /assets/images/y-icon.png HTTP/1.0" 200 830 "https://www.omkar.com/ongoing-commercial-projects-mumbai/tsbb-andheri-east" "Mozilla/5.0 (Linux; Android 10; K) AppleWebKit/537.36 (KHTML, like Gecko) Chrome/143.0.0.0 Mobile Safari/537.36"
223.228.48.61 - - [19/Jan/2026:10:46:54 +0100] "GET /assets/images/instagram.png HTTP/1.0" 200 833 "https://www.omkar.com/ongoing-commercial-projects-mumbai/tsbb-andheri-east" "Mozilla/5.0 (Linux; Android 10; K) AppleWebKit/537.36 (KHTML, like Gecko) Chrome/143.0.0.0 Mobile Safari/537.36"
223.228.48.61 - - [19/Jan/2026:10:46:54 +0100] "GET /assets/images/blog.png HTTP/1.0" 200 828 "https://www.omkar.com/ongoing-commercial-projects-mumbai/tsbb-andheri-east" "Mozilla/5.0 (Linux; Android 10; K) AppleWebKit/537.36 (KHTML, like Gecko) Chrome/143.0.0.0 Mobile Safari/537.36"
223.228.48.61 - - [19/Jan/2026:10:46:54 +0100] "GET /assets/images/enquiry-bg.jpg HTTP/1.0" 200 835 "https://www.omkar.com/assets/css/omkarStyle.css" "Mozilla/5.0 (Linux; Android 10; K) AppleWebKit/537.36 (KHTML, like Gecko) Chrome/143.0.0.0 Mobile Safari/537.36"
223.228.48.61 - - [19/Jan/2026:10:46:54 +0100] "GET /assets/images/down-arrow.png HTTP/1.0" 200 834 "https://www.omkar.com/assets/css/omkarStyle.css" "Mozilla/5.0 (Linux; Android 10; K) AppleWebKit/537.36 (KHTML, like Gecko) Chrome/143.0.0.0 Mobile Safari/537.36"
223.228.48.61 - - [19/Jan/2026:10:46:54 +0100] "GET /home/generateCaptcha?id=2 HTTP/1.0" 200 5842 "https://www.omkar.com/ongoing-commercial-projects-mumbai/tsbb-andheri-east" "Mozilla/5.0 (Linux; Android 10; K) AppleWebKit/537.36 (KHTML, like Gecko) Chrome/143.0.0.0 Mobile Safari/537.36"
223.228.48.61 - - [19/Jan/2026:10:46:54 +0100] "GET /uploads/news/16734340651499763895.png HTTP/1.0" 301 1024 "https://www.omkar.com/ongoing-commercial-projects-mumbai/tsbb-andheri-east" "Mozilla/5.0 (Linux; Android 10; K) AppleWebKit/537.36 (KHTML, like Gecko) Chrome/143.0.0.0 Mobile Safari/537.36"
223.228.48.61 - - [19/Jan/2026:10:46:56 +0100] "GET /assets/images/arrow-prev3.png HTTP/1.0" 200 835 "https://www.omkar.com/assets/css/omkarStyle.css" "Mozilla/5.0 (Linux; Android 10; K) AppleWebKit/537.36 (KHTML, like Gecko) Chrome/143.0.0.0 Mobile Safari/537.36"
223.228.48.61 - - [19/Jan/2026:10:46:56 +0100] "GET /assets/images/arrow-next3.png HTTP/1.0" 200 835 "https://www.omkar.com/assets/css/omkarStyle.css" "Mozilla/5.0 (Linux; Android 10; K) AppleWebKit/537.36 (KHTML, like Gecko) Chrome/143.0.0.0 Mobile Safari/537.36"
223.228.48.61 - - [19/Jan/2026:10:46:56 +0100] "GET /assets/images/UpArrow.png HTTP/1.0" 200 4023 "https://www.omkar.com/assets/css/omkarStyle.css" "Mozilla/5.0 (Linux; Android 10; K) AppleWebKit/537.36 (KHTML, like Gecko) Chrome/143.0.0.0 Mobile Safari/537.36"
123.252.204.166 - - [19/Jan/2026:10:46:56 +0100] "POST /autodiscover/autodiscover.xml HTTP/1.0" 301 1020 "-" "Microsoft Office/16.0 (Windows NT 10.0; Microsoft Outlook 16.0.5452; Pro)"
223.228.48.61 - - [19/Jan/2026:10:46:57 +0100] "GET /assets/build/img/flags@2x.png HTTP/1.0" 200 4027 "https://www.omkar.com/assets/build/css/intlTelInput.css" "Mozilla/5.0 (Linux; Android 10; K) AppleWebKit/537.36 (KHTML, like Gecko) Chrome/143.0.0.0 Mobile Safari/537.36"
223.228.48.61 - - [19/Jan/2026:10:46:56 +0100] "GET / HTTP/1.0" 200 21882 "https://www.omkar.com/ongoing-commercial-projects-mumbai/tsbb-andheri-east" "Mozilla/5.0 (Linux; Android 10; K) AppleWebKit/537.36 (KHTML, like Gecko) Chrome/143.0.0.0 Mobile Safari/537.36"
223.228.48.61 - - [19/Jan/2026:10:46:58 +0100] "GET /assets/build/js/utils.js HTTP/1.0" 200 4028 "https://www.omkar.com/ongoing-commercial-projects-mumbai/tsbb-andheri-east" "Mozilla/5.0 (Linux; Android 10; K) AppleWebKit/537.36 (KHTML, like Gecko) Chrome/143.0.0.0 Mobile Safari/537.36"
223.228.48.61 - - [19/Jan/2026:10:46:58 +0100] "GET /assets/images/favicon.ico HTTP/1.0" 200 846 "https://www.omkar.com/ongoing-commercial-projects-mumbai/tsbb-andheri-east" "Mozilla/5.0 (Linux; Android 10; K) AppleWebKit/537.36 (KHTML, like Gecko) Chrome/143.0.0.0 Mobile Safari/537.36"
123.252.204.166 - - [19/Jan/2026:10:46:57 +0100] "POST / HTTP/1.0" 200 91252 "-" "Microsoft Office/16.0 (Windows NT 10.0; Microsoft Outlook 16.0.5452; Pro)"
66.249.84.194 - - [19/Jan/2026:10:47:00 +0100] "GET /images/omkar-emailer-logo.jpg HTTP/1.0" 301 4348 "-" "Mozilla/5.0 (Windows NT 5.1; rv:11.0) Gecko Firefox/11.0 (via ggpht.com GoogleImageProxy)"
66.249.84.194 - - [19/Jan/2026:10:47:02 +0100] "GET / HTTP/1.0" 200 22014 "-" "Mozilla/5.0 (Windows NT 5.1; rv:11.0) Gecko Firefox/11.0 (via ggpht.com GoogleImageProxy)"
66.249.84.193 - - [19/Jan/2026:10:47:14 +0100] "GET /images/omkar-emailer-logo.jpg HTTP/1.0" 301 4348 "-" "Mozilla/5.0 (Windows NT 5.1; rv:11.0) Gecko Firefox/11.0 (via ggpht.com GoogleImageProxy)"
66.249.84.194 - - [19/Jan/2026:10:47:15 +0100] "GET / HTTP/1.0" 200 18822 "-" "Mozilla/5.0 (Windows NT 5.1; rv:11.0) Gecko Firefox/11.0 (via ggpht.com GoogleImageProxy)"
49.36.107.94 - - [19/Jan/2026:10:47:39 +0100] "GET /assets/pdf/ORDPL-1.pdf HTTP/1.0" 200 818 "https://www.google.com/" "Mozilla/5.0 (Windows NT 10.0; Win64; x64) AppleWebKit/537.36 (KHTML, like Gecko) Chrome/143.0.0.0 Safari/537.36"
123.252.204.166 - - [19/Jan/2026:10:47:39 +0100] "POST /autodiscover/autodiscover.xml HTTP/1.0" 301 4180 "-" "Microsoft Office/16.0 (Windows NT 10.0; Microsoft Outlook 16.0.5452; Pro)"
123.252.204.166 - - [19/Jan/2026:10:47:39 +0100] "POST /autodiscover/autodiscover.xml HTTP/1.0" 301 1004 "-" "Microsoft Office/16.0 (Windows NT 10.0; Microsoft Outlook 16.0.5452; Pro)"
49.36.107.94 - - [19/Jan/2026:10:47:39 +0100] "GET /favicon.ico HTTP/1.0" 301 1140 "https://www.omkar.com/assets/pdf/ORDPL-1.pdf" "Mozilla/5.0 (Windows NT 10.0; Win64; x64) AppleWebKit/537.36 (KHTML, like Gecko) Chrome/143.0.0.0 Safari/537.36"
123.252.204.166 - - [19/Jan/2026:10:47:40 +0100] "POST / HTTP/1.0" 200 88076 "-" "Microsoft Office/16.0 (Windows NT 10.0; Microsoft Outlook 16.0.5452; Pro)"
49.36.107.94 - - [19/Jan/2026:10:47:41 +0100] "GET / HTTP/1.0" 200 18675 "https://www.omkar.com/assets/pdf/ORDPL-1.pdf" "Mozilla/5.0 (Windows NT 10.0; Win64; x64) AppleWebKit/537.36 (KHTML, like Gecko) Chrome/143.0.0.0 Safari/537.36"
123.252.204.166 - - [19/Jan/2026:10:47:40 +0100] "POST / HTTP/1.0" 200 88076 "-" "Microsoft Office/16.0 (Windows NT 10.0; Microsoft Outlook 16.0.5452; Pro)"
66.249.84.195 - - [19/Jan/2026:10:48:02 +0100] "GET /images/omkar-emailer-logo.jpg HTTP/1.0" 301 4348 "-" "Mozilla/5.0 (Windows NT 5.1; rv:11.0) Gecko Firefox/11.0 (via ggpht.com GoogleImageProxy)"
66.249.84.193 - - [19/Jan/2026:10:48:03 +0100] "GET / HTTP/1.0" 200 22014 "-" "Mozilla/5.0 (Windows NT 5.1; rv:11.0) Gecko Firefox/11.0 (via ggpht.com GoogleImageProxy)"
66.249.84.193 - - [19/Jan/2026:10:48:06 +0100] "GET /images/omkar-emailer-logo.jpg HTTP/1.0" 301 4348 "-" "Mozilla/5.0 (Windows NT 5.1; rv:11.0) Gecko Firefox/11.0 (via ggpht.com GoogleImageProxy)"
66.249.84.195 - - [19/Jan/2026:10:48:07 +0100] "GET / HTTP/1.0" 200 18822 "-" "Mozilla/5.0 (Windows NT 5.1; rv:11.0) Gecko Firefox/11.0 (via ggpht.com GoogleImageProxy)"
103.216.71.78 - - [19/Jan/2026:10:48:11 +0100] "GET /images/omkar-emailer-logo.jpg HTTP/1.0" 301 4348 "-" "Mozilla/5.0 (compatible; MSIE 10.0; Windows NT 10.0; Win64; x64; Trident/7.0; Microsoft Outlook 16.0.10417; ms-office; MSOffice 16)"
103.216.71.78 - - [19/Jan/2026:10:48:11 +0100] "GET /images/omkar-emailer-logo.jpg HTTP/1.0" 301 4348 "-" "Mozilla/5.0 (compatible; MSIE 10.0; Windows NT 10.0; Win64; x64; Trident/7.0; Microsoft Outlook 16.0.10417; ms-office; MSOffice 16)"
103.216.71.78 - - [19/Jan/2026:10:48:11 +0100] "GET / HTTP/1.0" 200 18691 "-" "Mozilla/5.0 (compatible; MSIE 10.0; Windows NT 10.0; Win64; x64; Trident/7.0; Microsoft Outlook 16.0.10417; ms-office; MSOffice 16)"
103.216.71.78 - - [19/Jan/2026:10:48:12 +0100] "GET / HTTP/1.0" 200 18691 "-" "Mozilla/5.0 (compatible; MSIE 10.0; Windows NT 10.0; Win64; x64; Trident/7.0; Microsoft Outlook 16.0.10417; ms-office; MSOffice 16)"
57.141.0.37 - - [19/Jan/2026:10:48:15 +0100] "GET /sitemap722.xml HTTP/1.0" 301 4348 "-" "meta-externalagent/1.1 (+https://developers.facebook.com/docs/sharing/webmasters/crawler)"
103.216.71.78 - - [19/Jan/2026:10:48:26 +0100] "GET /images/omkar-emailer-logo.jpg HTTP/1.0" 301 4216 "-" "Mozilla/5.0 (compatible; MSIE 10.0; Windows NT 10.0; Win64; x64; Trident/7.0; Microsoft Outlook 16.0.10417; ms-office; MSOffice 16)"
103.216.71.78 - - [19/Jan/2026:10:48:26 +0100] "GET /images/omkar-emailer-logo.jpg HTTP/1.0" 301 4216 "-" "Mozilla/5.0 (compatible; MSIE 10.0; Windows NT 10.0; Win64; x64; Trident/7.0; Microsoft Outlook 16.0.10417; ms-office; MSOffice 16)"
63.178.84.147 - - [19/Jan/2026:10:48:25 +0100] "HEAD / HTTP/1.0" 200 4248 "http://omkar.com/" "Mozilla/5.0+(compatible; UptimeRobot/2.0; http://www.uptimerobot.com/)"
103.216.71.78 - - [19/Jan/2026:10:48:27 +0100] "GET / HTTP/1.0" 200 21883 "-" "Mozilla/5.0 (compatible; MSIE 10.0; Windows NT 10.0; Win64; x64; Trident/7.0; Microsoft Outlook 16.0.10417; ms-office; MSOffice 16)"
103.216.71.78 - - [19/Jan/2026:10:48:27 +0100] "GET / HTTP/1.0" 200 18691 "-" "Mozilla/5.0 (compatible; MSIE 10.0; Windows NT 10.0; Win64; x64; Trident/7.0; Microsoft Outlook 16.0.10417; ms-office; MSOffice 16)"
66.249.84.193 - - [19/Jan/2026:10:48:31 +0100] "GET /images/omkar-emailer-logo.jpg HTTP/1.0" 301 4348 "-" "Mozilla/5.0 (Windows NT 5.1; rv:11.0) Gecko Firefox/11.0 (via ggpht.com GoogleImageProxy)"
66.249.84.195 - - [19/Jan/2026:10:48:32 +0100] "GET / HTTP/1.0" 200 18822 "-" "Mozilla/5.0 (Windows NT 5.1; rv:11.0) Gecko Firefox/11.0 (via ggpht.com GoogleImageProxy)"
57.141.0.54 - - [19/Jan/2026:10:48:36 +0100] "GET /sitemap782.xml HTTP/1.0" 301 4348 "-" "meta-externalagent/1.1 (+https://developers.facebook.com/docs/sharing/webmasters/crawler)"
103.216.71.78 - - [19/Jan/2026:10:48:51 +0100] "GET /images/omkar-emailer-logo.jpg HTTP/1.0" 301 4216 "-" "Mozilla/5.0 (compatible; MSIE 10.0; Windows NT 10.0; Win64; x64; Trident/7.0; Microsoft Outlook 16.0.10417; ms-office; MSOffice 16)"
103.216.71.78 - - [19/Jan/2026:10:48:51 +0100] "GET /images/omkar-emailer-logo.jpg HTTP/1.0" 301 4216 "-" "Mozilla/5.0 (compatible; MSIE 10.0; Windows NT 10.0; Win64; x64; Trident/7.0; Microsoft Outlook 16.0.10417; ms-office; MSOffice 16)"
103.216.71.78 - - [19/Jan/2026:10:48:52 +0100] "GET / HTTP/1.0" 200 21883 "-" "Mozilla/5.0 (compatible; MSIE 10.0; Windows NT 10.0; Win64; x64; Trident/7.0; Microsoft Outlook 16.0.10417; ms-office; MSOffice 16)"
57.141.0.47 - - [19/Jan/2026:10:48:53 +0100] "GET /sitemap-services.xml HTTP/1.0" 301 4312 "-" "meta-externalagent/1.1 (+https://developers.facebook.com/docs/sharing/webmasters/crawler)"
103.216.71.78 - - [19/Jan/2026:10:48:53 +0100] "GET / HTTP/1.0" 200 18691 "-" "Mozilla/5.0 (compatible; MSIE 10.0; Windows NT 10.0; Win64; x64; Trident/7.0; Microsoft Outlook 16.0.10417; ms-office; MSOffice 16)"
123.252.204.166 - - [19/Jan/2026:10:49:10 +0100] "POST /autodiscover/autodiscover.xml HTTP/1.0" 301 4180 "-" "Microsoft Office/16.0 (Windows NT 10.0; Microsoft Outlook 16.0.5452; Pro)"
123.252.204.166 - - [19/Jan/2026:10:49:11 +0100] "POST / HTTP/1.0" 200 91252 "-" "Microsoft Office/16.0 (Windows NT 10.0; Microsoft Outlook 16.0.5452; Pro)"
162.120.184.11 - - [19/Jan/2026:10:49:23 +0100] "GET /assets/pdf/ORDPL-5.pdf HTTP/1.0" 200 4026 "https://www.google.com/" "Mozilla/5.0 (Windows NT 10.0; Win64; x64) AppleWebKit/537.36 (KHTML, like Gecko) Chrome/143.0.0.0 Safari/537.36"
64.233.173.228 - - [19/Jan/2026:10:49:22 +0100] "GET /.well-known/traffic-advice HTTP/1.0" 301 4348 "-" "Chrome Privacy Preserving Prefetch Proxy"
57.141.0.2 - - [19/Jan/2026:10:49:45 +0100] "GET /sitemap567.xml HTTP/1.0" 301 4348 "-" "meta-externalagent/1.1 (+https://developers.facebook.com/docs/sharing/webmasters/crawler)"
216.244.66.197 - - [19/Jan/2026:10:50:06 +0100] "GET /blogs/tag/residential-project-in-malad-east HTTP/1.0" 301 4348 "-" "Mozilla/5.0 (compatible; DotBot/1.2; +https://opensiteexplorer.org/dotbot; help@moz.com)"
176.28.155.198 - - [19/Jan/2026:10:50:09 +0100] "GET / HTTP/1.0" 200 22014 "-" "Mozilla/5.0 (Windows NT 10.0; Win64; x64) AppleWebKit/537.36 (KHTML, like Gecko) Chrome/129.0.0.0 Safari/537.36"
57.141.0.62 - - [19/Jan/2026:10:50:37 +0100] "GET /sitemap539.xml HTTP/1.0" 301 4348 "-" "meta-externalagent/1.1 (+https://developers.facebook.com/docs/sharing/webmasters/crawler)"
43.231.132.42 - - [19/Jan/2026:10:50:38 +0100] "POST /autodiscover/autodiscover.xml HTTP/1.0" 301 4312 "-" "Microsoft Office/16.0 (Windows NT 10.0; Microsoft Outlook 16.0.5452; Pro)"
57.141.0.10 - - [19/Jan/2026:10:50:38 +0100] "GET /sitemap685.xml HTTP/1.0" 301 1140 "-" "meta-externalagent/1.1 (+https://developers.facebook.com/docs/sharing/webmasters/crawler)"
43.231.132.42 - - [19/Jan/2026:10:50:39 +0100] "POST / HTTP/1.0" 200 91274 "-" "Microsoft Office/16.0 (Windows NT 10.0; Microsoft Outlook 16.0.5452; Pro)"
216.244.66.197 - - [19/Jan/2026:10:50:47 +0100] "GET /assets/js/jquery-1.9.1.min.js HTTP/1.0" 200 4001 "-" "Mozilla/5.0 (compatible; DotBot/1.2; +https://opensiteexplorer.org/dotbot; help@moz.com)"
49.13.167.123 - - [19/Jan/2026:10:51:03 +0100] "HEAD / HTTP/1.0" 200 4280 "http://www.omkar.com" "Mozilla/5.0+(compatible; UptimeRobot/2.0; http://www.uptimerobot.com/)"
122.179.130.212 - - [19/Jan/2026:10:51:16 +0100] "GET /images/omkar-emailer-logo.jpg HTTP/1.0" 301 4348 "-" "Mozilla/4.0 (compatible; ms-office; MSOffice 16)"
122.179.130.212 - - [19/Jan/2026:10:51:18 +0100] "GET / HTTP/1.0" 200 21883 "-" "Mozilla/4.0 (compatible; ms-office; MSOffice 16)"
122.179.130.212 - - [19/Jan/2026:10:51:21 +0100] "GET /images/omkar-emailer-logo.jpg HTTP/1.0" 301 4216 "-" "Mozilla/4.0 (compatible; ms-office; MSOffice 16)"
43.231.132.42 - - [19/Jan/2026:10:51:21 +0100] "POST /autodiscover/autodiscover.xml HTTP/1.0" 301 4180 "-" "Microsoft Office/16.0 (Windows NT 10.0; Microsoft Outlook 16.0.5452; Pro)"
122.179.130.212 - - [19/Jan/2026:10:51:22 +0100] "GET / HTTP/1.0" 200 21883 "-" "Mozilla/4.0 (compatible; ms-office; MSOffice 16)"
43.231.132.42 - - [19/Jan/2026:10:51:22 +0100] "POST / HTTP/1.0" 200 88114 "-" "Microsoft Office/16.0 (Windows NT 10.0; Microsoft Outlook 16.0.5452; Pro)"
216.73.216.182 - - [19/Jan/2026:10:51:48 +0100] "GET /sitemap305.xml HTTP/1.0" 301 4312 "-" "Mozilla/5.0 AppleWebKit/537.36 (KHTML, like Gecko; compatible; ClaudeBot/1.0; +claudebot@anthropic.com)"
66.249.84.193 - - [19/Jan/2026:10:52:38 +0100] "GET /images/omkar-emailer-logo.jpg HTTP/1.0" 301 4348 "-" "Mozilla/5.0 (Windows NT 5.1; rv:11.0) Gecko Firefox/11.0 (via ggpht.com GoogleImageProxy)"
66.249.84.195 - - [19/Jan/2026:10:52:40 +0100] "GET / HTTP/1.0" 200 18822 "-" "Mozilla/5.0 (Windows NT 5.1; rv:11.0) Gecko Firefox/11.0 (via ggpht.com GoogleImageProxy)"
123.252.204.166 - - [19/Jan/2026:10:52:55 +0100] "POST /autodiscover/autodiscover.xml HTTP/1.0" 301 4180 "-" "Microsoft Office/16.0 (Windows NT 10.0; Microsoft Outlook 16.0.5452; Pro)"
123.252.204.166 - - [19/Jan/2026:10:52:56 +0100] "POST / HTTP/1.0" 200 91252 "-" "Microsoft Office/16.0 (Windows NT 10.0; Microsoft Outlook 16.0.5452; Pro)"
123.252.204.166 - - [19/Jan/2026:10:53:02 +0100] "POST /autodiscover/autodiscover.xml HTTP/1.0" 301 4180 "-" "Microsoft Office/16.0 (Windows NT 10.0; Microsoft Outlook 16.0.5452; Pro)"
123.252.204.166 - - [19/Jan/2026:10:53:03 +0100] "POST / HTTP/1.0" 200 88076 "-" "Microsoft Office/16.0 (Windows NT 10.0; Microsoft Outlook 16.0.5452; Pro)"
106.193.197.110 - - [19/Jan/2026:10:53:05 +0100] "GET /ongoing-residential-projects-mumbai/omkar-alta-monte-malad HTTP/1.0" 200 18823 "-" "Mozilla/5.0 (Linux; Android 10; K) AppleWebKit/537.36 (KHTML, like Gecko) Chrome/143.0.0.0 Mobile Safari/537.36"
106.193.197.110 - - [19/Jan/2026:10:53:07 +0100] "GET /assets/css/reset.css HTTP/1.0" 200 4559 "https://www.omkar.com/ongoing-residential-projects-mumbai/omkar-alta-monte-malad" "Mozilla/5.0 (Linux; Android 10; K) AppleWebKit/537.36 (KHTML, like Gecko) Chrome/143.0.0.0 Mobile Safari/537.36"
106.193.197.110 - - [19/Jan/2026:10:53:07 +0100] "GET /assets/build/css/intlTelInput.css HTTP/1.0" 200 4030 "https://www.omkar.com/ongoing-residential-projects-mumbai/omkar-alta-monte-malad" "Mozilla/5.0 (Linux; Android 10; K) AppleWebKit/537.36 (KHTML, like Gecko) Chrome/143.0.0.0 Mobile Safari/537.36"
106.193.197.110 - - [19/Jan/2026:10:53:07 +0100] "GET /assets/css/owl.carousel.min.css HTTP/1.0" 200 4028 "https://www.omkar.com/ongoing-residential-projects-mumbai/omkar-alta-monte-malad" "Mozilla/5.0 (Linux; Android 10; K) AppleWebKit/537.36 (KHTML, like Gecko) Chrome/143.0.0.0 Mobile Safari/537.36"
106.193.197.110 - - [19/Jan/2026:10:53:07 +0100] "GET /assets/css/responsive.css HTTP/1.0" 200 4022 "https://www.omkar.com/ongoing-residential-projects-mumbai/omkar-alta-monte-malad" "Mozilla/5.0 (Linux; Android 10; K) AppleWebKit/537.36 (KHTML, like Gecko) Chrome/143.0.0.0 Mobile Safari/537.36"
106.193.197.110 - - [19/Jan/2026:10:53:07 +0100] "GET /assets/css/bootstrap.min.css HTTP/1.0" 200 4025 "https://www.omkar.com/ongoing-residential-projects-mumbai/omkar-alta-monte-malad" "Mozilla/5.0 (Linux; Android 10; K) AppleWebKit/537.36 (KHTML, like Gecko) Chrome/143.0.0.0 Mobile Safari/537.36"
106.193.197.110 - - [19/Jan/2026:10:53:07 +0100] "GET /assets/css/omkarStyle.css HTTP/1.0" 200 4022 "https://www.omkar.com/ongoing-residential-projects-mumbai/omkar-alta-monte-malad" "Mozilla/5.0 (Linux; Android 10; K) AppleWebKit/537.36 (KHTML, like Gecko) Chrome/143.0.0.0 Mobile Safari/537.36"
106.193.197.110 - - [19/Jan/2026:10:53:07 +0100] "GET /assets/css/animate.css HTTP/1.0" 200 4019 "https://www.omkar.com/ongoing-residential-projects-mumbai/omkar-alta-monte-malad" "Mozilla/5.0 (Linux; Android 10; K) AppleWebKit/537.36 (KHTML, like Gecko) Chrome/143.0.0.0 Mobile Safari/537.36"
106.193.197.110 - - [19/Jan/2026:10:53:07 +0100] "GET /assets/css/font-awesome/css/font-awesome.min.css HTTP/1.0" 200 4045 "https://www.omkar.com/ongoing-residential-projects-mumbai/omkar-alta-monte-malad" "Mozilla/5.0 (Linux; Android 10; K) AppleWebKit/537.36 (KHTML, like Gecko) Chrome/143.0.0.0 Mobile Safari/537.36"
106.193.197.110 - - [19/Jan/2026:10:53:07 +0100] "GET /assets/css/ion.rangeSlider.css HTTP/1.0" 200 4027 "https://www.omkar.com/ongoing-residential-projects-mumbai/omkar-alta-monte-malad" "Mozilla/5.0 (Linux; Android 10; K) AppleWebKit/537.36 (KHTML, like Gecko) Chrome/143.0.0.0 Mobile Safari/537.36"
106.193.197.110 - - [19/Jan/2026:10:53:07 +0100] "GET /assets/css/jquery.fancybox.css HTTP/1.0" 200 4027 "https://www.omkar.com/ongoing-residential-projects-mumbai/omkar-alta-monte-malad" "Mozilla/5.0 (Linux; Android 10; K) AppleWebKit/537.36 (KHTML, like Gecko) Chrome/143.0.0.0 Mobile Safari/537.36"
106.193.197.110 - - [19/Jan/2026:10:53:08 +0100] "GET /assets/images/logo.png HTTP/1.0" 200 828 "https://www.omkar.com/ongoing-residential-projects-mumbai/omkar-alta-monte-malad" "Mozilla/5.0 (Linux; Android 10; K) AppleWebKit/537.36 (KHTML, like Gecko) Chrome/143.0.0.0 Mobile Safari/537.36"
106.193.197.110 - - [19/Jan/2026:10:53:08 +0100] "GET /assets/images/refresh.png HTTP/1.0" 200 1315 "https://www.omkar.com/ongoing-residential-projects-mumbai/omkar-alta-monte-malad" "Mozilla/5.0 (Linux; Android 10; K) AppleWebKit/537.36 (KHTML, like Gecko) Chrome/143.0.0.0 Mobile Safari/537.36"
106.193.197.110 - - [19/Jan/2026:10:53:08 +0100] "GET /assets/images/whatsapp-dsk.png HTTP/1.0" 200 836 "https://www.omkar.com/ongoing-residential-projects-mumbai/omkar-alta-monte-malad" "Mozilla/5.0 (Linux; Android 10; K) AppleWebKit/537.36 (KHTML, like Gecko) Chrome/143.0.0.0 Mobile Safari/537.36"
106.193.197.110 - - [19/Jan/2026:10:53:08 +0100] "GET /assets/images/whatsapp.png HTTP/1.0" 200 832 "https://www.omkar.com/ongoing-residential-projects-mumbai/omkar-alta-monte-malad" "Mozilla/5.0 (Linux; Android 10; K) AppleWebKit/537.36 (KHTML, like Gecko) Chrome/143.0.0.0 Mobile Safari/537.36"
106.193.197.110 - - [19/Jan/2026:10:53:08 +0100] "GET /assets/js/jquery-1.9.1.min.js HTTP/1.0" 200 841 "https://www.omkar.com/ongoing-residential-projects-mumbai/omkar-alta-monte-malad" "Mozilla/5.0 (Linux; Android 10; K) AppleWebKit/537.36 (KHTML, like Gecko) Chrome/143.0.0.0 Mobile Safari/537.36"
106.193.197.110 - - [19/Jan/2026:10:53:08 +0100] "GET /assets/js/owl.carousel.min.js HTTP/1.0" 200 841 "https://www.omkar.com/ongoing-residential-projects-mumbai/omkar-alta-monte-malad" "Mozilla/5.0 (Linux; Android 10; K) AppleWebKit/537.36 (KHTML, like Gecko) Chrome/143.0.0.0 Mobile Safari/537.36"
106.193.197.110 - - [19/Jan/2026:10:53:08 +0100] "GET /assets/js/css3-animate-it.js HTTP/1.0" 200 840 "https://www.omkar.com/ongoing-residential-projects-mumbai/omkar-alta-monte-malad" "Mozilla/5.0 (Linux; Android 10; K) AppleWebKit/537.36 (KHTML, like Gecko) Chrome/143.0.0.0 Mobile Safari/537.36"
106.193.197.110 - - [19/Jan/2026:10:53:08 +0100] "GET /assets/js/jquery.mousewheel.min.js HTTP/1.0" 200 846 "https://www.omkar.com/ongoing-residential-projects-mumbai/omkar-alta-monte-malad" "Mozilla/5.0 (Linux; Android 10; K) AppleWebKit/537.36 (KHTML, like Gecko) Chrome/143.0.0.0 Mobile Safari/537.36"
106.193.197.110 - - [19/Jan/2026:10:53:08 +0100] "GET /assets/build/js/intlTelInput.js HTTP/1.0" 200 843 "https://www.omkar.com/ongoing-residential-projects-mumbai/omkar-alta-monte-malad" "Mozilla/5.0 (Linux; Android 10; K) AppleWebKit/537.36 (KHTML, like Gecko) Chrome/143.0.0.0 Mobile Safari/537.36"
106.193.197.110 - - [19/Jan/2026:10:53:08 +0100] "GET /assets/js/jquery.fancybox.js HTTP/1.0" 200 840 "https://www.omkar.com/ongoing-residential-projects-mumbai/omkar-alta-monte-malad" "Mozilla/5.0 (Linux; Android 10; K) AppleWebKit/537.36 (KHTML, like Gecko) Chrome/143.0.0.0 Mobile Safari/537.36"
106.193.197.110 - - [19/Jan/2026:10:53:08 +0100] "GET /assets/js/additional-methods.min.js HTTP/1.0" 200 847 "https://www.omkar.com/ongoing-residential-projects-mumbai/omkar-alta-monte-malad" "Mozilla/5.0 (Linux; Android 10; K) AppleWebKit/537.36 (KHTML, like Gecko) Chrome/143.0.0.0 Mobile Safari/537.36"
106.193.197.110 - - [19/Jan/2026:10:53:08 +0100] "GET /assets/js/jquery.validate.min.js HTTP/1.0" 200 844 "https://www.omkar.com/ongoing-residential-projects-mumbai/omkar-alta-monte-malad" "Mozilla/5.0 (Linux; Android 10; K) AppleWebKit/537.36 (KHTML, like Gecko) Chrome/143.0.0.0 Mobile Safari/537.36"
106.193.197.110 - - [19/Jan/2026:10:53:08 +0100] "GET /assets/js/ion.rangeSlider.js HTTP/1.0" 200 840 "https://www.omkar.com/ongoing-residential-projects-mumbai/omkar-alta-monte-malad" "Mozilla/5.0 (Linux; Android 10; K) AppleWebKit/537.36 (KHTML, like Gecko) Chrome/143.0.0.0 Mobile Safari/537.36"
106.193.197.110 - - [19/Jan/2026:10:53:08 +0100] "GET /assets/js/form.js HTTP/1.0" 200 829 "https://www.omkar.com/ongoing-residential-projects-mumbai/omkar-alta-monte-malad" "Mozilla/5.0 (Linux; Android 10; K) AppleWebKit/537.36 (KHTML, like Gecko) Chrome/143.0.0.0 Mobile Safari/537.36"
106.193.197.110 - - [19/Jan/2026:10:53:08 +0100] "GET /assets/js/e-smart-zoom-jquery.min.js HTTP/1.0" 200 848 "https://www.omkar.com/ongoing-residential-projects-mumbai/omkar-alta-monte-malad" "Mozilla/5.0 (Linux; Android 10; K) AppleWebKit/537.36 (KHTML, like Gecko) Chrome/143.0.0.0 Mobile Safari/537.36"
106.193.197.110 - - [19/Jan/2026:10:53:08 +0100] "GET /assets/js/jquery.firstVisitPopup.js HTTP/1.0" 200 1366 "https://www.omkar.com/ongoing-residential-projects-mumbai/omkar-alta-monte-malad" "Mozilla/5.0 (Linux; Android 10; K) AppleWebKit/537.36 (KHTML, like Gecko) Chrome/143.0.0.0 Mobile Safari/537.36"
106.193.197.110 - - [19/Jan/2026:10:53:08 +0100] "GET /assets/js/custom.js HTTP/1.0" 200 831 "https://www.omkar.com/ongoing-residential-projects-mumbai/omkar-alta-monte-malad" "Mozilla/5.0 (Linux; Android 10; K) AppleWebKit/537.36 (KHTML, like Gecko) Chrome/143.0.0.0 Mobile Safari/537.36"
106.193.197.110 - - [19/Jan/2026:10:53:08 +0100] "GET /assets/css/font-awesome/fonts/fontawesome-webfont.woff2?v=4.7.0 HTTP/1.0" 200 862 "https://www.omkar.com/assets/css/font-awesome/css/font-awesome.min.css" "Mozilla/5.0 (Linux; Android 10; K) AppleWebKit/537.36 (KHTML, like Gecko) Chrome/143.0.0.0 Mobile Safari/537.36"
106.193.197.110 - - [19/Jan/2026:10:53:08 +0100] "GET /assets/js/career.js HTTP/1.0" 200 1182 "https://www.omkar.com/ongoing-residential-projects-mumbai/omkar-alta-monte-malad" "Mozilla/5.0 (Linux; Android 10; K) AppleWebKit/537.36 (KHTML, like Gecko) Chrome/143.0.0.0 Mobile Safari/537.36"
106.193.197.110 - - [19/Jan/2026:10:53:08 +0100] "GET /assets/css/normalpop.css HTTP/1.0" 200 829 "https://www.omkar.com/ongoing-residential-projects-mumbai/omkar-alta-monte-malad" "Mozilla/5.0 (Linux; Android 10; K) AppleWebKit/537.36 (KHTML, like Gecko) Chrome/143.0.0.0 Mobile Safari/537.36"
106.193.197.110 - - [19/Jan/2026:10:53:08 +0100] "GET /assets/js/normalpopup-onclick.js HTTP/1.0" 200 844 "https://www.omkar.com/ongoing-residential-projects-mumbai/omkar-alta-monte-malad" "Mozilla/5.0 (Linux; Android 10; K) AppleWebKit/537.36 (KHTML, like Gecko) Chrome/143.0.0.0 Mobile Safari/537.36"
106.193.197.110 - - [19/Jan/2026:10:53:08 +0100] "GET /assets/images/roadblock.jpg HTTP/1.0" 200 834 "https://www.omkar.com/ongoing-residential-projects-mumbai/omkar-alta-monte-malad" "Mozilla/5.0 (Linux; Android 10; K) AppleWebKit/537.36 (KHTML, like Gecko) Chrome/143.0.0.0 Mobile Safari/537.36"
106.193.197.110 - - [19/Jan/2026:10:53:08 +0100] "GET /assets/js/modernizr.js HTTP/1.0" 200 834 "https://www.omkar.com/ongoing-residential-projects-mumbai/omkar-alta-monte-malad" "Mozilla/5.0 (Linux; Android 10; K) AppleWebKit/537.36 (KHTML, like Gecko) Chrome/143.0.0.0 Mobile Safari/537.36"
106.193.197.110 - - [19/Jan/2026:10:53:08 +0100] "GET /uploads/banners/1664457071511173564web-banner-600x800px-020922.jpg HTTP/1.0" 200 873 "https://www.omkar.com/ongoing-residential-projects-mumbai/omkar-alta-monte-malad" "Mozilla/5.0 (Linux; Android 10; K) AppleWebKit/537.36 (KHTML, like Gecko) Chrome/143.0.0.0 Mobile Safari/537.36"
106.193.197.110 - - [19/Jan/2026:10:53:08 +0100] "GET /uploads/amenities/152214374427559395015053055401466475491EXCLUSIVE%20DOG%20PARK.jpg HTTP/1.0" 200 886 "https://www.omkar.com/ongoing-residential-projects-mumbai/omkar-alta-monte-malad" "Mozilla/5.0 (Linux; Android 10; K) AppleWebKit/537.36 (KHTML, like Gecko) Chrome/143.0.0.0 Mobile Safari/537.36"
106.193.197.110 - - [19/Jan/2026:10:53:08 +0100] "GET /uploads/projects/logo_image/149932512865188924.png HTTP/1.0" 200 856 "https://www.omkar.com/ongoing-residential-projects-mumbai/omkar-alta-monte-malad" "Mozilla/5.0 (Linux; Android 10; K) AppleWebKit/537.36 (KHTML, like Gecko) Chrome/143.0.0.0 Mobile Safari/537.36"
106.193.197.110 - - [19/Jan/2026:10:53:08 +0100] "GET /uploads/amenities/152214376341868857151600061316469799941505305909325669391Kids%20play%20area.jpg HTTP/1.0" 200 900 "https://www.omkar.com/ongoing-residential-projects-mumbai/omkar-alta-monte-malad" "Mozilla/5.0 (Linux; Android 10; K) AppleWebKit/537.36 (KHTML, like Gecko) Chrome/143.0.0.0 Mobile Safari/537.36"
106.193.197.110 - - [19/Jan/2026:10:53:08 +0100] "GET /uploads/amenities/1522143438555664198small.jpg HTTP/1.0" 200 853 "https://www.omkar.com/ongoing-residential-projects-mumbai/omkar-alta-monte-malad" "Mozilla/5.0 (Linux; Android 10; K) AppleWebKit/537.36 (KHTML, like Gecko) Chrome/143.0.0.0 Mobile Safari/537.36"
106.193.197.110 - - [19/Jan/2026:10:53:08 +0100] "GET /assets/images/down-arw.png HTTP/1.0" 200 832 "https://www.omkar.com/ongoing-residential-projects-mumbai/omkar-alta-monte-malad" "Mozilla/5.0 (Linux; Android 10; K) AppleWebKit/537.36 (KHTML, like Gecko) Chrome/143.0.0.0 Mobile Safari/537.36"
106.193.197.110 - - [19/Jan/2026:10:53:08 +0100] "GET /assets/images/drectn-right-arw.png HTTP/1.0" 200 840 "https://www.omkar.com/ongoing-residential-projects-mumbai/omkar-alta-monte-malad" "Mozilla/5.0 (Linux; Android 10; K) AppleWebKit/537.36 (KHTML, like Gecko) Chrome/143.0.0.0 Mobile Safari/537.36"
106.193.197.110 - - [19/Jan/2026:10:53:08 +0100] "GET /uploads/amenities/15221437711679667174151600058745132170215053058771579136502INFINITY%20POOL.jpg HTTP/1.0" 200 901 "https://www.omkar.com/ongoing-residential-projects-mumbai/omkar-alta-monte-malad" "Mozilla/5.0 (Linux; Android 10; K) AppleWebKit/537.36 (KHTML, like Gecko) Chrome/143.0.0.0 Mobile Safari/537.36"
106.193.197.110 - - [19/Jan/2026:10:53:08 +0100] "GET /uploads/amenities/15221436132022374739150530556881529492FITNESS%20CENTRE%20&%20GYMNASIUM.jpg HTTP/1.0" 200 893 "https://www.omkar.com/ongoing-residential-projects-mumbai/omkar-alta-monte-malad" "Mozilla/5.0 (Linux; Android 10; K) AppleWebKit/537.36 (KHTML, like Gecko) Chrome/143.0.0.0 Mobile Safari/537.36"
106.193.197.110 - - [19/Jan/2026:10:53:08 +0100] "GET /uploads/construction_updates/1602228416911228157D%20wing.jpg HTTP/1.0" 200 865 "https://www.omkar.com/ongoing-residential-projects-mumbai/omkar-alta-monte-malad" "Mozilla/5.0 (Linux; Android 10; K) AppleWebKit/537.36 (KHTML, like Gecko) Chrome/143.0.0.0 Mobile Safari/537.36"
106.193.197.110 - - [19/Jan/2026:10:53:08 +0100] "GET /uploads/amenities/15221437675863678881505305999569887558SPA%20BY%20ELLE%20SPA,%20PARIS.jpg HTTP/1.0" 200 889 "https://www.omkar.com/ongoing-residential-projects-mumbai/omkar-alta-monte-malad" "Mozilla/5.0 (Linux; Android 10; K) AppleWebKit/537.36 (KHTML, like Gecko) Chrome/143.0.0.0 Mobile Safari/537.36"
106.193.197.110 - - [19/Jan/2026:10:53:08 +0100] "GET /uploads/construction_updates/160222847727058684B%20wing.jpg HTTP/1.0" 200 864 "https://www.omkar.com/ongoing-residential-projects-mumbai/omkar-alta-monte-malad" "Mozilla/5.0 (Linux; Android 10; K) AppleWebKit/537.36 (KHTML, like Gecko) Chrome/143.0.0.0 Mobile Safari/537.36"
106.193.197.110 - - [19/Jan/2026:10:53:08 +0100] "GET /uploads/amenities/152214375913775224551516000535180267044515053054481556912027ELEVATED%20JOGGING%20TRACK.jpg HTTP/1.0" 200 911 "https://www.omkar.com/ongoing-residential-projects-mumbai/omkar-alta-monte-malad" "Mozilla/5.0 (Linux; Android 10; K) AppleWebKit/537.36 (KHTML, like Gecko) Chrome/143.0.0.0 Mobile Safari/537.36"
106.193.197.110 - - [19/Jan/2026:10:53:08 +0100] "GET /uploads/construction_updates/15519512251612623301A%20WING.JPG HTTP/1.0" 200 866 "https://www.omkar.com/ongoing-residential-projects-mumbai/omkar-alta-monte-malad" "Mozilla/5.0 (Linux; Android 10; K) AppleWebKit/537.36 (KHTML, like Gecko) Chrome/143.0.0.0 Mobile Safari/537.36"
106.193.197.110 - - [19/Jan/2026:10:53:08 +0100] "GET /uploads/construction_updates/1551951213544199958C%20wing.jpg HTTP/1.0" 200 865 "https://www.omkar.com/ongoing-residential-projects-mumbai/omkar-alta-monte-malad" "Mozilla/5.0 (Linux; Android 10; K) AppleWebKit/537.36 (KHTML, like Gecko) Chrome/143.0.0.0 Mobile Safari/537.36"
106.193.197.110 - - [19/Jan/2026:10:53:08 +0100] "GET /assets/images/f-icon.png HTTP/1.0" 200 830 "https://www.omkar.com/ongoing-residential-projects-mumbai/omkar-alta-monte-malad" "Mozilla/5.0 (Linux; Android 10; K) AppleWebKit/537.36 (KHTML, like Gecko) Chrome/143.0.0.0 Mobile Safari/537.36"
106.193.197.110 - - [19/Jan/2026:10:53:08 +0100] "GET /uploads/street_map_img/15160005138234767781503574168909962168alta%20monte%20map.jpg HTTP/1.0" 200 886 "https://www.omkar.com/ongoing-residential-projects-mumbai/omkar-alta-monte-malad" "Mozilla/5.0 (Linux; Android 10; K) AppleWebKit/537.36 (KHTML, like Gecko) Chrome/143.0.0.0 Mobile Safari/537.36"
106.193.197.110 - - [19/Jan/2026:10:53:08 +0100] "GET /assets/images/y-icon.png HTTP/1.0" 200 830 "https://www.omkar.com/ongoing-residential-projects-mumbai/omkar-alta-monte-malad" "Mozilla/5.0 (Linux; Android 10; K) AppleWebKit/537.36 (KHTML, like Gecko) Chrome/143.0.0.0 Mobile Safari/537.36"
106.193.197.110 - - [19/Jan/2026:10:53:08 +0100] "GET /assets/images/t-icon.png HTTP/1.0" 200 830 "https://www.omkar.com/ongoing-residential-projects-mumbai/omkar-alta-monte-malad" "Mozilla/5.0 (Linux; Android 10; K) AppleWebKit/537.36 (KHTML, like Gecko) Chrome/143.0.0.0 Mobile Safari/537.36"
106.193.197.110 - - [19/Jan/2026:10:53:08 +0100] "GET /uploads/floor_plan/1664456491733655493.jpeg HTTP/1.0" 200 850 "https://www.omkar.com/ongoing-residential-projects-mumbai/omkar-alta-monte-malad" "Mozilla/5.0 (Linux; Android 10; K) AppleWebKit/537.36 (KHTML, like Gecko) Chrome/143.0.0.0 Mobile Safari/537.36"
106.193.197.110 - - [19/Jan/2026:10:53:08 +0100] "GET /assets/images/instagram.png HTTP/1.0" 200 833 "https://www.omkar.com/ongoing-residential-projects-mumbai/omkar-alta-monte-malad" "Mozilla/5.0 (Linux; Android 10; K) AppleWebKit/537.36 (KHTML, like Gecko) Chrome/143.0.0.0 Mobile Safari/537.36"
106.193.197.110 - - [19/Jan/2026:10:53:08 +0100] "GET /assets/images/blog.png HTTP/1.0" 200 828 "https://www.omkar.com/ongoing-residential-projects-mumbai/omkar-alta-monte-malad" "Mozilla/5.0 (Linux; Android 10; K) AppleWebKit/537.36 (KHTML, like Gecko) Chrome/143.0.0.0 Mobile Safari/537.36"
106.193.197.110 - - [19/Jan/2026:10:53:08 +0100] "GET /assets/images/in-icon.png HTTP/1.0" 200 831 "https://www.omkar.com/ongoing-residential-projects-mumbai/omkar-alta-monte-malad" "Mozilla/5.0 (Linux; Android 10; K) AppleWebKit/537.36 (KHTML, like Gecko) Chrome/143.0.0.0 Mobile Safari/537.36"
106.193.197.110 - - [19/Jan/2026:10:53:08 +0100] "GET /assets/images/enquiry-bg.jpg HTTP/1.0" 200 835 "https://www.omkar.com/assets/css/omkarStyle.css" "Mozilla/5.0 (Linux; Android 10; K) AppleWebKit/537.36 (KHTML, like Gecko) Chrome/143.0.0.0 Mobile Safari/537.36"
106.193.197.110 - - [19/Jan/2026:10:53:08 +0100] "GET /assets/images/down-arrow.png HTTP/1.0" 200 834 "https://www.omkar.com/assets/css/omkarStyle.css" "Mozilla/5.0 (Linux; Android 10; K) AppleWebKit/537.36 (KHTML, like Gecko) Chrome/143.0.0.0 Mobile Safari/537.36"
106.193.197.110 - - [19/Jan/2026:10:53:09 +0100] "GET /assets/images/arrow-next3.png HTTP/1.0" 200 835 "https://www.omkar.com/assets/css/omkarStyle.css" "Mozilla/5.0 (Linux; Android 10; K) AppleWebKit/537.36 (KHTML, like Gecko) Chrome/143.0.0.0 Mobile Safari/537.36"
106.193.197.110 - - [19/Jan/2026:10:53:09 +0100] "GET /assets/images/arrow-prev3.png HTTP/1.0" 200 835 "https://www.omkar.com/assets/css/omkarStyle.css" "Mozilla/5.0 (Linux; Android 10; K) AppleWebKit/537.36 (KHTML, like Gecko) Chrome/143.0.0.0 Mobile Safari/537.36"
106.193.197.110 - - [19/Jan/2026:10:53:08 +0100] "GET /home/generateCaptcha?id=2 HTTP/1.0" 200 5916 "https://www.omkar.com/ongoing-residential-projects-mumbai/omkar-alta-monte-malad" "Mozilla/5.0 (Linux; Android 10; K) AppleWebKit/537.36 (KHTML, like Gecko) Chrome/143.0.0.0 Mobile Safari/537.36"
106.193.197.110 - - [19/Jan/2026:10:53:08 +0100] "GET /uploads/news/17848762781505216063.png HTTP/1.0" 301 1024 "https://www.omkar.com/ongoing-residential-projects-mumbai/omkar-alta-monte-malad" "Mozilla/5.0 (Linux; Android 10; K) AppleWebKit/537.36 (KHTML, like Gecko) Chrome/143.0.0.0 Mobile Safari/537.36"
106.193.197.110 - - [19/Jan/2026:10:53:10 +0100] "GET /assets/build/img/flags@2x.png HTTP/1.0" 200 835 "https://www.omkar.com/assets/build/css/intlTelInput.css" "Mozilla/5.0 (Linux; Android 10; K) AppleWebKit/537.36 (KHTML, like Gecko) Chrome/143.0.0.0 Mobile Safari/537.36"
106.193.197.110 - - [19/Jan/2026:10:53:10 +0100] "GET / HTTP/1.0" 200 18690 "https://www.omkar.com/ongoing-residential-projects-mumbai/omkar-alta-monte-malad" "Mozilla/5.0 (Linux; Android 10; K) AppleWebKit/537.36 (KHTML, like Gecko) Chrome/143.0.0.0 Mobile Safari/537.36"
43.130.102.7 - - [19/Jan/2026:10:53:15 +0100] "GET /career HTTP/1.0" 200 25785 "-" "Mozilla/5.0 (iPhone; CPU iPhone OS 13_2_3 like Mac OS X) AppleWebKit/605.1.15 (KHTML, like Gecko) Version/13.0.3 Mobile/15E148 Safari/604.1"
106.193.197.110 - - [19/Jan/2026:10:53:19 +0100] "GET /assets/images/UpArrow.png HTTP/1.0" 200 4023 "https://www.omkar.com/assets/css/omkarStyle.css" "Mozilla/5.0 (Linux; Android 10; K) AppleWebKit/537.36 (KHTML, like Gecko) Chrome/143.0.0.0 Mobile Safari/537.36"
106.193.197.110 - - [19/Jan/2026:10:53:21 +0100] "GET /assets/build/js/utils.js HTTP/1.0" 200 836 "https://www.omkar.com/ongoing-residential-projects-mumbai/omkar-alta-monte-malad" "Mozilla/5.0 (Linux; Android 10; K) AppleWebKit/537.36 (KHTML, like Gecko) Chrome/143.0.0.0 Mobile Safari/537.36"
106.193.197.110 - - [19/Jan/2026:10:53:21 +0100] "GET /assets/images/favicon.ico HTTP/1.0" 200 846 "https://www.omkar.com/ongoing-residential-projects-mumbai/omkar-alta-monte-malad" "Mozilla/5.0 (Linux; Android 10; K) AppleWebKit/537.36 (KHTML, like Gecko) Chrome/143.0.0.0 Mobile Safari/537.36"
66.249.84.194 - - [19/Jan/2026:10:53:31 +0100] "GET /images/omkar-emailer-logo.jpg HTTP/1.0" 301 4348 "-" "Mozilla/5.0 (Windows NT 5.1; rv:11.0) Gecko Firefox/11.0 (via ggpht.com GoogleImageProxy)"
123.252.204.166 - - [19/Jan/2026:10:53:32 +0100] "POST /autodiscover/autodiscover.xml HTTP/1.0" 301 1020 "-" "Microsoft Office/16.0 (Windows NT 10.0; Microsoft Outlook 16.0.5452; Pro)"
3.79.134.69 - - [19/Jan/2026:10:53:32 +0100] "HEAD / HTTP/1.0" 200 1088 "http://omkar.com/" "Mozilla/5.0+(compatible; UptimeRobot/2.0; http://www.uptimerobot.com/)"
66.249.84.194 - - [19/Jan/2026:10:53:32 +0100] "GET / HTTP/1.0" 200 18822 "-" "Mozilla/5.0 (Windows NT 5.1; rv:11.0) Gecko Firefox/11.0 (via ggpht.com GoogleImageProxy)"
123.252.204.166 - - [19/Jan/2026:10:53:33 +0100] "POST / HTTP/1.0" 200 88092 "-" "Microsoft Office/16.0 (Windows NT 10.0; Microsoft Outlook 16.0.5452; Pro)"
66.249.84.193 - - [19/Jan/2026:10:54:25 +0100] "GET /images/omkar-emailer-logo.jpg HTTP/1.0" 301 4348 "-" "Mozilla/5.0 (Windows NT 5.1; rv:11.0) Gecko Firefox/11.0 (via ggpht.com GoogleImageProxy)"
66.249.84.195 - - [19/Jan/2026:10:54:27 +0100] "GET / HTTP/1.0" 200 18822 "-" "Mozilla/5.0 (Windows NT 5.1; rv:11.0) Gecko Firefox/11.0 (via ggpht.com GoogleImageProxy)"
106.213.82.125 - - [19/Jan/2026:10:54:59 +0100] "GET /assets/images/phone-rotation.gif HTTP/1.0" 301 4348 "https://windsorshelters.com/" "Mozilla/5.0 (Windows NT 10.0; Win64; x64) AppleWebKit/537.36 (KHTML, like Gecko) Chrome/144.0.0.0 Safari/537.36"
106.213.82.125 - - [19/Jan/2026:10:55:00 +0100] "GET / HTTP/1.0" 200 22014 "https://windsorshelters.com/" "Mozilla/5.0 (Windows NT 10.0; Win64; x64) AppleWebKit/537.36 (KHTML, like Gecko) Chrome/144.0.0.0 Safari/537.36"
123.252.204.166 - - [19/Jan/2026:10:55:14 +0100] "GET /images/omkar-emailer-logo.jpg HTTP/1.0" 301 4348 "-" "Mozilla/4.0 (compatible; ms-office; MSOffice 16)"
123.252.204.166 - - [19/Jan/2026:10:55:14 +0100] "GET /images/omkar-emailer-logo.jpg HTTP/1.0" 301 4348 "-" "Mozilla/4.0 (compatible; ms-office; MSOffice 16)"
103.216.71.78 - - [19/Jan/2026:10:55:37 +0100] "GET /images/omkar-emailer-logo.jpg HTTP/1.0" 301 4348 "-" "Mozilla/5.0 (compatible; MSIE 10.0; Windows NT 10.0; Win64; x64; Trident/7.0; Microsoft Outlook 16.0.10417; ms-office; MSOffice 16)"
103.216.71.78 - - [19/Jan/2026:10:55:37 +0100] "GET /images/omkar-emailer-logo.jpg HTTP/1.0" 301 4216 "-" "Mozilla/5.0 (compatible; MSIE 10.0; Windows NT 10.0; Win64; x64; Trident/7.0; Microsoft Outlook 16.0.10417; ms-office; MSOffice 16)"
103.216.71.78 - - [19/Jan/2026:10:55:38 +0100] "GET / HTTP/1.0" 200 21883 "-" "Mozilla/5.0 (compatible; MSIE 10.0; Windows NT 10.0; Win64; x64; Trident/7.0; Microsoft Outlook 16.0.10417; ms-office; MSOffice 16)"
103.216.71.78 - - [19/Jan/2026:10:55:38 +0100] "GET / HTTP/1.0" 200 18691 "-" "Mozilla/5.0 (compatible; MSIE 10.0; Windows NT 10.0; Win64; x64; Trident/7.0; Microsoft Outlook 16.0.10417; ms-office; MSOffice 16)"
123.252.204.166 - - [19/Jan/2026:10:55:42 +0100] "POST /autodiscover/autodiscover.xml HTTP/1.0" 301 4312 "-" "Microsoft Office/16.0 (Windows NT 10.0; Microsoft Outlook 16.0.5452; Pro)"
103.216.71.78 - - [19/Jan/2026:10:55:41 +0100] "GET /images/omkar-emailer-logo.jpg HTTP/1.0" 301 4216 "-" "Mozilla/5.0 (compatible; MSIE 10.0; Windows NT 10.0; Win64; x64; Trident/7.0; Microsoft Outlook 16.0.10417; ms-office; MSOffice 16)"
123.252.204.166 - - [19/Jan/2026:10:55:43 +0100] "POST / HTTP/1.0" 200 91274 "-" "Microsoft Office/16.0 (Windows NT 10.0; Microsoft Outlook 16.0.5452; Pro)"
103.216.71.78 - - [19/Jan/2026:10:55:43 +0100] "GET / HTTP/1.0" 200 21883 "-" "Mozilla/5.0 (compatible; MSIE 10.0; Windows NT 10.0; Win64; x64; Trident/7.0; Microsoft Outlook 16.0.10417; ms-office; MSOffice 16)"
123.252.204.166 - - [19/Jan/2026:10:56:02 +0100] "POST /autodiscover/autodiscover.xml HTTP/1.0" 301 4180 "-" "Microsoft Office/16.0 (Windows NT 10.0; Microsoft Outlook 16.0.5452; Pro)"
123.252.204.166 - - [19/Jan/2026:10:56:04 +0100] "POST / HTTP/1.0" 200 91252 "-" "Microsoft Office/16.0 (Windows NT 10.0; Microsoft Outlook 16.0.5452; Pro)"
88.99.80.227 - - [19/Jan/2026:10:56:11 +0100] "HEAD / HTTP/1.0" 200 4280 "http://www.omkar.com" "Mozilla/5.0+(compatible; UptimeRobot/2.0; http://www.uptimerobot.com/)"
115.113.133.21 - - [19/Jan/2026:10:56:28 +0100] "GET /images/omkar-emailer-logo.jpg HTTP/1.0" 301 4348 "-" "Mozilla/4.0 (compatible; ms-office; MSOffice 16)"
103.216.71.78 - - [19/Jan/2026:10:56:29 +0100] "GET /images/omkar-emailer-logo.jpg HTTP/1.0" 301 4216 "-" "Mozilla/5.0 (compatible; MSIE 10.0; Windows NT 10.0; Win64; x64; Trident/7.0; Microsoft Outlook 16.0.10417; ms-office; MSOffice 16)"
103.216.71.78 - - [19/Jan/2026:10:56:29 +0100] "GET /images/omkar-emailer-logo.jpg HTTP/1.0" 301 4216 "-" "Mozilla/5.0 (compatible; MSIE 10.0; Windows NT 10.0; Win64; x64; Trident/7.0; Microsoft Outlook 16.0.10417; ms-office; MSOffice 16)"
115.113.133.21 - - [19/Jan/2026:10:56:29 +0100] "GET / HTTP/1.0" 200 18691 "-" "Mozilla/4.0 (compatible; ms-office; MSOffice 16)"
103.216.71.78 - - [19/Jan/2026:10:56:31 +0100] "GET / HTTP/1.0" 200 18691 "-" "Mozilla/5.0 (compatible; MSIE 10.0; Windows NT 10.0; Win64; x64; Trident/7.0; Microsoft Outlook 16.0.10417; ms-office; MSOffice 16)"
103.216.71.78 - - [19/Jan/2026:10:56:30 +0100] "GET / HTTP/1.0" 200 18691 "-" "Mozilla/5.0 (compatible; MSIE 10.0; Windows NT 10.0; Win64; x64; Trident/7.0; Microsoft Outlook 16.0.10417; ms-office; MSOffice 16)"
103.216.71.78 - - [19/Jan/2026:10:56:43 +0100] "GET /images/omkar-emailer-logo.jpg HTTP/1.0" 301 1024 "-" "Mozilla/5.0 (compatible; MSIE 10.0; Windows NT 10.0; Win64; x64; Trident/7.0; Microsoft Outlook 16.0.10417; ms-office; MSOffice 16)"
103.216.71.78 - - [19/Jan/2026:10:56:43 +0100] "GET /images/omkar-emailer-logo.jpg HTTP/1.0" 301 4216 "-" "Mozilla/5.0 (compatible; MSIE 10.0; Windows NT 10.0; Win64; x64; Trident/7.0; Microsoft Outlook 16.0.10417; ms-office; MSOffice 16)"
103.216.71.78 - - [19/Jan/2026:10:56:44 +0100] "GET / HTTP/1.0" 200 21883 "-" "Mozilla/5.0 (compatible; MSIE 10.0; Windows NT 10.0; Win64; x64; Trident/7.0; Microsoft Outlook 16.0.10417; ms-office; MSOffice 16)"
103.216.71.78 - - [19/Jan/2026:10:56:44 +0100] "GET / HTTP/1.0" 200 21883 "-" "Mozilla/5.0 (compatible; MSIE 10.0; Windows NT 10.0; Win64; x64; Trident/7.0; Microsoft Outlook 16.0.10417; ms-office; MSOffice 16)"
103.216.71.78 - - [19/Jan/2026:10:56:55 +0100] "GET /images/omkar-emailer-logo.jpg HTTP/1.0" 301 4216 "-" "Mozilla/5.0 (compatible; MSIE 10.0; Windows NT 10.0; Win64; x64; Trident/7.0; Microsoft Outlook 16.0.10417; ms-office; MSOffice 16)"
103.216.71.78 - - [19/Jan/2026:10:56:55 +0100] "GET /images/omkar-emailer-logo.jpg HTTP/1.0" 301 4216 "-" "Mozilla/5.0 (compatible; MSIE 10.0; Windows NT 10.0; Win64; x64; Trident/7.0; Microsoft Outlook 16.0.10417; ms-office; MSOffice 16)"
103.216.71.78 - - [19/Jan/2026:10:56:56 +0100] "GET / HTTP/1.0" 200 21883 "-" "Mozilla/5.0 (compatible; MSIE 10.0; Windows NT 10.0; Win64; x64; Trident/7.0; Microsoft Outlook 16.0.10417; ms-office; MSOffice 16)"
103.216.71.78 - - [19/Jan/2026:10:56:56 +0100] "GET / HTTP/1.0" 200 18691 "-" "Mozilla/5.0 (compatible; MSIE 10.0; Windows NT 10.0; Win64; x64; Trident/7.0; Microsoft Outlook 16.0.10417; ms-office; MSOffice 16)"
115.113.133.21 - - [19/Jan/2026:10:57:00 +0100] "GET /images/omkar-emailer-logo.jpg HTTP/1.0" 301 4216 "-" "Mozilla/4.0 (compatible; ms-office; MSOffice 16)"
115.113.133.21 - - [19/Jan/2026:10:57:02 +0100] "GET / HTTP/1.0" 200 21883 "-" "Mozilla/4.0 (compatible; ms-office; MSOffice 16)"
66.249.84.194 - - [19/Jan/2026:10:57:13 +0100] "GET /images/omkar-emailer-logo.jpg HTTP/1.0" 301 4348 "-" "Mozilla/5.0 (Windows NT 5.1; rv:11.0) Gecko Firefox/11.0 (via ggpht.com GoogleImageProxy)"
66.249.84.194 - - [19/Jan/2026:10:57:14 +0100] "GET / HTTP/1.0" 200 22014 "-" "Mozilla/5.0 (Windows NT 5.1; rv:11.0) Gecko Firefox/11.0 (via ggpht.com GoogleImageProxy)"
123.252.204.166 - - [19/Jan/2026:10:58:17 +0100] "POST /autodiscover/autodiscover.xml HTTP/1.0" 301 4180 "-" "Microsoft Office/16.0 (Windows NT 10.0; Microsoft Outlook 16.0.5452; Pro)"
123.252.204.166 - - [19/Jan/2026:10:58:17 +0100] "POST /autodiscover/autodiscover.xml HTTP/1.0" 301 4180 "-" "Microsoft Office/16.0 (Windows NT 10.0; Microsoft Outlook 16.0.5452; Pro)"
123.252.204.166 - - [19/Jan/2026:10:58:18 +0100] "POST / HTTP/1.0" 200 91274 "-" "Microsoft Office/16.0 (Windows NT 10.0; Microsoft Outlook 16.0.5452; Pro)"
123.252.204.166 - - [19/Jan/2026:10:58:18 +0100] "POST / HTTP/1.0" 200 91274 "-" "Microsoft Office/16.0 (Windows NT 10.0; Microsoft Outlook 16.0.5452; Pro)"
123.252.204.166 - - [19/Jan/2026:10:58:21 +0100] "POST /autodiscover/autodiscover.xml HTTP/1.0" 301 4180 "-" "Microsoft Office/16.0 (Windows NT 10.0; Microsoft Outlook 16.0.5452; Pro)"
123.252.204.166 - - [19/Jan/2026:10:58:22 +0100] "POST / HTTP/1.0" 200 91274 "-" "Microsoft Office/16.0 (Windows NT 10.0; Microsoft Outlook 16.0.5452; Pro)"
112.121.183.178 - - [19/Jan/2026:10:58:34 +0100] "GET /Public/ckeditor/styles.js HTTP/1.0" 301 4348 "-" "Mozilla/5.0 (Windows NT 10.0; WOW64; rv:48.0) Gecko/20100101 Firefox/48.0"
112.121.183.178 - - [19/Jan/2026:10:58:35 +0100] "GET /Public/ckeditor/styles.js HTTP/1.0" 301 4348 "-" "Mozilla/5.0 (Windows NT 10.0; WOW64; rv:48.0) Gecko/20100101 Firefox/48.0"
112.121.183.178 - - [19/Jan/2026:10:58:36 +0100] "GET / HTTP/1.0" 200 21883 "-" "Mozilla/5.0 (Windows NT 10.0; WOW64; rv:48.0) Gecko/20100101 Firefox/48.0"
112.121.183.178 - - [19/Jan/2026:10:58:36 +0100] "GET / HTTP/1.0" 200 21883 "-" "Mozilla/5.0 (Windows NT 10.0; WOW64; rv:48.0) Gecko/20100101 Firefox/48.0"
49.13.134.145 - - [19/Jan/2026:10:58:38 +0100] "HEAD / HTTP/1.0" 200 4248 "http://omkar.com/" "Mozilla/5.0+(compatible; UptimeRobot/2.0; http://www.uptimerobot.com/)"
103.216.71.78 - - [19/Jan/2026:10:58:43 +0100] "GET /images/omkar-emailer-logo.jpg HTTP/1.0" 301 4216 "-" "Mozilla/5.0 (compatible; MSIE 10.0; Windows NT 10.0; Win64; x64; Trident/7.0; Microsoft Outlook 16.0.10417; ms-office; MSOffice 16)"
103.216.71.78 - - [19/Jan/2026:10:58:43 +0100] "GET /images/omkar-emailer-logo.jpg HTTP/1.0" 301 1024 "-" "Mozilla/5.0 (compatible; MSIE 10.0; Windows NT 10.0; Win64; x64; Trident/7.0; Microsoft Outlook 16.0.10417; ms-office; MSOffice 16)"
103.216.71.78 - - [19/Jan/2026:10:58:44 +0100] "GET / HTTP/1.0" 200 21883 "-" "Mozilla/5.0 (compatible; MSIE 10.0; Windows NT 10.0; Win64; x64; Trident/7.0; Microsoft Outlook 16.0.10417; ms-office; MSOffice 16)"
103.216.71.78 - - [19/Jan/2026:10:58:44 +0100] "GET / HTTP/1.0" 200 21883 "-" "Mozilla/5.0 (compatible; MSIE 10.0; Windows NT 10.0; Win64; x64; Trident/7.0; Microsoft Outlook 16.0.10417; ms-office; MSOffice 16)"
