123.252.204.166 - - [19/Jan/2026:11:11:51 +0100] "POST /autodiscover/autodiscover.xml HTTP/1.0" 301 4312 "-" "Microsoft Office/16.0 (Windows NT 10.0; Microsoft Outlook 16.0.5452; Pro)"
123.252.204.166 - - [19/Jan/2026:11:11:53 +0100] "POST / HTTP/1.0" 200 91252 "-" "Microsoft Office/16.0 (Windows NT 10.0; Microsoft Outlook 16.0.5452; Pro)"
123.252.204.166 - - [19/Jan/2026:11:12:06 +0100] "POST /autodiscover/autodiscover.xml HTTP/1.0" 301 4180 "-" "Microsoft Office/16.0 (Windows NT 10.0; Microsoft Outlook 16.0.5452; Pro)"
123.252.204.166 - - [19/Jan/2026:11:12:07 +0100] "POST / HTTP/1.0" 200 91252 "-" "Microsoft Office/16.0 (Windows NT 10.0; Microsoft Outlook 16.0.5452; Pro)"
216.73.216.182 - - [19/Jan/2026:11:12:57 +0100] "GET /sitemap295.xml HTTP/1.0" 301 4312 "-" "Mozilla/5.0 AppleWebKit/537.36 (KHTML, like Gecko; compatible; ClaudeBot/1.0; +claudebot@anthropic.com)"
103.104.227.178 - - [19/Jan/2026:11:13:19 +0100] "GET /images/omkar-emailer-logo.jpg HTTP/1.0" 301 4348 "-" "Mozilla/4.0 (compatible; ms-office; MSOffice 16)"
103.104.227.178 - - [19/Jan/2026:11:13:19 +0100] "GET /images/omkar-emailer-logo.jpg HTTP/1.0" 301 4348 "-" "Mozilla/4.0 (compatible; ms-office; MSOffice 16)"
103.104.227.178 - - [19/Jan/2026:11:13:20 +0100] "GET / HTTP/1.0" 200 21883 "-" "Mozilla/4.0 (compatible; ms-office; MSOffice 16)"
103.104.227.178 - - [19/Jan/2026:11:13:20 +0100] "GET / HTTP/1.0" 200 18691 "-" "Mozilla/4.0 (compatible; ms-office; MSOffice 16)"
69.171.231.3 - - [19/Jan/2026:11:13:23 +0100] "GET / HTTP/1.0" 200 92223 "-" "facebookexternalhit/1.1 (+http://www.facebook.com/externalhit_uatext.php)"
66.249.71.192 - - [19/Jan/2026:11:13:25 +0100] "GET / HTTP/1.0" 200 22350 "-" "Mozilla/5.0 (compatible; Googlebot/2.1; +http://www.google.com/bot.html)"
173.252.82.13 - - [19/Jan/2026:11:13:27 +0100] "GET / HTTP/1.0" 200 92223 "-" "facebookexternalhit/1.1 (+http://www.facebook.com/externalhit_uatext.php)"
173.252.82.13 - - [19/Jan/2026:11:13:31 +0100] "GET /assets/js/jquery.mousewheel.min.js HTTP/1.0" 200 4038 "-" "facebookexternalhit/1.1 (+http://www.facebook.com/externalhit_uatext.php)"
173.252.82.14 - - [19/Jan/2026:11:13:31 +0100] "GET /assets/js/career.js HTTP/1.0" 200 4617 "-" "facebookexternalhit/1.1 (+http://www.facebook.com/externalhit_uatext.php)"
173.252.82.114 - - [19/Jan/2026:11:13:31 +0100] "GET /assets/js/jquery.validate.min.js HTTP/1.0" 200 4036 "-" "facebookexternalhit/1.1 (+http://www.facebook.com/externalhit_uatext.php)"
173.252.82.9 - - [19/Jan/2026:11:13:31 +0100] "GET /assets/js/additional-methods.min.js HTTP/1.0" 200 847 "-" "facebookexternalhit/1.1 (+http://www.facebook.com/externalhit_uatext.php)"
173.252.82.11 - - [19/Jan/2026:11:13:31 +0100] "GET /assets/js/normalpopup-onclick.js HTTP/1.0" 200 844 "-" "facebookexternalhit/1.1 (+http://www.facebook.com/externalhit_uatext.php)"
173.252.82.18 - - [19/Jan/2026:11:13:31 +0100] "GET /assets/build/js/intlTelInput.js HTTP/1.0" 200 843 "-" "facebookexternalhit/1.1 (+http://www.facebook.com/externalhit_uatext.php)"
173.252.82.3 - - [19/Jan/2026:11:13:31 +0100] "GET /assets/js/jquery.firstVisitPopup.js HTTP/1.0" 200 1641 "-" "facebookexternalhit/1.1 (+http://www.facebook.com/externalhit_uatext.php)"
173.252.82.112 - - [19/Jan/2026:11:13:31 +0100] "GET /assets/js/jquery.fancybox.js HTTP/1.0" 200 840 "-" "facebookexternalhit/1.1 (+http://www.facebook.com/externalhit_uatext.php)"
173.252.82.114 - - [19/Jan/2026:11:13:31 +0100] "GET /assets/js/modernizr.js HTTP/1.0" 200 834 "-" "facebookexternalhit/1.1 (+http://www.facebook.com/externalhit_uatext.php)"
173.252.82.4 - - [19/Jan/2026:11:13:31 +0100] "GET /assets/js/e-smart-zoom-jquery.min.js HTTP/1.0" 200 848 "-" "facebookexternalhit/1.1 (+http://www.facebook.com/externalhit_uatext.php)"
173.252.82.4 - - [19/Jan/2026:11:13:31 +0100] "GET /assets/js/css3-animate-it.js HTTP/1.0" 200 840 "-" "facebookexternalhit/1.1 (+http://www.facebook.com/externalhit_uatext.php)"
173.252.82.25 - - [19/Jan/2026:11:13:31 +0100] "GET /assets/js/owl.carousel.min.js HTTP/1.0" 200 4033 "-" "facebookexternalhit/1.1 (+http://www.facebook.com/externalhit_uatext.php)"
173.252.82.1 - - [19/Jan/2026:11:13:31 +0100] "GET /assets/js/custom.js HTTP/1.0" 200 831 "-" "facebookexternalhit/1.1 (+http://www.facebook.com/externalhit_uatext.php)"
173.252.82.11 - - [19/Jan/2026:11:13:31 +0100] "GET /assets/js/ion.rangeSlider.js HTTP/1.0" 200 840 "-" "facebookexternalhit/1.1 (+http://www.facebook.com/externalhit_uatext.php)"
173.252.82.113 - - [19/Jan/2026:11:13:31 +0100] "GET /assets/js/form.js HTTP/1.0" 200 4021 "-" "facebookexternalhit/1.1 (+http://www.facebook.com/externalhit_uatext.php)"
173.252.82.9 - - [19/Jan/2026:11:13:31 +0100] "GET /assets/js/jquery-1.9.1.min.js HTTP/1.0" 200 4033 "-" "facebookexternalhit/1.1 (+http://www.facebook.com/externalhit_uatext.php)"
115.113.133.21 - - [19/Jan/2026:11:13:37 +0100] "GET /images/omkar-emailer-logo.jpg HTTP/1.0" 301 4348 "-" "Mozilla/4.0 (compatible; MSIE 7.0; Windows NT 10.0; Win64; x64; Trident/7.0; .NET4.0C; .NET4.0E; Tablet PC 2.0; Zoom 3.6.0; Microsoft Outlook 15.0.4981; ms-office; MSOffice 15)"
115.113.133.21 - - [19/Jan/2026:11:13:37 +0100] "GET /images/omkar-emailer-logo.jpg HTTP/1.0" 301 4348 "-" "Mozilla/4.0 (compatible; MSIE 7.0; Windows NT 10.0; Win64; x64; Trident/7.0; .NET4.0C; .NET4.0E; Tablet PC 2.0; Zoom 3.6.0; Microsoft Outlook 15.0.4981; ms-office; MSOffice 15)"
115.113.133.21 - - [19/Jan/2026:11:13:39 +0100] "GET / HTTP/1.0" 200 18691 "-" "Mozilla/4.0 (compatible; MSIE 7.0; Windows NT 10.0; Win64; x64; Trident/7.0; .NET4.0C; .NET4.0E; Tablet PC 2.0; Zoom 3.6.0; Microsoft Outlook 15.0.4981; ms-office; MSOffice 15)"
115.113.133.21 - - [19/Jan/2026:11:13:39 +0100] "GET / HTTP/1.0" 200 21883 "-" "Mozilla/4.0 (compatible; MSIE 7.0; Windows NT 10.0; Win64; x64; Trident/7.0; .NET4.0C; .NET4.0E; Tablet PC 2.0; Zoom 3.6.0; Microsoft Outlook 15.0.4981; ms-office; MSOffice 15)"
88.99.80.227 - - [19/Jan/2026:11:14:00 +0100] "HEAD / HTTP/1.0" 200 4248 "http://omkar.com/" "Mozilla/5.0+(compatible; UptimeRobot/2.0; http://www.uptimerobot.com/)"
43.231.132.42 - - [19/Jan/2026:11:14:02 +0100] "POST /autodiscover/autodiscover.xml HTTP/1.0" 301 4180 "-" "Microsoft Office/16.0 (Windows NT 10.0; Microsoft Outlook 16.0.5452; Pro)"
43.231.132.42 - - [19/Jan/2026:11:14:03 +0100] "POST / HTTP/1.0" 200 91252 "-" "Microsoft Office/16.0 (Windows NT 10.0; Microsoft Outlook 16.0.5452; Pro)"
43.231.132.42 - - [19/Jan/2026:11:14:14 +0100] "POST /autodiscover/autodiscover.xml HTTP/1.0" 301 4180 "-" "Microsoft Office/16.0 (Windows NT 10.0; Microsoft Outlook 16.0.5452; Pro)"
43.231.132.42 - - [19/Jan/2026:11:14:15 +0100] "POST / HTTP/1.0" 200 91274 "-" "Microsoft Office/16.0 (Windows NT 10.0; Microsoft Outlook 16.0.5452; Pro)"
43.231.132.42 - - [19/Jan/2026:11:14:31 +0100] "POST /autodiscover/autodiscover.xml HTTP/1.0" 301 4180 "-" "Microsoft Office/16.0 (Windows NT 10.0; Microsoft Outlook 16.0.5452; Pro)"
43.231.132.42 - - [19/Jan/2026:11:14:33 +0100] "POST / HTTP/1.0" 200 91252 "-" "Microsoft Office/16.0 (Windows NT 10.0; Microsoft Outlook 16.0.5452; Pro)"
66.249.84.194 - - [19/Jan/2026:11:14:46 +0100] "GET /images/omkar-emailer-logo.jpg HTTP/1.0" 301 4348 "-" "Mozilla/5.0 (Windows NT 5.1; rv:11.0) Gecko Firefox/11.0 (via ggpht.com GoogleImageProxy)"
66.249.84.193 - - [19/Jan/2026:11:14:48 +0100] "GET / HTTP/1.0" 200 22014 "-" "Mozilla/5.0 (Windows NT 5.1; rv:11.0) Gecko Firefox/11.0 (via ggpht.com GoogleImageProxy)"
182.70.59.52 - - [19/Jan/2026:11:14:55 +0100] "GET /assets/images/down-arw.png HTTP/1.0" 200 4024 "https://www.windsorshelters.com/" "Mozilla/5.0 (Linux; Android 10; K) AppleWebKit/537.36 (KHTML, like Gecko) Chrome/143.0.0.0 Mobile Safari/537.36"
57.141.0.11 - - [19/Jan/2026:11:15:02 +0100] "GET /fyp/sorotan-terbaru-dunia-game.html HTTP/1.0" 200 4001 "-" "meta-externalagent/1.1 (+https://developers.facebook.com/docs/sharing/webmasters/crawler)"
66.249.84.195 - - [19/Jan/2026:11:15:06 +0100] "GET /images/omkar-emailer-logo.jpg HTTP/1.0" 301 4348 "-" "Mozilla/5.0 (Windows NT 5.1; rv:11.0) Gecko Firefox/11.0 (via ggpht.com GoogleImageProxy)"
66.249.84.194 - - [19/Jan/2026:11:15:09 +0100] "GET / HTTP/1.0" 200 22014 "-" "Mozilla/5.0 (Windows NT 5.1; rv:11.0) Gecko Firefox/11.0 (via ggpht.com GoogleImageProxy)"
66.249.84.194 - - [19/Jan/2026:11:15:54 +0100] "GET /images/omkar-emailer-logo.jpg HTTP/1.0" 301 4348 "-" "Mozilla/5.0 (Windows NT 5.1; rv:11.0) Gecko Firefox/11.0 (via ggpht.com GoogleImageProxy)"
66.249.84.193 - - [19/Jan/2026:11:15:55 +0100] "GET / HTTP/1.0" 200 22014 "-" "Mozilla/5.0 (Windows NT 5.1; rv:11.0) Gecko Firefox/11.0 (via ggpht.com GoogleImageProxy)"
123.252.204.166 - - [19/Jan/2026:11:16:12 +0100] "POST /autodiscover/autodiscover.xml HTTP/1.0" 301 4180 "-" "Microsoft Office/16.0 (Windows NT 10.0; Microsoft Outlook 16.0.5452; Pro)"
123.252.204.166 - - [19/Jan/2026:11:16:14 +0100] "POST / HTTP/1.0" 200 91274 "-" "Microsoft Office/16.0 (Windows NT 10.0; Microsoft Outlook 16.0.5452; Pro)"
63.178.84.147 - - [19/Jan/2026:11:16:39 +0100] "HEAD / HTTP/1.0" 200 4280 "http://www.omkar.com" "Mozilla/5.0+(compatible; UptimeRobot/2.0; http://www.uptimerobot.com/)"
123.252.204.166 - - [19/Jan/2026:11:17:37 +0100] "POST /autodiscover/autodiscover.xml HTTP/1.0" 301 4312 "-" "Microsoft Office/16.0 (Windows NT 10.0; Microsoft Outlook 16.0.5452; Pro)"
123.252.204.166 - - [19/Jan/2026:11:17:38 +0100] "POST / HTTP/1.0" 200 91252 "-" "Microsoft Office/16.0 (Windows NT 10.0; Microsoft Outlook 16.0.5452; Pro)"
123.252.204.166 - - [19/Jan/2026:11:18:23 +0100] "POST /autodiscover/autodiscover.xml HTTP/1.0" 301 4180 "-" "Microsoft Office/16.0 (Windows NT 10.0; Microsoft Outlook 16.0.5452; Pro)"
123.252.204.166 - - [19/Jan/2026:11:18:24 +0100] "POST / HTTP/1.0" 200 91252 "-" "Microsoft Office/16.0 (Windows NT 10.0; Microsoft Outlook 16.0.5452; Pro)"
49.13.24.81 - - [19/Jan/2026:11:19:07 +0100] "HEAD / HTTP/1.0" 200 4248 "http://omkar.com/" "Mozilla/5.0+(compatible; UptimeRobot/2.0; http://www.uptimerobot.com/)"
172.225.136.150 - - [19/Jan/2026:11:19:15 +0100] "GET /images/omkar-emailer-logo.jpg HTTP/1.0" 301 4348 "-" "Mozilla/5.0"
123.252.204.166 - - [19/Jan/2026:11:19:30 +0100] "POST /autodiscover/autodiscover.xml HTTP/1.0" 301 4180 "-" "Microsoft Office/16.0 (Windows NT 10.0; Microsoft Outlook 16.0.5452; Pro)"
123.252.204.166 - - [19/Jan/2026:11:19:31 +0100] "POST / HTTP/1.0" 200 88076 "-" "Microsoft Office/16.0 (Windows NT 10.0; Microsoft Outlook 16.0.5452; Pro)"
123.252.204.166 - - [19/Jan/2026:11:19:49 +0100] "POST /autodiscover/autodiscover.xml HTTP/1.0" 301 4180 "-" "Microsoft Office/16.0 (Windows NT 10.0; Microsoft Outlook 16.0.5452; Pro)"
123.252.204.166 - - [19/Jan/2026:11:19:50 +0100] "POST / HTTP/1.0" 200 91252 "-" "Microsoft Office/16.0 (Windows NT 10.0; Microsoft Outlook 16.0.5452; Pro)"
123.252.204.166 - - [19/Jan/2026:11:20:34 +0100] "POST /autodiscover/autodiscover.xml HTTP/1.0" 301 4180 "-" "Microsoft Office/16.0 (Windows NT 10.0; Microsoft Outlook 16.0.5452; Pro)"
123.252.204.166 - - [19/Jan/2026:11:20:35 +0100] "POST / HTTP/1.0" 200 88076 "-" "Microsoft Office/16.0 (Windows NT 10.0; Microsoft Outlook 16.0.5452; Pro)"
49.13.130.29 - - [19/Jan/2026:11:21:46 +0100] "HEAD / HTTP/1.0" 200 4280 "http://www.omkar.com" "Mozilla/5.0+(compatible; UptimeRobot/2.0; http://www.uptimerobot.com/)"
31.13.127.5 - - [19/Jan/2026:11:22:17 +0100] "GET / HTTP/1.0" 200 92223 "-" "facebookexternalhit/1.1 (+http://www.facebook.com/externalhit_uatext.php)"
31.13.127.12 - - [19/Jan/2026:11:22:19 +0100] "GET /assets/js/custom.js HTTP/1.0" 200 4023 "-" "facebookexternalhit/1.1 (+http://www.facebook.com/externalhit_uatext.php)"
31.13.127.9 - - [19/Jan/2026:11:22:19 +0100] "GET /assets/js/jquery.mousewheel.min.js HTTP/1.0" 200 4038 "-" "facebookexternalhit/1.1 (+http://www.facebook.com/externalhit_uatext.php)"
31.13.127.74 - - [19/Jan/2026:11:22:19 +0100] "GET /assets/js/career.js HTTP/1.0" 200 1425 "-" "facebookexternalhit/1.1 (+http://www.facebook.com/externalhit_uatext.php)"
31.13.127.70 - - [19/Jan/2026:11:22:19 +0100] "GET /assets/js/jquery.firstVisitPopup.js HTTP/1.0" 200 1641 "-" "facebookexternalhit/1.1 (+http://www.facebook.com/externalhit_uatext.php)"
31.13.127.12 - - [19/Jan/2026:11:22:19 +0100] "GET /assets/js/css3-animate-it.js HTTP/1.0" 200 840 "-" "facebookexternalhit/1.1 (+http://www.facebook.com/externalhit_uatext.php)"
31.13.127.25 - - [19/Jan/2026:11:22:19 +0100] "GET /assets/js/normalpopup-onclick.js HTTP/1.0" 200 844 "-" "facebookexternalhit/1.1 (+http://www.facebook.com/externalhit_uatext.php)"
31.13.127.74 - - [19/Jan/2026:11:22:19 +0100] "GET /assets/js/jquery.validate.min.js HTTP/1.0" 200 844 "-" "facebookexternalhit/1.1 (+http://www.facebook.com/externalhit_uatext.php)"
31.13.127.85 - - [19/Jan/2026:11:22:20 +0100] "GET /assets/js/ion.rangeSlider.js HTTP/1.0" 200 840 "-" "facebookexternalhit/1.1 (+http://www.facebook.com/externalhit_uatext.php)"
31.13.127.75 - - [19/Jan/2026:11:22:20 +0100] "GET /assets/js/e-smart-zoom-jquery.min.js HTTP/1.0" 200 848 "-" "facebookexternalhit/1.1 (+http://www.facebook.com/externalhit_uatext.php)"
31.13.127.60 - - [19/Jan/2026:11:22:20 +0100] "GET /assets/js/additional-methods.min.js HTTP/1.0" 200 847 "-" "facebookexternalhit/1.1 (+http://www.facebook.com/externalhit_uatext.php)"
31.13.127.85 - - [19/Jan/2026:11:22:20 +0100] "GET /assets/js/owl.carousel.min.js HTTP/1.0" 200 4033 "-" "facebookexternalhit/1.1 (+http://www.facebook.com/externalhit_uatext.php)"
31.13.127.75 - - [19/Jan/2026:11:22:20 +0100] "GET /assets/js/form.js HTTP/1.0" 200 829 "-" "facebookexternalhit/1.1 (+http://www.facebook.com/externalhit_uatext.php)"
31.13.127.19 - - [19/Jan/2026:11:22:20 +0100] "GET /assets/js/jquery-1.9.1.min.js HTTP/1.0" 200 841 "-" "facebookexternalhit/1.1 (+http://www.facebook.com/externalhit_uatext.php)"
31.13.127.115 - - [19/Jan/2026:11:22:20 +0100] "GET /assets/js/modernizr.js HTTP/1.0" 200 834 "-" "facebookexternalhit/1.1 (+http://www.facebook.com/externalhit_uatext.php)"
31.13.127.74 - - [19/Jan/2026:11:22:20 +0100] "GET /assets/build/js/intlTelInput.js HTTP/1.0" 200 843 "-" "facebookexternalhit/1.1 (+http://www.facebook.com/externalhit_uatext.php)"
31.13.127.8 - - [19/Jan/2026:11:22:20 +0100] "GET /assets/js/jquery.fancybox.js HTTP/1.0" 200 4032 "-" "facebookexternalhit/1.1 (+http://www.facebook.com/externalhit_uatext.php)"
31.13.127.64 - - [19/Jan/2026:11:22:21 +0100] "GET /assets/images/Infographics_BKC.pdf HTTP/1.0" 200 4038 "-" "facebookexternalhit/1.1 (+http://www.facebook.com/externalhit_uatext.php)"
216.73.216.182 - - [19/Jan/2026:11:22:22 +0100] "GET /sitemap349.xml HTTP/1.0" 301 4312 "-" "Mozilla/5.0 AppleWebKit/537.36 (KHTML, like Gecko; compatible; ClaudeBot/1.0; +claudebot@anthropic.com)"
111.68.6.182 - - [19/Jan/2026:11:22:44 +0100] "GET /Adminbeat/login.asp HTTP/1.0" 301 4348 "-" "Mozilla/5.0 (Windows NT 10.0; WOW64; rv:48.0) Gecko/20100101 Firefox/48.0"
111.68.6.182 - - [19/Jan/2026:11:22:44 +0100] "GET /js/welcome.min.js HTTP/1.0" 301 4348 "-" "Mozilla/5.0 (Windows NT 10.0; WOW64; rv:48.0) Gecko/20100101 Firefox/48.0"
123.252.204.166 - - [19/Jan/2026:11:22:44 +0100] "POST /autodiscover/autodiscover.xml HTTP/1.0" 301 4312 "-" "Microsoft Office/16.0 (Windows NT 10.0; Microsoft Outlook 16.0.5452; Pro)"
111.68.6.182 - - [19/Jan/2026:11:22:46 +0100] "GET / HTTP/1.0" 200 18691 "-" "Mozilla/5.0 (Windows NT 10.0; WOW64; rv:48.0) Gecko/20100101 Firefox/48.0"
123.252.204.166 - - [19/Jan/2026:11:22:46 +0100] "POST / HTTP/1.0" 200 91252 "-" "Microsoft Office/16.0 (Windows NT 10.0; Microsoft Outlook 16.0.5452; Pro)"
111.68.6.182 - - [19/Jan/2026:11:22:46 +0100] "GET / HTTP/1.0" 200 21883 "-" "Mozilla/5.0 (Windows NT 10.0; WOW64; rv:48.0) Gecko/20100101 Firefox/48.0"
123.252.204.166 - - [19/Jan/2026:11:22:59 +0100] "POST /autodiscover/autodiscover.xml HTTP/1.0" 301 4180 "-" "Microsoft Office/16.0 (Windows NT 10.0; Microsoft Outlook 16.0.5452; Pro)"
123.252.204.166 - - [19/Jan/2026:11:23:00 +0100] "POST / HTTP/1.0" 200 88076 "-" "Microsoft Office/16.0 (Windows NT 10.0; Microsoft Outlook 16.0.5452; Pro)"
66.249.84.193 - - [19/Jan/2026:11:23:30 +0100] "GET /images/omkar-emailer-logo.jpg HTTP/1.0" 301 4348 "-" "Mozilla/5.0 (Windows NT 5.1; rv:11.0) Gecko Firefox/11.0 (via ggpht.com GoogleImageProxy)"
66.249.84.194 - - [19/Jan/2026:11:23:32 +0100] "GET / HTTP/1.0" 200 18822 "-" "Mozilla/5.0 (Windows NT 5.1; rv:11.0) Gecko Firefox/11.0 (via ggpht.com GoogleImageProxy)"
49.13.24.81 - - [19/Jan/2026:11:24:15 +0100] "HEAD / HTTP/1.0" 200 4248 "http://omkar.com/" "Mozilla/5.0+(compatible; UptimeRobot/2.0; http://www.uptimerobot.com/)"
103.178.62.32 - - [19/Jan/2026:11:24:24 +0100] "GET /ongoing-residential-projects-mumbai/omkar-alta-monte-malad HTTP/1.0" 200 22031 "-" "Mozilla/5.0 (Linux; U; Android 15; en-gb; CPH2495 Build/AP3A.240617.008) AppleWebKit/537.36 (KHTML, like Gecko) Chrome/125.0.6422.72 Mobile Safari/537.36 HeyTapBrowser/45.13.4.1"
103.178.62.32 - - [19/Jan/2026:11:24:26 +0100] "GET /assets/css/bootstrap.min.css HTTP/1.0" 200 4025 "https://www.omkar.com/ongoing-residential-projects-mumbai/omkar-alta-monte-malad" "Mozilla/5.0 (Linux; U; Android 15; en-gb; CPH2495 Build/AP3A.240617.008) AppleWebKit/537.36 (KHTML, like Gecko) Chrome/125.0.6422.72 Mobile Safari/537.36 HeyTapBrowser/45.13.4.1"
103.178.62.32 - - [19/Jan/2026:11:24:26 +0100] "GET /assets/css/omkarStyle.css HTTP/1.0" 200 830 "https://www.omkar.com/ongoing-residential-projects-mumbai/omkar-alta-monte-malad" "Mozilla/5.0 (Linux; U; Android 15; en-gb; CPH2495 Build/AP3A.240617.008) AppleWebKit/537.36 (KHTML, like Gecko) Chrome/125.0.6422.72 Mobile Safari/537.36 HeyTapBrowser/45.13.4.1"
103.178.62.32 - - [19/Jan/2026:11:24:26 +0100] "GET /assets/build/css/intlTelInput.css HTTP/1.0" 200 838 "https://www.omkar.com/ongoing-residential-projects-mumbai/omkar-alta-monte-malad" "Mozilla/5.0 (Linux; U; Android 15; en-gb; CPH2495 Build/AP3A.240617.008) AppleWebKit/537.36 (KHTML, like Gecko) Chrome/125.0.6422.72 Mobile Safari/537.36 HeyTapBrowser/45.13.4.1"
103.178.62.32 - - [19/Jan/2026:11:24:26 +0100] "GET /assets/css/jquery.fancybox.css HTTP/1.0" 200 835 "https://www.omkar.com/ongoing-residential-projects-mumbai/omkar-alta-monte-malad" "Mozilla/5.0 (Linux; U; Android 15; en-gb; CPH2495 Build/AP3A.240617.008) AppleWebKit/537.36 (KHTML, like Gecko) Chrome/125.0.6422.72 Mobile Safari/537.36 HeyTapBrowser/45.13.4.1"
103.178.62.32 - - [19/Jan/2026:11:24:26 +0100] "GET /assets/css/responsive.css HTTP/1.0" 200 830 "https://www.omkar.com/ongoing-residential-projects-mumbai/omkar-alta-monte-malad" "Mozilla/5.0 (Linux; U; Android 15; en-gb; CPH2495 Build/AP3A.240617.008) AppleWebKit/537.36 (KHTML, like Gecko) Chrome/125.0.6422.72 Mobile Safari/537.36 HeyTapBrowser/45.13.4.1"
103.178.62.32 - - [19/Jan/2026:11:24:26 +0100] "GET /assets/css/animate.css HTTP/1.0" 200 827 "https://www.omkar.com/ongoing-residential-projects-mumbai/omkar-alta-monte-malad" "Mozilla/5.0 (Linux; U; Android 15; en-gb; CPH2495 Build/AP3A.240617.008) AppleWebKit/537.36 (KHTML, like Gecko) Chrome/125.0.6422.72 Mobile Safari/537.36 HeyTapBrowser/45.13.4.1"
103.178.62.32 - - [19/Jan/2026:11:24:26 +0100] "GET /assets/css/owl.carousel.min.css HTTP/1.0" 200 836 "https://www.omkar.com/ongoing-residential-projects-mumbai/omkar-alta-monte-malad" "Mozilla/5.0 (Linux; U; Android 15; en-gb; CPH2495 Build/AP3A.240617.008) AppleWebKit/537.36 (KHTML, like Gecko) Chrome/125.0.6422.72 Mobile Safari/537.36 HeyTapBrowser/45.13.4.1"
103.178.62.32 - - [19/Jan/2026:11:24:26 +0100] "GET /assets/css/font-awesome/css/font-awesome.min.css HTTP/1.0" 200 853 "https://www.omkar.com/ongoing-residential-projects-mumbai/omkar-alta-monte-malad" "Mozilla/5.0 (Linux; U; Android 15; en-gb; CPH2495 Build/AP3A.240617.008) AppleWebKit/537.36 (KHTML, like Gecko) Chrome/125.0.6422.72 Mobile Safari/537.36 HeyTapBrowser/45.13.4.1"
103.178.62.32 - - [19/Jan/2026:11:24:26 +0100] "GET /assets/css/reset.css HTTP/1.0" 200 1367 "https://www.omkar.com/ongoing-residential-projects-mumbai/omkar-alta-monte-malad" "Mozilla/5.0 (Linux; U; Android 15; en-gb; CPH2495 Build/AP3A.240617.008) AppleWebKit/537.36 (KHTML, like Gecko) Chrome/125.0.6422.72 Mobile Safari/537.36 HeyTapBrowser/45.13.4.1"
103.178.62.32 - - [19/Jan/2026:11:24:26 +0100] "GET /assets/css/ion.rangeSlider.css HTTP/1.0" 200 835 "https://www.omkar.com/ongoing-residential-projects-mumbai/omkar-alta-monte-malad" "Mozilla/5.0 (Linux; U; Android 15; en-gb; CPH2495 Build/AP3A.240617.008) AppleWebKit/537.36 (KHTML, like Gecko) Chrome/125.0.6422.72 Mobile Safari/537.36 HeyTapBrowser/45.13.4.1"
103.178.62.32 - - [19/Jan/2026:11:24:26 +0100] "GET /assets/images/logo.png HTTP/1.0" 200 828 "https://www.omkar.com/ongoing-residential-projects-mumbai/omkar-alta-monte-malad" "Mozilla/5.0 (Linux; U; Android 15; en-gb; CPH2495 Build/AP3A.240617.008) AppleWebKit/537.36 (KHTML, like Gecko) Chrome/125.0.6422.72 Mobile Safari/537.36 HeyTapBrowser/45.13.4.1"
103.178.62.32 - - [19/Jan/2026:11:24:26 +0100] "GET /assets/images/refresh.png HTTP/1.0" 200 1315 "https://www.omkar.com/ongoing-residential-projects-mumbai/omkar-alta-monte-malad" "Mozilla/5.0 (Linux; U; Android 15; en-gb; CPH2495 Build/AP3A.240617.008) AppleWebKit/537.36 (KHTML, like Gecko) Chrome/125.0.6422.72 Mobile Safari/537.36 HeyTapBrowser/45.13.4.1"
103.178.62.32 - - [19/Jan/2026:11:24:26 +0100] "GET /assets/images/whatsapp-dsk.png HTTP/1.0" 200 836 "https://www.omkar.com/ongoing-residential-projects-mumbai/omkar-alta-monte-malad" "Mozilla/5.0 (Linux; U; Android 15; en-gb; CPH2495 Build/AP3A.240617.008) AppleWebKit/537.36 (KHTML, like Gecko) Chrome/125.0.6422.72 Mobile Safari/537.36 HeyTapBrowser/45.13.4.1"
103.178.62.32 - - [19/Jan/2026:11:24:27 +0100] "GET /assets/images/whatsapp.png HTTP/1.0" 200 832 "https://www.omkar.com/ongoing-residential-projects-mumbai/omkar-alta-monte-malad" "Mozilla/5.0 (Linux; U; Android 15; en-gb; CPH2495 Build/AP3A.240617.008) AppleWebKit/537.36 (KHTML, like Gecko) Chrome/125.0.6422.72 Mobile Safari/537.36 HeyTapBrowser/45.13.4.1"
103.178.62.32 - - [19/Jan/2026:11:24:27 +0100] "GET /assets/js/jquery-1.9.1.min.js HTTP/1.0" 200 841 "https://www.omkar.com/ongoing-residential-projects-mumbai/omkar-alta-monte-malad" "Mozilla/5.0 (Linux; U; Android 15; en-gb; CPH2495 Build/AP3A.240617.008) AppleWebKit/537.36 (KHTML, like Gecko) Chrome/125.0.6422.72 Mobile Safari/537.36 HeyTapBrowser/45.13.4.1"
103.178.62.32 - - [19/Jan/2026:11:24:27 +0100] "GET /assets/build/js/intlTelInput.js HTTP/1.0" 200 4035 "https://www.omkar.com/ongoing-residential-projects-mumbai/omkar-alta-monte-malad" "Mozilla/5.0 (Linux; U; Android 15; en-gb; CPH2495 Build/AP3A.240617.008) AppleWebKit/537.36 (KHTML, like Gecko) Chrome/125.0.6422.72 Mobile Safari/537.36 HeyTapBrowser/45.13.4.1"
103.178.62.32 - - [19/Jan/2026:11:24:27 +0100] "GET /assets/js/owl.carousel.min.js HTTP/1.0" 200 4033 "https://www.omkar.com/ongoing-residential-projects-mumbai/omkar-alta-monte-malad" "Mozilla/5.0 (Linux; U; Android 15; en-gb; CPH2495 Build/AP3A.240617.008) AppleWebKit/537.36 (KHTML, like Gecko) Chrome/125.0.6422.72 Mobile Safari/537.36 HeyTapBrowser/45.13.4.1"
103.178.62.32 - - [19/Jan/2026:11:24:27 +0100] "GET /assets/js/jquery.mousewheel.min.js HTTP/1.0" 200 4038 "https://www.omkar.com/ongoing-residential-projects-mumbai/omkar-alta-monte-malad" "Mozilla/5.0 (Linux; U; Android 15; en-gb; CPH2495 Build/AP3A.240617.008) AppleWebKit/537.36 (KHTML, like Gecko) Chrome/125.0.6422.72 Mobile Safari/537.36 HeyTapBrowser/45.13.4.1"
103.178.62.32 - - [19/Jan/2026:11:24:27 +0100] "GET /assets/js/jquery.validate.min.js HTTP/1.0" 200 4036 "https://www.omkar.com/ongoing-residential-projects-mumbai/omkar-alta-monte-malad" "Mozilla/5.0 (Linux; U; Android 15; en-gb; CPH2495 Build/AP3A.240617.008) AppleWebKit/537.36 (KHTML, like Gecko) Chrome/125.0.6422.72 Mobile Safari/537.36 HeyTapBrowser/45.13.4.1"
103.178.62.32 - - [19/Jan/2026:11:24:27 +0100] "GET /assets/js/ion.rangeSlider.js HTTP/1.0" 200 4032 "https://www.omkar.com/ongoing-residential-projects-mumbai/omkar-alta-monte-malad" "Mozilla/5.0 (Linux; U; Android 15; en-gb; CPH2495 Build/AP3A.240617.008) AppleWebKit/537.36 (KHTML, like Gecko) Chrome/125.0.6422.72 Mobile Safari/537.36 HeyTapBrowser/45.13.4.1"
103.178.62.32 - - [19/Jan/2026:11:24:27 +0100] "GET /assets/js/form.js HTTP/1.0" 200 4021 "https://www.omkar.com/ongoing-residential-projects-mumbai/omkar-alta-monte-malad" "Mozilla/5.0 (Linux; U; Android 15; en-gb; CPH2495 Build/AP3A.240617.008) AppleWebKit/537.36 (KHTML, like Gecko) Chrome/125.0.6422.72 Mobile Safari/537.36 HeyTapBrowser/45.13.4.1"
103.178.62.32 - - [19/Jan/2026:11:24:27 +0100] "GET /assets/js/jquery.fancybox.js HTTP/1.0" 200 4032 "https://www.omkar.com/ongoing-residential-projects-mumbai/omkar-alta-monte-malad" "Mozilla/5.0 (Linux; U; Android 15; en-gb; CPH2495 Build/AP3A.240617.008) AppleWebKit/537.36 (KHTML, like Gecko) Chrome/125.0.6422.72 Mobile Safari/537.36 HeyTapBrowser/45.13.4.1"
103.178.62.32 - - [19/Jan/2026:11:24:27 +0100] "GET /assets/css/font-awesome/fonts/fontawesome-webfont.woff2?v=4.7.0 HTTP/1.0" 200 4054 "https://www.omkar.com/assets/css/font-awesome/css/font-awesome.min.css" "Mozilla/5.0 (Linux; U; Android 15; en-gb; CPH2495 Build/AP3A.240617.008) AppleWebKit/537.36 (KHTML, like Gecko) Chrome/125.0.6422.72 Mobile Safari/537.36 HeyTapBrowser/45.13.4.1"
103.178.62.32 - - [19/Jan/2026:11:24:28 +0100] "GET /assets/js/career.js HTTP/1.0" 200 1182 "https://www.omkar.com/ongoing-residential-projects-mumbai/omkar-alta-monte-malad" "Mozilla/5.0 (Linux; U; Android 15; en-gb; CPH2495 Build/AP3A.240617.008) AppleWebKit/537.36 (KHTML, like Gecko) Chrome/125.0.6422.72 Mobile Safari/537.36 HeyTapBrowser/45.13.4.1"
103.178.62.32 - - [19/Jan/2026:11:24:28 +0100] "GET /assets/js/jquery.firstVisitPopup.js HTTP/1.0" 200 1366 "https://www.omkar.com/ongoing-residential-projects-mumbai/omkar-alta-monte-malad" "Mozilla/5.0 (Linux; U; Android 15; en-gb; CPH2495 Build/AP3A.240617.008) AppleWebKit/537.36 (KHTML, like Gecko) Chrome/125.0.6422.72 Mobile Safari/537.36 HeyTapBrowser/45.13.4.1"
103.178.62.32 - - [19/Jan/2026:11:24:28 +0100] "GET /assets/js/normalpopup-onclick.js HTTP/1.0" 200 844 "https://www.omkar.com/ongoing-residential-projects-mumbai/omkar-alta-monte-malad" "Mozilla/5.0 (Linux; U; Android 15; en-gb; CPH2495 Build/AP3A.240617.008) AppleWebKit/537.36 (KHTML, like Gecko) Chrome/125.0.6422.72 Mobile Safari/537.36 HeyTapBrowser/45.13.4.1"
103.178.62.32 - - [19/Jan/2026:11:24:28 +0100] "GET /assets/js/custom.js HTTP/1.0" 200 831 "https://www.omkar.com/ongoing-residential-projects-mumbai/omkar-alta-monte-malad" "Mozilla/5.0 (Linux; U; Android 15; en-gb; CPH2495 Build/AP3A.240617.008) AppleWebKit/537.36 (KHTML, like Gecko) Chrome/125.0.6422.72 Mobile Safari/537.36 HeyTapBrowser/45.13.4.1"
103.178.62.32 - - [19/Jan/2026:11:24:28 +0100] "GET /assets/js/e-smart-zoom-jquery.min.js HTTP/1.0" 200 848 "https://www.omkar.com/ongoing-residential-projects-mumbai/omkar-alta-monte-malad" "Mozilla/5.0 (Linux; U; Android 15; en-gb; CPH2495 Build/AP3A.240617.008) AppleWebKit/537.36 (KHTML, like Gecko) Chrome/125.0.6422.72 Mobile Safari/537.36 HeyTapBrowser/45.13.4.1"
103.178.62.32 - - [19/Jan/2026:11:24:28 +0100] "GET /assets/css/normalpop.css HTTP/1.0" 200 829 "https://www.omkar.com/ongoing-residential-projects-mumbai/omkar-alta-monte-malad" "Mozilla/5.0 (Linux; U; Android 15; en-gb; CPH2495 Build/AP3A.240617.008) AppleWebKit/537.36 (KHTML, like Gecko) Chrome/125.0.6422.72 Mobile Safari/537.36 HeyTapBrowser/45.13.4.1"
103.178.62.32 - - [19/Jan/2026:11:24:28 +0100] "GET /assets/js/modernizr.js HTTP/1.0" 200 834 "https://www.omkar.com/ongoing-residential-projects-mumbai/omkar-alta-monte-malad" "Mozilla/5.0 (Linux; U; Android 15; en-gb; CPH2495 Build/AP3A.240617.008) AppleWebKit/537.36 (KHTML, like Gecko) Chrome/125.0.6422.72 Mobile Safari/537.36 HeyTapBrowser/45.13.4.1"
103.178.62.32 - - [19/Jan/2026:11:24:28 +0100] "GET /assets/js/additional-methods.min.js HTTP/1.0" 200 847 "https://www.omkar.com/ongoing-residential-projects-mumbai/omkar-alta-monte-malad" "Mozilla/5.0 (Linux; U; Android 15; en-gb; CPH2495 Build/AP3A.240617.008) AppleWebKit/537.36 (KHTML, like Gecko) Chrome/125.0.6422.72 Mobile Safari/537.36 HeyTapBrowser/45.13.4.1"
103.178.62.32 - - [19/Jan/2026:11:24:28 +0100] "GET /assets/js/css3-animate-it.js HTTP/1.0" 200 840 "https://www.omkar.com/ongoing-residential-projects-mumbai/omkar-alta-monte-malad" "Mozilla/5.0 (Linux; U; Android 15; en-gb; CPH2495 Build/AP3A.240617.008) AppleWebKit/537.36 (KHTML, like Gecko) Chrome/125.0.6422.72 Mobile Safari/537.36 HeyTapBrowser/45.13.4.1"
103.178.62.32 - - [19/Jan/2026:11:24:28 +0100] "GET /assets/images/down-arw.png HTTP/1.0" 200 832 "https://www.omkar.com/ongoing-residential-projects-mumbai/omkar-alta-monte-malad" "Mozilla/5.0 (Linux; U; Android 15; en-gb; CPH2495 Build/AP3A.240617.008) AppleWebKit/537.36 (KHTML, like Gecko) Chrome/125.0.6422.72 Mobile Safari/537.36 HeyTapBrowser/45.13.4.1"
103.178.62.32 - - [19/Jan/2026:11:24:28 +0100] "GET /uploads/banners/1664457071511173564web-banner-600x800px-020922.jpg HTTP/1.0" 200 873 "https://www.omkar.com/ongoing-residential-projects-mumbai/omkar-alta-monte-malad" "Mozilla/5.0 (Linux; U; Android 15; en-gb; CPH2495 Build/AP3A.240617.008) AppleWebKit/537.36 (KHTML, like Gecko) Chrome/125.0.6422.72 Mobile Safari/537.36 HeyTapBrowser/45.13.4.1"
103.178.62.32 - - [19/Jan/2026:11:24:28 +0100] "GET /uploads/amenities/1522143438555664198small.jpg HTTP/1.0" 200 853 "https://www.omkar.com/ongoing-residential-projects-mumbai/omkar-alta-monte-malad" "Mozilla/5.0 (Linux; U; Android 15; en-gb; CPH2495 Build/AP3A.240617.008) AppleWebKit/537.36 (KHTML, like Gecko) Chrome/125.0.6422.72 Mobile Safari/537.36 HeyTapBrowser/45.13.4.1"
103.178.62.32 - - [19/Jan/2026:11:24:28 +0100] "GET /uploads/projects/logo_image/149932512865188924.png HTTP/1.0" 200 856 "https://www.omkar.com/ongoing-residential-projects-mumbai/omkar-alta-monte-malad" "Mozilla/5.0 (Linux; U; Android 15; en-gb; CPH2495 Build/AP3A.240617.008) AppleWebKit/537.36 (KHTML, like Gecko) Chrome/125.0.6422.72 Mobile Safari/537.36 HeyTapBrowser/45.13.4.1"
103.178.62.32 - - [19/Jan/2026:11:24:28 +0100] "GET /uploads/amenities/152214375913775224551516000535180267044515053054481556912027ELEVATED%20JOGGING%20TRACK.jpg HTTP/1.0" 200 911 "https://www.omkar.com/ongoing-residential-projects-mumbai/omkar-alta-monte-malad" "Mozilla/5.0 (Linux; U; Android 15; en-gb; CPH2495 Build/AP3A.240617.008) AppleWebKit/537.36 (KHTML, like Gecko) Chrome/125.0.6422.72 Mobile Safari/537.36 HeyTapBrowser/45.13.4.1"
103.178.62.32 - - [19/Jan/2026:11:24:28 +0100] "GET /uploads/amenities/152214374427559395015053055401466475491EXCLUSIVE%20DOG%20PARK.jpg HTTP/1.0" 200 886 "https://www.omkar.com/ongoing-residential-projects-mumbai/omkar-alta-monte-malad" "Mozilla/5.0 (Linux; U; Android 15; en-gb; CPH2495 Build/AP3A.240617.008) AppleWebKit/537.36 (KHTML, like Gecko) Chrome/125.0.6422.72 Mobile Safari/537.36 HeyTapBrowser/45.13.4.1"
103.178.62.32 - - [19/Jan/2026:11:24:28 +0100] "GET /uploads/amenities/152214376341868857151600061316469799941505305909325669391Kids%20play%20area.jpg HTTP/1.0" 200 900 "https://www.omkar.com/ongoing-residential-projects-mumbai/omkar-alta-monte-malad" "Mozilla/5.0 (Linux; U; Android 15; en-gb; CPH2495 Build/AP3A.240617.008) AppleWebKit/537.36 (KHTML, like Gecko) Chrome/125.0.6422.72 Mobile Safari/537.36 HeyTapBrowser/45.13.4.1"
103.178.62.32 - - [19/Jan/2026:11:24:28 +0100] "GET /assets/images/drectn-right-arw.png HTTP/1.0" 200 840 "https://www.omkar.com/ongoing-residential-projects-mumbai/omkar-alta-monte-malad" "Mozilla/5.0 (Linux; U; Android 15; en-gb; CPH2495 Build/AP3A.240617.008) AppleWebKit/537.36 (KHTML, like Gecko) Chrome/125.0.6422.72 Mobile Safari/537.36 HeyTapBrowser/45.13.4.1"
103.178.62.32 - - [19/Jan/2026:11:24:28 +0100] "GET /uploads/amenities/15221437675863678881505305999569887558SPA%20BY%20ELLE%20SPA,%20PARIS.jpg HTTP/1.0" 200 889 "https://www.omkar.com/ongoing-residential-projects-mumbai/omkar-alta-monte-malad" "Mozilla/5.0 (Linux; U; Android 15; en-gb; CPH2495 Build/AP3A.240617.008) AppleWebKit/537.36 (KHTML, like Gecko) Chrome/125.0.6422.72 Mobile Safari/537.36 HeyTapBrowser/45.13.4.1"
103.178.62.32 - - [19/Jan/2026:11:24:28 +0100] "GET /uploads/amenities/15221437711679667174151600058745132170215053058771579136502INFINITY%20POOL.jpg HTTP/1.0" 200 901 "https://www.omkar.com/ongoing-residential-projects-mumbai/omkar-alta-monte-malad" "Mozilla/5.0 (Linux; U; Android 15; en-gb; CPH2495 Build/AP3A.240617.008) AppleWebKit/537.36 (KHTML, like Gecko) Chrome/125.0.6422.72 Mobile Safari/537.36 HeyTapBrowser/45.13.4.1"
103.178.62.32 - - [19/Jan/2026:11:24:28 +0100] "GET /assets/images/roadblock.jpg HTTP/1.0" 200 834 "https://www.omkar.com/ongoing-residential-projects-mumbai/omkar-alta-monte-malad" "Mozilla/5.0 (Linux; U; Android 15; en-gb; CPH2495 Build/AP3A.240617.008) AppleWebKit/537.36 (KHTML, like Gecko) Chrome/125.0.6422.72 Mobile Safari/537.36 HeyTapBrowser/45.13.4.1"
103.178.62.32 - - [19/Jan/2026:11:24:28 +0100] "GET /uploads/construction_updates/160222847727058684B%20wing.jpg HTTP/1.0" 200 864 "https://www.omkar.com/ongoing-residential-projects-mumbai/omkar-alta-monte-malad" "Mozilla/5.0 (Linux; U; Android 15; en-gb; CPH2495 Build/AP3A.240617.008) AppleWebKit/537.36 (KHTML, like Gecko) Chrome/125.0.6422.72 Mobile Safari/537.36 HeyTapBrowser/45.13.4.1"
103.178.62.32 - - [19/Jan/2026:11:24:28 +0100] "GET /uploads/construction_updates/15519512251612623301A%20WING.JPG HTTP/1.0" 200 866 "https://www.omkar.com/ongoing-residential-projects-mumbai/omkar-alta-monte-malad" "Mozilla/5.0 (Linux; U; Android 15; en-gb; CPH2495 Build/AP3A.240617.008) AppleWebKit/537.36 (KHTML, like Gecko) Chrome/125.0.6422.72 Mobile Safari/537.36 HeyTapBrowser/45.13.4.1"
103.178.62.32 - - [19/Jan/2026:11:24:28 +0100] "GET /uploads/construction_updates/1551951213544199958C%20wing.jpg HTTP/1.0" 200 865 "https://www.omkar.com/ongoing-residential-projects-mumbai/omkar-alta-monte-malad" "Mozilla/5.0 (Linux; U; Android 15; en-gb; CPH2495 Build/AP3A.240617.008) AppleWebKit/537.36 (KHTML, like Gecko) Chrome/125.0.6422.72 Mobile Safari/537.36 HeyTapBrowser/45.13.4.1"
103.178.62.32 - - [19/Jan/2026:11:24:28 +0100] "GET /uploads/amenities/15221436132022374739150530556881529492FITNESS%20CENTRE%20&%20GYMNASIUM.jpg HTTP/1.0" 200 893 "https://www.omkar.com/ongoing-residential-projects-mumbai/omkar-alta-monte-malad" "Mozilla/5.0 (Linux; U; Android 15; en-gb; CPH2495 Build/AP3A.240617.008) AppleWebKit/537.36 (KHTML, like Gecko) Chrome/125.0.6422.72 Mobile Safari/537.36 HeyTapBrowser/45.13.4.1"
103.178.62.32 - - [19/Jan/2026:11:24:28 +0100] "GET /uploads/street_map_img/15160005138234767781503574168909962168alta%20monte%20map.jpg HTTP/1.0" 200 886 "https://www.omkar.com/ongoing-residential-projects-mumbai/omkar-alta-monte-malad" "Mozilla/5.0 (Linux; U; Android 15; en-gb; CPH2495 Build/AP3A.240617.008) AppleWebKit/537.36 (KHTML, like Gecko) Chrome/125.0.6422.72 Mobile Safari/537.36 HeyTapBrowser/45.13.4.1"
103.178.62.32 - - [19/Jan/2026:11:24:28 +0100] "GET /uploads/floor_plan/1664456491733655493.jpeg HTTP/1.0" 200 850 "https://www.omkar.com/ongoing-residential-projects-mumbai/omkar-alta-monte-malad" "Mozilla/5.0 (Linux; U; Android 15; en-gb; CPH2495 Build/AP3A.240617.008) AppleWebKit/537.36 (KHTML, like Gecko) Chrome/125.0.6422.72 Mobile Safari/537.36 HeyTapBrowser/45.13.4.1"
103.178.62.32 - - [19/Jan/2026:11:24:28 +0100] "GET /assets/images/instagram.png HTTP/1.0" 200 833 "https://www.omkar.com/ongoing-residential-projects-mumbai/omkar-alta-monte-malad" "Mozilla/5.0 (Linux; U; Android 15; en-gb; CPH2495 Build/AP3A.240617.008) AppleWebKit/537.36 (KHTML, like Gecko) Chrome/125.0.6422.72 Mobile Safari/537.36 HeyTapBrowser/45.13.4.1"
103.178.62.32 - - [19/Jan/2026:11:24:28 +0100] "GET /assets/images/enquiry-bg.jpg HTTP/1.0" 200 835 "https://www.omkar.com/assets/css/omkarStyle.css" "Mozilla/5.0 (Linux; U; Android 15; en-gb; CPH2495 Build/AP3A.240617.008) AppleWebKit/537.36 (KHTML, like Gecko) Chrome/125.0.6422.72 Mobile Safari/537.36 HeyTapBrowser/45.13.4.1"
103.178.62.32 - - [19/Jan/2026:11:24:28 +0100] "GET /assets/images/blog.png HTTP/1.0" 200 828 "https://www.omkar.com/ongoing-residential-projects-mumbai/omkar-alta-monte-malad" "Mozilla/5.0 (Linux; U; Android 15; en-gb; CPH2495 Build/AP3A.240617.008) AppleWebKit/537.36 (KHTML, like Gecko) Chrome/125.0.6422.72 Mobile Safari/537.36 HeyTapBrowser/45.13.4.1"
103.178.62.32 - - [19/Jan/2026:11:24:28 +0100] "GET /assets/images/in-icon.png HTTP/1.0" 200 831 "https://www.omkar.com/ongoing-residential-projects-mumbai/omkar-alta-monte-malad" "Mozilla/5.0 (Linux; U; Android 15; en-gb; CPH2495 Build/AP3A.240617.008) AppleWebKit/537.36 (KHTML, like Gecko) Chrome/125.0.6422.72 Mobile Safari/537.36 HeyTapBrowser/45.13.4.1"
103.178.62.32 - - [19/Jan/2026:11:24:28 +0100] "GET /assets/images/t-icon.png HTTP/1.0" 200 830 "https://www.omkar.com/ongoing-residential-projects-mumbai/omkar-alta-monte-malad" "Mozilla/5.0 (Linux; U; Android 15; en-gb; CPH2495 Build/AP3A.240617.008) AppleWebKit/537.36 (KHTML, like Gecko) Chrome/125.0.6422.72 Mobile Safari/537.36 HeyTapBrowser/45.13.4.1"
103.178.62.32 - - [19/Jan/2026:11:24:28 +0100] "GET /assets/images/f-icon.png HTTP/1.0" 200 830 "https://www.omkar.com/ongoing-residential-projects-mumbai/omkar-alta-monte-malad" "Mozilla/5.0 (Linux; U; Android 15; en-gb; CPH2495 Build/AP3A.240617.008) AppleWebKit/537.36 (KHTML, like Gecko) Chrome/125.0.6422.72 Mobile Safari/537.36 HeyTapBrowser/45.13.4.1"
103.178.62.32 - - [19/Jan/2026:11:24:28 +0100] "GET /assets/images/down-arrow.png HTTP/1.0" 200 834 "https://www.omkar.com/assets/css/omkarStyle.css" "Mozilla/5.0 (Linux; U; Android 15; en-gb; CPH2495 Build/AP3A.240617.008) AppleWebKit/537.36 (KHTML, like Gecko) Chrome/125.0.6422.72 Mobile Safari/537.36 HeyTapBrowser/45.13.4.1"
103.178.62.32 - - [19/Jan/2026:11:24:28 +0100] "GET /uploads/construction_updates/1602228416911228157D%20wing.jpg HTTP/1.0" 200 865 "https://www.omkar.com/ongoing-residential-projects-mumbai/omkar-alta-monte-malad" "Mozilla/5.0 (Linux; U; Android 15; en-gb; CPH2495 Build/AP3A.240617.008) AppleWebKit/537.36 (KHTML, like Gecko) Chrome/125.0.6422.72 Mobile Safari/537.36 HeyTapBrowser/45.13.4.1"
103.178.62.32 - - [19/Jan/2026:11:24:28 +0100] "GET /assets/images/y-icon.png HTTP/1.0" 200 830 "https://www.omkar.com/ongoing-residential-projects-mumbai/omkar-alta-monte-malad" "Mozilla/5.0 (Linux; U; Android 15; en-gb; CPH2495 Build/AP3A.240617.008) AppleWebKit/537.36 (KHTML, like Gecko) Chrome/125.0.6422.72 Mobile Safari/537.36 HeyTapBrowser/45.13.4.1"
103.178.62.32 - - [19/Jan/2026:11:24:26 +0100] "GET /home/generateCaptcha?id=2 HTTP/1.0" 200 5794 "https://www.omkar.com/ongoing-residential-projects-mumbai/omkar-alta-monte-malad" "Mozilla/5.0 (Linux; U; Android 15; en-gb; CPH2495 Build/AP3A.240617.008) AppleWebKit/537.36 (KHTML, like Gecko) Chrome/125.0.6422.72 Mobile Safari/537.36 HeyTapBrowser/45.13.4.1"
103.178.62.32 - - [19/Jan/2026:11:24:28 +0100] "GET /uploads/news/17848762781505216063.png HTTP/1.0" 301 1024 "https://www.omkar.com/ongoing-residential-projects-mumbai/omkar-alta-monte-malad" "Mozilla/5.0 (Linux; U; Android 15; en-gb; CPH2495 Build/AP3A.240617.008) AppleWebKit/537.36 (KHTML, like Gecko) Chrome/125.0.6422.72 Mobile Safari/537.36 HeyTapBrowser/45.13.4.1"
123.252.204.166 - - [19/Jan/2026:11:24:51 +0100] "POST /autodiscover/autodiscover.xml HTTP/1.0" 301 4180 "-" "Microsoft Office/16.0 (Windows NT 10.0; Microsoft Outlook 16.0.5452; Pro)"
123.252.204.166 - - [19/Jan/2026:11:24:52 +0100] "POST / HTTP/1.0" 200 91252 "-" "Microsoft Office/16.0 (Windows NT 10.0; Microsoft Outlook 16.0.5452; Pro)"
43.231.132.42 - - [19/Jan/2026:11:24:54 +0100] "POST /autodiscover/autodiscover.xml HTTP/1.0" 301 1004 "-" "Microsoft Office/16.0 (Windows NT 10.0; Microsoft Outlook 16.0.5452; Pro)"
123.252.204.166 - - [19/Jan/2026:11:24:55 +0100] "POST / HTTP/1.0" 200 88076 "-" "Microsoft Office/16.0 (Windows NT 10.0; Microsoft Outlook 16.0.5452; Pro)"
43.231.132.42 - - [19/Jan/2026:11:25:03 +0100] "POST /autodiscover/autodiscover.xml HTTP/1.0" 301 4180 "-" "Microsoft Office/16.0 (Windows NT 10.0; Microsoft Outlook 16.0.5452; Pro)"
123.252.204.166 - - [19/Jan/2026:11:25:04 +0100] "POST / HTTP/1.0" 200 91252 "-" "Microsoft Office/16.0 (Windows NT 10.0; Microsoft Outlook 16.0.5452; Pro)"
51.68.111.216 - - [19/Jan/2026:11:26:10 +0100] "GET /robots.txt HTTP/1.0" 200 4259 "-" "Mozilla/5.0 (compatible; MJ12bot/v2.0.4; http://mj12bot.com/)"
51.68.111.216 - - [19/Jan/2026:11:26:10 +0100] "GET / HTTP/1.0" 200 18822 "-" "Mozilla/5.0 (compatible; MJ12bot/v2.0.4; http://mj12bot.com/)"
49.13.134.145 - - [19/Jan/2026:11:26:53 +0100] "HEAD / HTTP/1.0" 200 4280 "http://www.omkar.com" "Mozilla/5.0+(compatible; UptimeRobot/2.0; http://www.uptimerobot.com/)"
123.252.204.166 - - [19/Jan/2026:11:27:11 +0100] "POST /autodiscover/autodiscover.xml HTTP/1.0" 301 4180 "-" "Microsoft Office/16.0 (Windows NT 10.0; Microsoft Outlook 16.0.5452; Pro)"
123.252.204.166 - - [19/Jan/2026:11:27:12 +0100] "POST / HTTP/1.0" 200 88076 "-" "Microsoft Office/16.0 (Windows NT 10.0; Microsoft Outlook 16.0.5452; Pro)"
115.113.133.21 - - [19/Jan/2026:11:27:26 +0100] "GET /images/omkar-emailer-logo.jpg HTTP/1.0" 301 4348 "-" "Mozilla/4.0 (compatible; ms-office; MSOffice 16)"
115.113.133.21 - - [19/Jan/2026:11:27:35 +0100] "GET /images/omkar-emailer-logo.jpg HTTP/1.0" 301 4216 "-" "Mozilla/4.0 (compatible; ms-office; MSOffice 16)"
115.113.133.21 - - [19/Jan/2026:11:27:36 +0100] "GET / HTTP/1.0" 200 21883 "-" "Mozilla/4.0 (compatible; ms-office; MSOffice 16)"
216.73.216.182 - - [19/Jan/2026:11:27:37 +0100] "GET /sitemap441.xml HTTP/1.0" 301 1152 "-" "Mozilla/5.0 AppleWebKit/537.36 (KHTML, like Gecko; compatible; ClaudeBot/1.0; +claudebot@anthropic.com)"
123.252.204.166 - - [19/Jan/2026:11:28:17 +0100] "POST /autodiscover/autodiscover.xml HTTP/1.0" 301 4312 "-" "Microsoft Office/16.0 (Windows NT 10.0; Microsoft Outlook 16.0.5452; Pro)"
123.252.204.166 - - [19/Jan/2026:11:28:18 +0100] "POST / HTTP/1.0" 200 88076 "-" "Microsoft Office/16.0 (Windows NT 10.0; Microsoft Outlook 16.0.5452; Pro)"
64.233.173.228 - - [19/Jan/2026:11:28:25 +0100] "GET /omkar_admin/data_content/amenities/Omkar_Multipurpose_Hall1.png HTTP/1.0" 301 4348 "-" "Mozilla/5.0 (Windows NT 5.1; rv:11.0) Gecko Firefox/11.0 (via ggpht.com GoogleImageProxy)"
64.233.173.228 - - [19/Jan/2026:11:28:25 +0100] "GET /omkar_admin/data_content/amenities/jogging-track11.jpg HTTP/1.0" 301 1156 "-" "Mozilla/5.0 (Windows NT 5.1; rv:11.0) Gecko Firefox/11.0 (via ggpht.com GoogleImageProxy)"
64.233.173.229 - - [19/Jan/2026:11:28:25 +0100] "GET /omkar_admin/data_content/amenities/rooftop-garden.jpg HTTP/1.0" 301 4348 "-" "Mozilla/5.0 (Windows NT 5.1; rv:11.0) Gecko Firefox/11.0 (via ggpht.com GoogleImageProxy)"
64.233.173.229 - - [19/Jan/2026:11:28:25 +0100] "GET /omkar_admin/data_content/amenities/landscaped-garden6.jpg HTTP/1.0" 301 1156 "-" "Mozilla/5.0 (Windows NT 5.1; rv:11.0) Gecko Firefox/11.0 (via ggpht.com GoogleImageProxy)"
64.233.173.228 - - [19/Jan/2026:11:28:25 +0100] "GET /omkar_admin/data_content/amenities/outdoor-party.jpg HTTP/1.0" 301 1156 "-" "Mozilla/5.0 (Windows NT 5.1; rv:11.0) Gecko Firefox/11.0 (via ggpht.com GoogleImageProxy)"
64.233.173.228 - - [19/Jan/2026:11:28:26 +0100] "GET / HTTP/1.0" 200 18822 "-" "Mozilla/5.0 (Windows NT 5.1; rv:11.0) Gecko Firefox/11.0 (via ggpht.com GoogleImageProxy)"
64.233.173.230 - - [19/Jan/2026:11:28:26 +0100] "GET / HTTP/1.0" 200 18822 "-" "Mozilla/5.0 (Windows NT 5.1; rv:11.0) Gecko Firefox/11.0 (via ggpht.com GoogleImageProxy)"
64.233.173.230 - - [19/Jan/2026:11:28:26 +0100] "GET / HTTP/1.0" 200 18822 "-" "Mozilla/5.0 (Windows NT 5.1; rv:11.0) Gecko Firefox/11.0 (via ggpht.com GoogleImageProxy)"
64.233.173.230 - - [19/Jan/2026:11:28:26 +0100] "GET / HTTP/1.0" 200 22014 "-" "Mozilla/5.0 (Windows NT 5.1; rv:11.0) Gecko Firefox/11.0 (via ggpht.com GoogleImageProxy)"
64.233.173.230 - - [19/Jan/2026:11:28:26 +0100] "GET / HTTP/1.0" 200 18822 "-" "Mozilla/5.0 (Windows NT 5.1; rv:11.0) Gecko Firefox/11.0 (via ggpht.com GoogleImageProxy)"
43.231.132.42 - - [19/Jan/2026:11:29:20 +0100] "POST /autodiscover/autodiscover.xml HTTP/1.0" 301 4180 "-" "Microsoft Office/16.0 (Windows NT 10.0; Microsoft Outlook 16.0.5452; Pro)"
43.231.132.42 - - [19/Jan/2026:11:29:22 +0100] "POST / HTTP/1.0" 200 91252 "-" "Microsoft Office/16.0 (Windows NT 10.0; Microsoft Outlook 16.0.5452; Pro)"
49.13.24.81 - - [19/Jan/2026:11:29:22 +0100] "HEAD / HTTP/1.0" 200 1072 "http://omkar.com/" "Mozilla/5.0+(compatible; UptimeRobot/2.0; http://www.uptimerobot.com/)"
43.231.132.42 - - [19/Jan/2026:11:30:05 +0100] "POST /autodiscover/autodiscover.xml HTTP/1.0" 301 4180 "-" "Microsoft Office/16.0 (Windows NT 10.0; Microsoft Outlook 16.0.5452; Pro)"
43.231.132.42 - - [19/Jan/2026:11:30:06 +0100] "POST / HTTP/1.0" 200 91252 "-" "Microsoft Office/16.0 (Windows NT 10.0; Microsoft Outlook 16.0.5452; Pro)"
103.104.227.178 - - [19/Jan/2026:11:30:19 +0100] "GET /images/omkar-emailer-logo.jpg HTTP/1.0" 301 4348 "-" "Mozilla/4.0 (compatible; ms-office; MSOffice 16)"
103.104.227.178 - - [19/Jan/2026:11:30:19 +0100] "OPTIONS /images/ HTTP/1.0" 301 4348 "-" "Microsoft Office Outlook 2014"
103.104.227.178 - - [19/Jan/2026:11:30:20 +0100] "GET /images/omkar-emailer-logo.jpg HTTP/1.0" 301 1024 "-" "Mozilla/4.0 (compatible; ms-office; MSOffice 16)"
43.231.132.42 - - [19/Jan/2026:11:30:21 +0100] "POST /autodiscover/autodiscover.xml HTTP/1.0" 301 1020 "-" "Microsoft Office/16.0 (Windows NT 10.0; Microsoft Outlook 16.0.5452; Pro)"
103.104.227.178 - - [19/Jan/2026:11:30:20 +0100] "OPTIONS / HTTP/1.0" 200 88900 "-" "Microsoft Office Outlook 2014"
103.104.227.178 - - [19/Jan/2026:11:30:21 +0100] "GET / HTTP/1.0" 200 18691 "-" "Mozilla/4.0 (compatible; ms-office; MSOffice 16)"
43.231.132.42 - - [19/Jan/2026:11:30:22 +0100] "POST / HTTP/1.0" 200 88092 "-" "Microsoft Office/16.0 (Windows NT 10.0; Microsoft Outlook 16.0.5452; Pro)"
103.104.227.178 - - [19/Jan/2026:11:31:09 +0100] "GET /images/omkar-emailer-logo.jpg HTTP/1.0" 301 4348 "-" "Mozilla/4.0 (compatible; ms-office; MSOffice 16)"
103.104.227.178 - - [19/Jan/2026:11:31:11 +0100] "GET / HTTP/1.0" 200 21883 "-" "Mozilla/4.0 (compatible; ms-office; MSOffice 16)"
103.104.227.178 - - [19/Jan/2026:11:31:13 +0100] "GET /images/omkar-emailer-logo.jpg HTTP/1.0" 301 4216 "-" "Mozilla/4.0 (compatible; ms-office; MSOffice 16)"
103.104.227.178 - - [19/Jan/2026:11:31:14 +0100] "GET / HTTP/1.0" 200 21883 "-" "Mozilla/4.0 (compatible; ms-office; MSOffice 16)"
43.231.132.42 - - [19/Jan/2026:11:31:31 +0100] "POST /autodiscover/autodiscover.xml HTTP/1.0" 301 4180 "-" "Microsoft Office/16.0 (Windows NT 10.0; Microsoft Outlook 16.0.5452; Pro)"
43.231.132.42 - - [19/Jan/2026:11:31:32 +0100] "POST / HTTP/1.0" 200 91252 "-" "Microsoft Office/16.0 (Windows NT 10.0; Microsoft Outlook 16.0.5452; Pro)"
78.46.215.1 - - [19/Jan/2026:11:32:00 +0100] "HEAD / HTTP/1.0" 200 4280 "http://www.omkar.com" "Mozilla/5.0+(compatible; UptimeRobot/2.0; http://www.uptimerobot.com/)"
216.73.216.182 - - [19/Jan/2026:11:32:03 +0100] "GET /sitemap230.xml HTTP/1.0" 301 4312 "-" "Mozilla/5.0 AppleWebKit/537.36 (KHTML, like Gecko; compatible; ClaudeBot/1.0; +claudebot@anthropic.com)"
103.70.76.30 - - [19/Jan/2026:11:32:11 +0100] "GET /yseoa/login.php HTTP/1.0" 301 4348 "-" "Mozilla/5.0 (Windows NT 10.0; WOW64; rv:48.0) Gecko/20100101 Firefox/48.0"
103.70.76.30 - - [19/Jan/2026:11:32:12 +0100] "GET / HTTP/1.0" 200 21883 "-" "Mozilla/5.0 (Windows NT 10.0; WOW64; rv:48.0) Gecko/20100101 Firefox/48.0"
216.73.216.182 - - [19/Jan/2026:11:33:11 +0100] "GET /sitemap406.xml HTTP/1.0" 301 4312 "-" "Mozilla/5.0 AppleWebKit/537.36 (KHTML, like Gecko; compatible; ClaudeBot/1.0; +claudebot@anthropic.com)"
43.130.67.33 - - [19/Jan/2026:11:33:25 +0100] "GET /buyers-guide HTTP/1.0" 200 21917 "-" "Mozilla/5.0 (iPhone; CPU iPhone OS 13_2_3 like Mac OS X) AppleWebKit/605.1.15 (KHTML, like Gecko) Version/13.0.3 Mobile/15E148 Safari/604.1"
123.252.204.166 - - [19/Jan/2026:11:33:33 +0100] "POST /autodiscover/autodiscover.xml HTTP/1.0" 301 4312 "-" "Microsoft Office/16.0 (Windows NT 10.0; Microsoft Outlook 16.0.5452; Pro)"
123.252.204.166 - - [19/Jan/2026:11:33:34 +0100] "POST / HTTP/1.0" 200 88076 "-" "Microsoft Office/16.0 (Windows NT 10.0; Microsoft Outlook 16.0.5452; Pro)"
66.249.84.194 - - [19/Jan/2026:11:33:39 +0100] "GET /images/omkar-emailer-logo.jpg HTTP/1.0" 301 4348 "-" "Mozilla/5.0 (Windows NT 5.1; rv:11.0) Gecko Firefox/11.0 (via ggpht.com GoogleImageProxy)"
66.249.84.195 - - [19/Jan/2026:11:33:40 +0100] "GET / HTTP/1.0" 200 18822 "-" "Mozilla/5.0 (Windows NT 5.1; rv:11.0) Gecko Firefox/11.0 (via ggpht.com GoogleImageProxy)"
123.252.204.166 - - [19/Jan/2026:11:33:41 +0100] "POST /autodiscover/autodiscover.xml HTTP/1.0" 301 1020 "-" "Microsoft Office/16.0 (Windows NT 10.0; Microsoft Outlook 16.0.5452; Pro)"
123.252.204.166 - - [19/Jan/2026:11:33:43 +0100] "POST / HTTP/1.0" 200 88092 "-" "Microsoft Office/16.0 (Windows NT 10.0; Microsoft Outlook 16.0.5452; Pro)"
77.75.77.36 - - [19/Jan/2026:11:33:50 +0100] "GET /blogs/category/real-estate-news HTTP/1.0" 301 4348 "-" "Mozilla/5.0 (compatible; SeznamBot/4.0; +https://o-seznam.cz/napoveda/vyhledavani/en/seznambot-crawler/)"
66.249.84.193 - - [19/Jan/2026:11:33:59 +0100] "GET /images/omkar-emailer-logo.jpg HTTP/1.0" 301 4348 "-" "Mozilla/5.0 (Windows NT 5.1; rv:11.0) Gecko Firefox/11.0 (via ggpht.com GoogleImageProxy)"
66.249.84.195 - - [19/Jan/2026:11:34:00 +0100] "GET / HTTP/1.0" 200 18822 "-" "Mozilla/5.0 (Windows NT 5.1; rv:11.0) Gecko Firefox/11.0 (via ggpht.com GoogleImageProxy)"
66.249.84.195 - - [19/Jan/2026:11:34:02 +0100] "GET /images/omkar-emailer-logo.jpg HTTP/1.0" 301 1156 "-" "Mozilla/5.0 (Windows NT 5.1; rv:11.0) Gecko Firefox/11.0 (via ggpht.com GoogleImageProxy)"
