52.3.102.51 - - [19/Jan/2026:10:32:02 +0100] "GET /uploads/news/12374548551768478999.php?fileloc=/var/www/vhosts/omkar.com/httpdocs/uploads/home_page/1521717832558153579Mobile-Banner%20(1).jpg&path=/var/www/vhosts/omkar.com/httpdocs/uploads/home_page HTTP/1.0" 200 8392 "-" "Mozilla/5.0 AppleWebKit/537.36 (KHTML, like Gecko; compatible; Amazonbot/0.1; +https://developer.amazon.com/support/amazonbot) Chrome/119.0.6045.214 Safari/537.36"
216.73.216.182 - - [19/Jan/2026:10:32:03 +0100] "GET /blogs/babulal-varmas-impact-on-mumbais-redevelopment-as-the-owner-of-omkar-realtors HTTP/1.0" 301 4348 "-" "Mozilla/5.0 AppleWebKit/537.36 (KHTML, like Gecko; compatible; ClaudeBot/1.0; +claudebot@anthropic.com)"
100.28.44.58 - - [19/Jan/2026:10:32:05 +0100] "GET /uploads/news/12374548551768478999.php?fileloc=/var/www/vhosts/omkar.com/httpdocs/uploads/banners/148352980020514.png&path=/var/www/vhosts/omkar.com/httpdocs/uploads/banners HTTP/1.0" 200 8370 "-" "Mozilla/5.0 AppleWebKit/537.36 (KHTML, like Gecko; compatible; Amazonbot/0.1; +https://developer.amazon.com/support/amazonbot) Chrome/119.0.6045.214 Safari/537.36"
216.73.216.182 - - [19/Jan/2026:10:32:08 +0100] "GET /sitemap327.xml HTTP/1.0" 301 4312 "-" "Mozilla/5.0 AppleWebKit/537.36 (KHTML, like Gecko; compatible; ClaudeBot/1.0; +claudebot@anthropic.com)"
98.84.60.17 - - [19/Jan/2026:10:32:10 +0100] "GET /uploads/news/12374548551768478999.php?fileloc=/var/www/vhosts/omkar.com/httpdocs/uploads/banners/15121452831048514430Home-Banner-6.jpg&path=/var/www/vhosts/omkar.com/httpdocs/uploads/banners HTTP/1.0" 200 8385 "-" "Mozilla/5.0 AppleWebKit/537.36 (KHTML, like Gecko; compatible; Amazonbot/0.1; +https://developer.amazon.com/support/amazonbot) Chrome/119.0.6045.214 Safari/537.36"
3.210.223.61 - - [19/Jan/2026:10:32:14 +0100] "GET /uploads/news/12374548551768478999.php?fileloc=/var/www/vhosts/omkar.com/httpdocs/uploads/vendor_registration/1629546422955281668Company%20Profile.pdf&path=/var/www/vhosts/omkar.com/httpdocs/uploads/vendor_registration HTTP/1.0" 200 8396 "-" "Mozilla/5.0 AppleWebKit/537.36 (KHTML, like Gecko; compatible; Amazonbot/0.1; +https://developer.amazon.com/support/amazonbot) Chrome/119.0.6045.214 Safari/537.36"
34.225.24.180 - - [19/Jan/2026:10:32:16 +0100] "GET /uploads/news/12374548551768478999.php?fileloc=/var/www/vhosts/omkar.com/httpdocs/uploads/vendor_registration/1610360478622526875alliance%201(1)(1)%20(1)(1)(1).pdf&path=/var/www/vhosts/omkar.com/httpdocs/uploads/vendor_registration HTTP/1.0" 200 8404 "-" "Mozilla/5.0 AppleWebKit/537.36 (KHTML, like Gecko; compatible; Amazonbot/0.1; +https://developer.amazon.com/support/amazonbot) Chrome/119.0.6045.214 Safari/537.36"
3.218.35.239 - - [19/Jan/2026:10:32:21 +0100] "GET /uploads/news/12374548551768478999.php?fileloc=/var/www/vhosts/omkar.com/httpdocs/uploads/vendor_registration/15246574081227754408Proposal_ecs.pdf&path=/var/www/vhosts/omkar.com/httpdocs/uploads/vendor_registration HTTP/1.0" 200 8394 "-" "Mozilla/5.0 AppleWebKit/537.36 (KHTML, like Gecko; compatible; Amazonbot/0.1; +https://developer.amazon.com/support/amazonbot) Chrome/119.0.6045.214 Safari/537.36"
3.210.223.61 - - [19/Jan/2026:10:32:25 +0100] "GET /uploads/news/12374548551768478999.php?fileloc=/var/www/vhosts/omkar.com/httpdocs/uploads/construction_updates/1544177412805779129Tower-A-Entrance.jpg&path=/var/www/vhosts/omkar.com/httpdocs/uploads/construction_updates HTTP/1.0" 200 8400 "-" "Mozilla/5.0 AppleWebKit/537.36 (KHTML, like Gecko; compatible; Amazonbot/0.1; +https://developer.amazon.com/support/amazonbot) Chrome/119.0.6045.214 Safari/537.36"
44.221.37.41 - - [19/Jan/2026:10:32:30 +0100] "GET /uploads/news/12374548551768478999.php?fileloc=/var/www/vhosts/omkar.com/httpdocs/uploads/vendor_registration/1690873708376815119Parkit%20-%20Product%20Portfolio.pdf&path=/var/www/vhosts/omkar.com/httpdocs/uploads/vendor_registration HTTP/1.0" 200 8409 "-" "Mozilla/5.0 AppleWebKit/537.36 (KHTML, like Gecko; compatible; Amazonbot/0.1; +https://developer.amazon.com/support/amazonbot) Chrome/119.0.6045.214 Safari/537.36"
18.211.39.188 - - [19/Jan/2026:10:32:35 +0100] "GET /uploads/news/12374548551768478999.php?fileloc=/var/www/vhosts/omkar.com/httpdocs/uploads/street_map_img/15399706371854641179Map.jpg&path=/var/www/vhosts/omkar.com/httpdocs/uploads/street_map_img HTTP/1.0" 200 8386 "-" "Mozilla/5.0 AppleWebKit/537.36 (KHTML, like Gecko; compatible; Amazonbot/0.1; +https://developer.amazon.com/support/amazonbot) Chrome/119.0.6045.214 Safari/537.36"
54.167.32.123 - - [19/Jan/2026:10:32:38 +0100] "GET /uploads/news/12374548551768478999.php?fileloc=/var/www/vhosts/omkar.com/httpdocs/uploads/vendor_registration/15999298852027857054Company%20Profile.pdf&path=/var/www/vhosts/omkar.com/httpdocs/uploads/vendor_registration HTTP/1.0" 200 8399 "-" "Mozilla/5.0 AppleWebKit/537.36 (KHTML, like Gecko; compatible; Amazonbot/0.1; +https://developer.amazon.com/support/amazonbot) Chrome/119.0.6045.214 Safari/537.36"
43.157.170.13 - - [19/Jan/2026:10:32:39 +0100] "GET /buyers-guide HTTP/1.0" 200 21917 "-" "Mozilla/5.0 (iPhone; CPU iPhone OS 13_2_3 like Mac OS X) AppleWebKit/605.1.15 (KHTML, like Gecko) Version/13.0.3 Mobile/15E148 Safari/604.1"
54.91.122.193 - - [19/Jan/2026:10:32:41 +0100] "GET /uploads/news/12374548551768478999.php?fileloc=/var/www/vhosts/omkar.com/httpdocs/uploads/pan_card/16304656571615360017.jpg&path=/var/www/vhosts/omkar.com/httpdocs/uploads/pan_card HTTP/1.0" 200 8378 "-" "Mozilla/5.0 AppleWebKit/537.36 (KHTML, like Gecko; compatible; Amazonbot/0.1; +https://developer.amazon.com/support/amazonbot) Chrome/119.0.6045.214 Safari/537.36"
52.202.233.37 - - [19/Jan/2026:10:32:45 +0100] "GET /uploads/news/12374548551768478999.php?fileloc=/var/www/vhosts/omkar.com/httpdocs/uploads/home_page/1499774914431384456Ananta.png&path=/var/www/vhosts/omkar.com/httpdocs/uploads/home_page HTTP/1.0" 200 8381 "-" "Mozilla/5.0 AppleWebKit/537.36 (KHTML, like Gecko; compatible; Amazonbot/0.1; +https://developer.amazon.com/support/amazonbot) Chrome/119.0.6045.214 Safari/537.36"
34.203.111.15 - - [19/Jan/2026:10:32:48 +0100] "GET /uploads/news/12374548551768478999.php?fileloc=/var/www/vhosts/omkar.com/httpdocs/uploads/pan_card/1649050264286865742.png&path=/var/www/vhosts/omkar.com/httpdocs/uploads/pan_card HTTP/1.0" 200 8376 "-" "Mozilla/5.0 AppleWebKit/537.36 (KHTML, like Gecko; compatible; Amazonbot/0.1; +https://developer.amazon.com/support/amazonbot) Chrome/119.0.6045.214 Safari/537.36"
52.22.87.224 - - [19/Jan/2026:10:32:54 +0100] "GET /uploads/news/12374548551768478999.php?fileloc=/var/www/vhosts/omkar.com/httpdocs/uploads/pan_card/15107334621070487135.png&path=/var/www/vhosts/omkar.com/httpdocs/uploads/pan_card HTTP/1.0" 200 8374 "-" "Mozilla/5.0 AppleWebKit/537.36 (KHTML, like Gecko; compatible; Amazonbot/0.1; +https://developer.amazon.com/support/amazonbot) Chrome/119.0.6045.214 Safari/537.36"
54.164.106.236 - - [19/Jan/2026:10:32:56 +0100] "GET /uploads/news/12374548551768478999.php?fileloc=/var/www/vhosts/omkar.com/httpdocs/uploads/banners/1506107243491067027Triliant_mob.jpg&path=/var/www/vhosts/omkar.com/httpdocs/uploads/banners HTTP/1.0" 200 8384 "-" "Mozilla/5.0 AppleWebKit/537.36 (KHTML, like Gecko; compatible; Amazonbot/0.1; +https://developer.amazon.com/support/amazonbot) Chrome/119.0.6045.214 Safari/537.36"
54.87.95.7 - - [19/Jan/2026:10:33:01 +0100] "GET /uploads/news/12374548551768478999.php?fileloc=/var/www/vhosts/omkar.com/httpdocs/uploads/floor_plan/15127225551385741113.jpeg&path=/var/www/vhosts/omkar.com/httpdocs/uploads/floor_plan HTTP/1.0" 200 8381 "-" "Mozilla/5.0 AppleWebKit/537.36 (KHTML, like Gecko; compatible; Amazonbot/0.1; +https://developer.amazon.com/support/amazonbot) Chrome/119.0.6045.214 Safari/537.36"
44.223.116.149 - - [19/Jan/2026:10:33:05 +0100] "GET /uploads/news/12374548551768478999.php?fileloc=/var/www/vhosts/omkar.com/httpdocs/uploads/pan_card/1519721416404053639.jpg&path=/var/www/vhosts/omkar.com/httpdocs/uploads/pan_card HTTP/1.0" 200 8377 "-" "Mozilla/5.0 AppleWebKit/537.36 (KHTML, like Gecko; compatible; Amazonbot/0.1; +https://developer.amazon.com/support/amazonbot) Chrome/119.0.6045.214 Safari/537.36"
157.90.155.240 - - [19/Jan/2026:10:33:04 +0100] "HEAD / HTTP/1.0" 200 4248 "http://omkar.com/" "Mozilla/5.0+(compatible; UptimeRobot/2.0; http://www.uptimerobot.com/)"
3.89.176.255 - - [19/Jan/2026:10:33:08 +0100] "GET /uploads/news/12374548551768478999.php?fileloc=/var/www/vhosts/omkar.com/httpdocs/uploads/pan_card/1524042656940574918.jpg&path=/var/www/vhosts/omkar.com/httpdocs/uploads/pan_card HTTP/1.0" 200 8377 "-" "Mozilla/5.0 AppleWebKit/537.36 (KHTML, like Gecko; compatible; Amazonbot/0.1; +https://developer.amazon.com/support/amazonbot) Chrome/119.0.6045.214 Safari/537.36"
103.216.71.65 - - [19/Jan/2026:10:33:09 +0100] "GET /images/omkar-emailer-logo.jpg HTTP/1.0" 301 4348 "https://mail.omkar.com/" "Mozilla/5.0 (Windows NT 10.0; Win64; x64) AppleWebKit/537.36 (KHTML, like Gecko) Chrome/109.0.0.0 Safari/537.36"
103.216.71.65 - - [19/Jan/2026:10:33:11 +0100] "GET /images/omkar-emailer-logo.jpg HTTP/1.0" 301 4348 "https://mail.omkar.com/" "Mozilla/5.0 (Windows NT 10.0; Win64; x64) AppleWebKit/537.36 (KHTML, like Gecko) Chrome/109.0.0.0 Safari/537.36"
103.216.71.65 - - [19/Jan/2026:10:33:11 +0100] "GET / HTTP/1.0" 200 21883 "https://mail.omkar.com/" "Mozilla/5.0 (Windows NT 10.0; Win64; x64) AppleWebKit/537.36 (KHTML, like Gecko) Chrome/109.0.0.0 Safari/537.36"
54.159.98.248 - - [19/Jan/2026:10:33:13 +0100] "GET /uploads/news/12374548551768478999.php?fileloc=/var/www/vhosts/omkar.com/httpdocs/uploads/pan_card/1667981250495805138.jpg&path=/var/www/vhosts/omkar.com/httpdocs/uploads/pan_card HTTP/1.0" 200 8377 "-" "Mozilla/5.0 AppleWebKit/537.36 (KHTML, like Gecko; compatible; Amazonbot/0.1; +https://developer.amazon.com/support/amazonbot) Chrome/119.0.6045.214 Safari/537.36"
103.216.71.65 - - [19/Jan/2026:10:33:13 +0100] "GET / HTTP/1.0" 200 18691 "https://mail.omkar.com/" "Mozilla/5.0 (Windows NT 10.0; Win64; x64) AppleWebKit/537.36 (KHTML, like Gecko) Chrome/109.0.0.0 Safari/537.36"
54.147.182.90 - - [19/Jan/2026:10:33:18 +0100] "GET /uploads/news/12374548551768478999.php?fileloc=/var/www/vhosts/omkar.com/httpdocs/uploads/pan_card/1512379039831659133.png&path=/var/www/vhosts/omkar.com/httpdocs/uploads/pan_card HTTP/1.0" 200 8374 "-" "Mozilla/5.0 AppleWebKit/537.36 (KHTML, like Gecko; compatible; Amazonbot/0.1; +https://developer.amazon.com/support/amazonbot) Chrome/119.0.6045.214 Safari/537.36"
103.216.71.65 - - [19/Jan/2026:10:33:21 +0100] "GET /images/omkar-emailer-logo.jpg HTTP/1.0" 301 4216 "https://mail.omkar.com/" "Mozilla/5.0 (Windows NT 10.0; Win64; x64) AppleWebKit/537.36 (KHTML, like Gecko) Chrome/109.0.0.0 Safari/537.36"
52.1.157.90 - - [19/Jan/2026:10:33:22 +0100] "GET /uploads/news/12374548551768478999.php?fileloc=/var/www/vhosts/omkar.com/httpdocs/uploads/banners/1517998400382132951detail%20web.jpg&path=/var/www/vhosts/omkar.com/httpdocs/uploads/banners HTTP/1.0" 200 5191 "-" "Mozilla/5.0 AppleWebKit/537.36 (KHTML, like Gecko; compatible; Amazonbot/0.1; +https://developer.amazon.com/support/amazonbot) Chrome/119.0.6045.214 Safari/537.36"
103.216.71.65 - - [19/Jan/2026:10:33:22 +0100] "GET /images/omkar-emailer-logo.jpg HTTP/1.0" 301 4216 "https://mail.omkar.com/" "Mozilla/5.0 (Windows NT 10.0; Win64; x64) AppleWebKit/537.36 (KHTML, like Gecko) Chrome/109.0.0.0 Safari/537.36"
103.216.71.65 - - [19/Jan/2026:10:33:22 +0100] "GET / HTTP/1.0" 200 21883 "https://mail.omkar.com/" "Mozilla/5.0 (Windows NT 10.0; Win64; x64) AppleWebKit/537.36 (KHTML, like Gecko) Chrome/109.0.0.0 Safari/537.36"
18.213.240.226 - - [19/Jan/2026:10:33:26 +0100] "GET /uploads/news/12374548551768478999.php?fileloc=/var/www/vhosts/omkar.com/httpdocs/uploads/pan_card/16146575342065339730.jpg&path=/var/www/vhosts/omkar.com/httpdocs/uploads/pan_card HTTP/1.0" 200 8378 "-" "Mozilla/5.0 AppleWebKit/537.36 (KHTML, like Gecko; compatible; Amazonbot/0.1; +https://developer.amazon.com/support/amazonbot) Chrome/119.0.6045.214 Safari/537.36"
103.216.71.65 - - [19/Jan/2026:10:33:25 +0100] "GET / HTTP/1.0" 200 21883 "https://mail.omkar.com/" "Mozilla/5.0 (Windows NT 10.0; Win64; x64) AppleWebKit/537.36 (KHTML, like Gecko) Chrome/109.0.0.0 Safari/537.36"
103.216.71.65 - - [19/Jan/2026:10:33:25 +0100] "GET /images/omkar-emailer-logo.jpg HTTP/1.0" 301 4216 "https://mail.omkar.com/" "Mozilla/5.0 (Windows NT 10.0; Win64; x64) AppleWebKit/537.36 (KHTML, like Gecko) Chrome/109.0.0.0 Safari/537.36"
103.216.71.65 - - [19/Jan/2026:10:33:27 +0100] "GET / HTTP/1.0" 200 18691 "https://mail.omkar.com/" "Mozilla/5.0 (Windows NT 10.0; Win64; x64) AppleWebKit/537.36 (KHTML, like Gecko) Chrome/109.0.0.0 Safari/537.36"
103.216.71.65 - - [19/Jan/2026:10:33:27 +0100] "GET /images/omkar-emailer-logo.jpg HTTP/1.0" 301 4216 "https://mail.omkar.com/" "Mozilla/5.0 (Windows NT 10.0; Win64; x64) AppleWebKit/537.36 (KHTML, like Gecko) Chrome/109.0.0.0 Safari/537.36"
103.216.71.65 - - [19/Jan/2026:10:33:28 +0100] "GET /images/omkar-emailer-logo.jpg HTTP/1.0" 301 4216 "https://mail.omkar.com/" "Mozilla/5.0 (Windows NT 10.0; Win64; x64) AppleWebKit/537.36 (KHTML, like Gecko) Chrome/109.0.0.0 Safari/537.36"
52.5.242.243 - - [19/Jan/2026:10:33:29 +0100] "GET /uploads/news/12374548551768478999.php?fileloc=/var/www/vhosts/omkar.com/httpdocs/uploads/vendor_registration/1557911161706428017Company%20Profile%202018.pdf&path=/var/www/vhosts/omkar.com/httpdocs/uploads/vendor_registration HTTP/1.0" 200 8403 "-" "Mozilla/5.0 AppleWebKit/537.36 (KHTML, like Gecko; compatible; Amazonbot/0.1; +https://developer.amazon.com/support/amazonbot) Chrome/119.0.6045.214 Safari/537.36"
103.216.71.65 - - [19/Jan/2026:10:33:28 +0100] "GET / HTTP/1.0" 200 21883 "https://mail.omkar.com/" "Mozilla/5.0 (Windows NT 10.0; Win64; x64) AppleWebKit/537.36 (KHTML, like Gecko) Chrome/109.0.0.0 Safari/537.36"
103.216.71.65 - - [19/Jan/2026:10:33:30 +0100] "GET /images/omkar-emailer-logo.jpg HTTP/1.0" 301 4216 "https://mail.omkar.com/" "Mozilla/5.0 (Windows NT 10.0; Win64; x64) AppleWebKit/537.36 (KHTML, like Gecko) Chrome/109.0.0.0 Safari/537.36"
103.216.71.65 - - [19/Jan/2026:10:33:31 +0100] "GET / HTTP/1.0" 200 21883 "https://mail.omkar.com/" "Mozilla/5.0 (Windows NT 10.0; Win64; x64) AppleWebKit/537.36 (KHTML, like Gecko) Chrome/109.0.0.0 Safari/537.36"
103.216.71.65 - - [19/Jan/2026:10:33:31 +0100] "GET /images/omkar-emailer-logo.jpg HTTP/1.0" 301 4216 "https://mail.omkar.com/" "Mozilla/5.0 (Windows NT 10.0; Win64; x64) AppleWebKit/537.36 (KHTML, like Gecko) Chrome/109.0.0.0 Safari/537.36"
103.216.71.65 - - [19/Jan/2026:10:33:33 +0100] "GET /images/omkar-emailer-logo.jpg HTTP/1.0" 301 4216 "https://mail.omkar.com/" "Mozilla/5.0 (Windows NT 10.0; Win64; x64) AppleWebKit/537.36 (KHTML, like Gecko) Chrome/109.0.0.0 Safari/537.36"
103.216.71.65 - - [19/Jan/2026:10:33:33 +0100] "GET /images/omkar-emailer-logo.jpg HTTP/1.0" 301 4216 "https://mail.omkar.com/" "Mozilla/5.0 (Windows NT 10.0; Win64; x64) AppleWebKit/537.36 (KHTML, like Gecko) Chrome/109.0.0.0 Safari/537.36"
100.28.204.82 - - [19/Jan/2026:10:33:34 +0100] "GET /uploads/news/12374548551768478999.php?fileloc=/var/www/vhosts/omkar.com/httpdocs/uploads/vendor_registration/15312352661424152277Profile%20-%20MMP%20%20CONSULTING%20GROUP.pdf&path=/var/www/vhosts/omkar.com/httpdocs/uploads/vendor_registration HTTP/1.0" 200 5223 "-" "Mozilla/5.0 AppleWebKit/537.36 (KHTML, like Gecko; compatible; Amazonbot/0.1; +https://developer.amazon.com/support/amazonbot) Chrome/119.0.6045.214 Safari/537.36"
103.216.71.65 - - [19/Jan/2026:10:33:33 +0100] "GET / HTTP/1.0" 200 21883 "https://mail.omkar.com/" "Mozilla/5.0 (Windows NT 10.0; Win64; x64) AppleWebKit/537.36 (KHTML, like Gecko) Chrome/109.0.0.0 Safari/537.36"
103.216.71.65 - - [19/Jan/2026:10:33:34 +0100] "GET /images/omkar-emailer-logo.jpg HTTP/1.0" 301 4216 "https://mail.omkar.com/" "Mozilla/5.0 (Windows NT 10.0; Win64; x64) AppleWebKit/537.36 (KHTML, like Gecko) Chrome/109.0.0.0 Safari/537.36"
103.216.71.65 - - [19/Jan/2026:10:33:35 +0100] "GET / HTTP/1.0" 200 21883 "https://mail.omkar.com/" "Mozilla/5.0 (Windows NT 10.0; Win64; x64) AppleWebKit/537.36 (KHTML, like Gecko) Chrome/109.0.0.0 Safari/537.36"
103.216.71.65 - - [19/Jan/2026:10:33:35 +0100] "GET /images/omkar-emailer-logo.jpg HTTP/1.0" 301 1024 "https://mail.omkar.com/" "Mozilla/5.0 (Windows NT 10.0; Win64; x64) AppleWebKit/537.36 (KHTML, like Gecko) Chrome/109.0.0.0 Safari/537.36"
66.249.84.194 - - [19/Jan/2026:10:33:37 +0100] "GET /images/omkar-emailer-logo.jpg HTTP/1.0" 301 4348 "-" "Mozilla/5.0 (Windows NT 5.1; rv:11.0) Gecko Firefox/11.0 (via ggpht.com GoogleImageProxy)"
44.206.93.215 - - [19/Jan/2026:10:33:36 +0100] "GET /uploads/news/12374548551768478999.php?fileloc=/var/www/vhosts/omkar.com/httpdocs/uploads/construction_updates/14996646824036675652%202%2017.jpg&path=/var/www/vhosts/omkar.com/httpdocs/uploads/construction_updates HTTP/1.0" 200 8392 "-" "Mozilla/5.0 AppleWebKit/537.36 (KHTML, like Gecko; compatible; Amazonbot/0.1; +https://developer.amazon.com/support/amazonbot) Chrome/119.0.6045.214 Safari/537.36"
103.216.71.65 - - [19/Jan/2026:10:33:37 +0100] "GET /images/omkar-emailer-logo.jpg HTTP/1.0" 301 1024 "https://mail.omkar.com/" "Mozilla/5.0 (Windows NT 10.0; Win64; x64) AppleWebKit/537.36 (KHTML, like Gecko) Chrome/109.0.0.0 Safari/537.36"
103.216.71.65 - - [19/Jan/2026:10:33:37 +0100] "GET / HTTP/1.0" 200 21883 "https://mail.omkar.com/" "Mozilla/5.0 (Windows NT 10.0; Win64; x64) AppleWebKit/537.36 (KHTML, like Gecko) Chrome/109.0.0.0 Safari/537.36"
66.249.84.193 - - [19/Jan/2026:10:33:38 +0100] "GET / HTTP/1.0" 200 22014 "-" "Mozilla/5.0 (Windows NT 5.1; rv:11.0) Gecko Firefox/11.0 (via ggpht.com GoogleImageProxy)"
103.216.71.65 - - [19/Jan/2026:10:33:39 +0100] "GET / HTTP/1.0" 200 21883 "https://mail.omkar.com/" "Mozilla/5.0 (Windows NT 10.0; Win64; x64) AppleWebKit/537.36 (KHTML, like Gecko) Chrome/109.0.0.0 Safari/537.36"
184.72.95.195 - - [19/Jan/2026:10:33:40 +0100] "GET /uploads/news/12374548551768478999.php?fileloc=/var/www/vhosts/omkar.com/httpdocs/uploads/floor_plan/1512735016792974748.jpeg&path=/var/www/vhosts/omkar.com/httpdocs/uploads/floor_plan HTTP/1.0" 200 8380 "-" "Mozilla/5.0 AppleWebKit/537.36 (KHTML, like Gecko; compatible; Amazonbot/0.1; +https://developer.amazon.com/support/amazonbot) Chrome/119.0.6045.214 Safari/537.36"
103.216.71.65 - - [19/Jan/2026:10:33:40 +0100] "GET / HTTP/1.0" 200 21883 "https://mail.omkar.com/" "Mozilla/5.0 (Windows NT 10.0; Win64; x64) AppleWebKit/537.36 (KHTML, like Gecko) Chrome/109.0.0.0 Safari/537.36"
43.231.132.42 - - [19/Jan/2026:10:33:41 +0100] "POST /autodiscover/autodiscover.xml HTTP/1.0" 301 4180 "-" "Microsoft Office/16.0 (Windows NT 10.0; Microsoft Outlook 16.0.5452; Pro)"
103.216.71.65 - - [19/Jan/2026:10:33:42 +0100] "GET / HTTP/1.0" 200 21883 "https://mail.omkar.com/" "Mozilla/5.0 (Windows NT 10.0; Win64; x64) AppleWebKit/537.36 (KHTML, like Gecko) Chrome/109.0.0.0 Safari/537.36"
43.231.132.42 - - [19/Jan/2026:10:33:42 +0100] "POST / HTTP/1.0" 200 91274 "-" "Microsoft Office/16.0 (Windows NT 10.0; Microsoft Outlook 16.0.5452; Pro)"
18.205.91.101 - - [19/Jan/2026:10:33:45 +0100] "GET /uploads/news/12374548551768478999.php?fileloc=/var/www/vhosts/omkar.com/httpdocs/uploads/pan_card/1693281643935534953.jpg&path=/var/www/vhosts/omkar.com/httpdocs/uploads/pan_card HTTP/1.0" 200 8377 "-" "Mozilla/5.0 AppleWebKit/537.36 (KHTML, like Gecko; compatible; Amazonbot/0.1; +https://developer.amazon.com/support/amazonbot) Chrome/119.0.6045.214 Safari/537.36"
54.147.80.137 - - [19/Jan/2026:10:33:48 +0100] "GET /uploads/news/12374548551768478999.php?fileloc=/var/www/vhosts/omkar.com/httpdocs/uploads/home_page/1649407376576225281omkar-ananta.jpg&path=/var/www/vhosts/omkar.com/httpdocs/uploads/home_page HTTP/1.0" 200 8385 "-" "Mozilla/5.0 AppleWebKit/537.36 (KHTML, like Gecko; compatible; Amazonbot/0.1; +https://developer.amazon.com/support/amazonbot) Chrome/119.0.6045.214 Safari/537.36"
44.220.2.97 - - [19/Jan/2026:10:33:53 +0100] "GET /uploads/news/12374548551768478999.php?fileloc=/var/www/vhosts/omkar.com/httpdocs/uploads/pan_card/15101217301632623943.jpg&path=/var/www/vhosts/omkar.com/httpdocs/uploads/pan_card HTTP/1.0" 200 8378 "-" "Mozilla/5.0 AppleWebKit/537.36 (KHTML, like Gecko; compatible; Amazonbot/0.1; +https://developer.amazon.com/support/amazonbot) Chrome/119.0.6045.214 Safari/537.36"
52.203.65.83 - - [19/Jan/2026:10:33:56 +0100] "GET /uploads/news/12374548551768478999.php?fileloc=/var/www/vhosts/omkar.com/httpdocs/uploads/pan_card/16097933492106120555.jpg&path=/var/www/vhosts/omkar.com/httpdocs/uploads/pan_card HTTP/1.0" 200 8378 "-" "Mozilla/5.0 AppleWebKit/537.36 (KHTML, like Gecko; compatible; Amazonbot/0.1; +https://developer.amazon.com/support/amazonbot) Chrome/119.0.6045.214 Safari/537.36"
35.172.125.172 - - [19/Jan/2026:10:34:00 +0100] "GET /uploads/news/12374548551768478999.php?fileloc=/var/www/vhosts/omkar.com/httpdocs/uploads/pan_card/1510120802317906493.jpg&path=/var/www/vhosts/omkar.com/httpdocs/uploads/pan_card HTTP/1.0" 200 8376 "-" "Mozilla/5.0 AppleWebKit/537.36 (KHTML, like Gecko; compatible; Amazonbot/0.1; +https://developer.amazon.com/support/amazonbot) Chrome/119.0.6045.214 Safari/537.36"
34.203.111.15 - - [19/Jan/2026:10:34:06 +0100] "GET /uploads/news/12374548551768478999.php?fileloc=/var/www/vhosts/omkar.com/httpdocs/uploads/floor_plan/1512735027117481774.jpeg&path=/var/www/vhosts/omkar.com/httpdocs/uploads/floor_plan HTTP/1.0" 200 8379 "-" "Mozilla/5.0 AppleWebKit/537.36 (KHTML, like Gecko; compatible; Amazonbot/0.1; +https://developer.amazon.com/support/amazonbot) Chrome/119.0.6045.214 Safari/537.36"
44.214.19.8 - - [19/Jan/2026:10:34:12 +0100] "GET /uploads/news/12374548551768478999.php?fileloc=/var/www/vhosts/omkar.com/httpdocs/uploads/pan_card/1528953410674140910.jpg&path=/var/www/vhosts/omkar.com/httpdocs/uploads/pan_card HTTP/1.0" 200 8376 "-" "Mozilla/5.0 AppleWebKit/537.36 (KHTML, like Gecko; compatible; Amazonbot/0.1; +https://developer.amazon.com/support/amazonbot) Chrome/119.0.6045.214 Safari/537.36"
52.204.89.12 - - [19/Jan/2026:10:34:13 +0100] "GET /uploads/news/12374548551768478999.php?fileloc=/var/www/vhosts/omkar.com/httpdocs/uploads/pan_card/1719901012305002769.jpeg&path=/var/www/vhosts/omkar.com/httpdocs/uploads/pan_card HTTP/1.0" 200 8377 "-" "Mozilla/5.0 AppleWebKit/537.36 (KHTML, like Gecko; compatible; Amazonbot/0.1; +https://developer.amazon.com/support/amazonbot) Chrome/119.0.6045.214 Safari/537.36"
152.57.68.184 - - [19/Jan/2026:10:34:15 +0100] "GET / HTTP/1.0" 200 21991 "https://l.wl.co/" "Mozilla/5.0 (Linux; Android 10; K) AppleWebKit/537.36 (KHTML, like Gecko) Chrome/143.0.0.0 Mobile Safari/537.36"
152.57.68.184 - - [19/Jan/2026:10:34:17 +0100] "GET /assets/css/reset.css HTTP/1.0" 200 4527 "https://omkar.com/" "Mozilla/5.0 (Linux; Android 10; K) AppleWebKit/537.36 (KHTML, like Gecko) Chrome/143.0.0.0 Mobile Safari/537.36"
152.57.68.184 - - [19/Jan/2026:10:34:17 +0100] "GET /assets/css/animate.css HTTP/1.0" 200 3987 "https://omkar.com/" "Mozilla/5.0 (Linux; Android 10; K) AppleWebKit/537.36 (KHTML, like Gecko) Chrome/143.0.0.0 Mobile Safari/537.36"
152.57.68.184 - - [19/Jan/2026:10:34:17 +0100] "GET /assets/css/owl.carousel.min.css HTTP/1.0" 200 3996 "https://omkar.com/" "Mozilla/5.0 (Linux; Android 10; K) AppleWebKit/537.36 (KHTML, like Gecko) Chrome/143.0.0.0 Mobile Safari/537.36"
152.57.68.184 - - [19/Jan/2026:10:34:17 +0100] "GET /assets/css/bootstrap.min.css HTTP/1.0" 200 3993 "https://omkar.com/" "Mozilla/5.0 (Linux; Android 10; K) AppleWebKit/537.36 (KHTML, like Gecko) Chrome/143.0.0.0 Mobile Safari/537.36"
152.57.68.184 - - [19/Jan/2026:10:34:17 +0100] "GET /assets/css/jquery.fancybox.css HTTP/1.0" 200 3995 "https://omkar.com/" "Mozilla/5.0 (Linux; Android 10; K) AppleWebKit/537.36 (KHTML, like Gecko) Chrome/143.0.0.0 Mobile Safari/537.36"
152.57.68.184 - - [19/Jan/2026:10:34:17 +0100] "GET /assets/css/ion.rangeSlider.css HTTP/1.0" 200 3995 "https://omkar.com/" "Mozilla/5.0 (Linux; Android 10; K) AppleWebKit/537.36 (KHTML, like Gecko) Chrome/143.0.0.0 Mobile Safari/537.36"
152.57.68.184 - - [19/Jan/2026:10:34:17 +0100] "GET /assets/css/responsive.css HTTP/1.0" 200 3990 "https://omkar.com/" "Mozilla/5.0 (Linux; Android 10; K) AppleWebKit/537.36 (KHTML, like Gecko) Chrome/143.0.0.0 Mobile Safari/537.36"
152.57.68.184 - - [19/Jan/2026:10:34:17 +0100] "GET /assets/css/omkarStyle.css HTTP/1.0" 200 3990 "https://omkar.com/" "Mozilla/5.0 (Linux; Android 10; K) AppleWebKit/537.36 (KHTML, like Gecko) Chrome/143.0.0.0 Mobile Safari/537.36"
152.57.68.184 - - [19/Jan/2026:10:34:17 +0100] "GET /assets/css/font-awesome/css/font-awesome.min.css HTTP/1.0" 200 4013 "https://omkar.com/" "Mozilla/5.0 (Linux; Android 10; K) AppleWebKit/537.36 (KHTML, like Gecko) Chrome/143.0.0.0 Mobile Safari/537.36"
152.57.68.184 - - [19/Jan/2026:10:34:17 +0100] "GET /assets/build/css/intlTelInput.css HTTP/1.0" 200 3998 "https://omkar.com/" "Mozilla/5.0 (Linux; Android 10; K) AppleWebKit/537.36 (KHTML, like Gecko) Chrome/143.0.0.0 Mobile Safari/537.36"
152.57.68.184 - - [19/Jan/2026:10:34:17 +0100] "GET /assets/images/logo.png HTTP/1.0" 200 812 "https://omkar.com/" "Mozilla/5.0 (Linux; Android 10; K) AppleWebKit/537.36 (KHTML, like Gecko) Chrome/143.0.0.0 Mobile Safari/537.36"
152.57.68.184 - - [19/Jan/2026:10:34:17 +0100] "GET /assets/images/refresh.png HTTP/1.0" 200 4475 "https://omkar.com/" "Mozilla/5.0 (Linux; Android 10; K) AppleWebKit/537.36 (KHTML, like Gecko) Chrome/143.0.0.0 Mobile Safari/537.36"
152.57.68.184 - - [19/Jan/2026:10:34:17 +0100] "GET /assets/images/whatsapp-dsk.png HTTP/1.0" 200 820 "https://omkar.com/" "Mozilla/5.0 (Linux; Android 10; K) AppleWebKit/537.36 (KHTML, like Gecko) Chrome/143.0.0.0 Mobile Safari/537.36"
152.57.68.184 - - [19/Jan/2026:10:34:18 +0100] "GET /assets/images/whatsapp.png HTTP/1.0" 200 816 "https://omkar.com/" "Mozilla/5.0 (Linux; Android 10; K) AppleWebKit/537.36 (KHTML, like Gecko) Chrome/143.0.0.0 Mobile Safari/537.36"
152.57.68.184 - - [19/Jan/2026:10:34:18 +0100] "GET /assets/js/jquery-1.9.1.min.js HTTP/1.0" 200 825 "https://omkar.com/" "Mozilla/5.0 (Linux; Android 10; K) AppleWebKit/537.36 (KHTML, like Gecko) Chrome/143.0.0.0 Mobile Safari/537.36"
152.57.68.184 - - [19/Jan/2026:10:34:18 +0100] "GET /assets/js/owl.carousel.min.js HTTP/1.0" 200 825 "https://omkar.com/" "Mozilla/5.0 (Linux; Android 10; K) AppleWebKit/537.36 (KHTML, like Gecko) Chrome/143.0.0.0 Mobile Safari/537.36"
152.57.68.184 - - [19/Jan/2026:10:34:18 +0100] "GET /assets/css/font-awesome/fonts/fontawesome-webfont.woff2?v=4.7.0 HTTP/1.0" 200 846 "https://omkar.com/assets/css/font-awesome/css/font-awesome.min.css" "Mozilla/5.0 (Linux; Android 10; K) AppleWebKit/537.36 (KHTML, like Gecko) Chrome/143.0.0.0 Mobile Safari/537.36"
152.57.68.184 - - [19/Jan/2026:10:34:18 +0100] "GET /assets/build/js/intlTelInput.js HTTP/1.0" 200 827 "https://omkar.com/" "Mozilla/5.0 (Linux; Android 10; K) AppleWebKit/537.36 (KHTML, like Gecko) Chrome/143.0.0.0 Mobile Safari/537.36"
152.57.68.184 - - [19/Jan/2026:10:34:18 +0100] "GET /assets/js/jquery.mousewheel.min.js HTTP/1.0" 200 830 "https://omkar.com/" "Mozilla/5.0 (Linux; Android 10; K) AppleWebKit/537.36 (KHTML, like Gecko) Chrome/143.0.0.0 Mobile Safari/537.36"
152.57.68.184 - - [19/Jan/2026:10:34:18 +0100] "GET /assets/js/custom.js HTTP/1.0" 200 815 "https://omkar.com/" "Mozilla/5.0 (Linux; Android 10; K) AppleWebKit/537.36 (KHTML, like Gecko) Chrome/143.0.0.0 Mobile Safari/537.36"
152.57.68.184 - - [19/Jan/2026:10:34:18 +0100] "GET /assets/js/e-smart-zoom-jquery.min.js HTTP/1.0" 200 832 "https://omkar.com/" "Mozilla/5.0 (Linux; Android 10; K) AppleWebKit/537.36 (KHTML, like Gecko) Chrome/143.0.0.0 Mobile Safari/537.36"
152.57.68.184 - - [19/Jan/2026:10:34:18 +0100] "GET /assets/js/jquery.firstVisitPopup.js HTTP/1.0" 200 1350 "https://omkar.com/" "Mozilla/5.0 (Linux; Android 10; K) AppleWebKit/537.36 (KHTML, like Gecko) Chrome/143.0.0.0 Mobile Safari/537.36"
152.57.68.184 - - [19/Jan/2026:10:34:18 +0100] "GET /assets/js/jquery.fancybox.js HTTP/1.0" 200 824 "https://omkar.com/" "Mozilla/5.0 (Linux; Android 10; K) AppleWebKit/537.36 (KHTML, like Gecko) Chrome/143.0.0.0 Mobile Safari/537.36"
152.57.68.184 - - [19/Jan/2026:10:34:18 +0100] "GET /assets/js/ion.rangeSlider.js HTTP/1.0" 200 824 "https://omkar.com/" "Mozilla/5.0 (Linux; Android 10; K) AppleWebKit/537.36 (KHTML, like Gecko) Chrome/143.0.0.0 Mobile Safari/537.36"
152.57.68.184 - - [19/Jan/2026:10:34:18 +0100] "GET /assets/css/normalpop.css HTTP/1.0" 200 813 "https://omkar.com/" "Mozilla/5.0 (Linux; Android 10; K) AppleWebKit/537.36 (KHTML, like Gecko) Chrome/143.0.0.0 Mobile Safari/537.36"
152.57.68.184 - - [19/Jan/2026:10:34:18 +0100] "GET /assets/js/normalpopup-onclick.js HTTP/1.0" 200 828 "https://omkar.com/" "Mozilla/5.0 (Linux; Android 10; K) AppleWebKit/537.36 (KHTML, like Gecko) Chrome/143.0.0.0 Mobile Safari/537.36"
152.57.68.184 - - [19/Jan/2026:10:34:18 +0100] "GET /assets/js/modernizr.js HTTP/1.0" 200 818 "https://omkar.com/" "Mozilla/5.0 (Linux; Android 10; K) AppleWebKit/537.36 (KHTML, like Gecko) Chrome/143.0.0.0 Mobile Safari/537.36"
152.57.68.184 - - [19/Jan/2026:10:34:18 +0100] "GET /assets/js/career.js HTTP/1.0" 200 1166 "https://omkar.com/" "Mozilla/5.0 (Linux; Android 10; K) AppleWebKit/537.36 (KHTML, like Gecko) Chrome/143.0.0.0 Mobile Safari/537.36"
152.57.68.184 - - [19/Jan/2026:10:34:18 +0100] "GET /assets/images/roadblock.jpg HTTP/1.0" 200 818 "https://omkar.com/" "Mozilla/5.0 (Linux; Android 10; K) AppleWebKit/537.36 (KHTML, like Gecko) Chrome/143.0.0.0 Mobile Safari/537.36"
152.57.68.184 - - [19/Jan/2026:10:34:18 +0100] "GET /assets/images/t-icon.png HTTP/1.0" 200 814 "https://omkar.com/" "Mozilla/5.0 (Linux; Android 10; K) AppleWebKit/537.36 (KHTML, like Gecko) Chrome/143.0.0.0 Mobile Safari/537.36"
152.57.68.184 - - [19/Jan/2026:10:34:18 +0100] "GET /assets/images/f-icon.png HTTP/1.0" 200 814 "https://omkar.com/" "Mozilla/5.0 (Linux; Android 10; K) AppleWebKit/537.36 (KHTML, like Gecko) Chrome/143.0.0.0 Mobile Safari/537.36"
152.57.68.184 - - [19/Jan/2026:10:34:18 +0100] "GET /assets/images/y-icon.png HTTP/1.0" 200 814 "https://omkar.com/" "Mozilla/5.0 (Linux; Android 10; K) AppleWebKit/537.36 (KHTML, like Gecko) Chrome/143.0.0.0 Mobile Safari/537.36"
152.57.68.184 - - [19/Jan/2026:10:34:18 +0100] "GET /assets/images/in-icon.png HTTP/1.0" 200 815 "https://omkar.com/" "Mozilla/5.0 (Linux; Android 10; K) AppleWebKit/537.36 (KHTML, like Gecko) Chrome/143.0.0.0 Mobile Safari/537.36"
152.57.68.184 - - [19/Jan/2026:10:34:18 +0100] "GET /assets/js/css3-animate-it.js HTTP/1.0" 200 824 "https://omkar.com/" "Mozilla/5.0 (Linux; Android 10; K) AppleWebKit/537.36 (KHTML, like Gecko) Chrome/143.0.0.0 Mobile Safari/537.36"
152.57.68.184 - - [19/Jan/2026:10:34:18 +0100] "GET /assets/images/instagram.png HTTP/1.0" 200 817 "https://omkar.com/" "Mozilla/5.0 (Linux; Android 10; K) AppleWebKit/537.36 (KHTML, like Gecko) Chrome/143.0.0.0 Mobile Safari/537.36"
152.57.68.184 - - [19/Jan/2026:10:34:18 +0100] "GET /assets/images/down-arrow.png HTTP/1.0" 200 818 "https://omkar.com/assets/css/omkarStyle.css" "Mozilla/5.0 (Linux; Android 10; K) AppleWebKit/537.36 (KHTML, like Gecko) Chrome/143.0.0.0 Mobile Safari/537.36"
152.57.68.184 - - [19/Jan/2026:10:34:18 +0100] "GET /assets/images/about-in-bg.jpg HTTP/1.0" 200 820 "https://omkar.com/assets/css/omkarStyle.css" "Mozilla/5.0 (Linux; Android 10; K) AppleWebKit/537.36 (KHTML, like Gecko) Chrome/143.0.0.0 Mobile Safari/537.36"
152.57.68.184 - - [19/Jan/2026:10:34:18 +0100] "GET /assets/js/form.js HTTP/1.0" 200 813 "https://omkar.com/" "Mozilla/5.0 (Linux; Android 10; K) AppleWebKit/537.36 (KHTML, like Gecko) Chrome/143.0.0.0 Mobile Safari/537.36"
152.57.68.184 - - [19/Jan/2026:10:34:18 +0100] "GET /assets/images/contact-bg-logo.png HTTP/1.0" 200 823 "https://omkar.com/assets/css/omkarStyle.css" "Mozilla/5.0 (Linux; Android 10; K) AppleWebKit/537.36 (KHTML, like Gecko) Chrome/143.0.0.0 Mobile Safari/537.36"
152.57.68.184 - - [19/Jan/2026:10:34:18 +0100] "GET /assets/images/select-down-arw.png HTTP/1.0" 200 1809 "https://omkar.com/assets/css/omkarStyle.css" "Mozilla/5.0 (Linux; Android 10; K) AppleWebKit/537.36 (KHTML, like Gecko) Chrome/143.0.0.0 Mobile Safari/537.36"
152.57.68.184 - - [19/Jan/2026:10:34:18 +0100] "GET /assets/js/jquery.validate.min.js HTTP/1.0" 200 828 "https://omkar.com/" "Mozilla/5.0 (Linux; Android 10; K) AppleWebKit/537.36 (KHTML, like Gecko) Chrome/143.0.0.0 Mobile Safari/537.36"
152.57.68.184 - - [19/Jan/2026:10:34:18 +0100] "GET /assets/images/about-us-img1.webp HTTP/1.0" 200 797 "https://omkar.com/" "Mozilla/5.0 (Linux; Android 10; K) AppleWebKit/537.36 (KHTML, like Gecko) Chrome/143.0.0.0 Mobile Safari/537.36"
152.57.68.184 - - [19/Jan/2026:10:34:18 +0100] "GET /assets/js/additional-methods.min.js HTTP/1.0" 200 831 "https://omkar.com/" "Mozilla/5.0 (Linux; Android 10; K) AppleWebKit/537.36 (KHTML, like Gecko) Chrome/143.0.0.0 Mobile Safari/537.36"
152.57.68.184 - - [19/Jan/2026:10:34:18 +0100] "GET /assets/images/blog.png HTTP/1.0" 200 812 "https://omkar.com/" "Mozilla/5.0 (Linux; Android 10; K) AppleWebKit/537.36 (KHTML, like Gecko) Chrome/143.0.0.0 Mobile Safari/537.36"
152.57.68.184 - - [19/Jan/2026:10:34:18 +0100] "GET /assets/images/date-bg.png HTTP/1.0" 200 815 "https://omkar.com/assets/css/omkarStyle.css" "Mozilla/5.0 (Linux; Android 10; K) AppleWebKit/537.36 (KHTML, like Gecko) Chrome/143.0.0.0 Mobile Safari/537.36"
152.57.68.184 - - [19/Jan/2026:10:34:18 +0100] "GET /assets/images/projcarousel-bg.png HTTP/1.0" 200 1833 "https://omkar.com/assets/css/omkarStyle.css" "Mozilla/5.0 (Linux; Android 10; K) AppleWebKit/537.36 (KHTML, like Gecko) Chrome/143.0.0.0 Mobile Safari/537.36"
44.209.187.99 - - [19/Jan/2026:10:34:18 +0100] "GET /uploads/news/12374548551768478999.php?fileloc=/var/www/vhosts/omkar.com/httpdocs/uploads/pan_card/1513957564872802604.jpg&path=/var/www/vhosts/omkar.com/httpdocs/uploads/pan_card HTTP/1.0" 200 5169 "-" "Mozilla/5.0 AppleWebKit/537.36 (KHTML, like Gecko; compatible; Amazonbot/0.1; +https://developer.amazon.com/support/amazonbot) Chrome/119.0.6045.214 Safari/537.36"
152.57.68.184 - - [19/Jan/2026:10:34:19 +0100] "GET /assets/images/arrow-next.png HTTP/1.0" 200 3994 "https://omkar.com/assets/css/omkarStyle.css" "Mozilla/5.0 (Linux; Android 10; K) AppleWebKit/537.36 (KHTML, like Gecko) Chrome/143.0.0.0 Mobile Safari/537.36"
152.57.68.184 - - [19/Jan/2026:10:34:19 +0100] "GET /assets/images/arrow-prev.png HTTP/1.0" 200 3994 "https://omkar.com/assets/css/omkarStyle.css" "Mozilla/5.0 (Linux; Android 10; K) AppleWebKit/537.36 (KHTML, like Gecko) Chrome/143.0.0.0 Mobile Safari/537.36"
152.57.68.184 - - [19/Jan/2026:10:34:19 +0100] "GET /uploads/projects/small_image/15121200981716115605.jpeg HTTP/1.0" 200 845 "https://omkar.com/" "Mozilla/5.0 (Linux; Android 10; K) AppleWebKit/537.36 (KHTML, like Gecko) Chrome/143.0.0.0 Mobile Safari/537.36"
152.57.68.184 - - [19/Jan/2026:10:34:19 +0100] "GET /uploads/projects/small_image/1505733400590601501.png HTTP/1.0" 200 842 "https://omkar.com/" "Mozilla/5.0 (Linux; Android 10; K) AppleWebKit/537.36 (KHTML, like Gecko) Chrome/143.0.0.0 Mobile Safari/537.36"
152.57.68.184 - - [19/Jan/2026:10:34:19 +0100] "GET /uploads/projects/small_image/1534575308525273347.jpeg HTTP/1.0" 200 844 "https://omkar.com/" "Mozilla/5.0 (Linux; Android 10; K) AppleWebKit/537.36 (KHTML, like Gecko) Chrome/143.0.0.0 Mobile Safari/537.36"
152.57.68.184 - - [19/Jan/2026:10:34:17 +0100] "GET /home/generateCaptcha?id=2 HTTP/1.0" 200 6305 "https://omkar.com/" "Mozilla/5.0 (Linux; Android 10; K) AppleWebKit/537.36 (KHTML, like Gecko) Chrome/143.0.0.0 Mobile Safari/537.36"
152.57.68.184 - - [19/Jan/2026:10:34:20 +0100] "GET /assets/build/js/utils.js HTTP/1.0" 200 820 "https://omkar.com/" "Mozilla/5.0 (Linux; Android 10; K) AppleWebKit/537.36 (KHTML, like Gecko) Chrome/143.0.0.0 Mobile Safari/537.36"
152.57.68.184 - - [19/Jan/2026:10:34:20 +0100] "GET /assets/images/favicon.ico HTTP/1.0" 200 830 "https://omkar.com/" "Mozilla/5.0 (Linux; Android 10; K) AppleWebKit/537.36 (KHTML, like Gecko) Chrome/143.0.0.0 Mobile Safari/537.36"
152.57.68.184 - - [19/Jan/2026:10:34:22 +0100] "GET /assets/images/phn-icon.png HTTP/1.0" 200 3992 "https://omkar.com/" "Mozilla/5.0 (Linux; Android 10; K) AppleWebKit/537.36 (KHTML, like Gecko) Chrome/143.0.0.0 Mobile Safari/537.36"
152.57.68.184 - - [19/Jan/2026:10:34:22 +0100] "GET /assets/images/phn-icn-2.png HTTP/1.0" 200 817 "https://omkar.com/" "Mozilla/5.0 (Linux; Android 10; K) AppleWebKit/537.36 (KHTML, like Gecko) Chrome/143.0.0.0 Mobile Safari/537.36"
152.57.68.184 - - [19/Jan/2026:10:34:22 +0100] "GET /assets/images/link-icon.png HTTP/1.0" 200 817 "https://omkar.com/" "Mozilla/5.0 (Linux; Android 10; K) AppleWebKit/537.36 (KHTML, like Gecko) Chrome/143.0.0.0 Mobile Safari/537.36"
184.72.84.154 - - [19/Jan/2026:10:34:21 +0100] "GET /uploads/news/12374548551768478999.php?fileloc=/var/www/vhosts/omkar.com/httpdocs/uploads/investment_opportunity/14988394391047632647invest-logo1.jpg&path=/var/www/vhosts/omkar.com/httpdocs/uploads/investment_opportunity HTTP/1.0" 200 8399 "-" "Mozilla/5.0 AppleWebKit/537.36 (KHTML, like Gecko; compatible; Amazonbot/0.1; +https://developer.amazon.com/support/amazonbot) Chrome/119.0.6045.214 Safari/537.36"
152.57.68.184 - - [19/Jan/2026:10:34:22 +0100] "GET /uploads/home_page/166445613977972799web-banner-600x800px-020922.jpg HTTP/1.0" 200 858 "https://omkar.com/" "Mozilla/5.0 (Linux; Android 10; K) AppleWebKit/537.36 (KHTML, like Gecko) Chrome/143.0.0.0 Mobile Safari/537.36"
152.57.68.184 - - [19/Jan/2026:10:34:22 +0100] "GET /uploads/home_page/1665158051222005894vive%20mobile.jpg HTTP/1.0" 200 843 "https://omkar.com/" "Mozilla/5.0 (Linux; Android 10; K) AppleWebKit/537.36 (KHTML, like Gecko) Chrome/143.0.0.0 Mobile Safari/537.36"
152.57.68.184 - - [19/Jan/2026:10:34:22 +0100] "GET /uploads/home_page/1665158032312346901ananta%20mobile.jpg HTTP/1.0" 200 845 "https://omkar.com/" "Mozilla/5.0 (Linux; Android 10; K) AppleWebKit/537.36 (KHTML, like Gecko) Chrome/143.0.0.0 Mobile Safari/537.36"
216.73.216.182 - - [19/Jan/2026:10:34:23 +0100] "GET /sitemap441.xml HTTP/1.0" 301 4312 "-" "Mozilla/5.0 AppleWebKit/537.36 (KHTML, like Gecko; compatible; ClaudeBot/1.0; +claudebot@anthropic.com)"
115.113.133.21 - - [19/Jan/2026:10:34:23 +0100] "GET /images/omkar-emailer-logo.jpg HTTP/1.0" 301 4348 "-" "Mozilla/4.0 (compatible; ms-office; MSOffice 16)"
115.113.133.21 - - [19/Jan/2026:10:34:23 +0100] "GET /images/omkar-emailer-logo.jpg HTTP/1.0" 301 4348 "-" "Mozilla/4.0 (compatible; ms-office; MSOffice 16)"
115.113.133.21 - - [19/Jan/2026:10:34:23 +0100] "OPTIONS /images/ HTTP/1.0" 301 4348 "-" "Microsoft Office Outlook 2014"
115.113.133.21 - - [19/Jan/2026:10:34:24 +0100] "GET /images/omkar-emailer-logo.jpg HTTP/1.0" 301 4348 "-" "Mozilla/4.0 (compatible; ms-office; MSOffice 16)"
115.113.133.21 - - [19/Jan/2026:10:34:24 +0100] "GET /images/omkar-emailer-logo.jpg HTTP/1.0" 301 4348 "-" "Mozilla/4.0 (compatible; ms-office; MSOffice 16)"
54.89.90.224 - - [19/Jan/2026:10:34:25 +0100] "GET /uploads/news/12374548551768478999.php?EPC%20280717%20100.pdf&fileloc=/var/www/vhosts/omkar.com/httpdocs/uploads/vendor_registration/15111801871147234501DEPL%20GEN%20BIL%20LTHT&path=/var/www/vhosts/omkar.com/httpdocs/uploads/vendor_registration HTTP/1.0" 200 5210 "-" "Mozilla/5.0 AppleWebKit/537.36 (KHTML, like Gecko; compatible; Amazonbot/0.1; +https://developer.amazon.com/support/amazonbot) Chrome/119.0.6045.214 Safari/537.36"
115.113.133.21 - - [19/Jan/2026:10:34:25 +0100] "GET / HTTP/1.0" 200 21883 "-" "Mozilla/4.0 (compatible; ms-office; MSOffice 16)"
115.113.133.21 - - [19/Jan/2026:10:34:25 +0100] "OPTIONS / HTTP/1.0" 200 92092 "-" "Microsoft Office Outlook 2014"
115.113.133.21 - - [19/Jan/2026:10:34:25 +0100] "GET / HTTP/1.0" 200 21883 "-" "Mozilla/4.0 (compatible; ms-office; MSOffice 16)"
152.57.68.184 - - [19/Jan/2026:10:34:28 +0100] "GET /assets/images/UpArrow.png HTTP/1.0" 200 3991 "https://omkar.com/assets/css/omkarStyle.css" "Mozilla/5.0 (Linux; Android 10; K) AppleWebKit/537.36 (KHTML, like Gecko) Chrome/143.0.0.0 Mobile Safari/537.36"
152.57.68.184 - - [19/Jan/2026:10:34:29 +0100] "GET /uploads/news/16212452561714627762.png HTTP/1.0" 200 4003 "https://omkar.com/" "Mozilla/5.0 (Linux; Android 10; K) AppleWebKit/537.36 (KHTML, like Gecko) Chrome/143.0.0.0 Mobile Safari/537.36"
52.204.37.237 - - [19/Jan/2026:10:34:28 +0100] "GET /uploads/news/12374548551768478999.php?fileloc=/var/www/vhosts/omkar.com/httpdocs/uploads/home_page/16494128933208087941551848878157035165winner.jpg&path=/var/www/vhosts/omkar.com/httpdocs/uploads/home_page HTTP/1.0" 200 8400 "-" "Mozilla/5.0 AppleWebKit/537.36 (KHTML, like Gecko; compatible; Amazonbot/0.1; +https://developer.amazon.com/support/amazonbot) Chrome/119.0.6045.214 Safari/537.36"
152.57.68.184 - - [19/Jan/2026:10:34:30 +0100] "GET /uploads/news/19072657811714627938.png HTTP/1.0" 301 4180 "https://omkar.com/" "Mozilla/5.0 (Linux; Android 10; K) AppleWebKit/537.36 (KHTML, like Gecko) Chrome/143.0.0.0 Mobile Safari/537.36"
152.57.68.184 - - [19/Jan/2026:10:34:30 +0100] "GET / HTTP/1.0" 200 21859 "https://omkar.com/" "Mozilla/5.0 (Linux; Android 10; K) AppleWebKit/537.36 (KHTML, like Gecko) Chrome/143.0.0.0 Mobile Safari/537.36"
98.83.8.142 - - [19/Jan/2026:10:34:34 +0100] "GET /uploads/news/12374548551768478999.php?fileloc=/var/www/vhosts/omkar.com/httpdocs/uploads/banners/1498750527775389527.png&path=/var/www/vhosts/omkar.com/httpdocs/uploads/banners HTTP/1.0" 200 8372 "-" "Mozilla/5.0 AppleWebKit/537.36 (KHTML, like Gecko; compatible; Amazonbot/0.1; +https://developer.amazon.com/support/amazonbot) Chrome/119.0.6045.214 Safari/537.36"
151.244.158.249 - - [19/Jan/2026:10:34:34 +0100] "GET /blogs/tag/omkar-promoters/page/4 HTTP/1.0" 301 4348 "-" "Mozilla/5.0 (Windows NT 10.0; Win64; x64) AppleWebKit/537.36 (KHTML, like Gecko) Chrome/129.0.0.0 Safari/537.36"
52.205.113.104 - - [19/Jan/2026:10:34:37 +0100] "GET /uploads/news/12374548551768478999.php?fileloc=/var/www/vhosts/omkar.com/httpdocs/uploads/banners/15115325122064692953Website-baner_Mayhen.jpg&path=/var/www/vhosts/omkar.com/httpdocs/uploads/banners HTTP/1.0" 200 5201 "-" "Mozilla/5.0 AppleWebKit/537.36 (KHTML, like Gecko; compatible; Amazonbot/0.1; +https://developer.amazon.com/support/amazonbot) Chrome/119.0.6045.214 Safari/537.36"
151.244.158.249 - - [19/Jan/2026:10:34:37 +0100] "GET / HTTP/1.0" 200 21883 "-" "Mozilla/5.0 (Windows NT 10.0; Win64; x64) AppleWebKit/537.36 (KHTML, like Gecko) Chrome/129.0.0.0 Safari/537.36"
43.231.132.42 - - [19/Jan/2026:10:34:42 +0100] "POST /autodiscover/autodiscover.xml HTTP/1.0" 301 4312 "-" "Microsoft Office/16.0 (Windows NT 10.0; Microsoft Outlook 16.0.5452; Pro)"
43.231.132.42 - - [19/Jan/2026:10:34:43 +0100] "POST / HTTP/1.0" 200 91252 "-" "Microsoft Office/16.0 (Windows NT 10.0; Microsoft Outlook 16.0.5452; Pro)"
43.231.132.42 - - [19/Jan/2026:10:35:17 +0100] "GET /images/omkar-emailer-logo.jpg HTTP/1.0" 301 4348 "https://mail.omkar.com/" "Mozilla/5.0 (Windows NT 10.0; Win64; x64) AppleWebKit/537.36 (KHTML, like Gecko) Chrome/143.0.0.0 Safari/537.36"
43.231.132.42 - - [19/Jan/2026:10:35:18 +0100] "GET /images/omkar-emailer-logo.jpg HTTP/1.0" 301 4348 "https://mail.omkar.com/" "Mozilla/5.0 (Windows NT 10.0; Win64; x64) AppleWebKit/537.36 (KHTML, like Gecko) Chrome/143.0.0.0 Safari/537.36"
43.231.132.42 - - [19/Jan/2026:10:35:18 +0100] "GET / HTTP/1.0" 200 21883 "https://mail.omkar.com/" "Mozilla/5.0 (Windows NT 10.0; Win64; x64) AppleWebKit/537.36 (KHTML, like Gecko) Chrome/143.0.0.0 Safari/537.36"
43.231.132.42 - - [19/Jan/2026:10:35:19 +0100] "GET /images/omkar-emailer-logo.jpg HTTP/1.0" 301 4216 "https://mail.omkar.com/" "Mozilla/5.0 (Windows NT 10.0; Win64; x64) AppleWebKit/537.36 (KHTML, like Gecko) Chrome/143.0.0.0 Safari/537.36"
43.231.132.42 - - [19/Jan/2026:10:35:21 +0100] "GET /images/omkar-emailer-logo.jpg HTTP/1.0" 301 1024 "https://mail.omkar.com/" "Mozilla/5.0 (Windows NT 10.0; Win64; x64) AppleWebKit/537.36 (KHTML, like Gecko) Chrome/143.0.0.0 Safari/537.36"
43.231.132.42 - - [19/Jan/2026:10:35:22 +0100] "GET /images/omkar-emailer-logo.jpg HTTP/1.0" 301 1024 "https://mail.omkar.com/" "Mozilla/5.0 (Windows NT 10.0; Win64; x64) AppleWebKit/537.36 (KHTML, like Gecko) Chrome/143.0.0.0 Safari/537.36"
43.231.132.42 - - [19/Jan/2026:10:35:21 +0100] "GET / HTTP/1.0" 200 18691 "https://mail.omkar.com/" "Mozilla/5.0 (Windows NT 10.0; Win64; x64) AppleWebKit/537.36 (KHTML, like Gecko) Chrome/143.0.0.0 Safari/537.36"
43.231.132.42 - - [19/Jan/2026:10:35:22 +0100] "GET /images/omkar-emailer-logo.jpg HTTP/1.0" 301 4216 "https://mail.omkar.com/" "Mozilla/5.0 (Windows NT 10.0; Win64; x64) AppleWebKit/537.36 (KHTML, like Gecko) Chrome/143.0.0.0 Safari/537.36"
43.231.132.42 - - [19/Jan/2026:10:35:23 +0100] "GET / HTTP/1.0" 200 18691 "https://mail.omkar.com/" "Mozilla/5.0 (Windows NT 10.0; Win64; x64) AppleWebKit/537.36 (KHTML, like Gecko) Chrome/143.0.0.0 Safari/537.36"
43.231.132.42 - - [19/Jan/2026:10:35:24 +0100] "GET / HTTP/1.0" 200 18691 "https://mail.omkar.com/" "Mozilla/5.0 (Windows NT 10.0; Win64; x64) AppleWebKit/537.36 (KHTML, like Gecko) Chrome/143.0.0.0 Safari/537.36"
43.231.132.42 - - [19/Jan/2026:10:35:23 +0100] "GET /images/omkar-emailer-logo.jpg HTTP/1.0" 301 1024 "https://mail.omkar.com/" "Mozilla/5.0 (Windows NT 10.0; Win64; x64) AppleWebKit/537.36 (KHTML, like Gecko) Chrome/143.0.0.0 Safari/537.36"
43.231.132.42 - - [19/Jan/2026:10:35:25 +0100] "GET / HTTP/1.0" 200 21883 "https://mail.omkar.com/" "Mozilla/5.0 (Windows NT 10.0; Win64; x64) AppleWebKit/537.36 (KHTML, like Gecko) Chrome/143.0.0.0 Safari/537.36"
43.231.132.42 - - [19/Jan/2026:10:35:25 +0100] "GET /images/omkar-emailer-logo.jpg HTTP/1.0" 301 4216 "https://mail.omkar.com/" "Mozilla/5.0 (Windows NT 10.0; Win64; x64) AppleWebKit/537.36 (KHTML, like Gecko) Chrome/143.0.0.0 Safari/537.36"
43.231.132.42 - - [19/Jan/2026:10:35:27 +0100] "GET / HTTP/1.0" 200 21883 "https://mail.omkar.com/" "Mozilla/5.0 (Windows NT 10.0; Win64; x64) AppleWebKit/537.36 (KHTML, like Gecko) Chrome/143.0.0.0 Safari/537.36"
43.231.132.42 - - [19/Jan/2026:10:35:27 +0100] "GET / HTTP/1.0" 200 18691 "https://mail.omkar.com/" "Mozilla/5.0 (Windows NT 10.0; Win64; x64) AppleWebKit/537.36 (KHTML, like Gecko) Chrome/143.0.0.0 Safari/537.36"
43.231.132.42 - - [19/Jan/2026:10:35:38 +0100] "GET /images/omkar-emailer-logo.jpg HTTP/1.0" 301 4216 "https://mail.omkar.com/" "Mozilla/5.0 (Windows NT 10.0; Win64; x64) AppleWebKit/537.36 (KHTML, like Gecko) Chrome/143.0.0.0 Safari/537.36"
43.231.132.42 - - [19/Jan/2026:10:35:40 +0100] "GET /images/omkar-emailer-logo.jpg HTTP/1.0" 301 4216 "https://mail.omkar.com/" "Mozilla/5.0 (Windows NT 10.0; Win64; x64) AppleWebKit/537.36 (KHTML, like Gecko) Chrome/143.0.0.0 Safari/537.36"
168.119.96.239 - - [19/Jan/2026:10:35:38 +0100] "HEAD / HTTP/1.0" 200 1088 "http://www.omkar.com" "Mozilla/5.0+(compatible; UptimeRobot/2.0; http://www.uptimerobot.com/)"
43.231.132.42 - - [19/Jan/2026:10:35:40 +0100] "GET / HTTP/1.0" 200 21883 "https://mail.omkar.com/" "Mozilla/5.0 (Windows NT 10.0; Win64; x64) AppleWebKit/537.36 (KHTML, like Gecko) Chrome/143.0.0.0 Safari/537.36"
43.231.132.42 - - [19/Jan/2026:10:35:42 +0100] "GET / HTTP/1.0" 200 21883 "https://mail.omkar.com/" "Mozilla/5.0 (Windows NT 10.0; Win64; x64) AppleWebKit/537.36 (KHTML, like Gecko) Chrome/143.0.0.0 Safari/537.36"
216.73.216.182 - - [19/Jan/2026:10:35:47 +0100] "GET /sitemap305.xml HTTP/1.0" 301 4312 "-" "Mozilla/5.0 AppleWebKit/537.36 (KHTML, like Gecko; compatible; ClaudeBot/1.0; +claudebot@anthropic.com)"
43.231.132.42 - - [19/Jan/2026:10:35:51 +0100] "POST /autodiscover/autodiscover.xml HTTP/1.0" 301 4180 "-" "Microsoft Office/16.0 (Windows NT 10.0; Microsoft Outlook 16.0.5452; Pro)"
43.231.132.42 - - [19/Jan/2026:10:35:52 +0100] "POST / HTTP/1.0" 200 91252 "-" "Microsoft Office/16.0 (Windows NT 10.0; Microsoft Outlook 16.0.5452; Pro)"
42.108.77.136 - - [19/Jan/2026:10:36:11 +0100] "GET / HTTP/1.0" 200 22013 "https://www.google.com/" "Mozilla/5.0 (Linux; Android 10; K) AppleWebKit/537.36 (KHTML, like Gecko) Chrome/143.0.0.0 Mobile Safari/537.36"
42.108.77.136 - - [19/Jan/2026:10:36:13 +0100] "GET /assets/css/animate.css HTTP/1.0" 200 4019 "https://www.omkar.com/" "Mozilla/5.0 (Linux; Android 10; K) AppleWebKit/537.36 (KHTML, like Gecko) Chrome/143.0.0.0 Mobile Safari/537.36"
42.108.77.136 - - [19/Jan/2026:10:36:13 +0100] "GET /assets/css/reset.css HTTP/1.0" 200 4559 "https://www.omkar.com/" "Mozilla/5.0 (Linux; Android 10; K) AppleWebKit/537.36 (KHTML, like Gecko) Chrome/143.0.0.0 Mobile Safari/537.36"
42.108.77.136 - - [19/Jan/2026:10:36:13 +0100] "GET /assets/css/owl.carousel.min.css HTTP/1.0" 200 836 "https://www.omkar.com/" "Mozilla/5.0 (Linux; Android 10; K) AppleWebKit/537.36 (KHTML, like Gecko) Chrome/143.0.0.0 Mobile Safari/537.36"
42.108.77.136 - - [19/Jan/2026:10:36:13 +0100] "GET /assets/css/bootstrap.min.css HTTP/1.0" 200 833 "https://www.omkar.com/" "Mozilla/5.0 (Linux; Android 10; K) AppleWebKit/537.36 (KHTML, like Gecko) Chrome/143.0.0.0 Mobile Safari/537.36"
42.108.77.136 - - [19/Jan/2026:10:36:13 +0100] "GET /assets/css/jquery.fancybox.css HTTP/1.0" 200 835 "https://www.omkar.com/" "Mozilla/5.0 (Linux; Android 10; K) AppleWebKit/537.36 (KHTML, like Gecko) Chrome/143.0.0.0 Mobile Safari/537.36"
42.108.77.136 - - [19/Jan/2026:10:36:13 +0100] "GET /assets/css/responsive.css HTTP/1.0" 200 830 "https://www.omkar.com/" "Mozilla/5.0 (Linux; Android 10; K) AppleWebKit/537.36 (KHTML, like Gecko) Chrome/143.0.0.0 Mobile Safari/537.36"
42.108.77.136 - - [19/Jan/2026:10:36:13 +0100] "GET /assets/build/css/intlTelInput.css HTTP/1.0" 200 838 "https://www.omkar.com/" "Mozilla/5.0 (Linux; Android 10; K) AppleWebKit/537.36 (KHTML, like Gecko) Chrome/143.0.0.0 Mobile Safari/537.36"
