172.225.219.42 - - [19/Jan/2026:13:53:26 +0100] "GET / HTTP/1.0" 200 21877 "https://www.omkar.com/" "Mozilla/5.0 (iPhone; CPU iPhone OS 18_7 like Mac OS X) AppleWebKit/605.1.15 (KHTML, like Gecko) Version/26.0.1 Mobile/15E148 Safari/604.1"
172.225.219.42 - - [19/Jan/2026:13:53:26 +0100] "GET / HTTP/1.0" 200 21877 "https://www.omkar.com/" "Mozilla/5.0 (iPhone; CPU iPhone OS 18_7 like Mac OS X) AppleWebKit/605.1.15 (KHTML, like Gecko) Version/26.0.1 Mobile/15E148 Safari/604.1"
172.225.219.42 - - [19/Jan/2026:13:53:26 +0100] "GET / HTTP/1.0" 200 18685 "https://www.omkar.com/" "Mozilla/5.0 (iPhone; CPU iPhone OS 18_7 like Mac OS X) AppleWebKit/605.1.15 (KHTML, like Gecko) Version/26.0.1 Mobile/15E148 Safari/604.1"
184.154.139.36 - - [19/Jan/2026:13:53:29 +0100] "GET /assets/build/css/intlTelInput.css HTTP/1.0" 200 3998 "http://www.google.com/url?url=omkar.com&yahoo.com" "Mozilla/5.0 (compatible; MSIE 9.0; Windows NT 6.1; WOW64; Trident/6.0)"
184.154.139.36 - - [19/Jan/2026:13:53:30 +0100] "GET /faq HTTP/1.0" 200 56442 "-" "SiteLockSpider [en] (WinNT; I ;Nav)"
184.154.139.36 - - [19/Jan/2026:13:53:34 +0100] "GET /assets/js/owl.carousel.min.js HTTP/1.0" 200 4001 "http://www.google.com/url?url=omkar.com&yahoo.com" "Mozilla/5.0 (compatible; MSIE 9.0; Windows NT 6.1; WOW64; Trident/6.0)"
172.225.219.42 - - [19/Jan/2026:13:53:42 +0100] "GET / HTTP/1.0" 200 21877 "https://www.omkar.com/" "Mozilla/5.0 (iPhone; CPU iPhone OS 18_7 like Mac OS X) AppleWebKit/605.1.15 (KHTML, like Gecko) Version/26.0.1 Mobile/15E148 Safari/604.1"
172.225.219.42 - - [19/Jan/2026:13:53:44 +0100] "GET /home/generateCaptcha?id=2 HTTP/1.0" 200 8911 "https://www.omkar.com/" "Mozilla/5.0 (iPhone; CPU iPhone OS 18_7 like Mac OS X) AppleWebKit/605.1.15 (KHTML, like Gecko) Version/26.0.1 Mobile/15E148 Safari/604.1"
123.252.204.166 - - [19/Jan/2026:13:53:45 +0100] "POST /autodiscover/autodiscover.xml HTTP/1.0" 301 4312 "-" "Microsoft Office/16.0 (Windows NT 10.0; Microsoft Outlook 16.0.5452; Pro)"
123.252.204.166 - - [19/Jan/2026:13:53:47 +0100] "POST / HTTP/1.0" 200 91256 "-" "Microsoft Office/16.0 (Windows NT 10.0; Microsoft Outlook 16.0.5452; Pro)"
123.252.204.166 - - [19/Jan/2026:13:53:55 +0100] "POST /autodiscover/autodiscover.xml HTTP/1.0" 301 4180 "-" "Microsoft Office/16.0 (Windows NT 10.0; Microsoft Outlook 16.0.5452; Pro)"
123.252.204.166 - - [19/Jan/2026:13:53:56 +0100] "POST / HTTP/1.0" 200 91256 "-" "Microsoft Office/16.0 (Windows NT 10.0; Microsoft Outlook 16.0.5452; Pro)"
216.73.216.182 - - [19/Jan/2026:13:54:00 +0100] "GET /sitemap294.xml HTTP/1.0" 301 4312 "-" "Mozilla/5.0 AppleWebKit/537.36 (KHTML, like Gecko; compatible; ClaudeBot/1.0; +claudebot@anthropic.com)"
123.252.204.166 - - [19/Jan/2026:13:54:27 +0100] "POST /autodiscover/autodiscover.xml HTTP/1.0" 301 4180 "-" "Microsoft Office/16.0 (Windows NT 10.0; Microsoft Outlook 16.0.5452; Pro)"
123.252.204.166 - - [19/Jan/2026:13:54:29 +0100] "POST / HTTP/1.0" 200 91256 "-" "Microsoft Office/16.0 (Windows NT 10.0; Microsoft Outlook 16.0.5452; Pro)"
216.244.66.197 - - [19/Jan/2026:13:54:36 +0100] "GET /blogs/tag/omkar-developers/ HTTP/1.0" 301 4348 "-" "Mozilla/5.0 (compatible; DotBot/1.2; +https://opensiteexplorer.org/dotbot; help@moz.com)"
216.244.66.197 - - [19/Jan/2026:13:54:42 +0100] "GET /blogs/tag/real-estate-investment/feed HTTP/1.0" 301 4348 "-" "Mozilla/5.0 (compatible; DotBot/1.2; +https://opensiteexplorer.org/dotbot; help@moz.com)"
123.252.204.166 - - [19/Jan/2026:13:55:11 +0100] "POST /autodiscover/autodiscover.xml HTTP/1.0" 301 4180 "-" "Microsoft Office/16.0 (Windows NT 10.0; Microsoft Outlook 16.0.5452; Pro)"
123.252.204.166 - - [19/Jan/2026:13:55:12 +0100] "POST / HTTP/1.0" 200 91256 "-" "Microsoft Office/16.0 (Windows NT 10.0; Microsoft Outlook 16.0.5452; Pro)"
74.125.217.128 - - [19/Jan/2026:13:55:29 +0100] "GET / HTTP/1.0" 200 22010 "http://mail.google.com/" "Mozilla/5.0 (Windows NT 10.0; Win64; x64) AppleWebKit/537.36 (KHTML, like Gecko) Chrome/42.0.2311.135 Safari/537.36 Edge/12.246 Mozilla/5.0"
74.125.217.128 - - [19/Jan/2026:13:55:31 +0100] "GET / HTTP/1.0" 200 22010 "http://mail.google.com/" "Mozilla/5.0 (Windows NT 10.0; Win64; x64) AppleWebKit/537.36 (KHTML, like Gecko) Chrome/42.0.2311.135 Safari/537.36 Edge/12.246 Mozilla/5.0"
74.125.217.128 - - [19/Jan/2026:13:55:33 +0100] "GET / HTTP/1.0" 200 22010 "http://mail.google.com/" "Mozilla/5.0 (Windows NT 10.0; Win64; x64) AppleWebKit/537.36 (KHTML, like Gecko) Chrome/42.0.2311.135 Safari/537.36 Edge/12.246 Mozilla/5.0"
74.125.217.128 - - [19/Jan/2026:13:56:30 +0100] "GET / HTTP/1.0" 200 22010 "http://mail.google.com/" "Mozilla/5.0 (Windows NT 10.0; Win64; x64) AppleWebKit/537.36 (KHTML, like Gecko) Chrome/42.0.2311.135 Safari/537.36 Edge/12.246 Mozilla/5.0"
216.73.216.182 - - [19/Jan/2026:13:56:33 +0100] "GET /sitemap441.xml HTTP/1.0" 301 4312 "-" "Mozilla/5.0 AppleWebKit/537.36 (KHTML, like Gecko; compatible; ClaudeBot/1.0; +claudebot@anthropic.com)"
66.249.84.194 - - [19/Jan/2026:13:56:38 +0100] "GET /images/omkar-emailer-logo.jpg HTTP/1.0" 301 4348 "-" "Mozilla/5.0 (Windows NT 5.1; rv:11.0) Gecko Firefox/11.0 (via ggpht.com GoogleImageProxy)"
66.249.84.195 - - [19/Jan/2026:13:56:39 +0100] "GET / HTTP/1.0" 200 22010 "-" "Mozilla/5.0 (Windows NT 5.1; rv:11.0) Gecko Firefox/11.0 (via ggpht.com GoogleImageProxy)"
66.249.84.194 - - [19/Jan/2026:13:56:50 +0100] "GET /images/omkar-emailer-logo.jpg HTTP/1.0" 301 4348 "-" "Mozilla/5.0 (Windows NT 5.1; rv:11.0) Gecko Firefox/11.0 (via ggpht.com GoogleImageProxy)"
66.249.84.195 - - [19/Jan/2026:13:56:52 +0100] "GET / HTTP/1.0" 200 22010 "-" "Mozilla/5.0 (Windows NT 5.1; rv:11.0) Gecko Firefox/11.0 (via ggpht.com GoogleImageProxy)"
185.121.171.9 - - [19/Jan/2026:13:57:05 +0100] "GET /blogs/sites/default/files/styles/image_770x505/public/2017-05/1170X768_0.jpg HTTP/1.0" 301 4348 "-" "Mozilla/5.0 (Android 10.0; Mobile; rv:121.0) Gecko/121.0 Firefox/121.0"
172.121.211.6 - - [19/Jan/2026:13:57:12 +0100] "GET /uploads/floor_plan/15127351051497208504.jpeg HTTP/1.0" 200 4043 "-" "Mozilla/5.0 (Android 11.0; Mobile; rv:140.0) Gecko/140.0 Firefox/140.0"
49.13.167.123 - - [19/Jan/2026:13:57:14 +0100] "HEAD / HTTP/1.0" 200 4280 "http://www.omkar.com" "Mozilla/5.0+(compatible; UptimeRobot/2.0; http://www.uptimerobot.com/)"
216.73.216.182 - - [19/Jan/2026:13:57:19 +0100] "GET /robots.txt HTTP/1.0" 200 4259 "-" "Mozilla/5.0 AppleWebKit/537.36 (KHTML, like Gecko; compatible; ClaudeBot/1.0; +claudebot@anthropic.com)"
45.65.216.76 - - [19/Jan/2026:13:57:18 +0100] "GET / HTTP/1.0" 200 22008 "-" "Mozilla/5.0 (iPhone 13; CPU iPhone OS 16_0 like Mac OS X) AppleWebKit/537.36 (KHTML, like Gecko) CriOS/138.7.7079.48 Mobile/15E148 Safari/604.1"
216.73.216.182 - - [19/Jan/2026:13:57:19 +0100] "GET /blogs/tag/omkar-promoters HTTP/1.0" 301 1156 "-" "Mozilla/5.0 AppleWebKit/537.36 (KHTML, like Gecko; compatible; ClaudeBot/1.0; +claudebot@anthropic.com)"
34.221.75.78 - - [19/Jan/2026:13:57:26 +0100] "GET /home/generateCaptcha?id=2 HTTP/1.0" 200 9173 "-" "Mozilla/5.0 (Windows NT 10.0; Win64; x64) AppleWebKit/537.36 (KHTML, like Gecko) Chrome/137.0.0.0 Safari/537.36"
74.125.217.128 - - [19/Jan/2026:13:57:31 +0100] "GET / HTTP/1.0" 200 22010 "http://mail.google.com/" "Mozilla/5.0 (Windows NT 10.0; Win64; x64) AppleWebKit/537.36 (KHTML, like Gecko) Chrome/42.0.2311.135 Safari/537.36 Edge/12.246 Mozilla/5.0"
74.125.217.128 - - [19/Jan/2026:13:57:34 +0100] "GET / HTTP/1.0" 200 22010 "http://mail.google.com/" "Mozilla/5.0 (Windows NT 10.0; Win64; x64) AppleWebKit/537.36 (KHTML, like Gecko) Chrome/42.0.2311.135 Safari/537.36 Edge/12.246 Mozilla/5.0"
74.125.217.128 - - [19/Jan/2026:13:57:35 +0100] "GET / HTTP/1.0" 200 22010 "http://mail.google.com/" "Mozilla/5.0 (Windows NT 10.0; Win64; x64) AppleWebKit/537.36 (KHTML, like Gecko) Chrome/42.0.2311.135 Safari/537.36 Edge/12.246 Mozilla/5.0"
74.125.217.128 - - [19/Jan/2026:13:57:37 +0100] "GET / HTTP/1.0" 200 22010 "http://mail.google.com/" "Mozilla/5.0 (Windows NT 10.0; Win64; x64) AppleWebKit/537.36 (KHTML, like Gecko) Chrome/42.0.2311.135 Safari/537.36 Edge/12.246 Mozilla/5.0"
66.249.84.193 - - [19/Jan/2026:13:57:40 +0100] "GET /images/omkar-emailer-logo.jpg HTTP/1.0" 301 4348 "-" "Mozilla/5.0 (Windows NT 5.1; rv:11.0) Gecko Firefox/11.0 (via ggpht.com GoogleImageProxy)"
66.249.84.195 - - [19/Jan/2026:13:57:42 +0100] "GET / HTTP/1.0" 200 22010 "-" "Mozilla/5.0 (Windows NT 5.1; rv:11.0) Gecko Firefox/11.0 (via ggpht.com GoogleImageProxy)"
128.140.106.114 - - [19/Jan/2026:13:58:23 +0100] "HEAD / HTTP/1.0" 200 4248 "http://omkar.com/" "Mozilla/5.0+(compatible; UptimeRobot/2.0; http://www.uptimerobot.com/)"
60.254.0.118 - - [19/Jan/2026:13:59:12 +0100] "GET /images/omkar-emailer-logo.jpg HTTP/1.0" 301 4348 "-" "Mozilla/4.0 (compatible; MSIE 7.0; Windows NT 6.1; WOW64; Trident/7.0; SLCC2; .NET CLR 2.0.50727; .NET CLR 3.5.30729; .NET CLR 3.0.30729; .NET4.0C; .NET4.0E; Media Center PC 6.0; InfoPath.2; MSOffice 12)"
60.254.0.118 - - [19/Jan/2026:13:59:12 +0100] "GET /images/omkar-emailer-logo.jpg HTTP/1.0" 301 4348 "-" "Mozilla/4.0 (compatible; MSIE 7.0; Windows NT 6.1; WOW64; Trident/7.0; SLCC2; .NET CLR 2.0.50727; .NET CLR 3.5.30729; .NET CLR 3.0.30729; .NET4.0C; .NET4.0E; Media Center PC 6.0; InfoPath.2; MSOffice 12)"
60.254.0.118 - - [19/Jan/2026:13:59:13 +0100] "GET / HTTP/1.0" 200 21878 "-" "Mozilla/4.0 (compatible; MSIE 7.0; Windows NT 6.1; WOW64; Trident/7.0; SLCC2; .NET CLR 2.0.50727; .NET CLR 3.5.30729; .NET CLR 3.0.30729; .NET4.0C; .NET4.0E; Media Center PC 6.0; InfoPath.2; MSOffice 12)"
60.254.0.118 - - [19/Jan/2026:13:59:13 +0100] "GET / HTTP/1.0" 200 21878 "-" "Mozilla/4.0 (compatible; MSIE 7.0; Windows NT 6.1; WOW64; Trident/7.0; SLCC2; .NET CLR 2.0.50727; .NET CLR 3.5.30729; .NET CLR 3.0.30729; .NET4.0C; .NET4.0E; Media Center PC 6.0; InfoPath.2; MSOffice 12)"
49.43.27.74 - - [19/Jan/2026:14:00:36 +0100] "GET /ongoing-residential-projects-mumbai HTTP/1.0" 200 11954 "https://www.omkar.com/" "Mozilla/5.0 (Windows NT 10.0; Win64; x64) AppleWebKit/537.36 (KHTML, like Gecko) Chrome/143.0.0.0 Safari/537.36"
49.43.27.74 - - [19/Jan/2026:14:00:37 +0100] "GET / HTTP/1.0" 200 11954 "https://www.google.com/" "Mozilla/5.0 (Windows NT 10.0; Win64; x64) AppleWebKit/537.36 (KHTML, like Gecko) Chrome/143.0.0.0 Safari/537.36"
66.220.149.24 - - [19/Jan/2026:14:00:37 +0100] "GET / HTTP/1.0" 200 92227 "-" "facebookexternalhit/1.1 (+http://www.facebook.com/externalhit_uatext.php)"
122.181.102.119 - - [19/Jan/2026:14:01:54 +0100] "GET /ongoing-commercial-projects-mumbai/tsbb-andheri-east HTTP/1.0" 200 11954 "-" "Mozilla/5.0 (Linux; U; Android 14; en-in; RMX3521 Build/UKQ1.230924.001) AppleWebKit/537.36 (KHTML, like Gecko) Chrome/125.0.6422.72 Mobile Safari/537.36 HeyTapBrowser/45.13.6.1"
111.88.14.232 - - [19/Jan/2026:14:02:23 +0100] "GET /shopdetail/19728858 HTTP/1.0" 301 4348 "https://www.omkar.com/" "Mozilla/5.0 (Windows NT 10.0; Win64; x64) AppleWebKit/537.36 (KHTML, like Gecko) Chrome/135.0.0.0 Safari/537.36 Edg/135.0.0.0"
49.13.167.123 - - [19/Jan/2026:14:02:22 +0100] "HEAD / HTTP/1.0" 200 4280 "http://www.omkar.com" "Mozilla/5.0+(compatible; UptimeRobot/2.0; http://www.uptimerobot.com/)"
154.121.104.8 - - [19/Jan/2026:14:02:25 +0100] "GET / HTTP/1.0" 200 21878 "https://www.omkar.com/" "Mozilla/5.0 (Windows NT 10.0; Win64; x64) AppleWebKit/537.36 (KHTML, like Gecko) Chrome/135.0.0.0 Safari/537.36 Edg/135.0.0.0"
60.254.0.118 - - [19/Jan/2026:14:02:34 +0100] "GET /images/omkar-emailer-logo.jpg HTTP/1.0" 301 4216 "-" "Mozilla/4.0 (compatible; MSIE 7.0; Windows NT 6.1; WOW64; Trident/7.0; SLCC2; .NET CLR 2.0.50727; .NET CLR 3.5.30729; .NET CLR 3.0.30729; .NET4.0C; .NET4.0E; Media Center PC 6.0; InfoPath.2; MSOffice 12)"
60.254.0.118 - - [19/Jan/2026:14:02:35 +0100] "GET / HTTP/1.0" 200 21878 "-" "Mozilla/4.0 (compatible; MSIE 7.0; Windows NT 6.1; WOW64; Trident/7.0; SLCC2; .NET CLR 2.0.50727; .NET CLR 3.5.30729; .NET CLR 3.0.30729; .NET4.0C; .NET4.0E; Media Center PC 6.0; InfoPath.2; MSOffice 12)"
185.121.171.140 - - [19/Jan/2026:14:02:36 +0100] "GET /uploads/news/18553260201499323617.png HTTP/1.0" 301 4312 "-" "Mozilla/5.0 (iPhone 12; CPU iPhone OS 17_0 like Mac OS X) AppleWebKit/537.36 (KHTML, like Gecko) CriOS/132.2.7498.50 Mobile/15E148 Safari/604.1"
216.73.216.182 - - [19/Jan/2026:14:02:39 +0100] "GET /sitemap623.xml HTTP/1.0" 301 4312 "-" "Mozilla/5.0 AppleWebKit/537.36 (KHTML, like Gecko; compatible; ClaudeBot/1.0; +claudebot@anthropic.com)"
66.249.84.194 - - [19/Jan/2026:14:02:46 +0100] "GET /images/omkar-emailer-logo.jpg HTTP/1.0" 301 4348 "-" "Mozilla/5.0 (Windows NT 5.1; rv:11.0) Gecko Firefox/11.0 (via ggpht.com GoogleImageProxy)"
66.249.84.195 - - [19/Jan/2026:14:02:48 +0100] "GET / HTTP/1.0" 200 22010 "-" "Mozilla/5.0 (Windows NT 5.1; rv:11.0) Gecko Firefox/11.0 (via ggpht.com GoogleImageProxy)"
111.119.49.191 - - [19/Jan/2026:14:02:50 +0100] "GET / HTTP/1.0" 200 21986 "-" "Mozilla/5.0 (Android 14.0; Mobile; rv:125.0) Gecko/125.0 Firefox/125.0"
167.235.143.113 - - [19/Jan/2026:14:03:31 +0100] "HEAD / HTTP/1.0" 200 4248 "http://omkar.com/" "Mozilla/5.0+(compatible; UptimeRobot/2.0; http://www.uptimerobot.com/)"
66.249.84.193 - - [19/Jan/2026:14:03:35 +0100] "GET /images/omkar-emailer-logo.jpg HTTP/1.0" 301 4348 "-" "Mozilla/5.0 (Windows NT 5.1; rv:11.0) Gecko Firefox/11.0 (via ggpht.com GoogleImageProxy)"
66.249.84.193 - - [19/Jan/2026:14:03:36 +0100] "GET / HTTP/1.0" 200 22010 "-" "Mozilla/5.0 (Windows NT 5.1; rv:11.0) Gecko Firefox/11.0 (via ggpht.com GoogleImageProxy)"
66.249.84.194 - - [19/Jan/2026:14:03:43 +0100] "GET /images/omkar-emailer-logo.jpg HTTP/1.0" 301 4348 "-" "Mozilla/5.0 (Windows NT 5.1; rv:11.0) Gecko Firefox/11.0 (via ggpht.com GoogleImageProxy)"
66.249.84.195 - - [19/Jan/2026:14:03:45 +0100] "GET / HTTP/1.0" 200 22010 "-" "Mozilla/5.0 (Windows NT 5.1; rv:11.0) Gecko Firefox/11.0 (via ggpht.com GoogleImageProxy)"
66.249.84.195 - - [19/Jan/2026:14:03:47 +0100] "GET /images/omkar-emailer-logo.jpg HTTP/1.0" 301 4348 "-" "Mozilla/5.0 (Windows NT 5.1; rv:11.0) Gecko Firefox/11.0 (via ggpht.com GoogleImageProxy)"
66.249.84.195 - - [19/Jan/2026:14:03:50 +0100] "GET / HTTP/1.0" 200 22010 "-" "Mozilla/5.0 (Windows NT 5.1; rv:11.0) Gecko Firefox/11.0 (via ggpht.com GoogleImageProxy)"
66.249.84.193 - - [19/Jan/2026:14:03:55 +0100] "GET /images/omkar-emailer-logo.jpg HTTP/1.0" 301 4348 "-" "Mozilla/5.0 (Windows NT 5.1; rv:11.0) Gecko Firefox/11.0 (via ggpht.com GoogleImageProxy)"
66.249.84.193 - - [19/Jan/2026:14:03:56 +0100] "GET / HTTP/1.0" 200 22010 "-" "Mozilla/5.0 (Windows NT 5.1; rv:11.0) Gecko Firefox/11.0 (via ggpht.com GoogleImageProxy)"
66.249.84.194 - - [19/Jan/2026:14:04:00 +0100] "GET /images/omkar-emailer-logo.jpg HTTP/1.0" 301 4348 "-" "Mozilla/5.0 (Windows NT 5.1; rv:11.0) Gecko Firefox/11.0 (via ggpht.com GoogleImageProxy)"
66.249.84.195 - - [19/Jan/2026:14:04:01 +0100] "GET / HTTP/1.0" 200 22010 "-" "Mozilla/5.0 (Windows NT 5.1; rv:11.0) Gecko Firefox/11.0 (via ggpht.com GoogleImageProxy)"
74.125.217.128 - - [19/Jan/2026:14:04:13 +0100] "GET / HTTP/1.0" 200 22010 "http://mail.google.com/" "Mozilla/5.0 (Windows NT 10.0; Win64; x64) AppleWebKit/537.36 (KHTML, like Gecko) Chrome/42.0.2311.135 Safari/537.36 Edge/12.246 Mozilla/5.0"
66.249.71.192 - - [19/Jan/2026:14:04:48 +0100] "GET /ongoing-commercial-projects-mumbai/tsbb-andheri-east HTTP/1.0" 200 22350 "-" "Mozilla/5.0 (Linux; Android 6.0.1; Nexus 5X Build/MMB29P) AppleWebKit/537.36 (KHTML, like Gecko) Chrome/143.0.7499.192 Mobile Safari/537.36 (compatible; Googlebot/2.1; +http://www.google.com/bot.html)"
57.141.0.5 - - [19/Jan/2026:14:05:24 +0100] "GET /uploads/news_document/3831663661499170313.pdf HTTP/1.0" 301 4348 "-" "meta-externalagent/1.1 (+https://developers.facebook.com/docs/sharing/webmasters/crawler)"
60.254.0.118 - - [19/Jan/2026:14:06:14 +0100] "GET /images/omkar-emailer-logo.jpg HTTP/1.0" 301 4348 "-" "Mozilla/4.0 (compatible; MSIE 7.0; Windows NT 6.1; WOW64; Trident/7.0; SLCC2; .NET CLR 2.0.50727; .NET CLR 3.5.30729; .NET CLR 3.0.30729; .NET4.0C; .NET4.0E; Media Center PC 6.0; InfoPath.2; MSOffice 12)"
60.254.0.118 - - [19/Jan/2026:14:06:16 +0100] "GET / HTTP/1.0" 200 21878 "-" "Mozilla/4.0 (compatible; MSIE 7.0; Windows NT 6.1; WOW64; Trident/7.0; SLCC2; .NET CLR 2.0.50727; .NET CLR 3.5.30729; .NET CLR 3.0.30729; .NET4.0C; .NET4.0E; Media Center PC 6.0; InfoPath.2; MSOffice 12)"
69.171.230.6 - - [19/Jan/2026:14:07:02 +0100] "GET / HTTP/1.0" 200 88211 "-" "facebookexternalhit/1.1 (+http://www.facebook.com/externalhit_uatext.php)"
69.171.230.115 - - [19/Jan/2026:14:07:01 +0100] "GET / HTTP/1.0" 200 91387 "-" "facebookexternalhit/1.1 (+http://www.facebook.com/externalhit_uatext.php)"
49.13.164.148 - - [19/Jan/2026:14:07:31 +0100] "HEAD / HTTP/1.0" 200 4280 "http://www.omkar.com" "Mozilla/5.0+(compatible; UptimeRobot/2.0; http://www.uptimerobot.com/)"
60.254.0.118 - - [19/Jan/2026:14:07:56 +0100] "GET /images/omkar-emailer-logo.jpg HTTP/1.0" 301 4216 "-" "Mozilla/4.0 (compatible; MSIE 7.0; Windows NT 6.1; WOW64; Trident/7.0; SLCC2; .NET CLR 2.0.50727; .NET CLR 3.5.30729; .NET CLR 3.0.30729; .NET4.0C; .NET4.0E; Media Center PC 6.0; InfoPath.2; MSOffice 12)"
60.254.0.118 - - [19/Jan/2026:14:07:56 +0100] "GET /images/omkar-emailer-logo.jpg HTTP/1.0" 301 4216 "-" "Mozilla/4.0 (compatible; MSIE 7.0; Windows NT 6.1; WOW64; Trident/7.0; SLCC2; .NET CLR 2.0.50727; .NET CLR 3.5.30729; .NET CLR 3.0.30729; .NET4.0C; .NET4.0E; Media Center PC 6.0; InfoPath.2; MSOffice 12)"
60.254.0.118 - - [19/Jan/2026:14:07:58 +0100] "GET / HTTP/1.0" 200 18686 "-" "Mozilla/4.0 (compatible; MSIE 7.0; Windows NT 6.1; WOW64; Trident/7.0; SLCC2; .NET CLR 2.0.50727; .NET CLR 3.5.30729; .NET CLR 3.0.30729; .NET4.0C; .NET4.0E; Media Center PC 6.0; InfoPath.2; MSOffice 12)"
60.254.0.118 - - [19/Jan/2026:14:07:57 +0100] "GET / HTTP/1.0" 200 21878 "-" "Mozilla/4.0 (compatible; MSIE 7.0; Windows NT 6.1; WOW64; Trident/7.0; SLCC2; .NET CLR 2.0.50727; .NET CLR 3.5.30729; .NET CLR 3.0.30729; .NET4.0C; .NET4.0E; Media Center PC 6.0; InfoPath.2; MSOffice 12)"
64.233.172.32 - - [19/Jan/2026:14:08:24 +0100] "GET /ongoing-residential-projects-mumbai/omkar-Lawns-and-Beyond?utm_source=GoogleMyBusiness HTTP/1.0" 200 21923 "-" "Mozilla/5.0 (X11; Linux x86_64) AppleWebKit/537.36 (KHTML, like Gecko; Google-BusinessLinkVerification) Chrome/143.0.7499.169 Safari/537.36"
64.233.172.32 - - [19/Jan/2026:14:08:26 +0100] "GET /assets/css/reset.css HTTP/1.0" 200 4559 "https://www.omkar.com/ongoing-residential-projects-mumbai/omkar-Lawns-and-Beyond?utm_source=GoogleMyBusiness" "Mozilla/5.0 (X11; Linux x86_64) AppleWebKit/537.36 (KHTML, like Gecko; Google-BusinessLinkVerification) Chrome/143.0.7499.169 Safari/537.36"
64.233.172.34 - - [19/Jan/2026:14:08:27 +0100] "GET /assets/css/owl.carousel.min.css HTTP/1.0" 200 836 "https://www.omkar.com/ongoing-residential-projects-mumbai/omkar-Lawns-and-Beyond?utm_source=GoogleMyBusiness" "Mozilla/5.0 (X11; Linux x86_64) AppleWebKit/537.36 (KHTML, like Gecko; Google-BusinessLinkVerification) Chrome/143.0.7499.169 Safari/537.36"
64.233.172.33 - - [19/Jan/2026:14:08:27 +0100] "GET /assets/images/logo.png HTTP/1.0" 200 828 "https://www.omkar.com/ongoing-residential-projects-mumbai/omkar-Lawns-and-Beyond?utm_source=GoogleMyBusiness" "Mozilla/5.0 (X11; Linux x86_64) AppleWebKit/537.36 (KHTML, like Gecko; Google-BusinessLinkVerification) Chrome/143.0.7499.169 Safari/537.36"
64.233.172.33 - - [19/Jan/2026:14:08:27 +0100] "GET /assets/css/animate.css HTTP/1.0" 200 827 "https://www.omkar.com/ongoing-residential-projects-mumbai/omkar-Lawns-and-Beyond?utm_source=GoogleMyBusiness" "Mozilla/5.0 (X11; Linux x86_64) AppleWebKit/537.36 (KHTML, like Gecko; Google-BusinessLinkVerification) Chrome/143.0.7499.169 Safari/537.36"
64.233.172.34 - - [19/Jan/2026:14:08:27 +0100] "GET /assets/css/font-awesome/css/font-awesome.min.css HTTP/1.0" 200 853 "https://www.omkar.com/ongoing-residential-projects-mumbai/omkar-Lawns-and-Beyond?utm_source=GoogleMyBusiness" "Mozilla/5.0 (X11; Linux x86_64) AppleWebKit/537.36 (KHTML, like Gecko; Google-BusinessLinkVerification) Chrome/143.0.7499.169 Safari/537.36"
64.233.172.34 - - [19/Jan/2026:14:08:27 +0100] "GET /assets/css/jquery.fancybox.css HTTP/1.0" 200 835 "https://www.omkar.com/ongoing-residential-projects-mumbai/omkar-Lawns-and-Beyond?utm_source=GoogleMyBusiness" "Mozilla/5.0 (X11; Linux x86_64) AppleWebKit/537.36 (KHTML, like Gecko; Google-BusinessLinkVerification) Chrome/143.0.7499.169 Safari/537.36"
64.233.172.34 - - [19/Jan/2026:14:08:27 +0100] "GET /assets/css/ion.rangeSlider.css HTTP/1.0" 200 4027 "https://www.omkar.com/ongoing-residential-projects-mumbai/omkar-Lawns-and-Beyond?utm_source=GoogleMyBusiness" "Mozilla/5.0 (X11; Linux x86_64) AppleWebKit/537.36 (KHTML, like Gecko; Google-BusinessLinkVerification) Chrome/143.0.7499.169 Safari/537.36"
64.233.172.33 - - [19/Jan/2026:14:08:27 +0100] "GET /assets/css/omkarStyle.css HTTP/1.0" 200 4022 "https://www.omkar.com/ongoing-residential-projects-mumbai/omkar-Lawns-and-Beyond?utm_source=GoogleMyBusiness" "Mozilla/5.0 (X11; Linux x86_64) AppleWebKit/537.36 (KHTML, like Gecko; Google-BusinessLinkVerification) Chrome/143.0.7499.169 Safari/537.36"
64.233.172.33 - - [19/Jan/2026:14:08:27 +0100] "GET /assets/css/bootstrap.min.css HTTP/1.0" 200 4025 "https://www.omkar.com/ongoing-residential-projects-mumbai/omkar-Lawns-and-Beyond?utm_source=GoogleMyBusiness" "Mozilla/5.0 (X11; Linux x86_64) AppleWebKit/537.36 (KHTML, like Gecko; Google-BusinessLinkVerification) Chrome/143.0.7499.169 Safari/537.36"
64.233.172.32 - - [19/Jan/2026:14:08:27 +0100] "GET /assets/build/css/intlTelInput.css HTTP/1.0" 200 838 "https://www.omkar.com/ongoing-residential-projects-mumbai/omkar-Lawns-and-Beyond?utm_source=GoogleMyBusiness" "Mozilla/5.0 (X11; Linux x86_64) AppleWebKit/537.36 (KHTML, like Gecko; Google-BusinessLinkVerification) Chrome/143.0.7499.169 Safari/537.36"
64.233.172.34 - - [19/Jan/2026:14:08:27 +0100] "GET /assets/css/responsive.css HTTP/1.0" 200 830 "https://www.omkar.com/ongoing-residential-projects-mumbai/omkar-Lawns-and-Beyond?utm_source=GoogleMyBusiness" "Mozilla/5.0 (X11; Linux x86_64) AppleWebKit/537.36 (KHTML, like Gecko; Google-BusinessLinkVerification) Chrome/143.0.7499.169 Safari/537.36"
64.233.172.34 - - [19/Jan/2026:14:08:27 +0100] "GET /assets/images/refresh.png HTTP/1.0" 200 4507 "https://www.omkar.com/ongoing-residential-projects-mumbai/omkar-Lawns-and-Beyond?utm_source=GoogleMyBusiness" "Mozilla/5.0 (X11; Linux x86_64) AppleWebKit/537.36 (KHTML, like Gecko; Google-BusinessLinkVerification) Chrome/143.0.7499.169 Safari/537.36"
64.233.172.34 - - [19/Jan/2026:14:08:28 +0100] "GET /assets/images/whatsapp-dsk.png HTTP/1.0" 200 836 "https://www.omkar.com/ongoing-residential-projects-mumbai/omkar-Lawns-and-Beyond?utm_source=GoogleMyBusiness" "Mozilla/5.0 (X11; Linux x86_64) AppleWebKit/537.36 (KHTML, like Gecko; Google-BusinessLinkVerification) Chrome/143.0.7499.169 Safari/537.36"
64.233.172.33 - - [19/Jan/2026:14:08:28 +0100] "GET /assets/js/jquery.mousewheel.min.js HTTP/1.0" 200 846 "https://www.omkar.com/ongoing-residential-projects-mumbai/omkar-Lawns-and-Beyond?utm_source=GoogleMyBusiness" "Mozilla/5.0 (X11; Linux x86_64) AppleWebKit/537.36 (KHTML, like Gecko; Google-BusinessLinkVerification) Chrome/143.0.7499.169 Safari/537.36"
64.233.172.32 - - [19/Jan/2026:14:08:28 +0100] "GET /assets/js/jquery.validate.min.js HTTP/1.0" 200 844 "https://www.omkar.com/ongoing-residential-projects-mumbai/omkar-Lawns-and-Beyond?utm_source=GoogleMyBusiness" "Mozilla/5.0 (X11; Linux x86_64) AppleWebKit/537.36 (KHTML, like Gecko; Google-BusinessLinkVerification) Chrome/143.0.7499.169 Safari/537.36"
64.233.172.34 - - [19/Jan/2026:14:08:28 +0100] "GET /assets/js/e-smart-zoom-jquery.min.js HTTP/1.0" 200 848 "https://www.omkar.com/ongoing-residential-projects-mumbai/omkar-Lawns-and-Beyond?utm_source=GoogleMyBusiness" "Mozilla/5.0 (X11; Linux x86_64) AppleWebKit/537.36 (KHTML, like Gecko; Google-BusinessLinkVerification) Chrome/143.0.7499.169 Safari/537.36"
64.233.172.33 - - [19/Jan/2026:14:08:28 +0100] "GET /assets/js/jquery-1.9.1.min.js HTTP/1.0" 200 841 "https://www.omkar.com/ongoing-residential-projects-mumbai/omkar-Lawns-and-Beyond?utm_source=GoogleMyBusiness" "Mozilla/5.0 (X11; Linux x86_64) AppleWebKit/537.36 (KHTML, like Gecko; Google-BusinessLinkVerification) Chrome/143.0.7499.169 Safari/537.36"
64.233.172.34 - - [19/Jan/2026:14:08:28 +0100] "GET /assets/build/js/intlTelInput.js HTTP/1.0" 200 843 "https://www.omkar.com/ongoing-residential-projects-mumbai/omkar-Lawns-and-Beyond?utm_source=GoogleMyBusiness" "Mozilla/5.0 (X11; Linux x86_64) AppleWebKit/537.36 (KHTML, like Gecko; Google-BusinessLinkVerification) Chrome/143.0.7499.169 Safari/537.36"
64.233.172.32 - - [19/Jan/2026:14:08:28 +0100] "GET /assets/js/jquery.firstVisitPopup.js HTTP/1.0" 200 1366 "https://www.omkar.com/ongoing-residential-projects-mumbai/omkar-Lawns-and-Beyond?utm_source=GoogleMyBusiness" "Mozilla/5.0 (X11; Linux x86_64) AppleWebKit/537.36 (KHTML, like Gecko; Google-BusinessLinkVerification) Chrome/143.0.7499.169 Safari/537.36"
64.233.172.34 - - [19/Jan/2026:14:08:28 +0100] "GET /assets/js/additional-methods.min.js HTTP/1.0" 200 847 "https://www.omkar.com/ongoing-residential-projects-mumbai/omkar-Lawns-and-Beyond?utm_source=GoogleMyBusiness" "Mozilla/5.0 (X11; Linux x86_64) AppleWebKit/537.36 (KHTML, like Gecko; Google-BusinessLinkVerification) Chrome/143.0.7499.169 Safari/537.36"
64.233.172.34 - - [19/Jan/2026:14:08:28 +0100] "GET /uploads/amenities/1512122557364964869Kids.jpg HTTP/1.0" 200 4044 "https://www.omkar.com/ongoing-residential-projects-mumbai/omkar-Lawns-and-Beyond?utm_source=GoogleMyBusiness" "Mozilla/5.0 (X11; Linux x86_64) AppleWebKit/537.36 (KHTML, like Gecko; Google-BusinessLinkVerification) Chrome/143.0.7499.169 Safari/537.36"
64.233.172.33 - - [19/Jan/2026:14:08:28 +0100] "GET /assets/js/custom.js HTTP/1.0" 200 831 "https://www.omkar.com/ongoing-residential-projects-mumbai/omkar-Lawns-and-Beyond?utm_source=GoogleMyBusiness" "Mozilla/5.0 (X11; Linux x86_64) AppleWebKit/537.36 (KHTML, like Gecko; Google-BusinessLinkVerification) Chrome/143.0.7499.169 Safari/537.36"
64.233.172.33 - - [19/Jan/2026:14:08:28 +0100] "GET /assets/js/jquery.fancybox.js HTTP/1.0" 200 840 "https://www.omkar.com/ongoing-residential-projects-mumbai/omkar-Lawns-and-Beyond?utm_source=GoogleMyBusiness" "Mozilla/5.0 (X11; Linux x86_64) AppleWebKit/537.36 (KHTML, like Gecko; Google-BusinessLinkVerification) Chrome/143.0.7499.169 Safari/537.36"
64.233.172.32 - - [19/Jan/2026:14:08:28 +0100] "GET /assets/js/modernizr.js HTTP/1.0" 200 834 "https://www.omkar.com/ongoing-residential-projects-mumbai/omkar-Lawns-and-Beyond?utm_source=GoogleMyBusiness" "Mozilla/5.0 (X11; Linux x86_64) AppleWebKit/537.36 (KHTML, like Gecko; Google-BusinessLinkVerification) Chrome/143.0.7499.169 Safari/537.36"
64.233.172.34 - - [19/Jan/2026:14:08:28 +0100] "GET /assets/images/t-icon.png HTTP/1.0" 200 830 "https://www.omkar.com/ongoing-residential-projects-mumbai/omkar-Lawns-and-Beyond?utm_source=GoogleMyBusiness" "Mozilla/5.0 (X11; Linux x86_64) AppleWebKit/537.36 (KHTML, like Gecko; Google-BusinessLinkVerification) Chrome/143.0.7499.169 Safari/537.36"
64.233.172.34 - - [19/Jan/2026:14:08:28 +0100] "GET /assets/images/goco-image.jpg HTTP/1.0" 200 835 "https://www.omkar.com/ongoing-residential-projects-mumbai/omkar-Lawns-and-Beyond?utm_source=GoogleMyBusiness" "Mozilla/5.0 (X11; Linux x86_64) AppleWebKit/537.36 (KHTML, like Gecko; Google-BusinessLinkVerification) Chrome/143.0.7499.169 Safari/537.36"
64.233.172.32 - - [19/Jan/2026:14:08:28 +0100] "GET /uploads/amenities/15121225671655464431Spa.jpg HTTP/1.0" 200 852 "https://www.omkar.com/ongoing-residential-projects-mumbai/omkar-Lawns-and-Beyond?utm_source=GoogleMyBusiness" "Mozilla/5.0 (X11; Linux x86_64) AppleWebKit/537.36 (KHTML, like Gecko; Google-BusinessLinkVerification) Chrome/143.0.7499.169 Safari/537.36"
64.233.172.32 - - [19/Jan/2026:14:08:28 +0100] "GET /uploads/street_map_img/151599920643031221615099584341139816107map.jpg HTTP/1.0" 200 876 "https://www.omkar.com/ongoing-residential-projects-mumbai/omkar-Lawns-and-Beyond?utm_source=GoogleMyBusiness" "Mozilla/5.0 (X11; Linux x86_64) AppleWebKit/537.36 (KHTML, like Gecko; Google-BusinessLinkVerification) Chrome/143.0.7499.169 Safari/537.36"
64.233.172.34 - - [19/Jan/2026:14:08:28 +0100] "GET /uploads/amenities/15121224882011336561banquet-hall.jpg HTTP/1.0" 200 861 "https://www.omkar.com/ongoing-residential-projects-mumbai/omkar-Lawns-and-Beyond?utm_source=GoogleMyBusiness" "Mozilla/5.0 (X11; Linux x86_64) AppleWebKit/537.36 (KHTML, like Gecko; Google-BusinessLinkVerification) Chrome/143.0.7499.169 Safari/537.36"
64.233.172.34 - - [19/Jan/2026:14:08:28 +0100] "GET /assets/images/down-arw.png HTTP/1.0" 200 832 "https://www.omkar.com/ongoing-residential-projects-mumbai/omkar-Lawns-and-Beyond?utm_source=GoogleMyBusiness" "Mozilla/5.0 (X11; Linux x86_64) AppleWebKit/537.36 (KHTML, like Gecko; Google-BusinessLinkVerification) Chrome/143.0.7499.169 Safari/537.36"
64.233.172.32 - - [19/Jan/2026:14:08:28 +0100] "GET /assets/images/goco-logo.png HTTP/1.0" 200 833 "https://www.omkar.com/ongoing-residential-projects-mumbai/omkar-Lawns-and-Beyond?utm_source=GoogleMyBusiness" "Mozilla/5.0 (X11; Linux x86_64) AppleWebKit/537.36 (KHTML, like Gecko; Google-BusinessLinkVerification) Chrome/143.0.7499.169 Safari/537.36"
64.233.172.34 - - [19/Jan/2026:14:08:28 +0100] "GET /assets/images/ranveer-image.png HTTP/1.0" 200 837 "https://www.omkar.com/ongoing-residential-projects-mumbai/omkar-Lawns-and-Beyond?utm_source=GoogleMyBusiness" "Mozilla/5.0 (X11; Linux x86_64) AppleWebKit/537.36 (KHTML, like Gecko; Google-BusinessLinkVerification) Chrome/143.0.7499.169 Safari/537.36"
64.233.172.34 - - [19/Jan/2026:14:08:28 +0100] "GET /uploads/amenities/15121225112061372572Football.jpg HTTP/1.0" 200 4049 "https://www.omkar.com/ongoing-residential-projects-mumbai/omkar-Lawns-and-Beyond?utm_source=GoogleMyBusiness" "Mozilla/5.0 (X11; Linux x86_64) AppleWebKit/537.36 (KHTML, like Gecko; Google-BusinessLinkVerification) Chrome/143.0.7499.169 Safari/537.36"
64.233.172.34 - - [19/Jan/2026:14:08:28 +0100] "GET /assets/images/y-icon.png HTTP/1.0" 200 830 "https://www.omkar.com/ongoing-residential-projects-mumbai/omkar-Lawns-and-Beyond?utm_source=GoogleMyBusiness" "Mozilla/5.0 (X11; Linux x86_64) AppleWebKit/537.36 (KHTML, like Gecko; Google-BusinessLinkVerification) Chrome/143.0.7499.169 Safari/537.36"
64.233.172.33 - - [19/Jan/2026:14:08:28 +0100] "GET /assets/js/css3-animate-it.js HTTP/1.0" 200 840 "https://www.omkar.com/ongoing-residential-projects-mumbai/omkar-Lawns-and-Beyond?utm_source=GoogleMyBusiness" "Mozilla/5.0 (X11; Linux x86_64) AppleWebKit/537.36 (KHTML, like Gecko; Google-BusinessLinkVerification) Chrome/143.0.7499.169 Safari/537.36"
64.233.172.34 - - [19/Jan/2026:14:08:28 +0100] "GET /assets/js/normalpopup-onclick.js HTTP/1.0" 200 844 "https://www.omkar.com/ongoing-residential-projects-mumbai/omkar-Lawns-and-Beyond?utm_source=GoogleMyBusiness" "Mozilla/5.0 (X11; Linux x86_64) AppleWebKit/537.36 (KHTML, like Gecko; Google-BusinessLinkVerification) Chrome/143.0.7499.169 Safari/537.36"
64.233.172.32 - - [19/Jan/2026:14:08:28 +0100] "GET /assets/js/form.js HTTP/1.0" 200 829 "https://www.omkar.com/ongoing-residential-projects-mumbai/omkar-Lawns-and-Beyond?utm_source=GoogleMyBusiness" "Mozilla/5.0 (X11; Linux x86_64) AppleWebKit/537.36 (KHTML, like Gecko; Google-BusinessLinkVerification) Chrome/143.0.7499.169 Safari/537.36"
64.233.172.33 - - [19/Jan/2026:14:08:28 +0100] "GET /uploads/amenities/15121225831352068701volleyball.jpg HTTP/1.0" 200 859 "https://www.omkar.com/ongoing-residential-projects-mumbai/omkar-Lawns-and-Beyond?utm_source=GoogleMyBusiness" "Mozilla/5.0 (X11; Linux x86_64) AppleWebKit/537.36 (KHTML, like Gecko; Google-BusinessLinkVerification) Chrome/143.0.7499.169 Safari/537.36"
64.233.172.33 - - [19/Jan/2026:14:08:28 +0100] "GET /assets/js/ion.rangeSlider.js HTTP/1.0" 200 840 "https://www.omkar.com/ongoing-residential-projects-mumbai/omkar-Lawns-and-Beyond?utm_source=GoogleMyBusiness" "Mozilla/5.0 (X11; Linux x86_64) AppleWebKit/537.36 (KHTML, like Gecko; Google-BusinessLinkVerification) Chrome/143.0.7499.169 Safari/537.36"
64.233.172.32 - - [19/Jan/2026:14:08:28 +0100] "GET /assets/images/in-icon.png HTTP/1.0" 200 831 "https://www.omkar.com/ongoing-residential-projects-mumbai/omkar-Lawns-and-Beyond?utm_source=GoogleMyBusiness" "Mozilla/5.0 (X11; Linux x86_64) AppleWebKit/537.36 (KHTML, like Gecko; Google-BusinessLinkVerification) Chrome/143.0.7499.169 Safari/537.36"
64.233.172.33 - - [19/Jan/2026:14:08:28 +0100] "GET /assets/images/drectn-right-arw.png HTTP/1.0" 200 840 "https://www.omkar.com/ongoing-residential-projects-mumbai/omkar-Lawns-and-Beyond?utm_source=GoogleMyBusiness" "Mozilla/5.0 (X11; Linux x86_64) AppleWebKit/537.36 (KHTML, like Gecko; Google-BusinessLinkVerification) Chrome/143.0.7499.169 Safari/537.36"
64.233.172.32 - - [19/Jan/2026:14:08:28 +0100] "GET /uploads/amenities/15121225461463631454Gym.jpg HTTP/1.0" 200 852 "https://www.omkar.com/ongoing-residential-projects-mumbai/omkar-Lawns-and-Beyond?utm_source=GoogleMyBusiness" "Mozilla/5.0 (X11; Linux x86_64) AppleWebKit/537.36 (KHTML, like Gecko; Google-BusinessLinkVerification) Chrome/143.0.7499.169 Safari/537.36"
64.233.172.33 - - [19/Jan/2026:14:08:28 +0100] "GET /uploads/banners/15530815701268643009L%20&%20B.jpg HTTP/1.0" 200 852 "https://www.omkar.com/ongoing-residential-projects-mumbai/omkar-Lawns-and-Beyond?utm_source=GoogleMyBusiness" "Mozilla/5.0 (X11; Linux x86_64) AppleWebKit/537.36 (KHTML, like Gecko; Google-BusinessLinkVerification) Chrome/143.0.7499.169 Safari/537.36"
64.233.172.33 - - [19/Jan/2026:14:08:28 +0100] "GET /uploads/news/16212452561714627762.png HTTP/1.0" 200 843 "https://www.omkar.com/ongoing-residential-projects-mumbai/omkar-Lawns-and-Beyond?utm_source=GoogleMyBusiness" "Mozilla/5.0 (X11; Linux x86_64) AppleWebKit/537.36 (KHTML, like Gecko; Google-BusinessLinkVerification) Chrome/143.0.7499.169 Safari/537.36"
64.233.172.34 - - [19/Jan/2026:14:08:28 +0100] "GET /assets/js/career.js HTTP/1.0" 200 1182 "https://www.omkar.com/ongoing-residential-projects-mumbai/omkar-Lawns-and-Beyond?utm_source=GoogleMyBusiness" "Mozilla/5.0 (X11; Linux x86_64) AppleWebKit/537.36 (KHTML, like Gecko; Google-BusinessLinkVerification) Chrome/143.0.7499.169 Safari/537.36"
64.233.172.34 - - [19/Jan/2026:14:08:28 +0100] "GET /assets/images/roadblock.jpg HTTP/1.0" 200 834 "https://www.omkar.com/ongoing-residential-projects-mumbai/omkar-Lawns-and-Beyond?utm_source=GoogleMyBusiness" "Mozilla/5.0 (X11; Linux x86_64) AppleWebKit/537.36 (KHTML, like Gecko; Google-BusinessLinkVerification) Chrome/143.0.7499.169 Safari/537.36"
64.233.172.34 - - [19/Jan/2026:14:08:28 +0100] "GET /assets/images/f-icon.png HTTP/1.0" 200 830 "https://www.omkar.com/ongoing-residential-projects-mumbai/omkar-Lawns-and-Beyond?utm_source=GoogleMyBusiness" "Mozilla/5.0 (X11; Linux x86_64) AppleWebKit/537.36 (KHTML, like Gecko; Google-BusinessLinkVerification) Chrome/143.0.7499.169 Safari/537.36"
64.233.172.32 - - [19/Jan/2026:14:08:28 +0100] "GET /assets/images/instagram.png HTTP/1.0" 200 833 "https://www.omkar.com/ongoing-residential-projects-mumbai/omkar-Lawns-and-Beyond?utm_source=GoogleMyBusiness" "Mozilla/5.0 (X11; Linux x86_64) AppleWebKit/537.36 (KHTML, like Gecko; Google-BusinessLinkVerification) Chrome/143.0.7499.169 Safari/537.36"
64.233.172.32 - - [19/Jan/2026:14:08:28 +0100] "GET /assets/css/normalpop.css HTTP/1.0" 200 829 "https://www.omkar.com/ongoing-residential-projects-mumbai/omkar-Lawns-and-Beyond?utm_source=GoogleMyBusiness" "Mozilla/5.0 (X11; Linux x86_64) AppleWebKit/537.36 (KHTML, like Gecko; Google-BusinessLinkVerification) Chrome/143.0.7499.169 Safari/537.36"
64.233.172.34 - - [19/Jan/2026:14:08:28 +0100] "GET /assets/images/blog.png HTTP/1.0" 200 828 "https://www.omkar.com/ongoing-residential-projects-mumbai/omkar-Lawns-and-Beyond?utm_source=GoogleMyBusiness" "Mozilla/5.0 (X11; Linux x86_64) AppleWebKit/537.36 (KHTML, like Gecko; Google-BusinessLinkVerification) Chrome/143.0.7499.169 Safari/537.36"
64.233.172.32 - - [19/Jan/2026:14:08:28 +0100] "GET /assets/js/owl.carousel.min.js HTTP/1.0" 200 841 "https://www.omkar.com/ongoing-residential-projects-mumbai/omkar-Lawns-and-Beyond?utm_source=GoogleMyBusiness" "Mozilla/5.0 (X11; Linux x86_64) AppleWebKit/537.36 (KHTML, like Gecko; Google-BusinessLinkVerification) Chrome/143.0.7499.169 Safari/537.36"
64.233.172.33 - - [19/Jan/2026:14:08:27 +0100] "GET /home/generateCaptcha?id=2 HTTP/1.0" 200 5705 "https://www.omkar.com/ongoing-residential-projects-mumbai/omkar-Lawns-and-Beyond?utm_source=GoogleMyBusiness" "Mozilla/5.0 (X11; Linux x86_64) AppleWebKit/537.36 (KHTML, like Gecko; Google-BusinessLinkVerification) Chrome/143.0.7499.169 Safari/537.36"
64.233.172.34 - - [19/Jan/2026:14:08:28 +0100] "GET /uploads/news/2737691201714628078.png HTTP/1.0" 301 1024 "https://www.omkar.com/ongoing-residential-projects-mumbai/omkar-Lawns-and-Beyond?utm_source=GoogleMyBusiness" "Mozilla/5.0 (X11; Linux x86_64) AppleWebKit/537.36 (KHTML, like Gecko; Google-BusinessLinkVerification) Chrome/143.0.7499.169 Safari/537.36"
64.233.172.34 - - [19/Jan/2026:14:08:28 +0100] "GET /uploads/news/19072657811714627938.png HTTP/1.0" 301 1024 "https://www.omkar.com/ongoing-residential-projects-mumbai/omkar-Lawns-and-Beyond?utm_source=GoogleMyBusiness" "Mozilla/5.0 (X11; Linux x86_64) AppleWebKit/537.36 (KHTML, like Gecko; Google-BusinessLinkVerification) Chrome/143.0.7499.169 Safari/537.36"
64.233.172.34 - - [19/Jan/2026:14:08:30 +0100] "GET / HTTP/1.0" 200 18686 "https://www.omkar.com/ongoing-residential-projects-mumbai/omkar-Lawns-and-Beyond?utm_source=GoogleMyBusiness" "Mozilla/5.0 (X11; Linux x86_64) AppleWebKit/537.36 (KHTML, like Gecko; Google-BusinessLinkVerification) Chrome/143.0.7499.169 Safari/537.36"
64.233.172.32 - - [19/Jan/2026:14:08:30 +0100] "GET / HTTP/1.0" 200 21878 "https://www.omkar.com/ongoing-residential-projects-mumbai/omkar-Lawns-and-Beyond?utm_source=GoogleMyBusiness" "Mozilla/5.0 (X11; Linux x86_64) AppleWebKit/537.36 (KHTML, like Gecko; Google-BusinessLinkVerification) Chrome/143.0.7499.169 Safari/537.36"
64.233.172.32 - - [19/Jan/2026:14:08:33 +0100] "GET /assets/images/down-arrow.png HTTP/1.0" 200 4026 "https://www.omkar.com/assets/css/omkarStyle.css" "Mozilla/5.0 (X11; Linux x86_64) AppleWebKit/537.36 (KHTML, like Gecko; Google-BusinessLinkVerification) Chrome/143.0.7499.169 Safari/537.36"
64.233.172.32 - - [19/Jan/2026:14:08:33 +0100] "GET /assets/css/font-awesome/fonts/fontawesome-webfont.woff2?v=4.7.0 HTTP/1.0" 200 4054 "https://www.omkar.com/assets/css/font-awesome/css/font-awesome.min.css" "Mozilla/5.0 (X11; Linux x86_64) AppleWebKit/537.36 (KHTML, like Gecko; Google-BusinessLinkVerification) Chrome/143.0.7499.169 Safari/537.36"
64.233.172.34 - - [19/Jan/2026:14:08:33 +0100] "GET /assets/images/enquiry-bg.jpg HTTP/1.0" 200 4027 "https://www.omkar.com/assets/css/omkarStyle.css" "Mozilla/5.0 (X11; Linux x86_64) AppleWebKit/537.36 (KHTML, like Gecko; Google-BusinessLinkVerification) Chrome/143.0.7499.169 Safari/537.36"
64.233.172.32 - - [19/Jan/2026:14:08:33 +0100] "GET /assets/images/arrow-prev3.png HTTP/1.0" 200 4027 "https://www.omkar.com/assets/css/omkarStyle.css" "Mozilla/5.0 (X11; Linux x86_64) AppleWebKit/537.36 (KHTML, like Gecko; Google-BusinessLinkVerification) Chrome/143.0.7499.169 Safari/537.36"
64.233.172.33 - - [19/Jan/2026:14:08:33 +0100] "GET /assets/images/arrow-next3.png HTTP/1.0" 200 4027 "https://www.omkar.com/assets/css/omkarStyle.css" "Mozilla/5.0 (X11; Linux x86_64) AppleWebKit/537.36 (KHTML, like Gecko; Google-BusinessLinkVerification) Chrome/143.0.7499.169 Safari/537.36"
64.233.172.32 - - [19/Jan/2026:14:08:34 +0100] "GET /assets/build/js/utils.js HTTP/1.0" 200 4028 "https://www.omkar.com/ongoing-residential-projects-mumbai/omkar-Lawns-and-Beyond?utm_source=GoogleMyBusiness" "Mozilla/5.0 (X11; Linux x86_64) AppleWebKit/537.36 (KHTML, like Gecko; Google-BusinessLinkVerification) Chrome/143.0.7499.169 Safari/537.36"
64.233.172.34 - - [19/Jan/2026:14:08:34 +0100] "GET /assets/build/img/flags.png HTTP/1.0" 200 4024 "https://www.omkar.com/assets/build/css/intlTelInput.css" "Mozilla/5.0 (X11; Linux x86_64) AppleWebKit/537.36 (KHTML, like Gecko; Google-BusinessLinkVerification) Chrome/143.0.7499.169 Safari/537.36"
3.77.67.4 - - [19/Jan/2026:14:08:39 +0100] "HEAD / HTTP/1.0" 200 4248 "http://omkar.com/" "Mozilla/5.0+(compatible; UptimeRobot/2.0; http://www.uptimerobot.com/)"
60.254.0.118 - - [19/Jan/2026:14:09:43 +0100] "GET /images/omkar-emailer-logo.jpg HTTP/1.0" 301 4216 "-" "Mozilla/4.0 (compatible; MSIE 7.0; Windows NT 6.1; WOW64; Trident/7.0; SLCC2; .NET CLR 2.0.50727; .NET CLR 3.5.30729; .NET CLR 3.0.30729; .NET4.0C; .NET4.0E; Media Center PC 6.0; InfoPath.2; MSOffice 12)"
60.254.0.118 - - [19/Jan/2026:14:09:44 +0100] "GET / HTTP/1.0" 200 21878 "-" "Mozilla/4.0 (compatible; MSIE 7.0; Windows NT 6.1; WOW64; Trident/7.0; SLCC2; .NET CLR 2.0.50727; .NET CLR 3.5.30729; .NET CLR 3.0.30729; .NET4.0C; .NET4.0E; Media Center PC 6.0; InfoPath.2; MSOffice 12)"
60.254.0.118 - - [19/Jan/2026:14:09:46 +0100] "GET /images/omkar-emailer-logo.jpg HTTP/1.0" 301 4216 "-" "Mozilla/4.0 (compatible; MSIE 7.0; Windows NT 6.1; WOW64; Trident/7.0; SLCC2; .NET CLR 2.0.50727; .NET CLR 3.5.30729; .NET CLR 3.0.30729; .NET4.0C; .NET4.0E; Media Center PC 6.0; InfoPath.2; MSOffice 12)"
60.254.0.118 - - [19/Jan/2026:14:09:46 +0100] "GET / HTTP/1.0" 200 18686 "-" "Mozilla/4.0 (compatible; MSIE 7.0; Windows NT 6.1; WOW64; Trident/7.0; SLCC2; .NET CLR 2.0.50727; .NET CLR 3.5.30729; .NET CLR 3.0.30729; .NET4.0C; .NET4.0E; Media Center PC 6.0; InfoPath.2; MSOffice 12)"
27.97.188.47 - - [19/Jan/2026:14:09:47 +0100] "GET /ongoing-commercial-projects-mumbai/tsbb-andheri-east HTTP/1.0" 200 21211 "-" "Mozilla/5.0 (Linux; Android 10; K) AppleWebKit/537.36 (KHTML, like Gecko) Chrome/142.0.0.0 Mobile Safari/537.36"
27.97.188.47 - - [19/Jan/2026:14:09:49 +0100] "GET /assets/build/css/intlTelInput.css HTTP/1.0" 200 4030 "https://www.omkar.com/ongoing-commercial-projects-mumbai/tsbb-andheri-east" "Mozilla/5.0 (Linux; Android 10; K) AppleWebKit/537.36 (KHTML, like Gecko) Chrome/142.0.0.0 Mobile Safari/537.36"
27.97.188.47 - - [19/Jan/2026:14:09:49 +0100] "GET /assets/css/reset.css HTTP/1.0" 200 4559 "https://www.omkar.com/ongoing-commercial-projects-mumbai/tsbb-andheri-east" "Mozilla/5.0 (Linux; Android 10; K) AppleWebKit/537.36 (KHTML, like Gecko) Chrome/142.0.0.0 Mobile Safari/537.36"
27.97.188.47 - - [19/Jan/2026:14:09:49 +0100] "GET /assets/css/owl.carousel.min.css HTTP/1.0" 200 4028 "https://www.omkar.com/ongoing-commercial-projects-mumbai/tsbb-andheri-east" "Mozilla/5.0 (Linux; Android 10; K) AppleWebKit/537.36 (KHTML, like Gecko) Chrome/142.0.0.0 Mobile Safari/537.36"
27.97.188.47 - - [19/Jan/2026:14:09:49 +0100] "GET /assets/css/animate.css HTTP/1.0" 200 4019 "https://www.omkar.com/ongoing-commercial-projects-mumbai/tsbb-andheri-east" "Mozilla/5.0 (Linux; Android 10; K) AppleWebKit/537.36 (KHTML, like Gecko) Chrome/142.0.0.0 Mobile Safari/537.36"
27.97.188.47 - - [19/Jan/2026:14:09:49 +0100] "GET /assets/css/responsive.css HTTP/1.0" 200 4022 "https://www.omkar.com/ongoing-commercial-projects-mumbai/tsbb-andheri-east" "Mozilla/5.0 (Linux; Android 10; K) AppleWebKit/537.36 (KHTML, like Gecko) Chrome/142.0.0.0 Mobile Safari/537.36"
27.97.188.47 - - [19/Jan/2026:14:09:49 +0100] "GET /assets/css/font-awesome/css/font-awesome.min.css HTTP/1.0" 200 4045 "https://www.omkar.com/ongoing-commercial-projects-mumbai/tsbb-andheri-east" "Mozilla/5.0 (Linux; Android 10; K) AppleWebKit/537.36 (KHTML, like Gecko) Chrome/142.0.0.0 Mobile Safari/537.36"
27.97.188.47 - - [19/Jan/2026:14:09:49 +0100] "GET /assets/css/bootstrap.min.css HTTP/1.0" 200 4025 "https://www.omkar.com/ongoing-commercial-projects-mumbai/tsbb-andheri-east" "Mozilla/5.0 (Linux; Android 10; K) AppleWebKit/537.36 (KHTML, like Gecko) Chrome/142.0.0.0 Mobile Safari/537.36"
27.97.188.47 - - [19/Jan/2026:14:09:49 +0100] "GET /assets/css/omkarStyle.css HTTP/1.0" 200 4022 "https://www.omkar.com/ongoing-commercial-projects-mumbai/tsbb-andheri-east" "Mozilla/5.0 (Linux; Android 10; K) AppleWebKit/537.36 (KHTML, like Gecko) Chrome/142.0.0.0 Mobile Safari/537.36"
27.97.188.47 - - [19/Jan/2026:14:09:49 +0100] "GET /assets/css/ion.rangeSlider.css HTTP/1.0" 200 4027 "https://www.omkar.com/ongoing-commercial-projects-mumbai/tsbb-andheri-east" "Mozilla/5.0 (Linux; Android 10; K) AppleWebKit/537.36 (KHTML, like Gecko) Chrome/142.0.0.0 Mobile Safari/537.36"
27.97.188.47 - - [19/Jan/2026:14:09:49 +0100] "GET /assets/css/jquery.fancybox.css HTTP/1.0" 200 4027 "https://www.omkar.com/ongoing-commercial-projects-mumbai/tsbb-andheri-east" "Mozilla/5.0 (Linux; Android 10; K) AppleWebKit/537.36 (KHTML, like Gecko) Chrome/142.0.0.0 Mobile Safari/537.36"
27.97.188.47 - - [19/Jan/2026:14:09:49 +0100] "GET /assets/images/logo.png HTTP/1.0" 200 828 "https://www.omkar.com/ongoing-commercial-projects-mumbai/tsbb-andheri-east" "Mozilla/5.0 (Linux; Android 10; K) AppleWebKit/537.36 (KHTML, like Gecko) Chrome/142.0.0.0 Mobile Safari/537.36"
27.97.188.47 - - [19/Jan/2026:14:09:50 +0100] "GET /assets/images/refresh.png HTTP/1.0" 200 1315 "https://www.omkar.com/ongoing-commercial-projects-mumbai/tsbb-andheri-east" "Mozilla/5.0 (Linux; Android 10; K) AppleWebKit/537.36 (KHTML, like Gecko) Chrome/142.0.0.0 Mobile Safari/537.36"
27.97.188.47 - - [19/Jan/2026:14:09:50 +0100] "GET /assets/images/whatsapp-dsk.png HTTP/1.0" 200 836 "https://www.omkar.com/ongoing-commercial-projects-mumbai/tsbb-andheri-east" "Mozilla/5.0 (Linux; Android 10; K) AppleWebKit/537.36 (KHTML, like Gecko) Chrome/142.0.0.0 Mobile Safari/537.36"
27.97.188.47 - - [19/Jan/2026:14:09:50 +0100] "GET /assets/js/jquery-1.9.1.min.js HTTP/1.0" 200 841 "https://www.omkar.com/ongoing-commercial-projects-mumbai/tsbb-andheri-east" "Mozilla/5.0 (Linux; Android 10; K) AppleWebKit/537.36 (KHTML, like Gecko) Chrome/142.0.0.0 Mobile Safari/537.36"
27.97.188.47 - - [19/Jan/2026:14:09:50 +0100] "GET /assets/js/owl.carousel.min.js HTTP/1.0" 200 841 "https://www.omkar.com/ongoing-commercial-projects-mumbai/tsbb-andheri-east" "Mozilla/5.0 (Linux; Android 10; K) AppleWebKit/537.36 (KHTML, like Gecko) Chrome/142.0.0.0 Mobile Safari/537.36"
27.97.188.47 - - [19/Jan/2026:14:09:50 +0100] "GET /assets/build/js/intlTelInput.js HTTP/1.0" 200 843 "https://www.omkar.com/ongoing-commercial-projects-mumbai/tsbb-andheri-east" "Mozilla/5.0 (Linux; Android 10; K) AppleWebKit/537.36 (KHTML, like Gecko) Chrome/142.0.0.0 Mobile Safari/537.36"
27.97.188.47 - - [19/Jan/2026:14:09:50 +0100] "GET /assets/js/jquery.mousewheel.min.js HTTP/1.0" 200 846 "https://www.omkar.com/ongoing-commercial-projects-mumbai/tsbb-andheri-east" "Mozilla/5.0 (Linux; Android 10; K) AppleWebKit/537.36 (KHTML, like Gecko) Chrome/142.0.0.0 Mobile Safari/537.36"
27.97.188.47 - - [19/Jan/2026:14:09:50 +0100] "GET /assets/js/jquery.fancybox.js HTTP/1.0" 200 840 "https://www.omkar.com/ongoing-commercial-projects-mumbai/tsbb-andheri-east" "Mozilla/5.0 (Linux; Android 10; K) AppleWebKit/537.36 (KHTML, like Gecko) Chrome/142.0.0.0 Mobile Safari/537.36"
27.97.188.47 - - [19/Jan/2026:14:09:50 +0100] "GET /assets/js/ion.rangeSlider.js HTTP/1.0" 200 840 "https://www.omkar.com/ongoing-commercial-projects-mumbai/tsbb-andheri-east" "Mozilla/5.0 (Linux; Android 10; K) AppleWebKit/537.36 (KHTML, like Gecko) Chrome/142.0.0.0 Mobile Safari/537.36"
27.97.188.47 - - [19/Jan/2026:14:09:50 +0100] "GET /assets/js/additional-methods.min.js HTTP/1.0" 200 847 "https://www.omkar.com/ongoing-commercial-projects-mumbai/tsbb-andheri-east" "Mozilla/5.0 (Linux; Android 10; K) AppleWebKit/537.36 (KHTML, like Gecko) Chrome/142.0.0.0 Mobile Safari/537.36"
27.97.188.47 - - [19/Jan/2026:14:09:50 +0100] "GET /assets/js/jquery.validate.min.js HTTP/1.0" 200 844 "https://www.omkar.com/ongoing-commercial-projects-mumbai/tsbb-andheri-east" "Mozilla/5.0 (Linux; Android 10; K) AppleWebKit/537.36 (KHTML, like Gecko) Chrome/142.0.0.0 Mobile Safari/537.36"
27.97.188.47 - - [19/Jan/2026:14:09:50 +0100] "GET /assets/js/css3-animate-it.js HTTP/1.0" 200 840 "https://www.omkar.com/ongoing-commercial-projects-mumbai/tsbb-andheri-east" "Mozilla/5.0 (Linux; Android 10; K) AppleWebKit/537.36 (KHTML, like Gecko) Chrome/142.0.0.0 Mobile Safari/537.36"
27.97.188.47 - - [19/Jan/2026:14:09:50 +0100] "GET /assets/js/e-smart-zoom-jquery.min.js HTTP/1.0" 200 848 "https://www.omkar.com/ongoing-commercial-projects-mumbai/tsbb-andheri-east" "Mozilla/5.0 (Linux; Android 10; K) AppleWebKit/537.36 (KHTML, like Gecko) Chrome/142.0.0.0 Mobile Safari/537.36"
27.97.188.47 - - [19/Jan/2026:14:09:50 +0100] "GET /assets/js/form.js HTTP/1.0" 200 829 "https://www.omkar.com/ongoing-commercial-projects-mumbai/tsbb-andheri-east" "Mozilla/5.0 (Linux; Android 10; K) AppleWebKit/537.36 (KHTML, like Gecko) Chrome/142.0.0.0 Mobile Safari/537.36"
27.97.188.47 - - [19/Jan/2026:14:09:50 +0100] "GET /assets/css/font-awesome/fonts/fontawesome-webfont.woff2?v=4.7.0 HTTP/1.0" 200 862 "https://www.omkar.com/assets/css/font-awesome/css/font-awesome.min.css" "Mozilla/5.0 (Linux; Android 10; K) AppleWebKit/537.36 (KHTML, like Gecko) Chrome/142.0.0.0 Mobile Safari/537.36"
27.97.188.47 - - [19/Jan/2026:14:09:50 +0100] "GET /assets/js/jquery.firstVisitPopup.js HTTP/1.0" 200 1366 "https://www.omkar.com/ongoing-commercial-projects-mumbai/tsbb-andheri-east" "Mozilla/5.0 (Linux; Android 10; K) AppleWebKit/537.36 (KHTML, like Gecko) Chrome/142.0.0.0 Mobile Safari/537.36"
27.97.188.47 - - [19/Jan/2026:14:09:50 +0100] "GET /assets/js/custom.js HTTP/1.0" 200 831 "https://www.omkar.com/ongoing-commercial-projects-mumbai/tsbb-andheri-east" "Mozilla/5.0 (Linux; Android 10; K) AppleWebKit/537.36 (KHTML, like Gecko) Chrome/142.0.0.0 Mobile Safari/537.36"
