151.185.32.45 - - [20/Jan/2026:17:06:55 +0100] "GET /assets/build/css/intlTelInput.css HTTP/2.0" 200 2407 "https://www.google.com/" "Mozilla/5.0 (iPhone; CPU iPhone OS 18_7 like Mac OS X) AppleWebKit/605.1.15 (KHTML, like Gecko) Version/26.0.1 Mobile/15E148 Safari/604.1"
151.185.32.45 - - [20/Jan/2026:17:06:55 +0100] "GET /assets/css/animate.css HTTP/2.0" 200 1724 "https://www.google.com/" "Mozilla/5.0 (iPhone; CPU iPhone OS 18_6_2 like Mac OS X) AppleWebKit/605.1.15 (KHTML, like Gecko) Version/18.6 Mobile/15E148 Safari/604.1"
151.185.32.45 - - [20/Jan/2026:17:06:55 +0100] "GET /assets/css/owl.carousel.min.css HTTP/2.0" 200 950 "https://www.google.com/" "Mozilla/5.0 (iPhone; CPU iPhone OS 18_6_2 like Mac OS X) AppleWebKit/605.1.15 (KHTML, like Gecko) Version/18.6 Mobile/15E148 Safari/604.1"
151.185.32.45 - - [20/Jan/2026:17:06:55 +0100] "GET /assets/css/bootstrap.min.css HTTP/2.0" 200 17620 "https://www.google.com/" "Mozilla/5.0 (iPhone; CPU iPhone OS 18_6_2 like Mac OS X) AppleWebKit/605.1.15 (KHTML, like Gecko) Version/18.6 Mobile/15E148 Safari/604.1"
151.185.32.45 - - [20/Jan/2026:17:06:55 +0100] "GET /assets/css/ion.rangeSlider.css HTTP/2.0" 200 1072 "https://www.google.com/" "Mozilla/5.0 (iPhone; CPU iPhone OS 18_6_2 like Mac OS X) AppleWebKit/605.1.15 (KHTML, like Gecko) Version/18.6 Mobile/15E148 Safari/604.1"
151.185.32.45 - - [20/Jan/2026:17:06:55 +0100] "GET /assets/css/jquery.fancybox.css HTTP/2.0" 200 1043 "https://www.google.com/" "Mozilla/5.0 (iPhone; CPU iPhone OS 18_6_2 like Mac OS X) AppleWebKit/605.1.15 (KHTML, like Gecko) Version/18.6 Mobile/15E148 Safari/604.1"
151.185.32.62 - - [20/Jan/2026:17:06:55 +0100] "GET /assets/build/js/intlTelInput.js HTTP/2.0" 200 8979 "https://www.google.com/" "Mozilla/5.0 (Windows NT 10.0; Win64; x64) AppleWebKit/537.36 (KHTML, like Gecko) Chrome/139.0.0.0 Safari/537.36"
151.185.32.45 - - [20/Jan/2026:17:06:55 +0100] "GET /assets/css/omkarStyle.css HTTP/2.0" 200 21439 "https://www.google.com/" "Mozilla/5.0 (iPhone; CPU iPhone OS 18_6_2 like Mac OS X) AppleWebKit/605.1.15 (KHTML, like Gecko) Version/18.6 Mobile/15E148 Safari/604.1"
151.185.32.45 - - [20/Jan/2026:17:06:55 +0100] "GET /assets/css/responsive.css HTTP/2.0" 200 5828 "https://www.google.com/" "Mozilla/5.0 (iPhone; CPU iPhone OS 18_6_2 like Mac OS X) AppleWebKit/605.1.15 (KHTML, like Gecko) Version/18.6 Mobile/15E148 Safari/604.1"
151.185.32.45 - - [20/Jan/2026:17:06:55 +0100] "GET /assets/build/css/intlTelInput.css HTTP/2.0" 200 2407 "https://www.google.com/" "Mozilla/5.0 (iPhone; CPU iPhone OS 18_6_2 like Mac OS X) AppleWebKit/605.1.15 (KHTML, like Gecko) Version/18.6 Mobile/15E148 Safari/604.1"
151.185.32.45 - - [20/Jan/2026:17:06:55 +0100] "GET /assets/css/font-awesome/css/font-awesome.min.css HTTP/2.0" 200 6646 "https://www.google.com/" "Mozilla/5.0 (iPhone; CPU iPhone OS 18_6_2 like Mac OS X) AppleWebKit/605.1.15 (KHTML, like Gecko) Version/18.6 Mobile/15E148 Safari/604.1"
151.185.32.62 - - [20/Jan/2026:17:06:55 +0100] "GET /assets/css/font-awesome/fonts/fontawesome-webfont.woff2?v=4.7.0 HTTP/2.0" 200 77160 "https://www.google.com/" "Mozilla/5.0 (Windows NT 10.0; Win64; x64) AppleWebKit/537.36 (KHTML, like Gecko) Chrome/141.0.0.0 Safari/537.36"
151.185.32.45 - - [20/Jan/2026:17:06:55 +0100] "GET /assets/css/owl.carousel.min.css HTTP/2.0" 200 950 "https://www.google.com/" "Mozilla/5.0 (Windows NT 10.0; Win64; x64) AppleWebKit/537.36 (KHTML, like Gecko) Chrome/141.0.0.0 Safari/537.36"
151.185.32.45 - - [20/Jan/2026:17:06:55 +0100] "GET /assets/css/animate.css HTTP/2.0" 200 1724 "https://www.google.com/" "Mozilla/5.0 (Windows NT 10.0; Win64; x64) AppleWebKit/537.36 (KHTML, like Gecko) Chrome/141.0.0.0 Safari/537.36"
151.185.32.45 - - [20/Jan/2026:17:06:55 +0100] "GET /assets/css/jquery.fancybox.css HTTP/2.0" 200 1043 "https://www.google.com/" "Mozilla/5.0 (Windows NT 10.0; Win64; x64) AppleWebKit/537.36 (KHTML, like Gecko) Chrome/141.0.0.0 Safari/537.36"
151.185.32.45 - - [20/Jan/2026:17:06:55 +0100] "GET /assets/css/bootstrap.min.css HTTP/2.0" 200 17620 "https://www.google.com/" "Mozilla/5.0 (Windows NT 10.0; Win64; x64) AppleWebKit/537.36 (KHTML, like Gecko) Chrome/141.0.0.0 Safari/537.36"
151.185.32.45 - - [20/Jan/2026:17:06:55 +0100] "GET /assets/css/responsive.css HTTP/2.0" 200 5828 "https://www.google.com/" "Mozilla/5.0 (Windows NT 10.0; Win64; x64) AppleWebKit/537.36 (KHTML, like Gecko) Chrome/141.0.0.0 Safari/537.36"
151.185.32.45 - - [20/Jan/2026:17:06:55 +0100] "GET /assets/css/omkarStyle.css HTTP/2.0" 200 21439 "https://www.google.com/" "Mozilla/5.0 (Windows NT 10.0; Win64; x64) AppleWebKit/537.36 (KHTML, like Gecko) Chrome/141.0.0.0 Safari/537.36"
151.185.32.45 - - [20/Jan/2026:17:06:55 +0100] "GET /assets/build/css/intlTelInput.css HTTP/2.0" 200 2407 "https://www.google.com/" "Mozilla/5.0 (Windows NT 10.0; Win64; x64) AppleWebKit/537.36 (KHTML, like Gecko) Chrome/141.0.0.0 Safari/537.36"
151.185.32.45 - - [20/Jan/2026:17:06:55 +0100] "GET /assets/css/font-awesome/css/font-awesome.min.css HTTP/2.0" 200 6646 "https://www.google.com/" "Mozilla/5.0 (Windows NT 10.0; Win64; x64) AppleWebKit/537.36 (KHTML, like Gecko) Chrome/141.0.0.0 Safari/537.36"
151.185.32.45 - - [20/Jan/2026:17:06:55 +0100] "GET /assets/images/logo.png HTTP/2.0" 200 4584 "https://www.google.com/" "Mozilla/5.0 (Windows NT 10.0; Win64; x64) AppleWebKit/537.36 (KHTML, like Gecko) Chrome/141.0.0.0 Safari/537.36"
151.185.32.45 - - [20/Jan/2026:17:06:55 +0100] "GET /assets/css/owl.carousel.min.css HTTP/2.0" 200 950 "https://www.google.com/" "Mozilla/5.0 (Windows NT 10.0; Win64; x64) AppleWebKit/537.36 (KHTML, like Gecko) Chrome/140.0.0.0 Safari/537.36"
151.185.32.45 - - [20/Jan/2026:17:06:55 +0100] "GET /assets/css/bootstrap.min.css HTTP/2.0" 200 17620 "https://www.google.com/" "Mozilla/5.0 (Windows NT 10.0; Win64; x64) AppleWebKit/537.36 (KHTML, like Gecko) Chrome/140.0.0.0 Safari/537.36"
151.185.32.45 - - [20/Jan/2026:17:06:55 +0100] "GET /assets/build/css/intlTelInput.css HTTP/2.0" 200 2407 "https://www.google.com/" "Mozilla/5.0 (Windows NT 10.0; Win64; x64) AppleWebKit/537.36 (KHTML, like Gecko) Chrome/140.0.0.0 Safari/537.36"
151.185.32.45 - - [20/Jan/2026:17:06:55 +0100] "GET /assets/images/logo.png HTTP/2.0" 200 4584 "https://www.google.com/" "Mozilla/5.0 (Windows NT 10.0; Win64; x64) AppleWebKit/537.36 (KHTML, like Gecko) Chrome/140.0.0.0 Safari/537.36"
151.185.32.45 - - [20/Jan/2026:17:06:55 +0100] "GET /assets/css/font-awesome/css/font-awesome.min.css HTTP/2.0" 200 6646 "https://www.google.com/" "Mozilla/5.0 (Windows NT 10.0; Win64; x64) AppleWebKit/537.36 (KHTML, like Gecko) Chrome/140.0.0.0 Safari/537.36"
151.185.32.45 - - [20/Jan/2026:17:06:55 +0100] "GET /assets/css/jquery.fancybox.css HTTP/2.0" 200 1043 "https://www.google.com/" "Mozilla/5.0 (Windows NT 10.0; Win64; x64) AppleWebKit/537.36 (KHTML, like Gecko) Chrome/140.0.0.0 Safari/537.36"
151.185.32.62 - - [20/Jan/2026:17:06:55 +0100] "GET /assets/images/whatsapp-dsk.png HTTP/2.0" 200 3507 "https://www.google.com/" "Mozilla/5.0 (Windows NT 10.0; Win64; x64) AppleWebKit/537.36 (KHTML, like Gecko) Chrome/139.0.0.0 Safari/537.36"
151.185.32.45 - - [20/Jan/2026:17:06:55 +0100] "GET /assets/css/ion.rangeSlider.css HTTP/2.0" 200 1072 "https://www.google.com/" "Mozilla/5.0 (Windows NT 10.0; Win64; x64) AppleWebKit/537.36 (KHTML, like Gecko) Chrome/140.0.0.0 Safari/537.36"
151.185.32.62 - - [20/Jan/2026:17:06:55 +0100] "GET /assets/js/jquery-1.9.1.min.js HTTP/2.0" 200 31536 "https://www.google.com/" "Mozilla/5.0 (Windows NT 10.0; Win64; x64) AppleWebKit/537.36 (KHTML, like Gecko) Chrome/139.0.0.0 Safari/537.36"
151.185.32.45 - - [20/Jan/2026:17:06:55 +0100] "GET /assets/css/animate.css HTTP/2.0" 200 1724 "https://www.google.com/" "Mozilla/5.0 (Windows NT 10.0; Win64; x64) AppleWebKit/537.36 (KHTML, like Gecko) Chrome/140.0.0.0 Safari/537.36"
151.185.32.45 - - [20/Jan/2026:17:06:55 +0100] "GET /assets/css/omkarStyle.css HTTP/2.0" 200 21439 "https://www.google.com/" "Mozilla/5.0 (Windows NT 10.0; Win64; x64) AppleWebKit/537.36 (KHTML, like Gecko) Chrome/140.0.0.0 Safari/537.36"
151.185.32.62 - - [20/Jan/2026:17:06:55 +0100] "GET /assets/js/owl.carousel.min.js HTTP/2.0" 200 10527 "https://www.google.com/" "Mozilla/5.0 (Windows NT 10.0; Win64; x64) AppleWebKit/537.36 (KHTML, like Gecko) Chrome/139.0.0.0 Safari/537.36"
151.185.32.45 - - [20/Jan/2026:17:06:55 +0100] "GET /assets/css/responsive.css HTTP/2.0" 200 5828 "https://www.google.com/" "Mozilla/5.0 (Windows NT 10.0; Win64; x64) AppleWebKit/537.36 (KHTML, like Gecko) Chrome/140.0.0.0 Safari/537.36"
151.185.32.62 - - [20/Jan/2026:17:06:55 +0100] "GET /assets/js/jquery.mousewheel.min.js HTTP/2.0" 200 1018 "https://www.google.com/" "Mozilla/5.0 (Windows NT 10.0; Win64; x64) AppleWebKit/537.36 (KHTML, like Gecko) Chrome/139.0.0.0 Safari/537.36"
151.185.32.62 - - [20/Jan/2026:17:06:55 +0100] "GET /assets/js/css3-animate-it.js HTTP/2.0" 200 3934 "https://www.google.com/" "Mozilla/5.0 (Windows NT 10.0; Win64; x64) AppleWebKit/537.36 (KHTML, like Gecko) Chrome/139.0.0.0 Safari/537.36"
151.185.32.62 - - [20/Jan/2026:17:06:55 +0100] "GET /assets/js/ion.rangeSlider.js HTTP/2.0" 200 7810 "https://www.google.com/" "Mozilla/5.0 (Windows NT 10.0; Win64; x64) AppleWebKit/537.36 (KHTML, like Gecko) Chrome/139.0.0.0 Safari/537.36"
151.185.32.62 - - [20/Jan/2026:17:06:55 +0100] "GET /assets/js/jquery.fancybox.js HTTP/2.0" 200 8040 "https://www.google.com/" "Mozilla/5.0 (Windows NT 10.0; Win64; x64) AppleWebKit/537.36 (KHTML, like Gecko) Chrome/139.0.0.0 Safari/537.36"
151.185.32.62 - - [20/Jan/2026:17:06:55 +0100] "GET /assets/js/jquery.validate.min.js HTTP/2.0" 200 6930 "https://www.google.com/" "Mozilla/5.0 (Windows NT 10.0; Win64; x64) AppleWebKit/537.36 (KHTML, like Gecko) Chrome/139.0.0.0 Safari/537.36"
151.185.32.62 - - [20/Jan/2026:17:06:55 +0100] "GET /assets/js/additional-methods.min.js HTTP/2.0" 200 4985 "https://www.google.com/" "Mozilla/5.0 (Windows NT 10.0; Win64; x64) AppleWebKit/537.36 (KHTML, like Gecko) Chrome/139.0.0.0 Safari/537.36"
151.185.32.62 - - [20/Jan/2026:17:06:55 +0100] "GET /assets/js/e-smart-zoom-jquery.min.js HTTP/2.0" 200 4259 "https://www.google.com/" "Mozilla/5.0 (Windows NT 10.0; Win64; x64) AppleWebKit/537.36 (KHTML, like Gecko) Chrome/139.0.0.0 Safari/537.36"
151.185.32.62 - - [20/Jan/2026:17:06:55 +0100] "GET /assets/js/form.js HTTP/2.0" 200 3806 "https://www.google.com/" "Mozilla/5.0 (Windows NT 10.0; Win64; x64) AppleWebKit/537.36 (KHTML, like Gecko) Chrome/139.0.0.0 Safari/537.36"
151.185.32.62 - - [20/Jan/2026:17:06:55 +0100] "GET /assets/js/custom.js HTTP/2.0" 200 3516 "https://www.google.com/" "Mozilla/5.0 (Windows NT 10.0; Win64; x64) AppleWebKit/537.36 (KHTML, like Gecko) Chrome/139.0.0.0 Safari/537.36"
151.185.32.62 - - [20/Jan/2026:17:06:55 +0100] "GET /assets/css/normalpop.css HTTP/2.0" 200 1771 "https://www.google.com/" "Mozilla/5.0 (Windows NT 10.0; Win64; x64) AppleWebKit/537.36 (KHTML, like Gecko) Chrome/139.0.0.0 Safari/537.36"
151.185.32.62 - - [20/Jan/2026:17:06:55 +0100] "GET /assets/js/normalpopup-onclick.js HTTP/2.0" 200 860 "https://www.google.com/" "Mozilla/5.0 (Windows NT 10.0; Win64; x64) AppleWebKit/537.36 (KHTML, like Gecko) Chrome/139.0.0.0 Safari/537.36"
151.185.32.62 - - [20/Jan/2026:17:06:55 +0100] "GET /assets/js/modernizr.js HTTP/2.0" 200 4168 "https://www.google.com/" "Mozilla/5.0 (Windows NT 10.0; Win64; x64) AppleWebKit/537.36 (KHTML, like Gecko) Chrome/139.0.0.0 Safari/537.36"
151.185.32.62 - - [20/Jan/2026:17:06:55 +0100] "GET /assets/images/roadblock.jpg HTTP/2.0" 200 28192 "https://www.google.com/" "Mozilla/5.0 (Windows NT 10.0; Win64; x64) AppleWebKit/537.36 (KHTML, like Gecko) Chrome/139.0.0.0 Safari/537.36"
151.185.32.62 - - [20/Jan/2026:17:06:55 +0100] "GET /assets/images/down-arw.png HTTP/2.0" 200 1112 "https://www.google.com/" "Mozilla/5.0 (Windows NT 10.0; Win64; x64) AppleWebKit/537.36 (KHTML, like Gecko) Chrome/139.0.0.0 Safari/537.36"
151.185.32.62 - - [20/Jan/2026:17:06:55 +0100] "GET /assets/images/f-icon.png HTTP/2.0" 200 1282 "https://www.google.com/" "Mozilla/5.0 (Windows NT 10.0; Win64; x64) AppleWebKit/537.36 (KHTML, like Gecko) Chrome/139.0.0.0 Safari/537.36"
151.185.32.62 - - [20/Jan/2026:17:06:55 +0100] "GET /assets/images/t-icon.png HTTP/2.0" 200 3429 "https://www.google.com/" "Mozilla/5.0 (Windows NT 10.0; Win64; x64) AppleWebKit/537.36 (KHTML, like Gecko) Chrome/139.0.0.0 Safari/537.36"
151.185.32.62 - - [20/Jan/2026:17:06:56 +0100] "GET /assets/images/in-icon.png HTTP/2.0" 200 3748 "https://www.google.com/" "Mozilla/5.0 (Windows NT 10.0; Win64; x64) AppleWebKit/537.36 (KHTML, like Gecko) Chrome/139.0.0.0 Safari/537.36"
151.185.32.62 - - [20/Jan/2026:17:06:56 +0100] "GET /assets/images/instagram.png HTTP/2.0" 200 1668 "https://www.google.com/" "Mozilla/5.0 (Windows NT 10.0; Win64; x64) AppleWebKit/537.36 (KHTML, like Gecko) Chrome/139.0.0.0 Safari/537.36"
151.185.32.62 - - [20/Jan/2026:17:06:56 +0100] "GET /assets/images/y-icon.png HTTP/2.0" 200 3995 "https://www.google.com/" "Mozilla/5.0 (Windows NT 10.0; Win64; x64) AppleWebKit/537.36 (KHTML, like Gecko) Chrome/139.0.0.0 Safari/537.36"
151.185.32.62 - - [20/Jan/2026:17:06:56 +0100] "GET /assets/css/font-awesome/fonts/fontawesome-webfont.woff2?v=4.7.0 HTTP/2.0" 200 77160 "https://www.google.com/" "Mozilla/5.0 (Windows NT 10.0; Win64; x64) AppleWebKit/537.36 (KHTML, like Gecko) Chrome/139.0.0.0 Safari/537.36"
151.185.32.62 - - [20/Jan/2026:17:06:56 +0100] "GET /assets/images/whatsapp-dsk.png HTTP/2.0" 200 3507 "https://www.google.com/" "Mozilla/5.0 (iPhone; CPU iPhone OS 18_6_2 like Mac OS X) AppleWebKit/605.1.15 (KHTML, like Gecko) Version/18.6 Mobile/15E148 Safari/604.1"
151.185.32.62 - - [20/Jan/2026:17:06:56 +0100] "GET /assets/images/blog.png HTTP/2.0" 200 1724 "https://www.google.com/" "Mozilla/5.0 (Windows NT 10.0; Win64; x64) AppleWebKit/537.36 (KHTML, like Gecko) Chrome/139.0.0.0 Safari/537.36"
151.185.32.62 - - [20/Jan/2026:17:06:56 +0100] "GET /assets/js/jquery-1.9.1.min.js HTTP/2.0" 200 31536 "https://www.google.com/" "Mozilla/5.0 (iPhone; CPU iPhone OS 18_6_2 like Mac OS X) AppleWebKit/605.1.15 (KHTML, like Gecko) Version/18.6 Mobile/15E148 Safari/604.1"
151.185.32.62 - - [20/Jan/2026:17:06:56 +0100] "GET /assets/js/owl.carousel.min.js HTTP/2.0" 200 10527 "https://www.google.com/" "Mozilla/5.0 (iPhone; CPU iPhone OS 18_6_2 like Mac OS X) AppleWebKit/605.1.15 (KHTML, like Gecko) Version/18.6 Mobile/15E148 Safari/604.1"
151.185.32.62 - - [20/Jan/2026:17:06:56 +0100] "GET /assets/js/jquery.mousewheel.min.js HTTP/2.0" 200 1018 "https://www.google.com/" "Mozilla/5.0 (iPhone; CPU iPhone OS 18_6_2 like Mac OS X) AppleWebKit/605.1.15 (KHTML, like Gecko) Version/18.6 Mobile/15E148 Safari/604.1"
151.185.32.62 - - [20/Jan/2026:17:06:56 +0100] "GET /assets/build/js/intlTelInput.js HTTP/2.0" 200 8979 "https://www.google.com/" "Mozilla/5.0 (iPhone; CPU iPhone OS 18_6_2 like Mac OS X) AppleWebKit/605.1.15 (KHTML, like Gecko) Version/18.6 Mobile/15E148 Safari/604.1"
151.185.32.62 - - [20/Jan/2026:17:06:56 +0100] "GET /assets/js/css3-animate-it.js HTTP/2.0" 200 3934 "https://www.google.com/" "Mozilla/5.0 (iPhone; CPU iPhone OS 18_6_2 like Mac OS X) AppleWebKit/605.1.15 (KHTML, like Gecko) Version/18.6 Mobile/15E148 Safari/604.1"
151.185.32.62 - - [20/Jan/2026:17:06:56 +0100] "GET /assets/js/ion.rangeSlider.js HTTP/2.0" 200 7810 "https://www.google.com/" "Mozilla/5.0 (iPhone; CPU iPhone OS 18_6_2 like Mac OS X) AppleWebKit/605.1.15 (KHTML, like Gecko) Version/18.6 Mobile/15E148 Safari/604.1"
151.185.32.62 - - [20/Jan/2026:17:06:56 +0100] "GET /assets/js/jquery.fancybox.js HTTP/2.0" 200 8040 "https://www.google.com/" "Mozilla/5.0 (iPhone; CPU iPhone OS 18_6_2 like Mac OS X) AppleWebKit/605.1.15 (KHTML, like Gecko) Version/18.6 Mobile/15E148 Safari/604.1"
151.185.32.62 - - [20/Jan/2026:17:06:56 +0100] "GET /assets/js/additional-methods.min.js HTTP/2.0" 200 4985 "https://www.google.com/" "Mozilla/5.0 (iPhone; CPU iPhone OS 18_6_2 like Mac OS X) AppleWebKit/605.1.15 (KHTML, like Gecko) Version/18.6 Mobile/15E148 Safari/604.1"
151.185.32.62 - - [20/Jan/2026:17:06:56 +0100] "GET /assets/js/form.js HTTP/2.0" 200 3806 "https://www.google.com/" "Mozilla/5.0 (iPhone; CPU iPhone OS 18_6_2 like Mac OS X) AppleWebKit/605.1.15 (KHTML, like Gecko) Version/18.6 Mobile/15E148 Safari/604.1"
151.185.32.62 - - [20/Jan/2026:17:06:56 +0100] "GET /assets/js/jquery.validate.min.js HTTP/2.0" 200 6930 "https://www.google.com/" "Mozilla/5.0 (iPhone; CPU iPhone OS 18_6_2 like Mac OS X) AppleWebKit/605.1.15 (KHTML, like Gecko) Version/18.6 Mobile/15E148 Safari/604.1"
151.185.32.62 - - [20/Jan/2026:17:06:56 +0100] "GET /assets/js/custom.js HTTP/2.0" 200 3516 "https://www.google.com/" "Mozilla/5.0 (iPhone; CPU iPhone OS 18_6_2 like Mac OS X) AppleWebKit/605.1.15 (KHTML, like Gecko) Version/18.6 Mobile/15E148 Safari/604.1"
151.185.32.62 - - [20/Jan/2026:17:06:56 +0100] "GET /assets/js/e-smart-zoom-jquery.min.js HTTP/2.0" 200 4259 "https://www.google.com/" "Mozilla/5.0 (iPhone; CPU iPhone OS 18_6_2 like Mac OS X) AppleWebKit/605.1.15 (KHTML, like Gecko) Version/18.6 Mobile/15E148 Safari/604.1"
151.185.32.62 - - [20/Jan/2026:17:06:56 +0100] "GET /assets/css/normalpop.css HTTP/2.0" 200 1771 "https://www.google.com/" "Mozilla/5.0 (iPhone; CPU iPhone OS 18_6_2 like Mac OS X) AppleWebKit/605.1.15 (KHTML, like Gecko) Version/18.6 Mobile/15E148 Safari/604.1"
151.185.32.62 - - [20/Jan/2026:17:06:56 +0100] "GET /assets/js/modernizr.js HTTP/2.0" 200 4168 "https://www.google.com/" "Mozilla/5.0 (iPhone; CPU iPhone OS 18_6_2 like Mac OS X) AppleWebKit/605.1.15 (KHTML, like Gecko) Version/18.6 Mobile/15E148 Safari/604.1"
151.185.32.62 - - [20/Jan/2026:17:06:56 +0100] "GET /assets/images/roadblock.jpg HTTP/2.0" 200 28192 "https://www.google.com/" "Mozilla/5.0 (iPhone; CPU iPhone OS 18_6_2 like Mac OS X) AppleWebKit/605.1.15 (KHTML, like Gecko) Version/18.6 Mobile/15E148 Safari/604.1"
151.185.32.62 - - [20/Jan/2026:17:06:56 +0100] "GET /assets/images/omkar1973-logo.png HTTP/2.0" 200 5191 "https://www.google.com/" "Mozilla/5.0 (iPhone; CPU iPhone OS 18_6_2 like Mac OS X) AppleWebKit/605.1.15 (KHTML, like Gecko) Version/18.6 Mobile/15E148 Safari/604.1"
151.185.32.62 - - [20/Jan/2026:17:06:56 +0100] "GET /assets/css/animate.css HTTP/2.0" 200 1724 "https://www.google.com/" "Mozilla/5.0 (Linux; Android 10; K) AppleWebKit/537.36 (KHTML, like Gecko) Chrome/133.0.0.0 Mobile Safari/537.36 ABB/133.0.6943.51"
151.185.32.62 - - [20/Jan/2026:17:06:56 +0100] "GET /assets/css/owl.carousel.min.css HTTP/2.0" 200 950 "https://www.google.com/" "Mozilla/5.0 (Linux; Android 10; K) AppleWebKit/537.36 (KHTML, like Gecko) Chrome/133.0.0.0 Mobile Safari/537.36 ABB/133.0.6943.51"
151.185.32.62 - - [20/Jan/2026:17:06:56 +0100] "GET /assets/css/bootstrap.min.css HTTP/2.0" 200 17620 "https://www.google.com/" "Mozilla/5.0 (Linux; Android 10; K) AppleWebKit/537.36 (KHTML, like Gecko) Chrome/133.0.0.0 Mobile Safari/537.36 ABB/133.0.6943.51"
151.185.32.62 - - [20/Jan/2026:17:06:56 +0100] "GET /assets/css/jquery.fancybox.css HTTP/2.0" 200 1043 "https://www.google.com/" "Mozilla/5.0 (Linux; Android 10; K) AppleWebKit/537.36 (KHTML, like Gecko) Chrome/133.0.0.0 Mobile Safari/537.36 ABB/133.0.6943.51"
151.185.32.62 - - [20/Jan/2026:17:06:56 +0100] "GET /assets/css/omkarStyle.css HTTP/2.0" 200 21439 "https://www.google.com/" "Mozilla/5.0 (Linux; Android 10; K) AppleWebKit/537.36 (KHTML, like Gecko) Chrome/133.0.0.0 Mobile Safari/537.36 ABB/133.0.6943.51"
151.185.32.62 - - [20/Jan/2026:17:06:56 +0100] "GET /assets/css/ion.rangeSlider.css HTTP/2.0" 200 1072 "https://www.google.com/" "Mozilla/5.0 (Linux; Android 10; K) AppleWebKit/537.36 (KHTML, like Gecko) Chrome/133.0.0.0 Mobile Safari/537.36 ABB/133.0.6943.51"
151.185.32.62 - - [20/Jan/2026:17:06:56 +0100] "GET /assets/css/responsive.css HTTP/2.0" 200 5828 "https://www.google.com/" "Mozilla/5.0 (Linux; Android 10; K) AppleWebKit/537.36 (KHTML, like Gecko) Chrome/133.0.0.0 Mobile Safari/537.36 ABB/133.0.6943.51"
151.185.32.62 - - [20/Jan/2026:17:06:56 +0100] "GET /assets/images/blog.png HTTP/2.0" 200 1724 "https://www.google.com/" "Mozilla/5.0 (Windows NT 10.0; Win64; x64) AppleWebKit/537.36 (KHTML, like Gecko) Chrome/141.0.0.0 Safari/537.36"
151.185.32.62 - - [20/Jan/2026:17:06:56 +0100] "GET /assets/css/font-awesome/css/font-awesome.min.css HTTP/2.0" 200 6646 "https://www.google.com/" "Mozilla/5.0 (Linux; Android 10; K) AppleWebKit/537.36 (KHTML, like Gecko) Chrome/133.0.0.0 Mobile Safari/537.36 ABB/133.0.6943.51"
151.185.32.45 - - [20/Jan/2026:17:06:56 +0100] "GET /assets/css/omkarStyle.css HTTP/2.0" 200 21439 "https://www.google.com/" "Mozilla/5.0 (Linux; Android 10; K) AppleWebKit/537.36 (KHTML, like Gecko) Chrome/140.0.0.0 Mobile Safari/537.36 EdgA/140.0.0.0"
151.185.32.45 - - [20/Jan/2026:17:06:56 +0100] "GET /assets/images/logo.png HTTP/2.0" 200 4584 "https://www.google.com/" "Mozilla/5.0 (Linux; Android 10; K) AppleWebKit/537.36 (KHTML, like Gecko) Chrome/140.0.0.0 Mobile Safari/537.36 EdgA/140.0.0.0"
151.185.32.62 - - [20/Jan/2026:17:06:56 +0100] "GET /assets/js/jquery-1.9.1.min.js HTTP/2.0" 200 31536 "https://www.google.com/" "Mozilla/5.0 (X11; CrOS x86_64 14541.0.0) AppleWebKit/537.36 (KHTML, like Gecko) Chrome/136.0.0.0 Safari/537.36"
151.185.32.45 - - [20/Jan/2026:17:06:56 +0100] "GET /assets/css/responsive.css HTTP/2.0" 200 5828 "https://www.google.com/" "Mozilla/5.0 (Linux; Android 10; K) AppleWebKit/537.36 (KHTML, like Gecko) Chrome/140.0.0.0 Mobile Safari/537.36 EdgA/140.0.0.0"
151.185.32.45 - - [20/Jan/2026:17:06:56 +0100] "GET /assets/css/font-awesome/css/font-awesome.min.css HTTP/2.0" 200 6646 "https://www.google.com/" "Mozilla/5.0 (Linux; Android 10; K) AppleWebKit/537.36 (KHTML, like Gecko) Chrome/140.0.0.0 Mobile Safari/537.36 EdgA/140.0.0.0"
151.185.32.62 - - [20/Jan/2026:17:06:56 +0100] "GET /assets/images/whatsapp-dsk.png HTTP/2.0" 200 3507 "https://www.google.com/" "Mozilla/5.0 (X11; CrOS x86_64 14541.0.0) AppleWebKit/537.36 (KHTML, like Gecko) Chrome/136.0.0.0 Safari/537.36"
151.185.32.62 - - [20/Jan/2026:17:06:56 +0100] "GET /assets/js/owl.carousel.min.js HTTP/2.0" 200 10527 "https://www.google.com/" "Mozilla/5.0 (X11; CrOS x86_64 14541.0.0) AppleWebKit/537.36 (KHTML, like Gecko) Chrome/136.0.0.0 Safari/537.36"
151.185.32.62 - - [20/Jan/2026:17:06:56 +0100] "GET /assets/images/logo.png HTTP/2.0" 200 4584 "https://www.google.com/" "Mozilla/5.0 (Linux; Android 10; K) AppleWebKit/537.36 (KHTML, like Gecko) Chrome/133.0.0.0 Mobile Safari/537.36 ABB/133.0.6943.51"
151.185.32.62 - - [20/Jan/2026:17:06:56 +0100] "GET /assets/js/css3-animate-it.js HTTP/2.0" 200 3934 "https://www.google.com/" "Mozilla/5.0 (X11; CrOS x86_64 14541.0.0) AppleWebKit/537.36 (KHTML, like Gecko) Chrome/136.0.0.0 Safari/537.36"
151.185.32.45 - - [20/Jan/2026:17:06:56 +0100] "GET /assets/css/animate.css HTTP/2.0" 200 1724 "https://www.google.com/" "Mozilla/5.0 (Linux; Android 10; K) AppleWebKit/537.36 (KHTML, like Gecko) Chrome/140.0.0.0 Mobile Safari/537.36 EdgA/140.0.0.0"
151.185.32.62 - - [20/Jan/2026:17:06:56 +0100] "GET /assets/build/js/intlTelInput.js HTTP/2.0" 200 8979 "https://www.google.com/" "Mozilla/5.0 (X11; CrOS x86_64 14541.0.0) AppleWebKit/537.36 (KHTML, like Gecko) Chrome/136.0.0.0 Safari/537.36"
151.185.32.45 - - [20/Jan/2026:17:06:56 +0100] "GET /assets/css/ion.rangeSlider.css HTTP/2.0" 200 1072 "https://www.google.com/" "Mozilla/5.0 (Linux; Android 10; K) AppleWebKit/537.36 (KHTML, like Gecko) Chrome/140.0.0.0 Mobile Safari/537.36 EdgA/140.0.0.0"
151.185.32.62 - - [20/Jan/2026:17:06:56 +0100] "GET /assets/js/form.js HTTP/2.0" 200 3806 "https://www.google.com/" "Mozilla/5.0 (X11; CrOS x86_64 14541.0.0) AppleWebKit/537.36 (KHTML, like Gecko) Chrome/136.0.0.0 Safari/537.36"
151.185.32.62 - - [20/Jan/2026:17:06:56 +0100] "GET /assets/js/e-smart-zoom-jquery.min.js HTTP/2.0" 200 4259 "https://www.google.com/" "Mozilla/5.0 (X11; CrOS x86_64 14541.0.0) AppleWebKit/537.36 (KHTML, like Gecko) Chrome/136.0.0.0 Safari/537.36"
151.185.32.45 - - [20/Jan/2026:17:06:56 +0100] "GET /assets/css/jquery.fancybox.css HTTP/2.0" 200 1043 "https://www.google.com/" "Mozilla/5.0 (Linux; Android 10; K) AppleWebKit/537.36 (KHTML, like Gecko) Chrome/140.0.0.0 Mobile Safari/537.36 EdgA/140.0.0.0"
151.185.32.62 - - [20/Jan/2026:17:06:56 +0100] "GET /assets/js/jquery.validate.min.js HTTP/2.0" 200 6930 "https://www.google.com/" "Mozilla/5.0 (X11; CrOS x86_64 14541.0.0) AppleWebKit/537.36 (KHTML, like Gecko) Chrome/136.0.0.0 Safari/537.36"
151.185.32.62 - - [20/Jan/2026:17:06:56 +0100] "GET /assets/js/additional-methods.min.js HTTP/2.0" 200 4985 "https://www.google.com/" "Mozilla/5.0 (X11; CrOS x86_64 14541.0.0) AppleWebKit/537.36 (KHTML, like Gecko) Chrome/136.0.0.0 Safari/537.36"
151.185.32.62 - - [20/Jan/2026:17:06:56 +0100] "GET /assets/build/css/intlTelInput.css HTTP/2.0" 200 2407 "https://www.google.com/" "Mozilla/5.0 (Linux; Android 10; K) AppleWebKit/537.36 (KHTML, like Gecko) Chrome/133.0.0.0 Mobile Safari/537.36 ABB/133.0.6943.51"
151.185.32.45 - - [20/Jan/2026:17:06:56 +0100] "GET /assets/css/bootstrap.min.css HTTP/2.0" 200 17620 "https://www.google.com/" "Mozilla/5.0 (Linux; Android 10; K) AppleWebKit/537.36 (KHTML, like Gecko) Chrome/140.0.0.0 Mobile Safari/537.36 EdgA/140.0.0.0"
151.185.32.62 - - [20/Jan/2026:17:06:56 +0100] "GET /assets/js/ion.rangeSlider.js HTTP/2.0" 200 7810 "https://www.google.com/" "Mozilla/5.0 (X11; CrOS x86_64 14541.0.0) AppleWebKit/537.36 (KHTML, like Gecko) Chrome/136.0.0.0 Safari/537.36"
151.185.32.45 - - [20/Jan/2026:17:06:56 +0100] "GET /assets/build/css/intlTelInput.css HTTP/2.0" 200 2407 "https://www.google.com/" "Mozilla/5.0 (Linux; Android 10; K) AppleWebKit/537.36 (KHTML, like Gecko) Chrome/140.0.0.0 Mobile Safari/537.36 EdgA/140.0.0.0"
151.185.32.62 - - [20/Jan/2026:17:06:56 +0100] "GET /assets/js/jquery.fancybox.js HTTP/2.0" 200 8040 "https://www.google.com/" "Mozilla/5.0 (X11; CrOS x86_64 14541.0.0) AppleWebKit/537.36 (KHTML, like Gecko) Chrome/136.0.0.0 Safari/537.36"
151.185.32.62 - - [20/Jan/2026:17:06:56 +0100] "GET /assets/js/jquery.mousewheel.min.js HTTP/2.0" 200 1018 "https://www.google.com/" "Mozilla/5.0 (X11; CrOS x86_64 14541.0.0) AppleWebKit/537.36 (KHTML, like Gecko) Chrome/136.0.0.0 Safari/537.36"
151.185.32.45 - - [20/Jan/2026:17:06:56 +0100] "GET /assets/css/owl.carousel.min.css HTTP/2.0" 200 950 "https://www.google.com/" "Mozilla/5.0 (Linux; Android 10; K) AppleWebKit/537.36 (KHTML, like Gecko) Chrome/140.0.0.0 Mobile Safari/537.36 EdgA/140.0.0.0"
151.185.32.62 - - [20/Jan/2026:17:06:56 +0100] "GET /assets/css/normalpop.css HTTP/2.0" 200 1771 "https://www.google.com/" "Mozilla/5.0 (X11; CrOS x86_64 14541.0.0) AppleWebKit/537.36 (KHTML, like Gecko) Chrome/136.0.0.0 Safari/537.36"
151.185.32.62 - - [20/Jan/2026:17:06:56 +0100] "GET /assets/js/custom.js HTTP/2.0" 200 3516 "https://www.google.com/" "Mozilla/5.0 (X11; CrOS x86_64 14541.0.0) AppleWebKit/537.36 (KHTML, like Gecko) Chrome/136.0.0.0 Safari/537.36"
151.185.32.62 - - [20/Jan/2026:17:06:56 +0100] "GET /assets/js/normalpopup-onclick.js HTTP/2.0" 200 860 "https://www.google.com/" "Mozilla/5.0 (X11; CrOS x86_64 14541.0.0) AppleWebKit/537.36 (KHTML, like Gecko) Chrome/136.0.0.0 Safari/537.36"
151.185.32.62 - - [20/Jan/2026:17:06:56 +0100] "GET /assets/js/modernizr.js HTTP/2.0" 200 4168 "https://www.google.com/" "Mozilla/5.0 (X11; CrOS x86_64 14541.0.0) AppleWebKit/537.36 (KHTML, like Gecko) Chrome/136.0.0.0 Safari/537.36"
151.185.32.62 - - [20/Jan/2026:17:06:56 +0100] "GET /assets/images/omkar1973-logo.png HTTP/2.0" 200 5191 "https://www.google.com/" "Mozilla/5.0 (X11; CrOS x86_64 14541.0.0) AppleWebKit/537.36 (KHTML, like Gecko) Chrome/136.0.0.0 Safari/537.36"
151.185.32.62 - - [20/Jan/2026:17:06:56 +0100] "GET /uploads/gallery/150572841912270054351.jpg HTTP/2.0" 200 52936 "https://www.google.com/" "Mozilla/5.0 (X11; CrOS x86_64 14541.0.0) AppleWebKit/537.36 (KHTML, like Gecko) Chrome/136.0.0.0 Safari/537.36"
151.185.32.62 - - [20/Jan/2026:17:06:56 +0100] "GET /assets/images/roadblock.jpg HTTP/2.0" 200 28192 "https://www.google.com/" "Mozilla/5.0 (X11; CrOS x86_64 14541.0.0) AppleWebKit/537.36 (KHTML, like Gecko) Chrome/136.0.0.0 Safari/537.36"
151.185.32.62 - - [20/Jan/2026:17:06:56 +0100] "GET /assets/images/f-icon.png HTTP/2.0" 200 1282 "https://www.google.com/" "Mozilla/5.0 (X11; CrOS x86_64 14541.0.0) AppleWebKit/537.36 (KHTML, like Gecko) Chrome/136.0.0.0 Safari/537.36"
151.185.32.62 - - [20/Jan/2026:17:06:56 +0100] "GET /assets/images/y-icon.png HTTP/2.0" 200 3995 "https://www.google.com/" "Mozilla/5.0 (X11; CrOS x86_64 14541.0.0) AppleWebKit/537.36 (KHTML, like Gecko) Chrome/136.0.0.0 Safari/537.36"
151.185.32.62 - - [20/Jan/2026:17:06:56 +0100] "GET /assets/images/t-icon.png HTTP/2.0" 200 3429 "https://www.google.com/" "Mozilla/5.0 (X11; CrOS x86_64 14541.0.0) AppleWebKit/537.36 (KHTML, like Gecko) Chrome/136.0.0.0 Safari/537.36"
151.185.32.62 - - [20/Jan/2026:17:06:56 +0100] "GET /assets/images/in-icon.png HTTP/2.0" 200 3748 "https://www.google.com/" "Mozilla/5.0 (X11; CrOS x86_64 14541.0.0) AppleWebKit/537.36 (KHTML, like Gecko) Chrome/136.0.0.0 Safari/537.36"
151.185.32.62 - - [20/Jan/2026:17:06:56 +0100] "GET /assets/images/instagram.png HTTP/2.0" 200 1668 "https://www.google.com/" "Mozilla/5.0 (X11; CrOS x86_64 14541.0.0) AppleWebKit/537.36 (KHTML, like Gecko) Chrome/136.0.0.0 Safari/537.36"
151.185.32.62 - - [20/Jan/2026:17:06:56 +0100] "GET /assets/js/jquery-1.9.1.min.js HTTP/2.0" 200 31536 "https://www.google.com/" "Mozilla/5.0 (Windows NT 10.0; Win64; x64) AppleWebKit/537.36 (KHTML, like Gecko) Chrome/141.0.0.0 Safari/537.36"
151.185.32.62 - - [20/Jan/2026:17:06:56 +0100] "GET /assets/images/whatsapp-dsk.png HTTP/2.0" 200 3507 "https://www.google.com/" "Mozilla/5.0 (Windows NT 10.0; Win64; x64) AppleWebKit/537.36 (KHTML, like Gecko) Chrome/141.0.0.0 Safari/537.36"
151.185.32.62 - - [20/Jan/2026:17:06:56 +0100] "GET /assets/js/owl.carousel.min.js HTTP/2.0" 200 10527 "https://www.google.com/" "Mozilla/5.0 (Windows NT 10.0; Win64; x64) AppleWebKit/537.36 (KHTML, like Gecko) Chrome/141.0.0.0 Safari/537.36"
151.185.32.62 - - [20/Jan/2026:17:06:56 +0100] "GET /assets/build/js/intlTelInput.js HTTP/2.0" 200 8979 "https://www.google.com/" "Mozilla/5.0 (Windows NT 10.0; Win64; x64) AppleWebKit/537.36 (KHTML, like Gecko) Chrome/141.0.0.0 Safari/537.36"
151.185.32.62 - - [20/Jan/2026:17:06:56 +0100] "GET /assets/js/jquery.mousewheel.min.js HTTP/2.0" 200 1018 "https://www.google.com/" "Mozilla/5.0 (Windows NT 10.0; Win64; x64) AppleWebKit/537.36 (KHTML, like Gecko) Chrome/141.0.0.0 Safari/537.36"
151.185.32.62 - - [20/Jan/2026:17:06:56 +0100] "GET /assets/js/css3-animate-it.js HTTP/2.0" 200 3934 "https://www.google.com/" "Mozilla/5.0 (Windows NT 10.0; Win64; x64) AppleWebKit/537.36 (KHTML, like Gecko) Chrome/141.0.0.0 Safari/537.36"
151.185.32.62 - - [20/Jan/2026:17:06:56 +0100] "GET /assets/js/jquery.fancybox.js HTTP/2.0" 200 8040 "https://www.google.com/" "Mozilla/5.0 (Windows NT 10.0; Win64; x64) AppleWebKit/537.36 (KHTML, like Gecko) Chrome/141.0.0.0 Safari/537.36"
151.185.32.62 - - [20/Jan/2026:17:06:56 +0100] "GET /assets/js/jquery.validate.min.js HTTP/2.0" 200 6930 "https://www.google.com/" "Mozilla/5.0 (Windows NT 10.0; Win64; x64) AppleWebKit/537.36 (KHTML, like Gecko) Chrome/141.0.0.0 Safari/537.36"
151.185.32.62 - - [20/Jan/2026:17:06:56 +0100] "GET /assets/js/additional-methods.min.js HTTP/2.0" 200 4985 "https://www.google.com/" "Mozilla/5.0 (Windows NT 10.0; Win64; x64) AppleWebKit/537.36 (KHTML, like Gecko) Chrome/141.0.0.0 Safari/537.36"
151.185.32.62 - - [20/Jan/2026:17:06:56 +0100] "GET /assets/js/ion.rangeSlider.js HTTP/2.0" 200 7810 "https://www.google.com/" "Mozilla/5.0 (Windows NT 10.0; Win64; x64) AppleWebKit/537.36 (KHTML, like Gecko) Chrome/141.0.0.0 Safari/537.36"
151.185.32.62 - - [20/Jan/2026:17:06:56 +0100] "GET /assets/js/form.js HTTP/2.0" 200 3806 "https://www.google.com/" "Mozilla/5.0 (Windows NT 10.0; Win64; x64) AppleWebKit/537.36 (KHTML, like Gecko) Chrome/141.0.0.0 Safari/537.36"
151.185.32.62 - - [20/Jan/2026:17:06:56 +0100] "GET /assets/js/e-smart-zoom-jquery.min.js HTTP/2.0" 200 4259 "https://www.google.com/" "Mozilla/5.0 (Windows NT 10.0; Win64; x64) AppleWebKit/537.36 (KHTML, like Gecko) Chrome/141.0.0.0 Safari/537.36"
151.185.32.62 - - [20/Jan/2026:17:06:56 +0100] "GET /assets/js/custom.js HTTP/2.0" 200 3516 "https://www.google.com/" "Mozilla/5.0 (Windows NT 10.0; Win64; x64) AppleWebKit/537.36 (KHTML, like Gecko) Chrome/141.0.0.0 Safari/537.36"
151.185.32.62 - - [20/Jan/2026:17:06:56 +0100] "GET /assets/css/normalpop.css HTTP/2.0" 200 1771 "https://www.google.com/" "Mozilla/5.0 (Windows NT 10.0; Win64; x64) AppleWebKit/537.36 (KHTML, like Gecko) Chrome/141.0.0.0 Safari/537.36"
151.185.32.62 - - [20/Jan/2026:17:06:56 +0100] "GET /assets/js/normalpopup-onclick.js HTTP/2.0" 200 860 "https://www.google.com/" "Mozilla/5.0 (Windows NT 10.0; Win64; x64) AppleWebKit/537.36 (KHTML, like Gecko) Chrome/141.0.0.0 Safari/537.36"
151.185.32.62 - - [20/Jan/2026:17:06:56 +0100] "GET /assets/js/modernizr.js HTTP/2.0" 200 4168 "https://www.google.com/" "Mozilla/5.0 (Windows NT 10.0; Win64; x64) AppleWebKit/537.36 (KHTML, like Gecko) Chrome/141.0.0.0 Safari/537.36"
151.185.32.62 - - [20/Jan/2026:17:06:56 +0100] "GET /assets/images/roadblock.jpg HTTP/2.0" 200 28192 "https://www.google.com/" "Mozilla/5.0 (Windows NT 10.0; Win64; x64) AppleWebKit/537.36 (KHTML, like Gecko) Chrome/141.0.0.0 Safari/537.36"
151.185.32.62 - - [20/Jan/2026:17:06:56 +0100] "GET /assets/images/down-arw.png HTTP/2.0" 200 1112 "https://www.google.com/" "Mozilla/5.0 (Windows NT 10.0; Win64; x64) AppleWebKit/537.36 (KHTML, like Gecko) Chrome/141.0.0.0 Safari/537.36"
151.185.32.62 - - [20/Jan/2026:17:06:56 +0100] "GET /assets/images/f-icon.png HTTP/2.0" 200 1282 "https://www.google.com/" "Mozilla/5.0 (Windows NT 10.0; Win64; x64) AppleWebKit/537.36 (KHTML, like Gecko) Chrome/141.0.0.0 Safari/537.36"
151.185.32.62 - - [20/Jan/2026:17:06:56 +0100] "GET /assets/js/normalpopup-onclick.js HTTP/2.0" 200 860 "https://www.google.com/" "Mozilla/5.0 (iPhone; CPU iPhone OS 18_6_2 like Mac OS X) AppleWebKit/605.1.15 (KHTML, like Gecko) Version/18.6 Mobile/15E148 Safari/604.1"
151.185.32.62 - - [20/Jan/2026:17:06:56 +0100] "GET /uploads/gallery/1504001079174097547Veda-correction-Parel.jpg HTTP/2.0" 200 30782 "https://www.google.com/" "Mozilla/5.0 (iPhone; CPU iPhone OS 18_6_2 like Mac OS X) AppleWebKit/605.1.15 (KHTML, like Gecko) Version/18.6 Mobile/15E148 Safari/604.1"
151.185.32.62 - - [20/Jan/2026:17:06:56 +0100] "GET /uploads/gallery/150400233329701943Woodside%20-%20dadar.jpg HTTP/2.0" 200 41941 "https://www.google.com/" "Mozilla/5.0 (iPhone; CPU iPhone OS 18_6_2 like Mac OS X) AppleWebKit/605.1.15 (KHTML, like Gecko) Version/18.6 Mobile/15E148 Safari/604.1"
151.185.32.62 - - [20/Jan/2026:17:06:56 +0100] "GET /uploads/gallery/150400262710800737901.jpg HTTP/2.0" 200 120452 "https://www.google.com/" "Mozilla/5.0 (iPhone; CPU iPhone OS 18_6_2 like Mac OS X) AppleWebKit/605.1.15 (KHTML, like Gecko) Version/18.6 Mobile/15E148 Safari/604.1"
151.185.32.62 - - [20/Jan/2026:17:06:56 +0100] "GET /uploads/gallery/1504000932584216048Om%20Annex-%20Dadar.jpg HTTP/2.0" 200 25062 "https://www.google.com/" "Mozilla/5.0 (iPhone; CPU iPhone OS 18_6_2 like Mac OS X) AppleWebKit/605.1.15 (KHTML, like Gecko) Version/18.6 Mobile/15E148 Safari/604.1"
151.185.32.62 - - [20/Jan/2026:17:06:56 +0100] "GET /uploads/gallery/15041843839607916982.jpg HTTP/2.0" 200 73086 "https://www.google.com/" "Mozilla/5.0 (iPhone; CPU iPhone OS 18_6_2 like Mac OS X) AppleWebKit/605.1.15 (KHTML, like Gecko) Version/18.6 Mobile/15E148 Safari/604.1"
151.185.32.62 - - [20/Jan/2026:17:06:56 +0100] "GET /uploads/gallery/1504000987589046224Om%20Heights-Parel.jpg HTTP/2.0" 200 65290 "https://www.google.com/" "Mozilla/5.0 (iPhone; CPU iPhone OS 18_6_2 like Mac OS X) AppleWebKit/605.1.15 (KHTML, like Gecko) Version/18.6 Mobile/15E148 Safari/604.1"
151.185.32.62 - - [20/Jan/2026:17:06:56 +0100] "GET /uploads/gallery/1504001030816920773Raga-Chembur.jpg HTTP/2.0" 200 38004 "https://www.google.com/" "Mozilla/5.0 (iPhone; CPU iPhone OS 18_6_2 like Mac OS X) AppleWebKit/605.1.15 (KHTML, like Gecko) Version/18.6 Mobile/15E148 Safari/604.1"
151.185.32.62 - - [20/Jan/2026:17:06:56 +0100] "GET /uploads/gallery/15040006711256421755Aloka-%20Dadar.jpg HTTP/2.0" 200 25607 "https://www.google.com/" "Mozilla/5.0 (iPhone; CPU iPhone OS 18_6_2 like Mac OS X) AppleWebKit/605.1.15 (KHTML, like Gecko) Version/18.6 Mobile/15E148 Safari/604.1"
151.185.32.62 - - [20/Jan/2026:17:06:56 +0100] "GET /uploads/gallery/15040008911718811513Deep%20Residency-Parel.jpg HTTP/2.0" 200 27363 "https://www.google.com/" "Mozilla/5.0 (iPhone; CPU iPhone OS 18_6_2 like Mac OS X) AppleWebKit/605.1.15 (KHTML, like Gecko) Version/18.6 Mobile/15E148 Safari/604.1"
151.185.32.62 - - [20/Jan/2026:17:06:56 +0100] "GET /assets/images/f-icon.png HTTP/2.0" 200 1282 "https://www.google.com/" "Mozilla/5.0 (iPhone; CPU iPhone OS 18_6_2 like Mac OS X) AppleWebKit/605.1.15 (KHTML, like Gecko) Version/18.6 Mobile/15E148 Safari/604.1"
151.185.32.62 - - [20/Jan/2026:17:06:56 +0100] "GET /assets/images/t-icon.png HTTP/2.0" 200 3429 "https://www.google.com/" "Mozilla/5.0 (iPhone; CPU iPhone OS 18_6_2 like Mac OS X) AppleWebKit/605.1.15 (KHTML, like Gecko) Version/18.6 Mobile/15E148 Safari/604.1"
151.185.32.62 - - [20/Jan/2026:17:06:56 +0100] "GET /assets/images/in-icon.png HTTP/2.0" 200 3748 "https://www.google.com/" "Mozilla/5.0 (iPhone; CPU iPhone OS 18_6_2 like Mac OS X) AppleWebKit/605.1.15 (KHTML, like Gecko) Version/18.6 Mobile/15E148 Safari/604.1"
151.185.32.62 - - [20/Jan/2026:17:06:56 +0100] "GET /assets/images/y-icon.png HTTP/2.0" 200 3995 "https://www.google.com/" "Mozilla/5.0 (iPhone; CPU iPhone OS 18_6_2 like Mac OS X) AppleWebKit/605.1.15 (KHTML, like Gecko) Version/18.6 Mobile/15E148 Safari/604.1"
151.185.32.62 - - [20/Jan/2026:17:06:56 +0100] "GET /assets/images/instagram.png HTTP/2.0" 200 1668 "https://www.google.com/" "Mozilla/5.0 (iPhone; CPU iPhone OS 18_6_2 like Mac OS X) AppleWebKit/605.1.15 (KHTML, like Gecko) Version/18.6 Mobile/15E148 Safari/604.1"
151.185.32.62 - - [20/Jan/2026:17:06:56 +0100] "GET /assets/images/blog.png HTTP/2.0" 200 1724 "https://www.google.com/" "Mozilla/5.0 (iPhone; CPU iPhone OS 18_6_2 like Mac OS X) AppleWebKit/605.1.15 (KHTML, like Gecko) Version/18.6 Mobile/15E148 Safari/604.1"
151.185.32.62 - - [20/Jan/2026:17:06:56 +0100] "GET /assets/css/font-awesome/fonts/fontawesome-webfont.woff2?v=4.7.0 HTTP/2.0" 200 77160 "https://www.google.com/" "Mozilla/5.0 (iPhone; CPU iPhone OS 18_6_2 like Mac OS X) AppleWebKit/605.1.15 (KHTML, like Gecko) Version/18.6 Mobile/15E148 Safari/604.1"
151.185.32.62 - - [20/Jan/2026:17:06:56 +0100] "GET /assets/images/t-icon.png HTTP/2.0" 200 3429 "https://www.google.com/" "Mozilla/5.0 (Windows NT 10.0; Win64; x64) AppleWebKit/537.36 (KHTML, like Gecko) Chrome/141.0.0.0 Safari/537.36"
151.185.32.62 - - [20/Jan/2026:17:06:56 +0100] "GET /assets/images/in-icon.png HTTP/2.0" 200 3748 "https://www.google.com/" "Mozilla/5.0 (Windows NT 10.0; Win64; x64) AppleWebKit/537.36 (KHTML, like Gecko) Chrome/141.0.0.0 Safari/537.36"
151.185.32.62 - - [20/Jan/2026:17:06:56 +0100] "GET /assets/images/y-icon.png HTTP/2.0" 200 3995 "https://www.google.com/" "Mozilla/5.0 (Windows NT 10.0; Win64; x64) AppleWebKit/537.36 (KHTML, like Gecko) Chrome/141.0.0.0 Safari/537.36"
151.185.32.62 - - [20/Jan/2026:17:06:56 +0100] "GET /assets/images/instagram.png HTTP/2.0" 200 1668 "https://www.google.com/" "Mozilla/5.0 (Windows NT 10.0; Win64; x64) AppleWebKit/537.36 (KHTML, like Gecko) Chrome/141.0.0.0 Safari/537.36"
151.185.32.62 - - [20/Jan/2026:17:06:56 +0100] "GET /assets/css/font-awesome/fonts/fontawesome-webfont.woff2?v=4.7.0 HTTP/2.0" 200 77160 "https://www.google.com/" "Mozilla/5.0 (Windows NT 10.0; Win64; x64) AppleWebKit/537.36 (KHTML, like Gecko) Chrome/141.0.0.0 Safari/537.36"
151.185.32.62 - - [20/Jan/2026:17:06:56 +0100] "GET /assets/js/jquery-1.9.1.min.js HTTP/2.0" 200 31536 "https://www.google.com/" "Mozilla/5.0 (iPhone; CPU iPhone OS 18_6_2 like Mac OS X) AppleWebKit/605.1.15 (KHTML, like Gecko) Version/18.6 Mobile/15E148 Safari/604.1"
151.185.32.62 - - [20/Jan/2026:17:06:56 +0100] "GET /assets/images/whatsapp-dsk.png HTTP/2.0" 200 3507 "https://www.google.com/" "Mozilla/5.0 (iPhone; CPU iPhone OS 18_6_2 like Mac OS X) AppleWebKit/605.1.15 (KHTML, like Gecko) Version/18.6 Mobile/15E148 Safari/604.1"
151.185.32.62 - - [20/Jan/2026:17:06:56 +0100] "GET /assets/js/owl.carousel.min.js HTTP/2.0" 200 10527 "https://www.google.com/" "Mozilla/5.0 (iPhone; CPU iPhone OS 18_6_2 like Mac OS X) AppleWebKit/605.1.15 (KHTML, like Gecko) Version/18.6 Mobile/15E148 Safari/604.1"
151.185.32.62 - - [20/Jan/2026:17:06:56 +0100] "GET /assets/build/js/intlTelInput.js HTTP/2.0" 200 8979 "https://www.google.com/" "Mozilla/5.0 (iPhone; CPU iPhone OS 18_6_2 like Mac OS X) AppleWebKit/605.1.15 (KHTML, like Gecko) Version/18.6 Mobile/15E148 Safari/604.1"
151.185.32.62 - - [20/Jan/2026:17:06:56 +0100] "GET /assets/js/jquery.mousewheel.min.js HTTP/2.0" 200 1018 "https://www.google.com/" "Mozilla/5.0 (iPhone; CPU iPhone OS 18_6_2 like Mac OS X) AppleWebKit/605.1.15 (KHTML, like Gecko) Version/18.6 Mobile/15E148 Safari/604.1"
151.185.32.62 - - [20/Jan/2026:17:06:56 +0100] "GET /assets/js/css3-animate-it.js HTTP/2.0" 200 3934 "https://www.google.com/" "Mozilla/5.0 (iPhone; CPU iPhone OS 18_6_2 like Mac OS X) AppleWebKit/605.1.15 (KHTML, like Gecko) Version/18.6 Mobile/15E148 Safari/604.1"
151.185.32.62 - - [20/Jan/2026:17:06:56 +0100] "GET /assets/js/jquery.validate.min.js HTTP/2.0" 200 6930 "https://www.google.com/" "Mozilla/5.0 (iPhone; CPU iPhone OS 18_6_2 like Mac OS X) AppleWebKit/605.1.15 (KHTML, like Gecko) Version/18.6 Mobile/15E148 Safari/604.1"
151.185.32.62 - - [20/Jan/2026:17:06:56 +0100] "GET /assets/js/ion.rangeSlider.js HTTP/2.0" 200 7810 "https://www.google.com/" "Mozilla/5.0 (iPhone; CPU iPhone OS 18_6_2 like Mac OS X) AppleWebKit/605.1.15 (KHTML, like Gecko) Version/18.6 Mobile/15E148 Safari/604.1"
151.185.32.62 - - [20/Jan/2026:17:06:56 +0100] "GET /assets/js/form.js HTTP/2.0" 200 3806 "https://www.google.com/" "Mozilla/5.0 (iPhone; CPU iPhone OS 18_6_2 like Mac OS X) AppleWebKit/605.1.15 (KHTML, like Gecko) Version/18.6 Mobile/15E148 Safari/604.1"
151.185.32.62 - - [20/Jan/2026:17:06:56 +0100] "GET /assets/js/additional-methods.min.js HTTP/2.0" 200 4985 "https://www.google.com/" "Mozilla/5.0 (iPhone; CPU iPhone OS 18_6_2 like Mac OS X) AppleWebKit/605.1.15 (KHTML, like Gecko) Version/18.6 Mobile/15E148 Safari/604.1"
151.185.32.62 - - [20/Jan/2026:17:06:56 +0100] "GET /assets/js/jquery.fancybox.js HTTP/2.0" 200 8040 "https://www.google.com/" "Mozilla/5.0 (iPhone; CPU iPhone OS 18_6_2 like Mac OS X) AppleWebKit/605.1.15 (KHTML, like Gecko) Version/18.6 Mobile/15E148 Safari/604.1"
151.185.32.62 - - [20/Jan/2026:17:06:56 +0100] "GET /assets/js/e-smart-zoom-jquery.min.js HTTP/2.0" 200 4259 "https://www.google.com/" "Mozilla/5.0 (iPhone; CPU iPhone OS 18_6_2 like Mac OS X) AppleWebKit/605.1.15 (KHTML, like Gecko) Version/18.6 Mobile/15E148 Safari/604.1"
151.185.32.62 - - [20/Jan/2026:17:06:56 +0100] "GET /assets/js/custom.js HTTP/2.0" 200 3516 "https://www.google.com/" "Mozilla/5.0 (iPhone; CPU iPhone OS 18_6_2 like Mac OS X) AppleWebKit/605.1.15 (KHTML, like Gecko) Version/18.6 Mobile/15E148 Safari/604.1"
151.185.32.62 - - [20/Jan/2026:17:06:56 +0100] "GET /assets/images/roadblock.jpg HTTP/2.0" 200 28192 "https://www.google.com/" "Mozilla/5.0 (iPhone; CPU iPhone OS 18_6_2 like Mac OS X) AppleWebKit/605.1.15 (KHTML, like Gecko) Version/18.6 Mobile/15E148 Safari/604.1"
151.185.32.62 - - [20/Jan/2026:17:06:56 +0100] "GET /assets/js/modernizr.js HTTP/2.0" 200 4168 "https://www.google.com/" "Mozilla/5.0 (iPhone; CPU iPhone OS 18_6_2 like Mac OS X) AppleWebKit/605.1.15 (KHTML, like Gecko) Version/18.6 Mobile/15E148 Safari/604.1"
151.185.32.62 - - [20/Jan/2026:17:06:56 +0100] "GET /assets/images/drectn-right-arw.png HTTP/2.0" 200 1297 "https://www.google.com/" "Mozilla/5.0 (iPhone; CPU iPhone OS 18_6_2 like Mac OS X) AppleWebKit/605.1.15 (KHTML, like Gecko) Version/18.6 Mobile/15E148 Safari/604.1"
151.185.32.62 - - [20/Jan/2026:17:06:56 +0100] "GET /assets/css/normalpop.css HTTP/2.0" 200 1771 "https://www.google.com/" "Mozilla/5.0 (iPhone; CPU iPhone OS 18_6_2 like Mac OS X) AppleWebKit/605.1.15 (KHTML, like Gecko) Version/18.6 Mobile/15E148 Safari/604.1"
151.185.32.62 - - [20/Jan/2026:17:06:56 +0100] "GET /uploads/amenities/15221443472105008661152180180416334385141516001194199916340415053062661812304026Accu%20pressure%20therapy%20walkway.jpg HTTP/2.0" 200 46309 "https://www.google.com/" "Mozilla/5.0 (iPhone; CPU iPhone OS 18_6_2 like Mac OS X) AppleWebKit/605.1.15 (KHTML, like Gecko) Version/18.6 Mobile/15E148 Safari/604.1"
151.185.32.62 - - [20/Jan/2026:17:06:56 +0100] "GET /assets/images/press-media-bg.png HTTP/2.0" 200 69864 "https://www.google.com/" "Mozilla/5.0 (Windows NT 10.0; Win64; x64) AppleWebKit/537.36 (KHTML, like Gecko) Chrome/141.0.0.0 Safari/537.36"
151.185.32.62 - - [20/Jan/2026:17:06:56 +0100] "GET /assets/images/select-down-arw-b.png HTTP/2.0" 200 1043 "https://www.google.com/" "Mozilla/5.0 (Windows NT 10.0; Win64; x64) AppleWebKit/537.36 (KHTML, like Gecko) Chrome/141.0.0.0 Safari/537.36"
151.185.32.62 - - [20/Jan/2026:17:06:56 +0100] "GET /assets/images/down-arrow.png HTTP/2.0" 200 1099 "https://www.google.com/" "Mozilla/5.0 (Windows NT 10.0; Win64; x64) AppleWebKit/537.36 (KHTML, like Gecko) Chrome/141.0.0.0 Safari/537.36"
151.185.32.45 - - [20/Jan/2026:17:06:56 +0100] "GET /assets/css/bootstrap.min.css HTTP/2.0" 200 17620 "https://www.google.com/" "Mozilla/5.0 (Linux; Android 10; K) AppleWebKit/537.36 (KHTML, like Gecko) Chrome/141.0.0.0 Mobile Safari/537.36"
151.185.32.45 - - [20/Jan/2026:17:06:56 +0100] "GET /assets/css/animate.css HTTP/2.0" 200 1724 "https://www.google.com/" "Mozilla/5.0 (Linux; Android 10; K) AppleWebKit/537.36 (KHTML, like Gecko) Chrome/141.0.0.0 Mobile Safari/537.36"
151.185.32.45 - - [20/Jan/2026:17:06:56 +0100] "GET /assets/css/jquery.fancybox.css HTTP/2.0" 200 1043 "https://www.google.com/" "Mozilla/5.0 (Linux; Android 10; K) AppleWebKit/537.36 (KHTML, like Gecko) Chrome/141.0.0.0 Mobile Safari/537.36"
151.185.32.45 - - [20/Jan/2026:17:06:56 +0100] "GET /assets/css/owl.carousel.min.css HTTP/2.0" 200 950 "https://www.google.com/" "Mozilla/5.0 (Linux; Android 10; K) AppleWebKit/537.36 (KHTML, like Gecko) Chrome/141.0.0.0 Mobile Safari/537.36"
151.185.32.45 - - [20/Jan/2026:17:06:56 +0100] "GET /assets/css/ion.rangeSlider.css HTTP/2.0" 200 1072 "https://www.google.com/" "Mozilla/5.0 (Linux; Android 10; K) AppleWebKit/537.36 (KHTML, like Gecko) Chrome/141.0.0.0 Mobile Safari/537.36"
151.185.32.45 - - [20/Jan/2026:17:06:56 +0100] "GET /assets/css/omkarStyle.css HTTP/2.0" 200 21439 "https://www.google.com/" "Mozilla/5.0 (Linux; Android 10; K) AppleWebKit/537.36 (KHTML, like Gecko) Chrome/141.0.0.0 Mobile Safari/537.36"
151.185.32.45 - - [20/Jan/2026:17:06:56 +0100] "GET /assets/css/responsive.css HTTP/2.0" 200 5828 "https://www.google.com/" "Mozilla/5.0 (Linux; Android 10; K) AppleWebKit/537.36 (KHTML, like Gecko) Chrome/141.0.0.0 Mobile Safari/537.36"
151.185.32.45 - - [20/Jan/2026:17:06:56 +0100] "GET /assets/build/css/intlTelInput.css HTTP/2.0" 200 2407 "https://www.google.com/" "Mozilla/5.0 (Linux; Android 10; K) AppleWebKit/537.36 (KHTML, like Gecko) Chrome/141.0.0.0 Mobile Safari/537.36"
151.185.32.45 - - [20/Jan/2026:17:06:56 +0100] "GET /assets/images/logo.png HTTP/2.0" 200 4584 "https://www.google.com/" "Mozilla/5.0 (Linux; Android 10; K) AppleWebKit/537.36 (KHTML, like Gecko) Chrome/141.0.0.0 Mobile Safari/537.36"
151.185.32.45 - - [20/Jan/2026:17:06:56 +0100] "GET /assets/css/animate.css HTTP/2.0" 200 1724 "https://www.google.com/" "Mozilla/5.0 (iPhone; CPU iPhone OS 18_7 like Mac OS X) AppleWebKit/605.1.15 (KHTML, like Gecko) Version/26.0.1 Mobile/15E148 Safari/604.1"
151.185.32.45 - - [20/Jan/2026:17:06:56 +0100] "GET /assets/css/font-awesome/css/font-awesome.min.css HTTP/2.0" 200 6646 "https://www.google.com/" "Mozilla/5.0 (Linux; Android 10; K) AppleWebKit/537.36 (KHTML, like Gecko) Chrome/141.0.0.0 Mobile Safari/537.36"
151.185.32.45 - - [20/Jan/2026:17:06:56 +0100] "GET /assets/css/bootstrap.min.css HTTP/2.0" 200 17620 "https://www.google.com/" "Mozilla/5.0 (iPhone; CPU iPhone OS 18_7 like Mac OS X) AppleWebKit/605.1.15 (KHTML, like Gecko) Version/26.0.1 Mobile/15E148 Safari/604.1"
151.185.32.45 - - [20/Jan/2026:17:06:56 +0100] "GET /assets/css/owl.carousel.min.css HTTP/2.0" 200 950 "https://www.google.com/" "Mozilla/5.0 (iPhone; CPU iPhone OS 18_7 like Mac OS X) AppleWebKit/605.1.15 (KHTML, like Gecko) Version/26.0.1 Mobile/15E148 Safari/604.1"
151.185.32.45 - - [20/Jan/2026:17:06:56 +0100] "GET /assets/css/jquery.fancybox.css HTTP/2.0" 200 1043 "https://www.google.com/" "Mozilla/5.0 (iPhone; CPU iPhone OS 18_7 like Mac OS X) AppleWebKit/605.1.15 (KHTML, like Gecko) Version/26.0.1 Mobile/15E148 Safari/604.1"
151.185.32.45 - - [20/Jan/2026:17:06:56 +0100] "GET /assets/css/ion.rangeSlider.css HTTP/2.0" 200 1072 "https://www.google.com/" "Mozilla/5.0 (iPhone; CPU iPhone OS 18_7 like Mac OS X) AppleWebKit/605.1.15 (KHTML, like Gecko) Version/26.0.1 Mobile/15E148 Safari/604.1"
151.185.32.45 - - [20/Jan/2026:17:06:56 +0100] "GET /assets/css/omkarStyle.css HTTP/2.0" 200 21439 "https://www.google.com/" "Mozilla/5.0 (iPhone; CPU iPhone OS 18_7 like Mac OS X) AppleWebKit/605.1.15 (KHTML, like Gecko) Version/26.0.1 Mobile/15E148 Safari/604.1"
151.185.32.45 - - [20/Jan/2026:17:06:56 +0100] "GET /assets/css/responsive.css HTTP/2.0" 200 5828 "https://www.google.com/" "Mozilla/5.0 (iPhone; CPU iPhone OS 18_7 like Mac OS X) AppleWebKit/605.1.15 (KHTML, like Gecko) Version/26.0.1 Mobile/15E148 Safari/604.1"
