157.32.213.46 - - [19/Jan/2026:13:09:27 +0100] "GET /assets/images/logo.png HTTP/1.0" 200 828 "https://www.omkar.com/ongoing-residential-projects-mumbai/omkar-alta-monte-malad" "Mozilla/5.0 (Linux; Android 10; K) AppleWebKit/537.36 (KHTML, like Gecko) Chrome/143.0.0.0 Mobile Safari/537.36"
157.32.213.46 - - [19/Jan/2026:13:09:27 +0100] "GET /assets/images/refresh.png HTTP/1.0" 200 1315 "https://www.omkar.com/ongoing-residential-projects-mumbai/omkar-alta-monte-malad" "Mozilla/5.0 (Linux; Android 10; K) AppleWebKit/537.36 (KHTML, like Gecko) Chrome/143.0.0.0 Mobile Safari/537.36"
157.32.213.46 - - [19/Jan/2026:13:09:27 +0100] "GET /assets/images/whatsapp-dsk.png HTTP/1.0" 200 4028 "https://www.omkar.com/ongoing-residential-projects-mumbai/omkar-alta-monte-malad" "Mozilla/5.0 (Linux; Android 10; K) AppleWebKit/537.36 (KHTML, like Gecko) Chrome/143.0.0.0 Mobile Safari/537.36"
157.32.213.46 - - [19/Jan/2026:13:09:27 +0100] "GET /assets/images/whatsapp.png HTTP/1.0" 200 832 "https://www.omkar.com/ongoing-residential-projects-mumbai/omkar-alta-monte-malad" "Mozilla/5.0 (Linux; Android 10; K) AppleWebKit/537.36 (KHTML, like Gecko) Chrome/143.0.0.0 Mobile Safari/537.36"
157.32.213.46 - - [19/Jan/2026:13:09:27 +0100] "GET /assets/js/jquery-1.9.1.min.js HTTP/1.0" 200 841 "https://www.omkar.com/ongoing-residential-projects-mumbai/omkar-alta-monte-malad" "Mozilla/5.0 (Linux; Android 10; K) AppleWebKit/537.36 (KHTML, like Gecko) Chrome/143.0.0.0 Mobile Safari/537.36"
157.32.213.46 - - [19/Jan/2026:13:09:28 +0100] "GET /assets/js/owl.carousel.min.js HTTP/1.0" 200 841 "https://www.omkar.com/ongoing-residential-projects-mumbai/omkar-alta-monte-malad" "Mozilla/5.0 (Linux; Android 10; K) AppleWebKit/537.36 (KHTML, like Gecko) Chrome/143.0.0.0 Mobile Safari/537.36"
157.32.213.46 - - [19/Jan/2026:13:09:28 +0100] "GET /assets/js/css3-animate-it.js HTTP/1.0" 200 840 "https://www.omkar.com/ongoing-residential-projects-mumbai/omkar-alta-monte-malad" "Mozilla/5.0 (Linux; Android 10; K) AppleWebKit/537.36 (KHTML, like Gecko) Chrome/143.0.0.0 Mobile Safari/537.36"
157.32.213.46 - - [19/Jan/2026:13:09:28 +0100] "GET /assets/build/js/intlTelInput.js HTTP/1.0" 200 843 "https://www.omkar.com/ongoing-residential-projects-mumbai/omkar-alta-monte-malad" "Mozilla/5.0 (Linux; Android 10; K) AppleWebKit/537.36 (KHTML, like Gecko) Chrome/143.0.0.0 Mobile Safari/537.36"
157.32.213.46 - - [19/Jan/2026:13:09:28 +0100] "GET /assets/js/jquery.fancybox.js HTTP/1.0" 200 4032 "https://www.omkar.com/ongoing-residential-projects-mumbai/omkar-alta-monte-malad" "Mozilla/5.0 (Linux; Android 10; K) AppleWebKit/537.36 (KHTML, like Gecko) Chrome/143.0.0.0 Mobile Safari/537.36"
157.32.213.46 - - [19/Jan/2026:13:09:28 +0100] "GET /assets/js/jquery.mousewheel.min.js HTTP/1.0" 200 846 "https://www.omkar.com/ongoing-residential-projects-mumbai/omkar-alta-monte-malad" "Mozilla/5.0 (Linux; Android 10; K) AppleWebKit/537.36 (KHTML, like Gecko) Chrome/143.0.0.0 Mobile Safari/537.36"
157.32.213.46 - - [19/Jan/2026:13:09:28 +0100] "GET /assets/js/jquery.validate.min.js HTTP/1.0" 200 844 "https://www.omkar.com/ongoing-residential-projects-mumbai/omkar-alta-monte-malad" "Mozilla/5.0 (Linux; Android 10; K) AppleWebKit/537.36 (KHTML, like Gecko) Chrome/143.0.0.0 Mobile Safari/537.36"
157.32.213.46 - - [19/Jan/2026:13:09:28 +0100] "GET /assets/js/ion.rangeSlider.js HTTP/1.0" 200 840 "https://www.omkar.com/ongoing-residential-projects-mumbai/omkar-alta-monte-malad" "Mozilla/5.0 (Linux; Android 10; K) AppleWebKit/537.36 (KHTML, like Gecko) Chrome/143.0.0.0 Mobile Safari/537.36"
157.32.213.46 - - [19/Jan/2026:13:09:28 +0100] "GET /assets/js/e-smart-zoom-jquery.min.js HTTP/1.0" 200 848 "https://www.omkar.com/ongoing-residential-projects-mumbai/omkar-alta-monte-malad" "Mozilla/5.0 (Linux; Android 10; K) AppleWebKit/537.36 (KHTML, like Gecko) Chrome/143.0.0.0 Mobile Safari/537.36"
157.32.213.46 - - [19/Jan/2026:13:09:28 +0100] "GET /assets/js/form.js HTTP/1.0" 200 829 "https://www.omkar.com/ongoing-residential-projects-mumbai/omkar-alta-monte-malad" "Mozilla/5.0 (Linux; Android 10; K) AppleWebKit/537.36 (KHTML, like Gecko) Chrome/143.0.0.0 Mobile Safari/537.36"
157.32.213.46 - - [19/Jan/2026:13:09:28 +0100] "GET /assets/js/additional-methods.min.js HTTP/1.0" 200 847 "https://www.omkar.com/ongoing-residential-projects-mumbai/omkar-alta-monte-malad" "Mozilla/5.0 (Linux; Android 10; K) AppleWebKit/537.36 (KHTML, like Gecko) Chrome/143.0.0.0 Mobile Safari/537.36"
157.32.213.46 - - [19/Jan/2026:13:09:28 +0100] "GET /assets/js/jquery.firstVisitPopup.js HTTP/1.0" 200 1366 "https://www.omkar.com/ongoing-residential-projects-mumbai/omkar-alta-monte-malad" "Mozilla/5.0 (Linux; Android 10; K) AppleWebKit/537.36 (KHTML, like Gecko) Chrome/143.0.0.0 Mobile Safari/537.36"
157.32.213.46 - - [19/Jan/2026:13:09:28 +0100] "GET /assets/js/custom.js HTTP/1.0" 200 831 "https://www.omkar.com/ongoing-residential-projects-mumbai/omkar-alta-monte-malad" "Mozilla/5.0 (Linux; Android 10; K) AppleWebKit/537.36 (KHTML, like Gecko) Chrome/143.0.0.0 Mobile Safari/537.36"
157.32.213.46 - - [19/Jan/2026:13:09:28 +0100] "GET /assets/js/career.js HTTP/1.0" 200 1182 "https://www.omkar.com/ongoing-residential-projects-mumbai/omkar-alta-monte-malad" "Mozilla/5.0 (Linux; Android 10; K) AppleWebKit/537.36 (KHTML, like Gecko) Chrome/143.0.0.0 Mobile Safari/537.36"
157.32.213.46 - - [19/Jan/2026:13:09:28 +0100] "GET /assets/css/normalpop.css HTTP/1.0" 200 4021 "https://www.omkar.com/ongoing-residential-projects-mumbai/omkar-alta-monte-malad" "Mozilla/5.0 (Linux; Android 10; K) AppleWebKit/537.36 (KHTML, like Gecko) Chrome/143.0.0.0 Mobile Safari/537.36"
157.32.213.46 - - [19/Jan/2026:13:09:28 +0100] "GET /assets/js/modernizr.js HTTP/1.0" 200 4026 "https://www.omkar.com/ongoing-residential-projects-mumbai/omkar-alta-monte-malad" "Mozilla/5.0 (Linux; Android 10; K) AppleWebKit/537.36 (KHTML, like Gecko) Chrome/143.0.0.0 Mobile Safari/537.36"
157.32.213.46 - - [19/Jan/2026:13:09:28 +0100] "GET /assets/js/normalpopup-onclick.js HTTP/1.0" 200 4036 "https://www.omkar.com/ongoing-residential-projects-mumbai/omkar-alta-monte-malad" "Mozilla/5.0 (Linux; Android 10; K) AppleWebKit/537.36 (KHTML, like Gecko) Chrome/143.0.0.0 Mobile Safari/537.36"
157.32.213.46 - - [19/Jan/2026:13:09:28 +0100] "GET /assets/images/roadblock.jpg HTTP/1.0" 200 4026 "https://www.omkar.com/ongoing-residential-projects-mumbai/omkar-alta-monte-malad" "Mozilla/5.0 (Linux; Android 10; K) AppleWebKit/537.36 (KHTML, like Gecko) Chrome/143.0.0.0 Mobile Safari/537.36"
157.32.213.46 - - [19/Jan/2026:13:09:28 +0100] "GET /uploads/banners/1664457071511173564web-banner-600x800px-020922.jpg HTTP/1.0" 200 4065 "https://www.omkar.com/ongoing-residential-projects-mumbai/omkar-alta-monte-malad" "Mozilla/5.0 (Linux; Android 10; K) AppleWebKit/537.36 (KHTML, like Gecko) Chrome/143.0.0.0 Mobile Safari/537.36"
157.32.213.46 - - [19/Jan/2026:13:09:28 +0100] "GET /assets/images/down-arw.png HTTP/1.0" 200 4024 "https://www.omkar.com/ongoing-residential-projects-mumbai/omkar-alta-monte-malad" "Mozilla/5.0 (Linux; Android 10; K) AppleWebKit/537.36 (KHTML, like Gecko) Chrome/143.0.0.0 Mobile Safari/537.36"
157.32.213.46 - - [19/Jan/2026:13:09:28 +0100] "GET /uploads/projects/logo_image/149932512865188924.png HTTP/1.0" 200 4048 "https://www.omkar.com/ongoing-residential-projects-mumbai/omkar-alta-monte-malad" "Mozilla/5.0 (Linux; Android 10; K) AppleWebKit/537.36 (KHTML, like Gecko) Chrome/143.0.0.0 Mobile Safari/537.36"
157.32.213.46 - - [19/Jan/2026:13:09:28 +0100] "GET /assets/images/drectn-right-arw.png HTTP/1.0" 200 4032 "https://www.omkar.com/ongoing-residential-projects-mumbai/omkar-alta-monte-malad" "Mozilla/5.0 (Linux; Android 10; K) AppleWebKit/537.36 (KHTML, like Gecko) Chrome/143.0.0.0 Mobile Safari/537.36"
157.32.213.46 - - [19/Jan/2026:13:09:28 +0100] "GET /uploads/amenities/152214374427559395015053055401466475491EXCLUSIVE%20DOG%20PARK.jpg HTTP/1.0" 200 4078 "https://www.omkar.com/ongoing-residential-projects-mumbai/omkar-alta-monte-malad" "Mozilla/5.0 (Linux; Android 10; K) AppleWebKit/537.36 (KHTML, like Gecko) Chrome/143.0.0.0 Mobile Safari/537.36"
157.32.213.46 - - [19/Jan/2026:13:09:28 +0100] "GET /uploads/amenities/1522143438555664198small.jpg HTTP/1.0" 200 4045 "https://www.omkar.com/ongoing-residential-projects-mumbai/omkar-alta-monte-malad" "Mozilla/5.0 (Linux; Android 10; K) AppleWebKit/537.36 (KHTML, like Gecko) Chrome/143.0.0.0 Mobile Safari/537.36"
157.32.213.46 - - [19/Jan/2026:13:09:28 +0100] "GET /uploads/amenities/15221437675863678881505305999569887558SPA%20BY%20ELLE%20SPA,%20PARIS.jpg HTTP/1.0" 200 4081 "https://www.omkar.com/ongoing-residential-projects-mumbai/omkar-alta-monte-malad" "Mozilla/5.0 (Linux; Android 10; K) AppleWebKit/537.36 (KHTML, like Gecko) Chrome/143.0.0.0 Mobile Safari/537.36"
157.32.213.46 - - [19/Jan/2026:13:09:28 +0100] "GET /uploads/amenities/152214376341868857151600061316469799941505305909325669391Kids%20play%20area.jpg HTTP/1.0" 200 4092 "https://www.omkar.com/ongoing-residential-projects-mumbai/omkar-alta-monte-malad" "Mozilla/5.0 (Linux; Android 10; K) AppleWebKit/537.36 (KHTML, like Gecko) Chrome/143.0.0.0 Mobile Safari/537.36"
157.32.213.46 - - [19/Jan/2026:13:09:28 +0100] "GET /uploads/amenities/15221436132022374739150530556881529492FITNESS%20CENTRE%20&%20GYMNASIUM.jpg HTTP/1.0" 200 4085 "https://www.omkar.com/ongoing-residential-projects-mumbai/omkar-alta-monte-malad" "Mozilla/5.0 (Linux; Android 10; K) AppleWebKit/537.36 (KHTML, like Gecko) Chrome/143.0.0.0 Mobile Safari/537.36"
157.32.213.46 - - [19/Jan/2026:13:09:28 +0100] "GET /uploads/amenities/15221437711679667174151600058745132170215053058771579136502INFINITY%20POOL.jpg HTTP/1.0" 200 4093 "https://www.omkar.com/ongoing-residential-projects-mumbai/omkar-alta-monte-malad" "Mozilla/5.0 (Linux; Android 10; K) AppleWebKit/537.36 (KHTML, like Gecko) Chrome/143.0.0.0 Mobile Safari/537.36"
157.32.213.46 - - [19/Jan/2026:13:09:28 +0100] "GET /uploads/construction_updates/1602228416911228157D%20wing.jpg HTTP/1.0" 200 4057 "https://www.omkar.com/ongoing-residential-projects-mumbai/omkar-alta-monte-malad" "Mozilla/5.0 (Linux; Android 10; K) AppleWebKit/537.36 (KHTML, like Gecko) Chrome/143.0.0.0 Mobile Safari/537.36"
157.32.213.46 - - [19/Jan/2026:13:09:28 +0100] "GET /uploads/construction_updates/160222847727058684B%20wing.jpg HTTP/1.0" 200 4056 "https://www.omkar.com/ongoing-residential-projects-mumbai/omkar-alta-monte-malad" "Mozilla/5.0 (Linux; Android 10; K) AppleWebKit/537.36 (KHTML, like Gecko) Chrome/143.0.0.0 Mobile Safari/537.36"
157.32.213.46 - - [19/Jan/2026:13:09:28 +0100] "GET /uploads/amenities/152214375913775224551516000535180267044515053054481556912027ELEVATED%20JOGGING%20TRACK.jpg HTTP/1.0" 200 4103 "https://www.omkar.com/ongoing-residential-projects-mumbai/omkar-alta-monte-malad" "Mozilla/5.0 (Linux; Android 10; K) AppleWebKit/537.36 (KHTML, like Gecko) Chrome/143.0.0.0 Mobile Safari/537.36"
157.32.213.46 - - [19/Jan/2026:13:09:28 +0100] "GET /uploads/construction_updates/15519512251612623301A%20WING.JPG HTTP/1.0" 200 866 "https://www.omkar.com/ongoing-residential-projects-mumbai/omkar-alta-monte-malad" "Mozilla/5.0 (Linux; Android 10; K) AppleWebKit/537.36 (KHTML, like Gecko) Chrome/143.0.0.0 Mobile Safari/537.36"
157.32.213.46 - - [19/Jan/2026:13:09:28 +0100] "GET /uploads/floor_plan/1664456491733655493.jpeg HTTP/1.0" 200 850 "https://www.omkar.com/ongoing-residential-projects-mumbai/omkar-alta-monte-malad" "Mozilla/5.0 (Linux; Android 10; K) AppleWebKit/537.36 (KHTML, like Gecko) Chrome/143.0.0.0 Mobile Safari/537.36"
157.32.213.46 - - [19/Jan/2026:13:09:28 +0100] "GET /assets/images/f-icon.png HTTP/1.0" 200 830 "https://www.omkar.com/ongoing-residential-projects-mumbai/omkar-alta-monte-malad" "Mozilla/5.0 (Linux; Android 10; K) AppleWebKit/537.36 (KHTML, like Gecko) Chrome/143.0.0.0 Mobile Safari/537.36"
157.32.213.46 - - [19/Jan/2026:13:09:28 +0100] "GET /uploads/street_map_img/15160005138234767781503574168909962168alta%20monte%20map.jpg HTTP/1.0" 200 886 "https://www.omkar.com/ongoing-residential-projects-mumbai/omkar-alta-monte-malad" "Mozilla/5.0 (Linux; Android 10; K) AppleWebKit/537.36 (KHTML, like Gecko) Chrome/143.0.0.0 Mobile Safari/537.36"
157.32.213.46 - - [19/Jan/2026:13:09:28 +0100] "GET /assets/images/t-icon.png HTTP/1.0" 200 830 "https://www.omkar.com/ongoing-residential-projects-mumbai/omkar-alta-monte-malad" "Mozilla/5.0 (Linux; Android 10; K) AppleWebKit/537.36 (KHTML, like Gecko) Chrome/143.0.0.0 Mobile Safari/537.36"
157.32.213.46 - - [19/Jan/2026:13:09:28 +0100] "GET /assets/images/y-icon.png HTTP/1.0" 200 830 "https://www.omkar.com/ongoing-residential-projects-mumbai/omkar-alta-monte-malad" "Mozilla/5.0 (Linux; Android 10; K) AppleWebKit/537.36 (KHTML, like Gecko) Chrome/143.0.0.0 Mobile Safari/537.36"
157.32.213.46 - - [19/Jan/2026:13:09:28 +0100] "GET /uploads/construction_updates/1551951213544199958C%20wing.jpg HTTP/1.0" 200 865 "https://www.omkar.com/ongoing-residential-projects-mumbai/omkar-alta-monte-malad" "Mozilla/5.0 (Linux; Android 10; K) AppleWebKit/537.36 (KHTML, like Gecko) Chrome/143.0.0.0 Mobile Safari/537.36"
157.32.213.46 - - [19/Jan/2026:13:09:28 +0100] "GET /assets/images/in-icon.png HTTP/1.0" 200 831 "https://www.omkar.com/ongoing-residential-projects-mumbai/omkar-alta-monte-malad" "Mozilla/5.0 (Linux; Android 10; K) AppleWebKit/537.36 (KHTML, like Gecko) Chrome/143.0.0.0 Mobile Safari/537.36"
157.32.213.46 - - [19/Jan/2026:13:09:28 +0100] "GET /assets/images/blog.png HTTP/1.0" 200 828 "https://www.omkar.com/ongoing-residential-projects-mumbai/omkar-alta-monte-malad" "Mozilla/5.0 (Linux; Android 10; K) AppleWebKit/537.36 (KHTML, like Gecko) Chrome/143.0.0.0 Mobile Safari/537.36"
157.32.213.46 - - [19/Jan/2026:13:09:28 +0100] "GET /assets/images/instagram.png HTTP/1.0" 200 833 "https://www.omkar.com/ongoing-residential-projects-mumbai/omkar-alta-monte-malad" "Mozilla/5.0 (Linux; Android 10; K) AppleWebKit/537.36 (KHTML, like Gecko) Chrome/143.0.0.0 Mobile Safari/537.36"
157.32.213.46 - - [19/Jan/2026:13:09:28 +0100] "GET /assets/images/down-arrow.png HTTP/1.0" 200 4026 "https://www.omkar.com/assets/css/omkarStyle.css" "Mozilla/5.0 (Linux; Android 10; K) AppleWebKit/537.36 (KHTML, like Gecko) Chrome/143.0.0.0 Mobile Safari/537.36"
157.32.213.46 - - [19/Jan/2026:13:09:28 +0100] "GET /assets/images/enquiry-bg.jpg HTTP/1.0" 200 4027 "https://www.omkar.com/assets/css/omkarStyle.css" "Mozilla/5.0 (Linux; Android 10; K) AppleWebKit/537.36 (KHTML, like Gecko) Chrome/143.0.0.0 Mobile Safari/537.36"
157.32.213.46 - - [19/Jan/2026:13:09:28 +0100] "GET /assets/css/font-awesome/fonts/fontawesome-webfont.woff2?v=4.7.0 HTTP/1.0" 200 862 "https://www.omkar.com/assets/css/font-awesome/css/font-awesome.min.css" "Mozilla/5.0 (Linux; Android 10; K) AppleWebKit/537.36 (KHTML, like Gecko) Chrome/143.0.0.0 Mobile Safari/537.36"
157.32.213.46 - - [19/Jan/2026:13:09:27 +0100] "GET /home/generateCaptcha?id=2 HTTP/1.0" 200 6219 "https://www.omkar.com/ongoing-residential-projects-mumbai/omkar-alta-monte-malad" "Mozilla/5.0 (Linux; Android 10; K) AppleWebKit/537.36 (KHTML, like Gecko) Chrome/143.0.0.0 Mobile Safari/537.36"
157.32.213.46 - - [19/Jan/2026:13:09:28 +0100] "GET /uploads/news/17848762781505216063.png HTTP/1.0" 301 1024 "https://www.omkar.com/ongoing-residential-projects-mumbai/omkar-alta-monte-malad" "Mozilla/5.0 (Linux; Android 10; K) AppleWebKit/537.36 (KHTML, like Gecko) Chrome/143.0.0.0 Mobile Safari/537.36"
157.32.213.46 - - [19/Jan/2026:13:09:30 +0100] "GET / HTTP/1.0" 200 21882 "https://www.omkar.com/ongoing-residential-projects-mumbai/omkar-alta-monte-malad" "Mozilla/5.0 (Linux; Android 10; K) AppleWebKit/537.36 (KHTML, like Gecko) Chrome/143.0.0.0 Mobile Safari/537.36"
66.249.84.195 - - [19/Jan/2026:13:09:49 +0100] "GET /images/omkar-emailer-logo.jpg HTTP/1.0" 301 4348 "-" "Mozilla/5.0 (Windows NT 5.1; rv:11.0) Gecko Firefox/11.0 (via ggpht.com GoogleImageProxy)"
66.249.84.193 - - [19/Jan/2026:13:09:51 +0100] "GET / HTTP/1.0" 200 22014 "-" "Mozilla/5.0 (Windows NT 5.1; rv:11.0) Gecko Firefox/11.0 (via ggpht.com GoogleImageProxy)"
66.249.84.195 - - [19/Jan/2026:13:10:20 +0100] "GET /images/omkar-emailer-logo.jpg HTTP/1.0" 301 4348 "-" "Mozilla/5.0 (Windows NT 5.1; rv:11.0) Gecko Firefox/11.0 (via ggpht.com GoogleImageProxy)"
66.249.84.194 - - [19/Jan/2026:13:10:21 +0100] "GET / HTTP/1.0" 200 22014 "-" "Mozilla/5.0 (Windows NT 5.1; rv:11.0) Gecko Firefox/11.0 (via ggpht.com GoogleImageProxy)"
66.249.84.193 - - [19/Jan/2026:13:10:36 +0100] "GET /images/omkar-emailer-logo.jpg HTTP/1.0" 301 4348 "-" "Mozilla/5.0 (Windows NT 5.1; rv:11.0) Gecko Firefox/11.0 (via ggpht.com GoogleImageProxy)"
66.249.84.194 - - [19/Jan/2026:13:10:38 +0100] "GET / HTTP/1.0" 200 22014 "-" "Mozilla/5.0 (Windows NT 5.1; rv:11.0) Gecko Firefox/11.0 (via ggpht.com GoogleImageProxy)"
57.141.0.75 - - [19/Jan/2026:13:10:50 +0100] "GET /index.php?/ongoing-residential-projects-mumbai/omkar-vive-bkc HTTP/1.0" 200 69356 "-" "meta-externalagent/1.1 (+https://developers.facebook.com/docs/sharing/webmasters/crawler)"
142.132.180.39 - - [19/Jan/2026:13:11:06 +0100] "HEAD / HTTP/1.0" 200 4280 "http://www.omkar.com" "Mozilla/5.0+(compatible; UptimeRobot/2.0; http://www.uptimerobot.com/)"
43.231.132.42 - - [19/Jan/2026:13:11:09 +0100] "POST /autodiscover/autodiscover.xml HTTP/1.0" 301 4312 "-" "Microsoft Office/16.0 (Windows NT 10.0; Microsoft Outlook 16.0.5452; Pro)"
43.231.132.42 - - [19/Jan/2026:13:11:10 +0100] "POST / HTTP/1.0" 200 91274 "-" "Microsoft Office/16.0 (Windows NT 10.0; Microsoft Outlook 16.0.5452; Pro)"
43.231.132.42 - - [19/Jan/2026:13:11:14 +0100] "POST /autodiscover/autodiscover.xml HTTP/1.0" 301 4180 "-" "Microsoft Office/16.0 (Windows NT 10.0; Microsoft Outlook 16.0.5452; Pro)"
43.231.132.42 - - [19/Jan/2026:13:11:15 +0100] "POST / HTTP/1.0" 200 91252 "-" "Microsoft Office/16.0 (Windows NT 10.0; Microsoft Outlook 16.0.5452; Pro)"
43.231.132.42 - - [19/Jan/2026:13:11:16 +0100] "POST /autodiscover/autodiscover.xml HTTP/1.0" 301 4180 "-" "Microsoft Office/16.0 (Windows NT 10.0; Microsoft Outlook 16.0.5452; Pro)"
43.231.132.42 - - [19/Jan/2026:13:11:18 +0100] "POST / HTTP/1.0" 200 91274 "-" "Microsoft Office/16.0 (Windows NT 10.0; Microsoft Outlook 16.0.5452; Pro)"
43.231.132.42 - - [19/Jan/2026:13:11:57 +0100] "POST /autodiscover/autodiscover.xml HTTP/1.0" 301 4180 "-" "Microsoft Office/16.0 (Windows NT 10.0; Microsoft Outlook 16.0.5452; Pro)"
66.249.71.194 - - [19/Jan/2026:13:11:57 +0100] "GET /ongoing-residential-projects-mumbai/sereno-by-omkar?utm_source=GoogleMyBusiness HTTP/1.0" 200 22350 "-" "Mozilla/5.0 (Linux; Android 6.0.1; Nexus 5X Build/MMB29P) AppleWebKit/537.36 (KHTML, like Gecko) Chrome/143.0.7499.192 Mobile Safari/537.36 (compatible; Googlebot/2.1; +http://www.google.com/bot.html)"
43.231.132.42 - - [19/Jan/2026:13:11:58 +0100] "POST / HTTP/1.0" 200 91274 "-" "Microsoft Office/16.0 (Windows NT 10.0; Microsoft Outlook 16.0.5452; Pro)"
66.249.74.130 - - [19/Jan/2026:13:11:59 +0100] "GET /ongoing-residential-projects-mumbai/omkar-Lawns-and-Beyond?utm_source=GoogleMyBusiness HTTP/1.0" 200 22350 "-" "Mozilla/5.0 (Linux; Android 6.0.1; Nexus 5X Build/MMB29P) AppleWebKit/537.36 (KHTML, like Gecko) Chrome/143.0.7499.192 Mobile Safari/537.36 (compatible; Googlebot/2.1; +http://www.google.com/bot.html)"
66.249.71.192 - - [19/Jan/2026:13:12:01 +0100] "GET /altamonte-malad/ HTTP/1.0" 200 22350 "-" "Mozilla/5.0 (Linux; Android 6.0.1; Nexus 5X Build/MMB29P) AppleWebKit/537.36 (KHTML, like Gecko) Chrome/143.0.7499.192 Mobile Safari/537.36 (compatible; Googlebot/2.1; +http://www.google.com/bot.html)"
49.13.167.123 - - [19/Jan/2026:13:12:15 +0100] "HEAD / HTTP/1.0" 200 4248 "http://omkar.com/" "Mozilla/5.0+(compatible; UptimeRobot/2.0; http://www.uptimerobot.com/)"
43.231.132.42 - - [19/Jan/2026:13:13:27 +0100] "POST /autodiscover/autodiscover.xml HTTP/1.0" 301 4180 "-" "Microsoft Office/16.0 (Windows NT 10.0; Microsoft Outlook 16.0.5452; Pro)"
43.231.132.42 - - [19/Jan/2026:13:13:29 +0100] "POST / HTTP/1.0" 200 91252 "-" "Microsoft Office/16.0 (Windows NT 10.0; Microsoft Outlook 16.0.5452; Pro)"
202.134.190.2 - - [19/Jan/2026:13:14:13 +0100] "GET /images/omkar-emailer-logo.jpg HTTP/1.0" 301 4348 "-" "Mozilla/5.0 (Windows NT 10.0; Win64; x64) AppleWebKit/537.36 (KHTML, like Gecko) Chrome/143.0.0.0 Safari/537.36"
202.134.190.2 - - [19/Jan/2026:13:14:14 +0100] "GET / HTTP/1.0" 200 22014 "-" "Mozilla/5.0 (Windows NT 10.0; Win64; x64) AppleWebKit/537.36 (KHTML, like Gecko) Chrome/143.0.0.0 Safari/537.36"
103.135.60.203 - - [19/Jan/2026:13:14:44 +0100] "GET /images/omkar-emailer-logo.jpg HTTP/1.0" 301 4348 "-" "Mozilla/5.0 (Windows NT 10.0; Win64; x64) AppleWebKit/537.36 (KHTML, like Gecko) Chrome/143.0.0.0 Safari/537.36"
103.135.60.203 - - [19/Jan/2026:13:14:45 +0100] "GET /images/omkar-emailer-logo.jpg HTTP/1.0" 301 4348 "-" "Mozilla/5.0 (Windows NT 10.0; Win64; x64) AppleWebKit/537.36 (KHTML, like Gecko) Chrome/143.0.0.0 Safari/537.36"
103.135.60.203 - - [19/Jan/2026:13:14:45 +0100] "GET / HTTP/1.0" 200 22014 "-" "Mozilla/5.0 (Windows NT 10.0; Win64; x64) AppleWebKit/537.36 (KHTML, like Gecko) Chrome/143.0.0.0 Safari/537.36"
103.135.60.203 - - [19/Jan/2026:13:14:46 +0100] "GET / HTTP/1.0" 200 22014 "-" "Mozilla/5.0 (Windows NT 10.0; Win64; x64) AppleWebKit/537.36 (KHTML, like Gecko) Chrome/143.0.0.0 Safari/537.36"
202.134.190.2 - - [19/Jan/2026:13:14:52 +0100] "GET /images/omkar-emailer-logo.jpg HTTP/1.0" 301 4348 "-" "Mozilla/5.0 (Windows NT 10.0; Win64; x64) AppleWebKit/537.36 (KHTML, like Gecko) Chrome/143.0.0.0 Safari/537.36"
202.134.190.2 - - [19/Jan/2026:13:14:53 +0100] "GET / HTTP/1.0" 200 22014 "-" "Mozilla/5.0 (Windows NT 10.0; Win64; x64) AppleWebKit/537.36 (KHTML, like Gecko) Chrome/143.0.0.0 Safari/537.36"
123.252.204.166 - - [19/Jan/2026:13:15:37 +0100] "POST /autodiscover/autodiscover.xml HTTP/1.0" 301 4180 "-" "Microsoft Office/16.0 (Windows NT 10.0; Microsoft Outlook 16.0.5452; Pro)"
123.252.204.166 - - [19/Jan/2026:13:15:39 +0100] "POST / HTTP/1.0" 200 91252 "-" "Microsoft Office/16.0 (Windows NT 10.0; Microsoft Outlook 16.0.5452; Pro)"
54.196.251.178 - - [19/Jan/2026:13:16:13 +0100] "GET / HTTP/1.0" 200 21992 "-" "axios/1.9.0"
49.13.164.148 - - [19/Jan/2026:13:16:13 +0100] "HEAD / HTTP/1.0" 200 4280 "http://www.omkar.com" "Mozilla/5.0+(compatible; UptimeRobot/2.0; http://www.uptimerobot.com/)"
123.252.204.166 - - [19/Jan/2026:13:16:25 +0100] "POST /autodiscover/autodiscover.xml HTTP/1.0" 301 4312 "-" "Microsoft Office/16.0 (Windows NT 10.0; Microsoft Outlook 16.0.5452; Pro)"
123.252.204.166 - - [19/Jan/2026:13:16:26 +0100] "POST / HTTP/1.0" 200 91252 "-" "Microsoft Office/16.0 (Windows NT 10.0; Microsoft Outlook 16.0.5452; Pro)"
123.252.204.166 - - [19/Jan/2026:13:16:36 +0100] "POST /autodiscover/autodiscover.xml HTTP/1.0" 301 4180 "-" "Microsoft Office/16.0 (Windows NT 10.0; Microsoft Outlook 16.0.5452; Pro)"
123.252.204.166 - - [19/Jan/2026:13:16:37 +0100] "POST / HTTP/1.0" 200 91252 "-" "Microsoft Office/16.0 (Windows NT 10.0; Microsoft Outlook 16.0.5452; Pro)"
123.252.204.166 - - [19/Jan/2026:13:17:10 +0100] "POST /autodiscover/autodiscover.xml HTTP/1.0" 301 4180 "-" "Microsoft Office/16.0 (Windows NT 10.0; Microsoft Outlook 16.0.5452; Pro)"
123.252.204.166 - - [19/Jan/2026:13:17:11 +0100] "POST / HTTP/1.0" 200 91252 "-" "Microsoft Office/16.0 (Windows NT 10.0; Microsoft Outlook 16.0.5452; Pro)"
66.249.84.194 - - [19/Jan/2026:13:17:16 +0100] "GET /images/omkar-emailer-logo.jpg HTTP/1.0" 301 4348 "-" "Mozilla/5.0 (Windows NT 5.1; rv:11.0) Gecko Firefox/11.0 (via ggpht.com GoogleImageProxy)"
66.249.84.195 - - [19/Jan/2026:13:17:18 +0100] "GET / HTTP/1.0" 200 22014 "-" "Mozilla/5.0 (Windows NT 5.1; rv:11.0) Gecko Firefox/11.0 (via ggpht.com GoogleImageProxy)"
63.178.84.147 - - [19/Jan/2026:13:17:23 +0100] "HEAD / HTTP/1.0" 200 4248 "http://omkar.com/" "Mozilla/5.0+(compatible; UptimeRobot/2.0; http://www.uptimerobot.com/)"
102.66.146.19 - - [19/Jan/2026:13:17:43 +0100] "GET /assets/pdf/mahim/SEIAA-June-2023-Shree-Nidhi-Concept-Realtors-Pvt-Ltd.pdf HTTP/1.0" 200 4077 "https://www.google.com/" "Mozilla/5.0 (Windows NT 10.0; WOW64) AppleWebKit/537.36 (KHTML, like Gecko) Chrome/126.0.4523.86 Safari/537.36"
123.252.204.166 - - [19/Jan/2026:13:17:47 +0100] "POST /autodiscover/autodiscover.xml HTTP/1.0" 301 4180 "-" "Microsoft Office/16.0 (Windows NT 10.0; Microsoft Outlook 16.0.5452; Pro)"
123.252.204.166 - - [19/Jan/2026:13:17:49 +0100] "POST / HTTP/1.0" 200 91252 "-" "Microsoft Office/16.0 (Windows NT 10.0; Microsoft Outlook 16.0.5452; Pro)"
181.116.201.200 - - [19/Jan/2026:13:17:57 +0100] "GET /assets/pdf/mahim/SEIAA-June-2023-Shree-Nidhi-Concept-Realtors-Pvt-Ltd.pdf HTTP/1.0" 200 4077 "https://www.google.com/" "Mozilla/5.0 (Windows NT 10.0; WOW64) AppleWebKit/537.36 (KHTML, like Gecko) Chrome/126.0.4523.86 Safari/537.36"
66.249.84.195 - - [19/Jan/2026:13:17:59 +0100] "GET /images/omkar-emailer-logo.jpg HTTP/1.0" 301 4348 "-" "Mozilla/5.0 (Windows NT 5.1; rv:11.0) Gecko Firefox/11.0 (via ggpht.com GoogleImageProxy)"
66.249.84.193 - - [19/Jan/2026:13:18:01 +0100] "GET / HTTP/1.0" 200 22014 "-" "Mozilla/5.0 (Windows NT 5.1; rv:11.0) Gecko Firefox/11.0 (via ggpht.com GoogleImageProxy)"
66.249.84.195 - - [19/Jan/2026:13:18:10 +0100] "GET /images/omkar-emailer-logo.jpg HTTP/1.0" 301 4348 "-" "Mozilla/5.0 (Windows NT 5.1; rv:11.0) Gecko Firefox/11.0 (via ggpht.com GoogleImageProxy)"
103.135.60.203 - - [19/Jan/2026:13:18:10 +0100] "GET /images/omkar-emailer-logo.jpg HTTP/1.0" 301 1156 "-" "Mozilla/5.0 (Windows NT 10.0; Win64; x64) AppleWebKit/537.36 (KHTML, like Gecko) Chrome/143.0.0.0 Safari/537.36"
66.249.84.194 - - [19/Jan/2026:13:18:11 +0100] "GET / HTTP/1.0" 200 22014 "-" "Mozilla/5.0 (Windows NT 5.1; rv:11.0) Gecko Firefox/11.0 (via ggpht.com GoogleImageProxy)"
103.135.60.203 - - [19/Jan/2026:13:18:12 +0100] "GET /images/omkar-emailer-logo.jpg HTTP/1.0" 301 1156 "-" "Mozilla/5.0 (Windows NT 10.0; Win64; x64) AppleWebKit/537.36 (KHTML, like Gecko) Chrome/143.0.0.0 Safari/537.36"
14.1.182.37 - - [19/Jan/2026:13:18:13 +0100] "GET /assets/pdf/mahim/SEIAA-June-2023-Shree-Nidhi-Concept-Realtors-Pvt-Ltd.pdf HTTP/1.0" 200 4077 "https://www.google.com/" "Mozilla/5.0 (Windows NT 10.0; WOW64) AppleWebKit/537.36 (KHTML, like Gecko) Chrome/126.0.4523.86 Safari/537.36"
103.135.60.203 - - [19/Jan/2026:13:18:12 +0100] "GET / HTTP/1.0" 200 18822 "-" "Mozilla/5.0 (Windows NT 10.0; Win64; x64) AppleWebKit/537.36 (KHTML, like Gecko) Chrome/143.0.0.0 Safari/537.36"
103.135.60.203 - - [19/Jan/2026:13:18:14 +0100] "GET / HTTP/1.0" 200 22014 "-" "Mozilla/5.0 (Windows NT 10.0; Win64; x64) AppleWebKit/537.36 (KHTML, like Gecko) Chrome/143.0.0.0 Safari/537.36"
66.249.84.195 - - [19/Jan/2026:13:18:25 +0100] "GET /images/omkar-emailer-logo.jpg HTTP/1.0" 301 4348 "-" "Mozilla/5.0 (Windows NT 5.1; rv:11.0) Gecko Firefox/11.0 (via ggpht.com GoogleImageProxy)"
137.119.2.23 - - [19/Jan/2026:13:18:28 +0100] "GET /assets/pdf/mahim/SEIAA-June-2023-Shree-Nidhi-Concept-Realtors-Pvt-Ltd.pdf HTTP/1.0" 200 4077 "https://www.google.com/" "Mozilla/5.0 (Windows NT 10.0; WOW64) AppleWebKit/537.36 (KHTML, like Gecko) Chrome/126.0.4523.86 Safari/537.36"
66.249.84.195 - - [19/Jan/2026:13:18:27 +0100] "GET / HTTP/1.0" 200 22014 "-" "Mozilla/5.0 (Windows NT 5.1; rv:11.0) Gecko Firefox/11.0 (via ggpht.com GoogleImageProxy)"
66.249.84.193 - - [19/Jan/2026:13:18:37 +0100] "GET /images/omkar-emailer-logo.jpg HTTP/1.0" 301 4348 "-" "Mozilla/5.0 (Windows NT 5.1; rv:11.0) Gecko Firefox/11.0 (via ggpht.com GoogleImageProxy)"
66.249.84.194 - - [19/Jan/2026:13:18:38 +0100] "GET / HTTP/1.0" 200 22014 "-" "Mozilla/5.0 (Windows NT 5.1; rv:11.0) Gecko Firefox/11.0 (via ggpht.com GoogleImageProxy)"
213.180.203.192 - - [19/Jan/2026:13:19:26 +0100] "GET /robots.txt HTTP/1.0" 200 4958 "-" "Mozilla/5.0 (compatible; YandexBot/3.0; +http://yandex.com/bots)"
213.180.203.157 - - [19/Jan/2026:13:19:28 +0100] "GET /robots.txt HTTP/1.0" 200 4958 "-" "Mozilla/5.0 (compatible; YandexBot/3.0; +http://yandex.com/bots)"
95.108.213.205 - - [19/Jan/2026:13:19:29 +0100] "GET /assets/images/instagram.png HTTP/1.0" 200 3993 "-" "Mozilla/5.0 (compatible; YandexImages/3.0; +http://yandex.com/bots)"
49.32.193.65 - - [19/Jan/2026:13:19:41 +0100] "GET /images/omkar-emailer-logo.jpg HTTP/1.0" 301 4348 "-" "Mozilla/5.0 (Linux; Android 10; SM-J600G Build/QP1A.190711.020; wv) AppleWebKit/537.36 (KHTML, like Gecko) Version/4.0 Chrome/143.0.7499.192 Mobile Safari/537.36"
49.32.193.65 - - [19/Jan/2026:13:19:42 +0100] "GET / HTTP/1.0" 200 22013 "-" "Mozilla/5.0 (Linux; Android 10; SM-J600G Build/QP1A.190711.020; wv) AppleWebKit/537.36 (KHTML, like Gecko) Version/4.0 Chrome/143.0.7499.192 Mobile Safari/537.36"
123.252.204.166 - - [19/Jan/2026:13:19:57 +0100] "POST /autodiscover/autodiscover.xml HTTP/1.0" 301 4180 "-" "Microsoft Office/16.0 (Windows NT 10.0; Microsoft Outlook 16.0.5452; Pro)"
123.252.204.166 - - [19/Jan/2026:13:19:59 +0100] "POST / HTTP/1.0" 200 91274 "-" "Microsoft Office/16.0 (Windows NT 10.0; Microsoft Outlook 16.0.5452; Pro)"
115.113.133.21 - - [19/Jan/2026:13:21:04 +0100] "GET /images/omkar-emailer-logo.jpg HTTP/1.0" 301 4348 "-" "Mozilla/4.0 (compatible; ms-office; MSOffice 16)"
115.113.133.21 - - [19/Jan/2026:13:21:05 +0100] "GET / HTTP/1.0" 200 11954 "-" "Mozilla/4.0 (compatible; ms-office; MSOffice 16)"
142.132.180.39 - - [19/Jan/2026:13:21:21 +0100] "HEAD / HTTP/1.0" 200 4280 "http://www.omkar.com" "Mozilla/5.0+(compatible; UptimeRobot/2.0; http://www.uptimerobot.com/)"
123.252.204.166 - - [19/Jan/2026:13:21:46 +0100] "POST /autodiscover/autodiscover.xml HTTP/1.0" 301 4312 "-" "Microsoft Office/16.0 (Windows NT 10.0; Microsoft Outlook 16.0.5452; Pro)"
123.252.204.166 - - [19/Jan/2026:13:21:47 +0100] "POST /autodiscover/autodiscover.xml HTTP/1.0" 301 4180 "-" "Microsoft Office/16.0 (Windows NT 10.0; Microsoft Outlook 16.0.5452; Pro)"
123.252.204.166 - - [19/Jan/2026:13:21:47 +0100] "POST / HTTP/1.0" 200 88076 "-" "Microsoft Office/16.0 (Windows NT 10.0; Microsoft Outlook 16.0.5452; Pro)"
179.108.194.162 - - [19/Jan/2026:13:21:48 +0100] "GET /shopdetail/30307436 HTTP/1.0" 301 4348 "https://www.omkar.com/" "Mozilla/5.0 (Windows NT 10.0; Win64; x64) AppleWebKit/537.36 (KHTML, like Gecko) Chrome/135.0.0.0 Safari/537.36 Edg/135.0.0.0"
123.252.204.166 - - [19/Jan/2026:13:21:48 +0100] "POST / HTTP/1.0" 200 88076 "-" "Microsoft Office/16.0 (Windows NT 10.0; Microsoft Outlook 16.0.5452; Pro)"
169.224.38.33 - - [19/Jan/2026:13:21:52 +0100] "GET / HTTP/1.0" 200 21883 "https://www.omkar.com/" "Mozilla/5.0 (Windows NT 10.0; Win64; x64) AppleWebKit/537.36 (KHTML, like Gecko) Chrome/135.0.0.0 Safari/537.36 Edg/135.0.0.0"
115.113.133.21 - - [19/Jan/2026:13:22:00 +0100] "GET /images/omkar-emailer-logo.jpg HTTP/1.0" 301 4216 "-" "Mozilla/4.0 (compatible; ms-office; MSOffice 16)"
115.113.133.21 - - [19/Jan/2026:13:22:01 +0100] "GET / HTTP/1.0" 200 21883 "-" "Mozilla/4.0 (compatible; ms-office; MSOffice 16)"
123.252.204.166 - - [19/Jan/2026:13:22:08 +0100] "POST /autodiscover/autodiscover.xml HTTP/1.0" 301 4180 "-" "Microsoft Office/16.0 (Windows NT 10.0; Microsoft Outlook 16.0.5452; Pro)"
123.252.204.166 - - [19/Jan/2026:13:22:09 +0100] "POST / HTTP/1.0" 200 91274 "-" "Microsoft Office/16.0 (Windows NT 10.0; Microsoft Outlook 16.0.5452; Pro)"
24.239.140.181 - - [19/Jan/2026:13:22:22 +0100] "GET /images/omkar-emailer-logo.jpg HTTP/1.0" 301 4348 "-" "Mozilla/4.0 (compatible; ms-office; MSOffice 16)"
24.239.140.181 - - [19/Jan/2026:13:22:22 +0100] "OPTIONS /images/ HTTP/1.0" 301 4348 "-" "Microsoft Office Outlook 2014"
24.239.140.181 - - [19/Jan/2026:13:22:24 +0100] "GET /images/omkar-emailer-logo.jpg HTTP/1.0" 301 1156 "-" "Mozilla/4.0 (compatible; ms-office; MSOffice 16)"
24.239.140.181 - - [19/Jan/2026:13:22:24 +0100] "OPTIONS / HTTP/1.0" 200 92092 "-" "Microsoft Office Outlook 2014"
24.239.140.181 - - [19/Jan/2026:13:22:25 +0100] "GET / HTTP/1.0" 200 21883 "-" "Mozilla/4.0 (compatible; ms-office; MSOffice 16)"
24.239.140.181 - - [19/Jan/2026:13:22:27 +0100] "GET /images/omkar-emailer-logo.jpg HTTP/1.0" 301 4348 "-" "Mozilla/4.0 (compatible; ms-office; MSOffice 16)"
24.239.140.181 - - [19/Jan/2026:13:22:28 +0100] "GET /images/omkar-emailer-logo.jpg HTTP/1.0" 301 4216 "-" "Mozilla/4.0 (compatible; ms-office; MSOffice 16)"
24.239.140.181 - - [19/Jan/2026:13:22:29 +0100] "GET / HTTP/1.0" 200 21883 "-" "Mozilla/4.0 (compatible; ms-office; MSOffice 16)"
78.47.98.55 - - [19/Jan/2026:13:22:31 +0100] "HEAD / HTTP/1.0" 200 4248 "http://omkar.com/" "Mozilla/5.0+(compatible; UptimeRobot/2.0; http://www.uptimerobot.com/)"
123.252.204.166 - - [19/Jan/2026:13:22:49 +0100] "POST /autodiscover/autodiscover.xml HTTP/1.0" 301 4180 "-" "Microsoft Office/16.0 (Windows NT 10.0; Microsoft Outlook 16.0.5452; Pro)"
123.252.204.166 - - [19/Jan/2026:13:22:50 +0100] "POST / HTTP/1.0" 200 91252 "-" "Microsoft Office/16.0 (Windows NT 10.0; Microsoft Outlook 16.0.5452; Pro)"
66.249.84.194 - - [19/Jan/2026:13:23:27 +0100] "GET /images/omkar-emailer-logo.jpg HTTP/1.0" 301 4348 "-" "Mozilla/5.0 (Windows NT 5.1; rv:11.0) Gecko Firefox/11.0 (via ggpht.com GoogleImageProxy)"
66.249.84.195 - - [19/Jan/2026:13:23:29 +0100] "GET / HTTP/1.0" 200 22014 "-" "Mozilla/5.0 (Windows NT 5.1; rv:11.0) Gecko Firefox/11.0 (via ggpht.com GoogleImageProxy)"
66.249.84.193 - - [19/Jan/2026:13:23:51 +0100] "GET /images/omkar-emailer-logo.jpg HTTP/1.0" 301 4348 "-" "Mozilla/5.0 (Windows NT 5.1; rv:11.0) Gecko Firefox/11.0 (via ggpht.com GoogleImageProxy)"
216.73.216.182 - - [19/Jan/2026:13:23:52 +0100] "GET /robots.txt HTTP/1.0" 200 4227 "-" "Mozilla/5.0 AppleWebKit/537.36 (KHTML, like Gecko; compatible; ClaudeBot/1.0; +claudebot@anthropic.com)"
216.73.216.182 - - [19/Jan/2026:13:23:52 +0100] "GET /sitemap663.xml HTTP/1.0" 301 1136 "-" "Mozilla/5.0 AppleWebKit/537.36 (KHTML, like Gecko; compatible; ClaudeBot/1.0; +claudebot@anthropic.com)"
66.249.84.193 - - [19/Jan/2026:13:23:52 +0100] "GET / HTTP/1.0" 200 18806 "-" "Mozilla/5.0 (Windows NT 5.1; rv:11.0) Gecko Firefox/11.0 (via ggpht.com GoogleImageProxy)"
123.252.204.166 - - [19/Jan/2026:13:24:18 +0100] "POST /autodiscover/autodiscover.xml HTTP/1.0" 301 4180 "-" "Microsoft Office/16.0 (Windows NT 10.0; Microsoft Outlook 16.0.5452; Pro)"
123.252.204.166 - - [19/Jan/2026:13:24:19 +0100] "POST / HTTP/1.0" 200 91252 "-" "Microsoft Office/16.0 (Windows NT 10.0; Microsoft Outlook 16.0.5452; Pro)"
66.249.84.193 - - [19/Jan/2026:13:24:52 +0100] "GET /images/omkar-emailer-logo.jpg HTTP/1.0" 301 4348 "-" "Mozilla/5.0 (Windows NT 5.1; rv:11.0) Gecko Firefox/11.0 (via ggpht.com GoogleImageProxy)"
66.249.84.193 - - [19/Jan/2026:13:24:54 +0100] "GET / HTTP/1.0" 200 22014 "-" "Mozilla/5.0 (Windows NT 5.1; rv:11.0) Gecko Firefox/11.0 (via ggpht.com GoogleImageProxy)"
74.224.61.13 - - [19/Jan/2026:13:25:11 +0100] "GET /images/omkar-emailer-logo.jpg HTTP/1.0" 301 4348 "-" "Mozilla/5.0 (Windows NT 10.0; Win64; x64) AppleWebKit/537.36 (KHTML, like Gecko) Chrome/109.0.0.0 Safari/537.36"
31.13.127.10 - - [19/Jan/2026:13:25:47 +0100] "GET /ongoing-residential-projects-mumbai/sereno-by-omkar HTTP/1.0" 200 68696 "-" "facebookexternalhit/1.1 (+http://www.facebook.com/externalhit_uatext.php)"
216.73.216.182 - - [19/Jan/2026:13:25:57 +0100] "GET /sitemap305.xml HTTP/1.0" 301 4312 "-" "Mozilla/5.0 AppleWebKit/537.36 (KHTML, like Gecko; compatible; ClaudeBot/1.0; +claudebot@anthropic.com)"
104.28.37.210 - - [19/Jan/2026:13:26:11 +0100] "GET /images/omkar-emailer-logo.jpg HTTP/1.0" 301 4348 "-" "Mozilla/5.0"
49.32.193.65 - - [19/Jan/2026:13:26:20 +0100] "GET /images/omkar-emailer-logo.jpg HTTP/1.0" 301 4348 "-" "Mozilla/5.0 (Linux; Android 10; SM-J600G Build/QP1A.190711.020; wv) AppleWebKit/537.36 (KHTML, like Gecko) Version/4.0 Chrome/143.0.7499.192 Mobile Safari/537.36"
49.32.193.65 - - [19/Jan/2026:13:26:21 +0100] "GET / HTTP/1.0" 200 22013 "-" "Mozilla/5.0 (Linux; Android 10; SM-J600G Build/QP1A.190711.020; wv) AppleWebKit/537.36 (KHTML, like Gecko) Version/4.0 Chrome/143.0.7499.192 Mobile Safari/537.36"
49.32.193.65 - - [19/Jan/2026:13:26:24 +0100] "GET /images/omkar-emailer-logo.jpg HTTP/1.0" 301 4348 "-" "Mozilla/5.0 (Linux; Android 10; SM-J600G Build/QP1A.190711.020; wv) AppleWebKit/537.36 (KHTML, like Gecko) Version/4.0 Chrome/143.0.7499.192 Mobile Safari/537.36"
49.32.193.65 - - [19/Jan/2026:13:26:25 +0100] "GET / HTTP/1.0" 200 22013 "-" "Mozilla/5.0 (Linux; Android 10; SM-J600G Build/QP1A.190711.020; wv) AppleWebKit/537.36 (KHTML, like Gecko) Version/4.0 Chrome/143.0.7499.192 Mobile Safari/537.36"
49.13.134.145 - - [19/Jan/2026:13:26:28 +0100] "HEAD / HTTP/1.0" 200 4280 "http://www.omkar.com" "Mozilla/5.0+(compatible; UptimeRobot/2.0; http://www.uptimerobot.com/)"
123.252.204.166 - - [19/Jan/2026:13:26:29 +0100] "POST /autodiscover/autodiscover.xml HTTP/1.0" 301 4180 "-" "Microsoft Office/16.0 (Windows NT 10.0; Microsoft Outlook 16.0.5452; Pro)"
123.252.204.166 - - [19/Jan/2026:13:26:30 +0100] "POST / HTTP/1.0" 200 91252 "-" "Microsoft Office/16.0 (Windows NT 10.0; Microsoft Outlook 16.0.5452; Pro)"
115.118.173.217 - - [19/Jan/2026:13:26:32 +0100] "GET /images/omkar-emailer-logo.jpg HTTP/1.0" 301 4348 "-" "Mozilla/4.0 (compatible; ms-office; MSOffice 16)"
115.118.173.217 - - [19/Jan/2026:13:26:32 +0100] "GET / HTTP/1.0" 200 21883 "-" "Mozilla/4.0 (compatible; ms-office; MSOffice 16)"
123.252.204.166 - - [19/Jan/2026:13:26:57 +0100] "POST /autodiscover/autodiscover.xml HTTP/1.0" 301 4312 "-" "Microsoft Office/16.0 (Windows NT 10.0; Microsoft Outlook 16.0.5452; Pro)"
123.252.204.166 - - [19/Jan/2026:13:26:59 +0100] "POST / HTTP/1.0" 200 91252 "-" "Microsoft Office/16.0 (Windows NT 10.0; Microsoft Outlook 16.0.5452; Pro)"
123.252.204.166 - - [19/Jan/2026:13:27:07 +0100] "POST /autodiscover/autodiscover.xml HTTP/1.0" 301 4180 "-" "Microsoft Office/16.0 (Windows NT 10.0; Microsoft Outlook 16.0.5452; Pro)"
123.252.204.166 - - [19/Jan/2026:13:27:08 +0100] "POST / HTTP/1.0" 200 88076 "-" "Microsoft Office/16.0 (Windows NT 10.0; Microsoft Outlook 16.0.5452; Pro)"
72.25.70.130 - - [19/Jan/2026:13:27:21 +0100] "GET /uploads/amenities/15221440524565135161521800982132286038715053092471213715154149969457859431345Image-2.jpg HTTP/1.0" 200 4105 "-" "Mozilla/5.0 (X11; Ubuntu; Linux x86_64; rv:72.0) Gecko/20100101 Firefox/72.0"
43.231.132.42 - - [19/Jan/2026:13:27:33 +0100] "GET /assets/images/Omlogo.png HTTP/1.0" 200 4022 "-" "Mozilla/5.0 (Windows NT 10.0; Win64; x64) AppleWebKit/537.36 (KHTML, like Gecko) Chrome/143.0.0.0 Safari/537.36 Edg/143.0.0.0 OneOutlook/1.2026.105.100"
52.28.162.93 - - [19/Jan/2026:13:27:38 +0100] "HEAD / HTTP/1.0" 200 4248 "http://omkar.com/" "Mozilla/5.0+(compatible; UptimeRobot/2.0; http://www.uptimerobot.com/)"
123.252.204.166 - - [19/Jan/2026:13:28:07 +0100] "POST /autodiscover/autodiscover.xml HTTP/1.0" 301 4180 "-" "Microsoft Office/16.0 (Windows NT 10.0; Microsoft Outlook 16.0.5452; Pro)"
123.252.204.166 - - [19/Jan/2026:13:28:08 +0100] "POST / HTTP/1.0" 200 91252 "-" "Microsoft Office/16.0 (Windows NT 10.0; Microsoft Outlook 16.0.5452; Pro)"
196.191.61.111 - - [19/Jan/2026:13:28:22 +0100] "GET /shopdetail/5380147 HTTP/1.0" 301 4348 "https://www.omkar.com/" "Mozilla/5.0 (Windows NT 10.0; Win64; x64) AppleWebKit/537.36 (KHTML, like Gecko) Chrome/134.0.0.0 Safari/537.36"
5.29.23.56 - - [19/Jan/2026:13:28:28 +0100] "GET / HTTP/1.0" 200 21883 "https://www.omkar.com/" "Mozilla/5.0 (Windows NT 10.0; Win64; x64) AppleWebKit/537.36 (KHTML, like Gecko) Chrome/134.0.0.0 Safari/537.36"
122.170.6.217 - - [19/Jan/2026:13:28:29 +0100] "GET / HTTP/1.0" 200 22014 "https://www.google.com/" "Mozilla/5.0 (Windows NT 10.0; Win64; x64) AppleWebKit/537.36 (KHTML, like Gecko) Chrome/143.0.0.0 Safari/537.36"
122.170.6.217 - - [19/Jan/2026:13:28:30 +0100] "GET /assets/css/reset.css HTTP/1.0" 200 4559 "https://www.omkar.com/" "Mozilla/5.0 (Windows NT 10.0; Win64; x64) AppleWebKit/537.36 (KHTML, like Gecko) Chrome/143.0.0.0 Safari/537.36"
122.170.6.217 - - [19/Jan/2026:13:28:30 +0100] "GET /assets/css/bootstrap.min.css HTTP/1.0" 200 833 "https://www.omkar.com/" "Mozilla/5.0 (Windows NT 10.0; Win64; x64) AppleWebKit/537.36 (KHTML, like Gecko) Chrome/143.0.0.0 Safari/537.36"
122.170.6.217 - - [19/Jan/2026:13:28:30 +0100] "GET /assets/css/animate.css HTTP/1.0" 200 827 "https://www.omkar.com/" "Mozilla/5.0 (Windows NT 10.0; Win64; x64) AppleWebKit/537.36 (KHTML, like Gecko) Chrome/143.0.0.0 Safari/537.36"
122.170.6.217 - - [19/Jan/2026:13:28:30 +0100] "GET /assets/css/font-awesome/css/font-awesome.min.css HTTP/1.0" 200 853 "https://www.omkar.com/" "Mozilla/5.0 (Windows NT 10.0; Win64; x64) AppleWebKit/537.36 (KHTML, like Gecko) Chrome/143.0.0.0 Safari/537.36"
122.170.6.217 - - [19/Jan/2026:13:28:30 +0100] "GET /assets/css/omkarStyle.css HTTP/1.0" 200 830 "https://www.omkar.com/" "Mozilla/5.0 (Windows NT 10.0; Win64; x64) AppleWebKit/537.36 (KHTML, like Gecko) Chrome/143.0.0.0 Safari/537.36"
122.170.6.217 - - [19/Jan/2026:13:28:30 +0100] "GET /assets/css/owl.carousel.min.css HTTP/1.0" 200 836 "https://www.omkar.com/" "Mozilla/5.0 (Windows NT 10.0; Win64; x64) AppleWebKit/537.36 (KHTML, like Gecko) Chrome/143.0.0.0 Safari/537.36"
122.170.6.217 - - [19/Jan/2026:13:28:30 +0100] "GET /assets/css/responsive.css HTTP/1.0" 200 830 "https://www.omkar.com/" "Mozilla/5.0 (Windows NT 10.0; Win64; x64) AppleWebKit/537.36 (KHTML, like Gecko) Chrome/143.0.0.0 Safari/537.36"
122.170.6.217 - - [19/Jan/2026:13:28:30 +0100] "GET /assets/css/jquery.fancybox.css HTTP/1.0" 200 835 "https://www.omkar.com/" "Mozilla/5.0 (Windows NT 10.0; Win64; x64) AppleWebKit/537.36 (KHTML, like Gecko) Chrome/143.0.0.0 Safari/537.36"
122.170.6.217 - - [19/Jan/2026:13:28:30 +0100] "GET /assets/build/css/intlTelInput.css HTTP/1.0" 200 838 "https://www.omkar.com/" "Mozilla/5.0 (Windows NT 10.0; Win64; x64) AppleWebKit/537.36 (KHTML, like Gecko) Chrome/143.0.0.0 Safari/537.36"
122.170.6.217 - - [19/Jan/2026:13:28:30 +0100] "GET /assets/images/logo.png HTTP/1.0" 200 828 "https://www.omkar.com/" "Mozilla/5.0 (Windows NT 10.0; Win64; x64) AppleWebKit/537.36 (KHTML, like Gecko) Chrome/143.0.0.0 Safari/537.36"
122.170.6.217 - - [19/Jan/2026:13:28:30 +0100] "GET /assets/css/ion.rangeSlider.css HTTP/1.0" 200 835 "https://www.omkar.com/" "Mozilla/5.0 (Windows NT 10.0; Win64; x64) AppleWebKit/537.36 (KHTML, like Gecko) Chrome/143.0.0.0 Safari/537.36"
122.170.6.217 - - [19/Jan/2026:13:28:30 +0100] "GET /assets/images/refresh.png HTTP/1.0" 200 4507 "https://www.omkar.com/" "Mozilla/5.0 (Windows NT 10.0; Win64; x64) AppleWebKit/537.36 (KHTML, like Gecko) Chrome/143.0.0.0 Safari/537.36"
122.170.6.217 - - [19/Jan/2026:13:28:30 +0100] "GET /assets/images/whatsapp-dsk.png HTTP/1.0" 200 836 "https://www.omkar.com/" "Mozilla/5.0 (Windows NT 10.0; Win64; x64) AppleWebKit/537.36 (KHTML, like Gecko) Chrome/143.0.0.0 Safari/537.36"
122.170.6.217 - - [19/Jan/2026:13:28:30 +0100] "GET /assets/images/whatsapp.png HTTP/1.0" 200 832 "https://www.omkar.com/" "Mozilla/5.0 (Windows NT 10.0; Win64; x64) AppleWebKit/537.36 (KHTML, like Gecko) Chrome/143.0.0.0 Safari/537.36"
122.170.6.217 - - [19/Jan/2026:13:28:30 +0100] "GET /assets/js/jquery-1.9.1.min.js HTTP/1.0" 200 4033 "https://www.omkar.com/" "Mozilla/5.0 (Windows NT 10.0; Win64; x64) AppleWebKit/537.36 (KHTML, like Gecko) Chrome/143.0.0.0 Safari/537.36"
122.170.6.217 - - [19/Jan/2026:13:28:31 +0100] "GET /assets/js/owl.carousel.min.js HTTP/1.0" 200 4033 "https://www.omkar.com/" "Mozilla/5.0 (Windows NT 10.0; Win64; x64) AppleWebKit/537.36 (KHTML, like Gecko) Chrome/143.0.0.0 Safari/537.36"
122.170.6.217 - - [19/Jan/2026:13:28:31 +0100] "GET /assets/build/js/intlTelInput.js HTTP/1.0" 200 843 "https://www.omkar.com/" "Mozilla/5.0 (Windows NT 10.0; Win64; x64) AppleWebKit/537.36 (KHTML, like Gecko) Chrome/143.0.0.0 Safari/537.36"
122.170.6.217 - - [19/Jan/2026:13:28:31 +0100] "GET /assets/js/jquery.mousewheel.min.js HTTP/1.0" 200 4038 "https://www.omkar.com/" "Mozilla/5.0 (Windows NT 10.0; Win64; x64) AppleWebKit/537.36 (KHTML, like Gecko) Chrome/143.0.0.0 Safari/537.36"
122.170.6.217 - - [19/Jan/2026:13:28:31 +0100] "GET /assets/js/css3-animate-it.js HTTP/1.0" 200 4032 "https://www.omkar.com/" "Mozilla/5.0 (Windows NT 10.0; Win64; x64) AppleWebKit/537.36 (KHTML, like Gecko) Chrome/143.0.0.0 Safari/537.36"
122.170.6.217 - - [19/Jan/2026:13:28:31 +0100] "GET /assets/js/ion.rangeSlider.js HTTP/1.0" 200 4032 "https://www.omkar.com/" "Mozilla/5.0 (Windows NT 10.0; Win64; x64) AppleWebKit/537.36 (KHTML, like Gecko) Chrome/143.0.0.0 Safari/537.36"
122.170.6.217 - - [19/Jan/2026:13:28:31 +0100] "GET /assets/js/jquery.fancybox.js HTTP/1.0" 200 4032 "https://www.omkar.com/" "Mozilla/5.0 (Windows NT 10.0; Win64; x64) AppleWebKit/537.36 (KHTML, like Gecko) Chrome/143.0.0.0 Safari/537.36"
122.170.6.217 - - [19/Jan/2026:13:28:31 +0100] "GET /assets/js/jquery.validate.min.js HTTP/1.0" 200 4036 "https://www.omkar.com/" "Mozilla/5.0 (Windows NT 10.0; Win64; x64) AppleWebKit/537.36 (KHTML, like Gecko) Chrome/143.0.0.0 Safari/537.36"
122.170.6.217 - - [19/Jan/2026:13:28:31 +0100] "GET /assets/js/form.js HTTP/1.0" 200 4021 "https://www.omkar.com/" "Mozilla/5.0 (Windows NT 10.0; Win64; x64) AppleWebKit/537.36 (KHTML, like Gecko) Chrome/143.0.0.0 Safari/537.36"
122.170.6.217 - - [19/Jan/2026:13:28:31 +0100] "GET /assets/js/career.js HTTP/1.0" 200 4374 "https://www.omkar.com/" "Mozilla/5.0 (Windows NT 10.0; Win64; x64) AppleWebKit/537.36 (KHTML, like Gecko) Chrome/143.0.0.0 Safari/537.36"
122.170.6.217 - - [19/Jan/2026:13:28:31 +0100] "GET /assets/js/custom.js HTTP/1.0" 200 4023 "https://www.omkar.com/" "Mozilla/5.0 (Windows NT 10.0; Win64; x64) AppleWebKit/537.36 (KHTML, like Gecko) Chrome/143.0.0.0 Safari/537.36"
122.170.6.217 - - [19/Jan/2026:13:28:31 +0100] "GET /assets/js/additional-methods.min.js HTTP/1.0" 200 4039 "https://www.omkar.com/" "Mozilla/5.0 (Windows NT 10.0; Win64; x64) AppleWebKit/537.36 (KHTML, like Gecko) Chrome/143.0.0.0 Safari/537.36"
122.170.6.217 - - [19/Jan/2026:13:28:31 +0100] "GET /assets/js/e-smart-zoom-jquery.min.js HTTP/1.0" 200 4040 "https://www.omkar.com/" "Mozilla/5.0 (Windows NT 10.0; Win64; x64) AppleWebKit/537.36 (KHTML, like Gecko) Chrome/143.0.0.0 Safari/537.36"
122.170.6.217 - - [19/Jan/2026:13:28:31 +0100] "GET /assets/js/normalpopup-onclick.js HTTP/1.0" 200 4036 "https://www.omkar.com/" "Mozilla/5.0 (Windows NT 10.0; Win64; x64) AppleWebKit/537.36 (KHTML, like Gecko) Chrome/143.0.0.0 Safari/537.36"
122.170.6.217 - - [19/Jan/2026:13:28:31 +0100] "GET /assets/js/jquery.firstVisitPopup.js HTTP/1.0" 200 4558 "https://www.omkar.com/" "Mozilla/5.0 (Windows NT 10.0; Win64; x64) AppleWebKit/537.36 (KHTML, like Gecko) Chrome/143.0.0.0 Safari/537.36"
122.170.6.217 - - [19/Jan/2026:13:28:31 +0100] "GET /assets/css/normalpop.css HTTP/1.0" 200 4021 "https://www.omkar.com/" "Mozilla/5.0 (Windows NT 10.0; Win64; x64) AppleWebKit/537.36 (KHTML, like Gecko) Chrome/143.0.0.0 Safari/537.36"
122.170.6.217 - - [19/Jan/2026:13:28:31 +0100] "GET /assets/images/roadblock.jpg HTTP/1.0" 200 4026 "https://www.omkar.com/" "Mozilla/5.0 (Windows NT 10.0; Win64; x64) AppleWebKit/537.36 (KHTML, like Gecko) Chrome/143.0.0.0 Safari/537.36"
122.170.6.217 - - [19/Jan/2026:13:28:31 +0100] "GET /assets/js/modernizr.js HTTP/1.0" 200 4026 "https://www.omkar.com/" "Mozilla/5.0 (Windows NT 10.0; Win64; x64) AppleWebKit/537.36 (KHTML, like Gecko) Chrome/143.0.0.0 Safari/537.36"
122.170.6.217 - - [19/Jan/2026:13:28:31 +0100] "GET /assets/images/f-icon.png HTTP/1.0" 200 4022 "https://www.omkar.com/" "Mozilla/5.0 (Windows NT 10.0; Win64; x64) AppleWebKit/537.36 (KHTML, like Gecko) Chrome/143.0.0.0 Safari/537.36"
122.170.6.217 - - [19/Jan/2026:13:28:31 +0100] "GET /assets/images/y-icon.png HTTP/1.0" 200 4022 "https://www.omkar.com/" "Mozilla/5.0 (Windows NT 10.0; Win64; x64) AppleWebKit/537.36 (KHTML, like Gecko) Chrome/143.0.0.0 Safari/537.36"
122.170.6.217 - - [19/Jan/2026:13:28:31 +0100] "GET /assets/images/in-icon.png HTTP/1.0" 200 4023 "https://www.omkar.com/" "Mozilla/5.0 (Windows NT 10.0; Win64; x64) AppleWebKit/537.36 (KHTML, like Gecko) Chrome/143.0.0.0 Safari/537.36"
122.170.6.217 - - [19/Jan/2026:13:28:31 +0100] "GET /assets/images/t-icon.png HTTP/1.0" 200 4022 "https://www.omkar.com/" "Mozilla/5.0 (Windows NT 10.0; Win64; x64) AppleWebKit/537.36 (KHTML, like Gecko) Chrome/143.0.0.0 Safari/537.36"
122.170.6.217 - - [19/Jan/2026:13:28:31 +0100] "GET /assets/images/instagram.png HTTP/1.0" 200 4025 "https://www.omkar.com/" "Mozilla/5.0 (Windows NT 10.0; Win64; x64) AppleWebKit/537.36 (KHTML, like Gecko) Chrome/143.0.0.0 Safari/537.36"
122.170.6.217 - - [19/Jan/2026:13:28:31 +0100] "GET /assets/images/blog.png HTTP/1.0" 200 4020 "https://www.omkar.com/" "Mozilla/5.0 (Windows NT 10.0; Win64; x64) AppleWebKit/537.36 (KHTML, like Gecko) Chrome/143.0.0.0 Safari/537.36"
122.170.6.217 - - [19/Jan/2026:13:28:31 +0100] "GET /assets/css/font-awesome/fonts/fontawesome-webfont.woff2?v=4.7.0 HTTP/1.0" 200 4054 "https://www.omkar.com/assets/css/font-awesome/css/font-awesome.min.css" "Mozilla/5.0 (Windows NT 10.0; Win64; x64) AppleWebKit/537.36 (KHTML, like Gecko) Chrome/143.0.0.0 Safari/537.36"
122.170.6.217 - - [19/Jan/2026:13:28:31 +0100] "GET /assets/images/projcarousel-bg.png HTTP/1.0" 200 1849 "https://www.omkar.com/assets/css/omkarStyle.css" "Mozilla/5.0 (Windows NT 10.0; Win64; x64) AppleWebKit/537.36 (KHTML, like Gecko) Chrome/143.0.0.0 Safari/537.36"
122.170.6.217 - - [19/Jan/2026:13:28:31 +0100] "GET /assets/images/contact-bg-logo.png HTTP/1.0" 200 839 "https://www.omkar.com/assets/css/omkarStyle.css" "Mozilla/5.0 (Windows NT 10.0; Win64; x64) AppleWebKit/537.36 (KHTML, like Gecko) Chrome/143.0.0.0 Safari/537.36"
122.170.6.217 - - [19/Jan/2026:13:28:31 +0100] "GET /assets/images/about-us-img1.webp HTTP/1.0" 200 813 "https://www.omkar.com/" "Mozilla/5.0 (Windows NT 10.0; Win64; x64) AppleWebKit/537.36 (KHTML, like Gecko) Chrome/143.0.0.0 Safari/537.36"
