66.249.84.193 - - [19/Jan/2026:11:35:36 +0100] "GET / HTTP/1.0" 200 22014 "-" "Mozilla/5.0 (Windows NT 5.1; rv:11.0) Gecko Firefox/11.0 (via ggpht.com GoogleImageProxy)"
103.104.227.178 - - [19/Jan/2026:11:35:40 +0100] "GET /images/omkar-emailer-logo.jpg HTTP/1.0" 301 4216 "-" "Mozilla/4.0 (compatible; ms-office; MSOffice 16)"
43.231.132.42 - - [19/Jan/2026:11:35:40 +0100] "POST /autodiscover/autodiscover.xml HTTP/1.0" 301 1020 "-" "Microsoft Office/16.0 (Windows NT 10.0; Microsoft Outlook 16.0.5452; Pro)"
103.104.227.178 - - [19/Jan/2026:11:35:40 +0100] "GET / HTTP/1.0" 200 8762 "-" "Mozilla/4.0 (compatible; ms-office; MSOffice 16)"
103.104.227.178 - - [19/Jan/2026:11:35:41 +0100] "GET /images/omkar-emailer-logo.jpg HTTP/1.0" 301 1024 "-" "Mozilla/4.0 (compatible; ms-office; MSOffice 16)"
103.104.227.178 - - [19/Jan/2026:11:35:41 +0100] "GET /images/omkar-emailer-logo.jpg HTTP/1.0" 301 1024 "-" "Mozilla/4.0 (compatible; ms-office; MSOffice 16)"
43.231.132.42 - - [19/Jan/2026:11:35:41 +0100] "POST / HTTP/1.0" 200 88114 "-" "Microsoft Office/16.0 (Windows NT 10.0; Microsoft Outlook 16.0.5452; Pro)"
103.104.227.178 - - [19/Jan/2026:11:35:42 +0100] "GET / HTTP/1.0" 200 18691 "-" "Mozilla/4.0 (compatible; ms-office; MSOffice 16)"
103.104.227.178 - - [19/Jan/2026:11:35:42 +0100] "GET / HTTP/1.0" 200 18691 "-" "Mozilla/4.0 (compatible; ms-office; MSOffice 16)"
103.104.227.178 - - [19/Jan/2026:11:35:50 +0100] "GET /images/omkar-emailer-logo.jpg HTTP/1.0" 301 4216 "-" "Mozilla/4.0 (compatible; ms-office; MSOffice 16)"
103.104.227.178 - - [19/Jan/2026:11:35:50 +0100] "GET /images/omkar-emailer-logo.jpg HTTP/1.0" 301 4216 "-" "Mozilla/4.0 (compatible; ms-office; MSOffice 16)"
103.104.227.178 - - [19/Jan/2026:11:35:51 +0100] "GET / HTTP/1.0" 200 21883 "-" "Mozilla/4.0 (compatible; ms-office; MSOffice 16)"
103.104.227.178 - - [19/Jan/2026:11:35:51 +0100] "GET / HTTP/1.0" 200 18691 "-" "Mozilla/4.0 (compatible; ms-office; MSOffice 16)"
43.231.132.42 - - [19/Jan/2026:11:35:54 +0100] "POST /autodiscover/autodiscover.xml HTTP/1.0" 301 4180 "-" "Microsoft Office/16.0 (Windows NT 10.0; Microsoft Outlook 16.0.5452; Pro)"
43.231.132.42 - - [19/Jan/2026:11:35:55 +0100] "POST / HTTP/1.0" 200 91252 "-" "Microsoft Office/16.0 (Windows NT 10.0; Microsoft Outlook 16.0.5452; Pro)"
103.104.227.178 - - [19/Jan/2026:11:36:04 +0100] "GET /images/omkar-emailer-logo.jpg HTTP/1.0" 301 4216 "-" "Mozilla/4.0 (compatible; ms-office; MSOffice 16)"
103.104.227.178 - - [19/Jan/2026:11:36:05 +0100] "GET / HTTP/1.0" 200 18691 "-" "Mozilla/4.0 (compatible; ms-office; MSOffice 16)"
103.104.227.178 - - [19/Jan/2026:11:36:11 +0100] "GET /images/omkar-emailer-logo.jpg HTTP/1.0" 301 4348 "-" "Mozilla/4.0 (compatible; ms-office; MSOffice 16)"
103.104.227.178 - - [19/Jan/2026:11:36:11 +0100] "GET /images/omkar-emailer-logo.jpg HTTP/1.0" 301 4216 "-" "Mozilla/4.0 (compatible; ms-office; MSOffice 16)"
103.104.227.178 - - [19/Jan/2026:11:36:12 +0100] "GET / HTTP/1.0" 200 18691 "-" "Mozilla/4.0 (compatible; ms-office; MSOffice 16)"
103.104.227.178 - - [19/Jan/2026:11:36:12 +0100] "GET / HTTP/1.0" 200 18691 "-" "Mozilla/4.0 (compatible; ms-office; MSOffice 16)"
49.13.130.29 - - [19/Jan/2026:11:37:07 +0100] "HEAD / HTTP/1.0" 200 4280 "http://www.omkar.com" "Mozilla/5.0+(compatible; UptimeRobot/2.0; http://www.uptimerobot.com/)"
103.104.227.178 - - [19/Jan/2026:11:37:43 +0100] "GET /images/omkar-emailer-logo.jpg HTTP/1.0" 301 4348 "-" "Mozilla/4.0 (compatible; ms-office; MSOffice 16)"
103.104.227.178 - - [19/Jan/2026:11:37:44 +0100] "GET / HTTP/1.0" 200 21883 "-" "Mozilla/4.0 (compatible; ms-office; MSOffice 16)"
103.104.227.178 - - [19/Jan/2026:11:37:54 +0100] "GET /images/omkar-emailer-logo.jpg HTTP/1.0" 301 4216 "-" "Mozilla/4.0 (compatible; ms-office; MSOffice 16)"
103.104.227.178 - - [19/Jan/2026:11:37:54 +0100] "GET /images/omkar-emailer-logo.jpg HTTP/1.0" 301 4216 "-" "Mozilla/4.0 (compatible; ms-office; MSOffice 16)"
172.225.136.132 - - [19/Jan/2026:11:38:01 +0100] "GET /images/omkar-emailer-logo.jpg HTTP/1.0" 301 4348 "-" "Mozilla/5.0"
103.104.227.178 - - [19/Jan/2026:11:37:57 +0100] "GET /images/omkar-emailer-logo.jpg HTTP/1.0" 301 4216 "-" "Mozilla/4.0 (compatible; ms-office; MSOffice 16)"
123.252.204.166 - - [19/Jan/2026:11:38:03 +0100] "POST /autodiscover/autodiscover.xml HTTP/1.0" 301 4180 "-" "Microsoft Office/16.0 (Windows NT 10.0; Microsoft Outlook 16.0.5452; Pro)"
103.104.227.178 - - [19/Jan/2026:11:37:58 +0100] "GET /images/omkar-emailer-logo.jpg HTTP/1.0" 301 4216 "-" "Mozilla/4.0 (compatible; ms-office; MSOffice 16)"
172.225.136.132 - - [19/Jan/2026:11:38:01 +0100] "GET /images/omkar-emailer-logo.jpg HTTP/1.0" 301 4348 "-" "Mozilla/5.0"
172.225.136.132 - - [19/Jan/2026:11:38:02 +0100] "GET /images/omkar-emailer-logo.jpg HTTP/1.0" 301 4348 "-" "Mozilla/5.0"
172.225.136.132 - - [19/Jan/2026:11:38:01 +0100] "GET /images/omkar-emailer-logo.jpg HTTP/1.0" 301 4348 "-" "Mozilla/5.0"
123.252.204.166 - - [19/Jan/2026:11:38:03 +0100] "POST / HTTP/1.0" 200 91252 "-" "Microsoft Office/16.0 (Windows NT 10.0; Microsoft Outlook 16.0.5452; Pro)"
172.225.136.132 - - [19/Jan/2026:11:38:02 +0100] "GET / HTTP/1.0" 200 11954 "-" "Mozilla/5.0"
103.104.227.178 - - [19/Jan/2026:11:38:06 +0100] "GET / HTTP/1.0" 200 11954 "-" "Mozilla/4.0 (compatible; ms-office; MSOffice 16)"
103.104.227.178 - - [19/Jan/2026:11:38:24 +0100] "GET /images/omkar-emailer-logo.jpg HTTP/1.0" 301 4216 "-" "Mozilla/4.0 (compatible; ms-office; MSOffice 16)"
103.104.227.178 - - [19/Jan/2026:11:38:21 +0100] "GET /images/omkar-emailer-logo.jpg HTTP/1.0" 301 4216 "-" "Mozilla/4.0 (compatible; ms-office; MSOffice 16)"
103.104.227.178 - - [19/Jan/2026:11:38:35 +0100] "GET / HTTP/1.0" 200 21864 "-" "Mozilla/4.0 (compatible; ms-office; MSOffice 16)"
123.252.204.166 - - [19/Jan/2026:11:38:47 +0100] "POST /autodiscover/autodiscover.xml HTTP/1.0" 301 4312 "-" "Microsoft Office/16.0 (Windows NT 10.0; Microsoft Outlook 16.0.5452; Pro)"
123.252.204.166 - - [19/Jan/2026:11:38:52 +0100] "POST / HTTP/1.0" 200 91274 "-" "Microsoft Office/16.0 (Windows NT 10.0; Microsoft Outlook 16.0.5452; Pro)"
103.104.227.178 - - [19/Jan/2026:11:39:18 +0100] "GET /images/omkar-emailer-logo.jpg HTTP/1.0" 301 4216 "-" "Mozilla/4.0 (compatible; ms-office; MSOffice 16)"
103.104.227.178 - - [19/Jan/2026:11:39:19 +0100] "GET / HTTP/1.0" 200 21883 "-" "Mozilla/4.0 (compatible; ms-office; MSOffice 16)"
66.249.74.129 - - [19/Jan/2026:11:39:37 +0100] "GET /disclaimer HTTP/1.0" 200 22350 "-" "Mozilla/5.0 (compatible; Googlebot/2.1; +http://www.google.com/bot.html)"
103.104.227.178 - - [19/Jan/2026:11:39:38 +0100] "GET /images/omkar-emailer-logo.jpg HTTP/1.0" 301 1024 "-" "Mozilla/4.0 (compatible; ms-office; MSOffice 16)"
128.140.106.114 - - [19/Jan/2026:11:39:37 +0100] "HEAD / HTTP/1.0" 200 1088 "http://omkar.com/" "Mozilla/5.0+(compatible; UptimeRobot/2.0; http://www.uptimerobot.com/)"
103.104.227.178 - - [19/Jan/2026:11:39:38 +0100] "GET / HTTP/1.0" 200 18691 "-" "Mozilla/4.0 (compatible; ms-office; MSOffice 16)"
66.249.84.193 - - [19/Jan/2026:11:40:19 +0100] "GET /images/omkar-emailer-logo.jpg HTTP/1.0" 301 4348 "-" "Mozilla/5.0 (Windows NT 5.1; rv:11.0) Gecko Firefox/11.0 (via ggpht.com GoogleImageProxy)"
66.249.84.193 - - [19/Jan/2026:11:40:20 +0100] "GET / HTTP/1.0" 200 18822 "-" "Mozilla/5.0 (Windows NT 5.1; rv:11.0) Gecko Firefox/11.0 (via ggpht.com GoogleImageProxy)"
57.141.0.2 - - [19/Jan/2026:11:40:26 +0100] "GET /index.php?/upcoming-commercial-projects-mumbai HTTP/1.0" 200 55020 "-" "meta-externalagent/1.1 (+https://developers.facebook.com/docs/sharing/webmasters/crawler)"
123.252.204.166 - - [19/Jan/2026:11:40:30 +0100] "POST /autodiscover/autodiscover.xml HTTP/1.0" 301 1004 "-" "Microsoft Office/16.0 (Windows NT 10.0; Microsoft Outlook 16.0.5452; Pro)"
123.252.204.166 - - [19/Jan/2026:11:40:30 +0100] "POST / HTTP/1.0" 200 88076 "-" "Microsoft Office/16.0 (Windows NT 10.0; Microsoft Outlook 16.0.5452; Pro)"
43.231.132.42 - - [19/Jan/2026:11:40:30 +0100] "POST /autodiscover/autodiscover.xml HTTP/1.0" 301 1004 "-" "Microsoft Office/16.0 (Windows NT 10.0; Microsoft Outlook 16.0.5452; Pro)"
123.252.204.166 - - [19/Jan/2026:11:40:32 +0100] "POST / HTTP/1.0" 200 88076 "-" "Microsoft Office/16.0 (Windows NT 10.0; Microsoft Outlook 16.0.5452; Pro)"
43.231.132.42 - - [19/Jan/2026:11:40:59 +0100] "POST /autodiscover/autodiscover.xml HTTP/1.0" 301 4180 "-" "Microsoft Office/16.0 (Windows NT 10.0; Microsoft Outlook 16.0.5452; Pro)"
123.252.204.166 - - [19/Jan/2026:11:41:00 +0100] "POST / HTTP/1.0" 200 88076 "-" "Microsoft Office/16.0 (Windows NT 10.0; Microsoft Outlook 16.0.5452; Pro)"
66.249.84.194 - - [19/Jan/2026:11:41:26 +0100] "GET /images/omkar-emailer-logo.jpg HTTP/1.0" 301 4348 "-" "Mozilla/5.0 (Windows NT 5.1; rv:11.0) Gecko Firefox/11.0 (via ggpht.com GoogleImageProxy)"
66.249.84.195 - - [19/Jan/2026:11:41:27 +0100] "GET / HTTP/1.0" 200 22014 "-" "Mozilla/5.0 (Windows NT 5.1; rv:11.0) Gecko Firefox/11.0 (via ggpht.com GoogleImageProxy)"
103.216.71.78 - - [19/Jan/2026:11:41:34 +0100] "GET /images/omkar-emailer-logo.jpg HTTP/1.0" 301 4348 "-" "Mozilla/5.0 (compatible; MSIE 10.0; Windows NT 10.0; Win64; x64; Trident/7.0; Microsoft Outlook 16.0.10417; ms-office; MSOffice 16)"
103.216.71.78 - - [19/Jan/2026:11:41:35 +0100] "GET / HTTP/1.0" 200 21883 "-" "Mozilla/5.0 (compatible; MSIE 10.0; Windows NT 10.0; Win64; x64; Trident/7.0; Microsoft Outlook 16.0.10417; ms-office; MSOffice 16)"
103.216.71.78 - - [19/Jan/2026:11:41:40 +0100] "GET /images/omkar-emailer-logo.jpg HTTP/1.0" 301 4216 "-" "Mozilla/5.0 (compatible; MSIE 10.0; Windows NT 10.0; Win64; x64; Trident/7.0; Microsoft Outlook 16.0.10417; ms-office; MSOffice 16)"
103.216.71.78 - - [19/Jan/2026:11:41:41 +0100] "GET / HTTP/1.0" 200 18691 "-" "Mozilla/5.0 (compatible; MSIE 10.0; Windows NT 10.0; Win64; x64; Trident/7.0; Microsoft Outlook 16.0.10417; ms-office; MSOffice 16)"
103.104.227.178 - - [19/Jan/2026:11:42:10 +0100] "GET /images/omkar-emailer-logo.jpg HTTP/1.0" 301 4348 "-" "Mozilla/4.0 (compatible; ms-office; MSOffice 16)"
103.104.227.178 - - [19/Jan/2026:11:42:10 +0100] "GET /images/omkar-emailer-logo.jpg HTTP/1.0" 301 4216 "-" "Mozilla/4.0 (compatible; ms-office; MSOffice 16)"
103.104.227.178 - - [19/Jan/2026:11:42:12 +0100] "GET / HTTP/1.0" 200 11954 "-" "Mozilla/4.0 (compatible; ms-office; MSOffice 16)"
168.119.96.239 - - [19/Jan/2026:11:42:15 +0100] "HEAD / HTTP/1.0" 200 4280 "http://www.omkar.com" "Mozilla/5.0+(compatible; UptimeRobot/2.0; http://www.uptimerobot.com/)"
216.73.216.182 - - [19/Jan/2026:11:42:23 +0100] "GET /sitemap295.xml HTTP/1.0" 301 4312 "-" "Mozilla/5.0 AppleWebKit/537.36 (KHTML, like Gecko; compatible; ClaudeBot/1.0; +claudebot@anthropic.com)"
43.231.132.42 - - [19/Jan/2026:11:42:40 +0100] "POST /autodiscover/autodiscover.xml HTTP/1.0" 301 4180 "-" "Microsoft Office/16.0 (Windows NT 10.0; Microsoft Outlook 16.0.5452; Pro)"
43.231.132.42 - - [19/Jan/2026:11:42:41 +0100] "POST / HTTP/1.0" 200 88076 "-" "Microsoft Office/16.0 (Windows NT 10.0; Microsoft Outlook 16.0.5452; Pro)"
162.62.132.25 - - [19/Jan/2026:11:42:58 +0100] "GET /latest-news HTTP/1.0" 200 24860 "-" "Mozilla/5.0 (iPhone; CPU iPhone OS 13_2_3 like Mac OS X) AppleWebKit/605.1.15 (KHTML, like Gecko) Version/13.0.3 Mobile/15E148 Safari/604.1"
103.104.227.178 - - [19/Jan/2026:11:43:49 +0100] "GET /images/omkar-emailer-logo.jpg HTTP/1.0" 301 4216 "-" "Mozilla/4.0 (compatible; ms-office; MSOffice 16)"
57.141.0.27 - - [19/Jan/2026:11:43:49 +0100] "GET /index.php?/ongoing-commercial-projects-mumbai/tsbb-andheri-east HTTP/1.0" 200 69693 "-" "meta-externalagent/1.1 (+https://developers.facebook.com/docs/sharing/webmasters/crawler)"
103.104.227.178 - - [19/Jan/2026:11:43:50 +0100] "GET / HTTP/1.0" 200 11954 "-" "Mozilla/4.0 (compatible; ms-office; MSOffice 16)"
103.104.227.178 - - [19/Jan/2026:11:44:01 +0100] "GET /images/omkar-emailer-logo.jpg HTTP/1.0" 301 4216 "-" "Mozilla/4.0 (compatible; ms-office; MSOffice 16)"
103.104.227.178 - - [19/Jan/2026:11:44:01 +0100] "GET /images/omkar-emailer-logo.jpg HTTP/1.0" 301 4216 "-" "Mozilla/4.0 (compatible; ms-office; MSOffice 16)"
216.73.216.182 - - [19/Jan/2026:11:44:01 +0100] "GET /sitemap305.xml HTTP/1.0" 301 1152 "-" "Mozilla/5.0 AppleWebKit/537.36 (KHTML, like Gecko; compatible; ClaudeBot/1.0; +claudebot@anthropic.com)"
103.104.227.178 - - [19/Jan/2026:11:44:02 +0100] "GET / HTTP/1.0" 200 21883 "-" "Mozilla/4.0 (compatible; ms-office; MSOffice 16)"
103.104.227.178 - - [19/Jan/2026:11:44:02 +0100] "GET / HTTP/1.0" 200 21883 "-" "Mozilla/4.0 (compatible; ms-office; MSOffice 16)"
66.249.84.193 - - [19/Jan/2026:11:44:20 +0100] "GET /images/omkar-emailer-logo.jpg HTTP/1.0" 301 4348 "-" "Mozilla/5.0 (Windows NT 5.1; rv:11.0) Gecko Firefox/11.0 (via ggpht.com GoogleImageProxy)"
66.249.84.194 - - [19/Jan/2026:11:44:22 +0100] "GET / HTTP/1.0" 200 18822 "-" "Mozilla/5.0 (Windows NT 5.1; rv:11.0) Gecko Firefox/11.0 (via ggpht.com GoogleImageProxy)"
64.233.172.33 - - [19/Jan/2026:11:44:35 +0100] "GET / HTTP/1.0" 200 22014 "-" "Google-Adwords-Instant (+http://www.google.com/adsbot.html)"
123.252.204.166 - - [19/Jan/2026:11:44:38 +0100] "POST /autodiscover/autodiscover.xml HTTP/1.0" 301 4312 "-" "Microsoft Office/16.0 (Windows NT 10.0; Microsoft Outlook 16.0.5452; Pro)"
123.252.204.166 - - [19/Jan/2026:11:44:39 +0100] "POST / HTTP/1.0" 200 91252 "-" "Microsoft Office/16.0 (Windows NT 10.0; Microsoft Outlook 16.0.5452; Pro)"
159.69.158.189 - - [19/Jan/2026:11:44:43 +0100] "HEAD / HTTP/1.0" 200 1072 "http://omkar.com/" "Mozilla/5.0+(compatible; UptimeRobot/2.0; http://www.uptimerobot.com/)"
115.187.44.251 - - [19/Jan/2026:11:44:49 +0100] "GET /assets/images/ranveer-image.png HTTP/1.0" 200 4029 "-" "Mozilla/5.0 (Macintosh; Intel Mac OS X 10_12_3) AppleWebKit/537.36 (KHTML, like Gecko) Chrome/83.0.4103.61 Safari/537.36"
123.252.204.166 - - [19/Jan/2026:11:44:49 +0100] "POST /autodiscover/autodiscover.xml HTTP/1.0" 301 4180 "-" "Microsoft Office/16.0 (Windows NT 10.0; Microsoft Outlook 16.0.5452; Pro)"
123.252.204.166 - - [19/Jan/2026:11:44:50 +0100] "POST / HTTP/1.0" 200 91252 "-" "Microsoft Office/16.0 (Windows NT 10.0; Microsoft Outlook 16.0.5452; Pro)"
115.113.133.21 - - [19/Jan/2026:11:45:29 +0100] "GET /images/omkar-emailer-logo.jpg HTTP/1.0" 301 4348 "-" "Mozilla/4.0 (compatible; ms-office; MSOffice 16)"
115.113.133.21 - - [19/Jan/2026:11:45:30 +0100] "GET / HTTP/1.0" 200 21883 "-" "Mozilla/4.0 (compatible; ms-office; MSOffice 16)"
216.73.216.182 - - [19/Jan/2026:11:45:35 +0100] "GET /sitemap391.xml HTTP/1.0" 301 4312 "-" "Mozilla/5.0 AppleWebKit/537.36 (KHTML, like Gecko; compatible; ClaudeBot/1.0; +claudebot@anthropic.com)"
66.249.84.193 - - [19/Jan/2026:11:45:39 +0100] "GET /images/omkar-emailer-logo.jpg HTTP/1.0" 301 1140 "-" "Mozilla/5.0 (Windows NT 5.1; rv:11.0) Gecko Firefox/11.0 (via ggpht.com GoogleImageProxy)"
66.249.84.194 - - [19/Jan/2026:11:45:40 +0100] "GET / HTTP/1.0" 200 22014 "-" "Mozilla/5.0 (Windows NT 5.1; rv:11.0) Gecko Firefox/11.0 (via ggpht.com GoogleImageProxy)"
66.249.74.129 - - [19/Jan/2026:11:45:48 +0100] "GET / HTTP/1.0" 200 22350 "-" "Mozilla/5.0 (compatible; Googlebot/2.1; +http://www.google.com/bot.html)"
123.252.204.166 - - [19/Jan/2026:11:45:51 +0100] "POST /autodiscover/autodiscover.xml HTTP/1.0" 301 4180 "-" "Microsoft Office/16.0 (Windows NT 10.0; Microsoft Outlook 16.0.5452; Pro)"
123.252.204.166 - - [19/Jan/2026:11:45:52 +0100] "POST / HTTP/1.0" 200 88076 "-" "Microsoft Office/16.0 (Windows NT 10.0; Microsoft Outlook 16.0.5452; Pro)"
123.252.204.166 - - [19/Jan/2026:11:46:11 +0100] "POST /autodiscover/autodiscover.xml HTTP/1.0" 301 4180 "-" "Microsoft Office/16.0 (Windows NT 10.0; Microsoft Outlook 16.0.5452; Pro)"
123.252.204.166 - - [19/Jan/2026:11:46:12 +0100] "POST / HTTP/1.0" 200 91252 "-" "Microsoft Office/16.0 (Windows NT 10.0; Microsoft Outlook 16.0.5452; Pro)"
103.163.208.106 - - [19/Jan/2026:11:46:46 +0100] "GET /login.php?s=Admin/login HTTP/1.0" 301 4348 "-" "Mozilla/5.0 (Windows NT 10.0; WOW64; rv:48.0) Gecko/20100101 Firefox/48.0"
103.163.208.106 - - [19/Jan/2026:11:46:47 +0100] "GET / HTTP/1.0" 200 21883 "-" "Mozilla/5.0 (Windows NT 10.0; WOW64; rv:48.0) Gecko/20100101 Firefox/48.0"
66.249.84.195 - - [19/Jan/2026:11:46:53 +0100] "GET /images/omkar-emailer-logo.jpg HTTP/1.0" 301 4348 "-" "Mozilla/5.0 (Windows NT 5.1; rv:11.0) Gecko Firefox/11.0 (via ggpht.com GoogleImageProxy)"
66.249.84.195 - - [19/Jan/2026:11:46:55 +0100] "GET / HTTP/1.0" 200 22014 "-" "Mozilla/5.0 (Windows NT 5.1; rv:11.0) Gecko Firefox/11.0 (via ggpht.com GoogleImageProxy)"
69.63.184.1 - - [19/Jan/2026:11:47:13 +0100] "GET /residential-and-commercial-projects/altamonte-malad HTTP/1.0" 301 4348 "-" "facebookexternalhit/1.1 (+http://www.facebook.com/externalhit_uatext.php)"
66.249.84.194 - - [19/Jan/2026:11:47:15 +0100] "GET /images/omkar-emailer-logo.jpg HTTP/1.0" 301 4348 "-" "Mozilla/5.0 (Windows NT 5.1; rv:11.0) Gecko Firefox/11.0 (via ggpht.com GoogleImageProxy)"
159.69.158.189 - - [19/Jan/2026:11:47:22 +0100] "HEAD / HTTP/1.0" 200 4280 "http://www.omkar.com" "Mozilla/5.0+(compatible; UptimeRobot/2.0; http://www.uptimerobot.com/)"
66.249.84.193 - - [19/Jan/2026:11:47:16 +0100] "GET / HTTP/1.0" 200 18822 "-" "Mozilla/5.0 (Windows NT 5.1; rv:11.0) Gecko Firefox/11.0 (via ggpht.com GoogleImageProxy)"
123.252.204.166 - - [19/Jan/2026:11:47:18 +0100] "POST /autodiscover/autodiscover.xml HTTP/1.0" 301 4180 "-" "Microsoft Office/16.0 (Windows NT 10.0; Microsoft Outlook 16.0.5452; Pro)"
69.63.184.7 - - [19/Jan/2026:11:47:15 +0100] "GET / HTTP/1.0" 200 92168 "-" "facebookexternalhit/1.1 (+http://www.facebook.com/externalhit_uatext.php)"
123.252.204.166 - - [19/Jan/2026:11:47:25 +0100] "POST / HTTP/1.0" 200 91175 "-" "Microsoft Office/16.0 (Windows NT 10.0; Microsoft Outlook 16.0.5452; Pro)"
20.169.73.181 - - [19/Jan/2026:11:47:58 +0100] "GET /uploads/corporate_magazine_document/17447470061506341850.pdf HTTP/1.0" 200 4064 "-" "Mozilla/5.0 AppleWebKit/537.36 (KHTML, like Gecko); compatible; ChatGPT-User/1.0; +https://openai.com/bot"
115.113.133.21 - - [19/Jan/2026:11:47:53 +0100] "POST /AutoDiscover/autodiscover.xml HTTP/1.0" 301 4312 "-" "Microsoft Office/16.0 (Windows NT 10.0; Microsoft Excel 16.0.19426; Pro)"
115.113.133.21 - - [19/Jan/2026:11:48:13 +0100] "POST / HTTP/1.0" 200 21861 "-" "Microsoft Office/16.0 (Windows NT 10.0; Microsoft Excel 16.0.19426; Pro)"
185.121.171.17 - - [19/Jan/2026:11:49:09 +0100] "GET /images/Employee-speak.jpg HTTP/1.0" 301 4348 "-" "Mozilla/5.0 (Android 14.0; Mobile; rv:128.0) Gecko/128.0 Firefox/128.0"
169.239.203.12 - - [19/Jan/2026:11:49:11 +0100] "GET / HTTP/1.0" 200 22013 "-" "Mozilla/5.0 (iPhone 13; CPU iPhone OS 13_0 like Mac OS X) AppleWebKit/537.36 (KHTML, like Gecko) CriOS/137.1.4603.1 Mobile/15E148 Safari/604.1"
43.231.132.42 - - [19/Jan/2026:11:50:04 +0100] "POST /autodiscover/autodiscover.xml HTTP/1.0" 301 4312 "-" "Microsoft Office/16.0 (Windows NT 10.0; Microsoft Outlook 16.0.5452; Pro)"
78.46.215.1 - - [19/Jan/2026:11:49:49 +0100] "HEAD / HTTP/1.0" 200 4248 "http://omkar.com/" "Mozilla/5.0+(compatible; UptimeRobot/2.0; http://www.uptimerobot.com/)"
123.252.204.166 - - [19/Jan/2026:11:50:01 +0100] "POST /autodiscover/autodiscover.xml HTTP/1.0" 301 4180 "-" "Microsoft Office/16.0 (Windows NT 10.0; Microsoft Outlook 16.0.5452; Pro)"
115.113.133.21 - - [19/Jan/2026:11:50:22 +0100] "GET /images/omkar-emailer-logo.jpg HTTP/1.0" 301 1140 "-" "Mozilla/5.0 (Windows NT 10.0; Win64; x64) AppleWebKit/537.36 (KHTML, like Gecko) Chrome/143.0.0.0 Safari/537.36 Edg/143.0.0.0 OneOutlook/1.2026.105.100"
43.231.132.42 - - [19/Jan/2026:11:50:05 +0100] "POST / HTTP/1.0" 200 91252 "-" "Microsoft Office/16.0 (Windows NT 10.0; Microsoft Outlook 16.0.5452; Pro)"
115.113.133.21 - - [19/Jan/2026:11:50:22 +0100] "GET / HTTP/1.0" 200 18806 "-" "Mozilla/5.0 (Windows NT 10.0; Win64; x64) AppleWebKit/537.36 (KHTML, like Gecko) Chrome/143.0.0.0 Safari/537.36 Edg/143.0.0.0 OneOutlook/1.2026.105.100"
123.252.204.166 - - [19/Jan/2026:11:50:21 +0100] "POST / HTTP/1.0" 200 91252 "-" "Microsoft Office/16.0 (Windows NT 10.0; Microsoft Outlook 16.0.5452; Pro)"
216.73.216.182 - - [19/Jan/2026:11:50:48 +0100] "GET /sitemap295.xml HTTP/1.0" 301 4312 "-" "Mozilla/5.0 AppleWebKit/537.36 (KHTML, like Gecko; compatible; ClaudeBot/1.0; +claudebot@anthropic.com)"
169.150.203.251 - - [19/Jan/2026:11:50:59 +0100] "GET / HTTP/1.0" 200 91383 "-" "Mozilla/5.0 (Windows NT 10.0; Win64; x64) AppleWebKit/537.36 (KHTML, like Gecko) Chrome/78.0.3904.108 Safari/537.36"
169.150.203.251 - - [19/Jan/2026:11:51:00 +0100] "GET //wp-includes/wlwmanifest.xml HTTP/1.0" 301 4180 "-" "Mozilla/5.0 (Windows NT 10.0; Win64; x64) AppleWebKit/537.36 (KHTML, like Gecko) Chrome/78.0.3904.108 Safari/537.36"
169.150.203.251 - - [19/Jan/2026:11:51:02 +0100] "GET //xmlrpc.php?rsd HTTP/1.0" 301 4180 "-" "Mozilla/5.0 (Windows NT 10.0; Win64; x64) AppleWebKit/537.36 (KHTML, like Gecko) Chrome/78.0.3904.108 Safari/537.36"
43.231.132.42 - - [19/Jan/2026:11:51:03 +0100] "POST /autodiscover/autodiscover.xml HTTP/1.0" 301 4180 "-" "Microsoft Office/16.0 (Windows NT 10.0; Microsoft Outlook 16.0.5452; Pro)"
169.150.203.251 - - [19/Jan/2026:11:51:03 +0100] "GET / HTTP/1.0" 200 88076 "-" "Mozilla/5.0 (Windows NT 10.0; Win64; x64) AppleWebKit/537.36 (KHTML, like Gecko) Chrome/78.0.3904.108 Safari/537.36"
169.150.203.251 - - [19/Jan/2026:11:51:04 +0100] "GET //blog/wp-includes/wlwmanifest.xml HTTP/1.0" 301 4180 "-" "Mozilla/5.0 (Windows NT 10.0; Win64; x64) AppleWebKit/537.36 (KHTML, like Gecko) Chrome/78.0.3904.108 Safari/537.36"
123.252.204.166 - - [19/Jan/2026:11:51:03 +0100] "POST / HTTP/1.0" 200 88076 "-" "Microsoft Office/16.0 (Windows NT 10.0; Microsoft Outlook 16.0.5452; Pro)"
169.150.203.251 - - [19/Jan/2026:11:51:05 +0100] "GET //web/wp-includes/wlwmanifest.xml HTTP/1.0" 301 4180 "-" "Mozilla/5.0 (Windows NT 10.0; Win64; x64) AppleWebKit/537.36 (KHTML, like Gecko) Chrome/78.0.3904.108 Safari/537.36"
169.150.203.251 - - [19/Jan/2026:11:51:06 +0100] "GET //wordpress/wp-includes/wlwmanifest.xml HTTP/1.0" 301 1004 "-" "Mozilla/5.0 (Windows NT 10.0; Win64; x64) AppleWebKit/537.36 (KHTML, like Gecko) Chrome/78.0.3904.108 Safari/537.36"
169.150.203.251 - - [19/Jan/2026:11:51:06 +0100] "GET //website/wp-includes/wlwmanifest.xml HTTP/1.0" 301 4180 "-" "Mozilla/5.0 (Windows NT 10.0; Win64; x64) AppleWebKit/537.36 (KHTML, like Gecko) Chrome/78.0.3904.108 Safari/537.36"
169.150.203.251 - - [19/Jan/2026:11:51:07 +0100] "GET //wp/wp-includes/wlwmanifest.xml HTTP/1.0" 301 4180 "-" "Mozilla/5.0 (Windows NT 10.0; Win64; x64) AppleWebKit/537.36 (KHTML, like Gecko) Chrome/78.0.3904.108 Safari/537.36"
169.150.203.251 - - [19/Jan/2026:11:51:08 +0100] "GET //news/wp-includes/wlwmanifest.xml HTTP/1.0" 301 4180 "-" "Mozilla/5.0 (Windows NT 10.0; Win64; x64) AppleWebKit/537.36 (KHTML, like Gecko) Chrome/78.0.3904.108 Safari/537.36"
169.150.203.251 - - [19/Jan/2026:11:51:11 +0100] "GET //2018/wp-includes/wlwmanifest.xml HTTP/1.0" 301 4180 "-" "Mozilla/5.0 (Windows NT 10.0; Win64; x64) AppleWebKit/537.36 (KHTML, like Gecko) Chrome/78.0.3904.108 Safari/537.36"
169.150.203.251 - - [19/Jan/2026:11:51:11 +0100] "GET //2019/wp-includes/wlwmanifest.xml HTTP/1.0" 301 1004 "-" "Mozilla/5.0 (Windows NT 10.0; Win64; x64) AppleWebKit/537.36 (KHTML, like Gecko) Chrome/78.0.3904.108 Safari/537.36"
169.150.203.251 - - [19/Jan/2026:11:51:12 +0100] "GET //shop/wp-includes/wlwmanifest.xml HTTP/1.0" 301 4180 "-" "Mozilla/5.0 (Windows NT 10.0; Win64; x64) AppleWebKit/537.36 (KHTML, like Gecko) Chrome/78.0.3904.108 Safari/537.36"
169.150.203.251 - - [19/Jan/2026:11:51:17 +0100] "GET //wp1/wp-includes/wlwmanifest.xml HTTP/1.0" 301 4180 "-" "Mozilla/5.0 (Windows NT 10.0; Win64; x64) AppleWebKit/537.36 (KHTML, like Gecko) Chrome/78.0.3904.108 Safari/537.36"
169.150.203.251 - - [19/Jan/2026:11:51:17 +0100] "GET //test/wp-includes/wlwmanifest.xml HTTP/1.0" 301 4180 "-" "Mozilla/5.0 (Windows NT 10.0; Win64; x64) AppleWebKit/537.36 (KHTML, like Gecko) Chrome/78.0.3904.108 Safari/537.36"
169.150.203.251 - - [19/Jan/2026:11:51:18 +0100] "GET //media/wp-includes/wlwmanifest.xml HTTP/1.0" 301 1004 "-" "Mozilla/5.0 (Windows NT 10.0; Win64; x64) AppleWebKit/537.36 (KHTML, like Gecko) Chrome/78.0.3904.108 Safari/537.36"
169.150.203.251 - - [19/Jan/2026:11:51:18 +0100] "GET //wp2/wp-includes/wlwmanifest.xml HTTP/1.0" 301 4180 "-" "Mozilla/5.0 (Windows NT 10.0; Win64; x64) AppleWebKit/537.36 (KHTML, like Gecko) Chrome/78.0.3904.108 Safari/537.36"
169.150.203.251 - - [19/Jan/2026:11:51:24 +0100] "GET //site/wp-includes/wlwmanifest.xml HTTP/1.0" 301 4180 "-" "Mozilla/5.0 (Windows NT 10.0; Win64; x64) AppleWebKit/537.36 (KHTML, like Gecko) Chrome/78.0.3904.108 Safari/537.36"
43.231.132.42 - - [19/Jan/2026:11:51:27 +0100] "POST /autodiscover/autodiscover.xml HTTP/1.0" 301 4180 "-" "Microsoft Office/16.0 (Windows NT 10.0; Microsoft Outlook 16.0.5452; Pro)"
169.150.203.251 - - [19/Jan/2026:11:51:28 +0100] "GET //cms/wp-includes/wlwmanifest.xml HTTP/1.0" 301 1004 "-" "Mozilla/5.0 (Windows NT 10.0; Win64; x64) AppleWebKit/537.36 (KHTML, like Gecko) Chrome/78.0.3904.108 Safari/537.36"
123.252.204.166 - - [19/Jan/2026:11:51:28 +0100] "POST / HTTP/1.0" 200 91252 "-" "Microsoft Office/16.0 (Windows NT 10.0; Microsoft Outlook 16.0.5452; Pro)"
169.150.203.251 - - [19/Jan/2026:11:51:31 +0100] "GET //sito/wp-includes/wlwmanifest.xml HTTP/1.0" 301 4180 "-" "Mozilla/5.0 (Windows NT 10.0; Win64; x64) AppleWebKit/537.36 (KHTML, like Gecko) Chrome/78.0.3904.108 Safari/537.36"
40.77.167.136 - - [19/Jan/2026:11:51:46 +0100] "GET /authlnpvxe96946541 HTTP/1.0" 200 22350 "-" "Mozilla/5.0 AppleWebKit/537.36 (KHTML, like Gecko; compatible; bingbot/2.0; +http://www.bing.com/bingbot.htm) Chrome/116.0.1938.76 Safari/537.36"
78.47.173.76 - - [19/Jan/2026:11:52:29 +0100] "HEAD / HTTP/1.0" 200 4280 "http://www.omkar.com" "Mozilla/5.0+(compatible; UptimeRobot/2.0; http://www.uptimerobot.com/)"
123.252.204.166 - - [19/Jan/2026:11:52:32 +0100] "POST /autodiscover/autodiscover.xml HTTP/1.0" 301 4180 "-" "Microsoft Office/16.0 (Windows NT 10.0; Microsoft Outlook 16.0.5452; Pro)"
123.252.204.166 - - [19/Jan/2026:11:52:33 +0100] "POST / HTTP/1.0" 200 91252 "-" "Microsoft Office/16.0 (Windows NT 10.0; Microsoft Outlook 16.0.5452; Pro)"
123.252.204.166 - - [19/Jan/2026:11:52:53 +0100] "GET /assets/images/Omlogo.png HTTP/1.0" 200 4022 "-" "Mozilla/5.0 (Windows NT 10.0; Win64; x64) AppleWebKit/537.36 (KHTML, like Gecko) Chrome/143.0.0.0 Safari/537.36"
123.252.204.166 - - [19/Jan/2026:11:52:53 +0100] "GET /images/omkar-emailer-logo.jpg HTTP/1.0" 301 4348 "-" "Mozilla/5.0 (Windows NT 10.0; Win64; x64) AppleWebKit/537.36 (KHTML, like Gecko) Chrome/143.0.0.0 Safari/537.36"
123.252.204.166 - - [19/Jan/2026:11:52:54 +0100] "GET / HTTP/1.0" 200 22014 "-" "Mozilla/5.0 (Windows NT 10.0; Win64; x64) AppleWebKit/537.36 (KHTML, like Gecko) Chrome/143.0.0.0 Safari/537.36"
20.169.78.149 - - [19/Jan/2026:11:53:16 +0100] "GET /assets/pdf/malad/Nagpur-Dec-2023-Omkar-Realtors-Developers-Pvt-Ltd-dt-30-12-2023.pdf HTTP/1.0" 200 4088 "-" "Mozilla/5.0 AppleWebKit/537.36 (KHTML, like Gecko); compatible; ChatGPT-User/1.0; +https://openai.com/bot"
43.130.131.18 - - [19/Jan/2026:11:53:37 +0100] "GET /career HTTP/1.0" 200 25785 "-" "Mozilla/5.0 (iPhone; CPU iPhone OS 13_2_3 like Mac OS X) AppleWebKit/605.1.15 (KHTML, like Gecko) Version/13.0.3 Mobile/15E148 Safari/604.1"
4.213.147.0 - - [19/Jan/2026:11:54:22 +0100] "GET /images/omkar-emailer-logo.jpg HTTP/1.0" 301 4348 "-" "Mozilla/5.0 (Windows NT 10.0; Win64; x64) AppleWebKit/537.36 (KHTML, like Gecko) Chrome/109.0.0.0 Safari/537.36"
138.84.35.178 - - [19/Jan/2026:11:54:14 +0100] "GET /uploads/awards/image/thumb_image_34_1_2016-12-28-01-25.JPG HTTP/1.0" 301 4348 "-" "Mozilla/5.0 (Linux; Android 12.0; OnePlus 8) AppleWebKit/537.36 (KHTML, like Gecko) Chrome/138.6.3309.70 Mobile Safari/537.36"
114.143.74.146 - - [19/Jan/2026:11:54:23 +0100] "GET /images/omkar-emailer-logo.jpg HTTP/1.0" 301 4348 "-" "Mozilla/5.0 (Windows NT 10.0; Win64; x64) AppleWebKit/537.36 (KHTML, like Gecko) Chrome/143.0.0.0 Safari/537.36"
169.239.203.146 - - [19/Jan/2026:11:54:26 +0100] "GET / HTTP/1.0" 200 18821 "-" "Mozilla/5.0 (Linux; Android 14.0; OnePlus 10 Pro) AppleWebKit/537.36 (KHTML, like Gecko) Chrome/130.8.9526.76 Mobile Safari/537.36"
103.70.76.30 - - [19/Jan/2026:11:54:36 +0100] "GET /xxxss HTTP/1.0" 301 4348 "-" "Mozilla/5.0 (Windows NT 10.0; WOW64; rv:48.0) Gecko/20100101 Firefox/48.0"
114.143.74.146 - - [19/Jan/2026:11:54:25 +0100] "GET / HTTP/1.0" 200 22014 "-" "Mozilla/5.0 (Windows NT 10.0; Win64; x64) AppleWebKit/537.36 (KHTML, like Gecko) Chrome/143.0.0.0 Safari/537.36"
103.70.76.30 - - [19/Jan/2026:11:54:37 +0100] "GET / HTTP/1.0" 200 21883 "-" "Mozilla/5.0 (Windows NT 10.0; WOW64; rv:48.0) Gecko/20100101 Firefox/48.0"
123.252.204.166 - - [19/Jan/2026:11:54:44 +0100] "POST /autodiscover/autodiscover.xml HTTP/1.0" 301 4180 "-" "Microsoft Office/16.0 (Windows NT 10.0; Microsoft Outlook 16.0.5452; Pro)"
123.252.204.166 - - [19/Jan/2026:11:54:44 +0100] "POST / HTTP/1.0" 200 91274 "-" "Microsoft Office/16.0 (Windows NT 10.0; Microsoft Outlook 16.0.5452; Pro)"
42.108.77.136 - - [19/Jan/2026:11:55:03 +0100] "GET / HTTP/1.0" 200 22013 "https://www.google.com/" "Mozilla/5.0 (Linux; Android 10; K) AppleWebKit/537.36 (KHTML, like Gecko) Chrome/143.0.0.0 Mobile Safari/537.36"
42.108.77.136 - - [19/Jan/2026:11:55:05 +0100] "GET /home/generateCaptcha?id=2 HTTP/1.0" 200 9164 "https://www.omkar.com/" "Mozilla/5.0 (Linux; Android 10; K) AppleWebKit/537.36 (KHTML, like Gecko) Chrome/143.0.0.0 Mobile Safari/537.36"
42.108.77.136 - - [19/Jan/2026:11:55:08 +0100] "GET /uploads/news/12474967321692789820.png HTTP/1.0" 301 4216 "https://www.omkar.com/" "Mozilla/5.0 (Linux; Android 10; K) AppleWebKit/537.36 (KHTML, like Gecko) Chrome/143.0.0.0 Mobile Safari/537.36"
42.108.77.136 - - [19/Jan/2026:11:55:08 +0100] "GET /uploads/news/2737691201714628078.png HTTP/1.0" 301 4216 "https://www.omkar.com/" "Mozilla/5.0 (Linux; Android 10; K) AppleWebKit/537.36 (KHTML, like Gecko) Chrome/143.0.0.0 Mobile Safari/537.36"
42.108.77.136 - - [19/Jan/2026:11:55:08 +0100] "GET /uploads/news/19072657811714627938.png HTTP/1.0" 301 4216 "https://www.omkar.com/" "Mozilla/5.0 (Linux; Android 10; K) AppleWebKit/537.36 (KHTML, like Gecko) Chrome/143.0.0.0 Mobile Safari/537.36"
42.108.77.136 - - [19/Jan/2026:11:55:08 +0100] "GET / HTTP/1.0" 200 21882 "https://www.omkar.com/" "Mozilla/5.0 (Linux; Android 10; K) AppleWebKit/537.36 (KHTML, like Gecko) Chrome/143.0.0.0 Mobile Safari/537.36"
42.108.77.136 - - [19/Jan/2026:11:55:09 +0100] "GET / HTTP/1.0" 200 21882 "https://www.omkar.com/" "Mozilla/5.0 (Linux; Android 10; K) AppleWebKit/537.36 (KHTML, like Gecko) Chrome/143.0.0.0 Mobile Safari/537.36"
42.108.77.136 - - [19/Jan/2026:11:55:10 +0100] "GET / HTTP/1.0" 200 21882 "https://www.omkar.com/" "Mozilla/5.0 (Linux; Android 10; K) AppleWebKit/537.36 (KHTML, like Gecko) Chrome/143.0.0.0 Mobile Safari/537.36"
168.119.53.160 - - [19/Jan/2026:11:55:15 +0100] "HEAD / HTTP/1.0" 200 4248 "http://omkar.com/" "Mozilla/5.0+(compatible; UptimeRobot/2.0; http://www.uptimerobot.com/)"
42.108.77.136 - - [19/Jan/2026:11:55:23 +0100] "GET /ongoing-residential-projects-mumbai HTTP/1.0" 200 17110 "https://www.omkar.com/" "Mozilla/5.0 (Linux; Android 10; K) AppleWebKit/537.36 (KHTML, like Gecko) Chrome/143.0.0.0 Mobile Safari/537.36"
42.108.77.136 - - [19/Jan/2026:11:55:26 +0100] "GET /uploads/gallery/149884312820497865751973-thumb-img.jpg HTTP/1.0" 200 861 "https://www.omkar.com/ongoing-residential-projects-mumbai" "Mozilla/5.0 (Linux; Android 10; K) AppleWebKit/537.36 (KHTML, like Gecko) Chrome/143.0.0.0 Mobile Safari/537.36"
42.108.77.136 - - [19/Jan/2026:11:55:26 +0100] "GET /uploads/gallery/1506593231468349058Big-Size-Alta-Monte-Project-Image.jpg HTTP/1.0" 200 879 "https://www.omkar.com/ongoing-residential-projects-mumbai" "Mozilla/5.0 (Linux; Android 10; K) AppleWebKit/537.36 (KHTML, like Gecko) Chrome/143.0.0.0 Mobile Safari/537.36"
42.108.77.136 - - [19/Jan/2026:11:55:26 +0100] "GET /uploads/gallery/15345753701765906066Sereno%20ongoing-min.jpg HTTP/1.0" 200 865 "https://www.omkar.com/ongoing-residential-projects-mumbai" "Mozilla/5.0 (Linux; Android 10; K) AppleWebKit/537.36 (KHTML, like Gecko) Chrome/143.0.0.0 Mobile Safari/537.36"
42.108.77.136 - - [19/Jan/2026:11:55:26 +0100] "GET /uploads/gallery/15121202391983612655Elevation.jpg HTTP/1.0" 200 856 "https://www.omkar.com/ongoing-residential-projects-mumbai" "Mozilla/5.0 (Linux; Android 10; K) AppleWebKit/537.36 (KHTML, like Gecko) Chrome/143.0.0.0 Mobile Safari/537.36"
42.108.77.136 - - [19/Jan/2026:11:55:26 +0100] "GET /uploads/gallery/149872147013784vive-thumb-img.jpg HTTP/1.0" 200 856 "https://www.omkar.com/ongoing-residential-projects-mumbai" "Mozilla/5.0 (Linux; Android 10; K) AppleWebKit/537.36 (KHTML, like Gecko) Chrome/143.0.0.0 Mobile Safari/537.36"
42.108.77.136 - - [19/Jan/2026:11:55:26 +0100] "GET /uploads/gallery/149872120530026ananta-thumb-img.jpg HTTP/1.0" 200 858 "https://www.omkar.com/ongoing-residential-projects-mumbai" "Mozilla/5.0 (Linux; Android 10; K) AppleWebKit/537.36 (KHTML, like Gecko) Chrome/143.0.0.0 Mobile Safari/537.36"
42.108.77.136 - - [19/Jan/2026:11:55:26 +0100] "GET /uploads/gallery/14988383902057997112Image1.png HTTP/1.0" 200 852 "https://www.omkar.com/ongoing-residential-projects-mumbai" "Mozilla/5.0 (Linux; Android 10; K) AppleWebKit/537.36 (KHTML, like Gecko) Chrome/143.0.0.0 Mobile Safari/537.36"
42.108.77.136 - - [19/Jan/2026:11:55:26 +0100] "GET /uploads/gallery/149872138011451meridia-thumb-img.jpg HTTP/1.0" 200 859 "https://www.omkar.com/ongoing-residential-projects-mumbai" "Mozilla/5.0 (Linux; Android 10; K) AppleWebKit/537.36 (KHTML, like Gecko) Chrome/143.0.0.0 Mobile Safari/537.36"
42.108.77.136 - - [19/Jan/2026:11:55:26 +0100] "GET /assets/images/Residential_banner.png HTTP/1.0" 200 842 "https://www.omkar.com/ongoing-residential-projects-mumbai" "Mozilla/5.0 (Linux; Android 10; K) AppleWebKit/537.36 (KHTML, like Gecko) Chrome/143.0.0.0 Mobile Safari/537.36"
42.108.77.136 - - [19/Jan/2026:11:55:26 +0100] "GET /home/generateCaptcha?id=2 HTTP/1.0" 200 9378 "https://www.omkar.com/ongoing-residential-projects-mumbai" "Mozilla/5.0 (Linux; Android 10; K) AppleWebKit/537.36 (KHTML, like Gecko) Chrome/143.0.0.0 Mobile Safari/537.36"
123.252.204.166 - - [19/Jan/2026:11:55:44 +0100] "POST /autodiscover/autodiscover.xml HTTP/1.0" 301 4312 "-" "Microsoft Office/16.0 (Windows NT 10.0; Microsoft Outlook 16.0.5452; Pro)"
123.252.204.166 - - [19/Jan/2026:11:55:45 +0100] "POST / HTTP/1.0" 200 91252 "-" "Microsoft Office/16.0 (Windows NT 10.0; Microsoft Outlook 16.0.5452; Pro)"
42.108.77.136 - - [19/Jan/2026:11:55:48 +0100] "GET / HTTP/1.0" 200 21882 "https://www.google.com/" "Mozilla/5.0 (Linux; Android 10; K) AppleWebKit/537.36 (KHTML, like Gecko) Chrome/143.0.0.0 Mobile Safari/537.36"
42.108.77.136 - - [19/Jan/2026:11:55:49 +0100] "GET /home/generateCaptcha?id=2 HTTP/1.0" 200 8963 "https://www.omkar.com/" "Mozilla/5.0 (Linux; Android 10; K) AppleWebKit/537.36 (KHTML, like Gecko) Chrome/143.0.0.0 Mobile Safari/537.36"
123.252.204.166 - - [19/Jan/2026:11:56:14 +0100] "POST /autodiscover/autodiscover.xml HTTP/1.0" 301 4180 "-" "Microsoft Office/16.0 (Windows NT 10.0; Microsoft Outlook 16.0.5452; Pro)"
123.252.204.166 - - [19/Jan/2026:11:56:16 +0100] "POST / HTTP/1.0" 200 91274 "-" "Microsoft Office/16.0 (Windows NT 10.0; Microsoft Outlook 16.0.5452; Pro)"
123.252.204.166 - - [19/Jan/2026:11:56:58 +0100] "POST /autodiscover/autodiscover.xml HTTP/1.0" 301 4180 "-" "Microsoft Office/16.0 (Windows NT 10.0; Microsoft Outlook 16.0.5452; Pro)"
123.252.204.166 - - [19/Jan/2026:11:56:59 +0100] "POST / HTTP/1.0" 200 91252 "-" "Microsoft Office/16.0 (Windows NT 10.0; Microsoft Outlook 16.0.5452; Pro)"
123.252.204.166 - - [19/Jan/2026:11:57:19 +0100] "POST /autodiscover/autodiscover.xml HTTP/1.0" 301 4180 "-" "Microsoft Office/16.0 (Windows NT 10.0; Microsoft Outlook 16.0.5452; Pro)"
123.252.204.166 - - [19/Jan/2026:11:57:21 +0100] "POST / HTTP/1.0" 200 88076 "-" "Microsoft Office/16.0 (Windows NT 10.0; Microsoft Outlook 16.0.5452; Pro)"
66.249.84.193 - - [19/Jan/2026:11:57:28 +0100] "GET /images/omkar-emailer-logo.jpg HTTP/1.0" 301 4348 "-" "Mozilla/5.0 (Windows NT 5.1; rv:11.0) Gecko Firefox/11.0 (via ggpht.com GoogleImageProxy)"
66.249.84.194 - - [19/Jan/2026:11:57:30 +0100] "GET / HTTP/1.0" 200 22014 "-" "Mozilla/5.0 (Windows NT 5.1; rv:11.0) Gecko Firefox/11.0 (via ggpht.com GoogleImageProxy)"
66.249.84.194 - - [19/Jan/2026:11:57:34 +0100] "GET /images/omkar-emailer-logo.jpg HTTP/1.0" 301 4348 "-" "Mozilla/5.0 (Windows NT 5.1; rv:11.0) Gecko Firefox/11.0 (via ggpht.com GoogleImageProxy)"
66.249.84.193 - - [19/Jan/2026:11:57:35 +0100] "GET / HTTP/1.0" 200 22014 "-" "Mozilla/5.0 (Windows NT 5.1; rv:11.0) Gecko Firefox/11.0 (via ggpht.com GoogleImageProxy)"
3.79.134.69 - - [19/Jan/2026:11:57:36 +0100] "HEAD / HTTP/1.0" 200 1088 "http://www.omkar.com" "Mozilla/5.0+(compatible; UptimeRobot/2.0; http://www.uptimerobot.com/)"
43.231.132.42 - - [19/Jan/2026:11:59:29 +0100] "POST /autodiscover/autodiscover.xml HTTP/1.0" 301 4180 "-" "Microsoft Office/16.0 (Windows NT 10.0; Microsoft Outlook 16.0.5452; Pro)"
66.249.71.102 - - [19/Jan/2026:11:59:30 +0100] "GET /disclaimer HTTP/1.0" 200 19142 "-" "Mozilla/5.0 (compatible; Googlebot/2.1; +http://www.google.com/bot.html)"
43.231.132.42 - - [19/Jan/2026:11:59:30 +0100] "POST / HTTP/1.0" 200 88076 "-" "Microsoft Office/16.0 (Windows NT 10.0; Microsoft Outlook 16.0.5452; Pro)"
49.13.134.145 - - [19/Jan/2026:12:00:20 +0100] "HEAD / HTTP/1.0" 200 4248 "http://omkar.com/" "Mozilla/5.0+(compatible; UptimeRobot/2.0; http://www.uptimerobot.com/)"
110.226.177.86 - - [19/Jan/2026:12:00:42 +0100] "GET /images/omkar-emailer-logo.jpg HTTP/1.0" 301 4348 "https://f4mail.rediff.com/" "Mozilla/5.0 (Windows NT 10.0; Win64; x64) AppleWebKit/537.36 (KHTML, like Gecko) Chrome/109.0.0.0 Safari/537.36"
110.226.177.86 - - [19/Jan/2026:12:00:43 +0100] "GET /images/omkar-emailer-logo.jpg HTTP/1.0" 301 4348 "https://f4mail.rediff.com/" "Mozilla/5.0 (Windows NT 10.0; Win64; x64) AppleWebKit/537.36 (KHTML, like Gecko) Chrome/109.0.0.0 Safari/537.36"
110.226.177.86 - - [19/Jan/2026:12:00:43 +0100] "GET / HTTP/1.0" 200 22014 "https://f4mail.rediff.com/" "Mozilla/5.0 (Windows NT 10.0; Win64; x64) AppleWebKit/537.36 (KHTML, like Gecko) Chrome/109.0.0.0 Safari/537.36"
110.226.177.86 - - [19/Jan/2026:12:00:44 +0100] "GET /images/omkar-emailer-logo.jpg HTTP/1.0" 301 4348 "https://f4mail.rediff.com/" "Mozilla/5.0 (Windows NT 10.0; Win64; x64) AppleWebKit/537.36 (KHTML, like Gecko) Chrome/109.0.0.0 Safari/537.36"
110.226.177.86 - - [19/Jan/2026:12:00:45 +0100] "GET / HTTP/1.0" 200 22014 "https://f4mail.rediff.com/" "Mozilla/5.0 (Windows NT 10.0; Win64; x64) AppleWebKit/537.36 (KHTML, like Gecko) Chrome/109.0.0.0 Safari/537.36"
110.226.177.86 - - [19/Jan/2026:12:00:46 +0100] "GET / HTTP/1.0" 200 22014 "https://f4mail.rediff.com/" "Mozilla/5.0 (Windows NT 10.0; Win64; x64) AppleWebKit/537.36 (KHTML, like Gecko) Chrome/109.0.0.0 Safari/537.36"
43.231.132.42 - - [19/Jan/2026:12:01:00 +0100] "POST /autodiscover/autodiscover.xml HTTP/1.0" 301 1152 "-" "Microsoft Office/16.0 (Windows NT 10.0; Microsoft Outlook 16.0.5452; Pro)"
42.108.77.136 - - [19/Jan/2026:12:01:00 +0100] "GET / HTTP/1.0" 200 22014 "https://www.google.com/" "Mozilla/5.0 (Linux; Android 10; K) AppleWebKit/537.36 (KHTML, like Gecko) Chrome/143.0.0.0 Mobile Safari/537.36"
43.231.132.42 - - [19/Jan/2026:12:01:02 +0100] "POST / HTTP/1.0" 200 88092 "-" "Microsoft Office/16.0 (Windows NT 10.0; Microsoft Outlook 16.0.5452; Pro)"
42.108.77.136 - - [19/Jan/2026:12:01:02 +0100] "GET /home/generateCaptcha?id=2 HTTP/1.0" 200 5260 "https://www.omkar.com/" "Mozilla/5.0 (Linux; Android 10; K) AppleWebKit/537.36 (KHTML, like Gecko) Chrome/143.0.0.0 Mobile Safari/537.36"
115.113.133.21 - - [19/Jan/2026:12:01:05 +0100] "GET /images/omkar-emailer-logo.jpg HTTP/1.0" 301 4348 "-" "Mozilla/4.0 (compatible; ms-office; MSOffice 16)"
115.113.133.21 - - [19/Jan/2026:12:01:06 +0100] "OPTIONS /images/ HTTP/1.0" 301 1156 "-" "Microsoft Office Outlook 2014"
115.113.133.21 - - [19/Jan/2026:12:01:06 +0100] "GET /images/omkar-emailer-logo.jpg HTTP/1.0" 301 1156 "-" "Mozilla/4.0 (compatible; ms-office; MSOffice 16)"
115.113.133.21 - - [19/Jan/2026:12:01:07 +0100] "OPTIONS / HTTP/1.0" 200 88900 "-" "Microsoft Office Outlook 2014"
115.113.133.21 - - [19/Jan/2026:12:01:07 +0100] "GET / HTTP/1.0" 200 18691 "-" "Mozilla/4.0 (compatible; ms-office; MSOffice 16)"
42.108.77.136 - - [19/Jan/2026:12:01:09 +0100] "GET /uploads/news/19072657811714627938.png HTTP/1.0" 301 1024 "https://www.omkar.com/" "Mozilla/5.0 (Linux; Android 10; K) AppleWebKit/537.36 (KHTML, like Gecko) Chrome/143.0.0.0 Mobile Safari/537.36"
42.108.77.136 - - [19/Jan/2026:12:01:09 +0100] "GET / HTTP/1.0" 200 21882 "https://www.omkar.com/" "Mozilla/5.0 (Linux; Android 10; K) AppleWebKit/537.36 (KHTML, like Gecko) Chrome/143.0.0.0 Mobile Safari/537.36"
110.226.177.86 - - [19/Jan/2026:12:01:16 +0100] "GET /images/omkar-emailer-logo.jpg HTTP/1.0" 301 4348 "https://f4mail.rediff.com/" "Mozilla/5.0 (Windows NT 10.0; Win64; x64) AppleWebKit/537.36 (KHTML, like Gecko) Chrome/109.0.0.0 Safari/537.36"
110.226.177.86 - - [19/Jan/2026:12:01:17 +0100] "GET /images/omkar-emailer-logo.jpg HTTP/1.0" 301 4348 "https://f4mail.rediff.com/" "Mozilla/5.0 (Windows NT 10.0; Win64; x64) AppleWebKit/537.36 (KHTML, like Gecko) Chrome/109.0.0.0 Safari/537.36"
110.226.177.86 - - [19/Jan/2026:12:01:18 +0100] "GET /images/omkar-emailer-logo.jpg HTTP/1.0" 301 4348 "https://f4mail.rediff.com/" "Mozilla/5.0 (Windows NT 10.0; Win64; x64) AppleWebKit/537.36 (KHTML, like Gecko) Chrome/109.0.0.0 Safari/537.36"
110.226.177.86 - - [19/Jan/2026:12:01:17 +0100] "GET / HTTP/1.0" 200 18822 "https://f4mail.rediff.com/" "Mozilla/5.0 (Windows NT 10.0; Win64; x64) AppleWebKit/537.36 (KHTML, like Gecko) Chrome/109.0.0.0 Safari/537.36"
110.226.177.86 - - [19/Jan/2026:12:01:19 +0100] "GET / HTTP/1.0" 200 22014 "https://f4mail.rediff.com/" "Mozilla/5.0 (Windows NT 10.0; Win64; x64) AppleWebKit/537.36 (KHTML, like Gecko) Chrome/109.0.0.0 Safari/537.36"
110.226.177.86 - - [19/Jan/2026:12:01:21 +0100] "GET / HTTP/1.0" 200 18822 "https://f4mail.rediff.com/" "Mozilla/5.0 (Windows NT 10.0; Win64; x64) AppleWebKit/537.36 (KHTML, like Gecko) Chrome/109.0.0.0 Safari/537.36"
66.249.84.193 - - [19/Jan/2026:12:01:24 +0100] "GET /images/omkar-emailer-logo.jpg HTTP/1.0" 301 4348 "-" "Mozilla/5.0 (Windows NT 5.1; rv:11.0) Gecko Firefox/11.0 (via ggpht.com GoogleImageProxy)"
66.249.84.194 - - [19/Jan/2026:12:01:26 +0100] "GET / HTTP/1.0" 200 18822 "-" "Mozilla/5.0 (Windows NT 5.1; rv:11.0) Gecko Firefox/11.0 (via ggpht.com GoogleImageProxy)"
43.231.132.42 - - [19/Jan/2026:12:01:29 +0100] "POST /autodiscover/autodiscover.xml HTTP/1.0" 301 4180 "-" "Microsoft Office/16.0 (Windows NT 10.0; Microsoft Outlook 16.0.5452; Pro)"
43.231.132.42 - - [19/Jan/2026:12:01:29 +0100] "POST / HTTP/1.0" 200 88076 "-" "Microsoft Office/16.0 (Windows NT 10.0; Microsoft Outlook 16.0.5452; Pro)"
43.231.132.42 - - [19/Jan/2026:12:01:39 +0100] "POST /autodiscover/autodiscover.xml HTTP/1.0" 301 4180 "-" "Microsoft Office/16.0 (Windows NT 10.0; Microsoft Outlook 16.0.5452; Pro)"
43.231.132.42 - - [19/Jan/2026:12:01:40 +0100] "POST / HTTP/1.0" 200 88076 "-" "Microsoft Office/16.0 (Windows NT 10.0; Microsoft Outlook 16.0.5452; Pro)"
42.108.77.136 - - [19/Jan/2026:12:01:43 +0100] "GET /contact-us HTTP/1.0" 200 15888 "https://www.omkar.com/" "Mozilla/5.0 (Linux; Android 10; K) AppleWebKit/537.36 (KHTML, like Gecko) Chrome/143.0.0.0 Mobile Safari/537.36"
42.108.77.136 - - [19/Jan/2026:12:01:45 +0100] "GET /assets/images/down-arw.png HTTP/1.0" 200 832 "https://www.omkar.com/contact-us" "Mozilla/5.0 (Linux; Android 10; K) AppleWebKit/537.36 (KHTML, like Gecko) Chrome/143.0.0.0 Mobile Safari/537.36"
42.108.77.136 - - [19/Jan/2026:12:01:45 +0100] "GET /assets/images/mob-contact-bg.png HTTP/1.0" 200 838 "https://www.omkar.com/assets/css/responsive.css" "Mozilla/5.0 (Linux; Android 10; K) AppleWebKit/537.36 (KHTML, like Gecko) Chrome/143.0.0.0 Mobile Safari/537.36"
42.108.77.136 - - [19/Jan/2026:12:01:47 +0100] "GET /assets/build/img/flags.png HTTP/1.0" 200 4024 "https://www.omkar.com/assets/build/css/intlTelInput.css" "Mozilla/5.0 (Linux; Android 10; K) AppleWebKit/537.36 (KHTML, like Gecko) Chrome/143.0.0.0 Mobile Safari/537.36"
42.108.77.136 - - [19/Jan/2026:12:01:45 +0100] "GET /home/generateCaptcha?id=2 HTTP/1.0" 200 8707 "https://www.omkar.com/contact-us" "Mozilla/5.0 (Linux; Android 10; K) AppleWebKit/537.36 (KHTML, like Gecko) Chrome/143.0.0.0 Mobile Safari/537.36"
42.108.77.136 - - [19/Jan/2026:12:01:45 +0100] "GET /home/generateCaptcha HTTP/1.0" 200 5210 "https://www.omkar.com/contact-us" "Mozilla/5.0 (Linux; Android 10; K) AppleWebKit/537.36 (KHTML, like Gecko) Chrome/143.0.0.0 Mobile Safari/537.36"
18.246.171.18 - - [19/Jan/2026:12:02:12 +0100] "GET / HTTP/1.0" 200 91405 "-" "Mozilla/5.0 (Macintosh; Intel Mac OS X 10_12_3) AppleWebKit/537.36 (KHTML, like Gecko) Chrome/56.0.2924.87 Safari/537.36"
43.231.132.42 - - [19/Jan/2026:12:02:14 +0100] "POST /autodiscover/autodiscover.xml HTTP/1.0" 301 4180 "-" "Microsoft Office/16.0 (Windows NT 10.0; Microsoft Outlook 16.0.5452; Pro)"
43.231.132.42 - - [19/Jan/2026:12:02:15 +0100] "POST / HTTP/1.0" 200 91252 "-" "Microsoft Office/16.0 (Windows NT 10.0; Microsoft Outlook 16.0.5452; Pro)"
42.108.77.136 - - [19/Jan/2026:12:02:16 +0100] "GET / HTTP/1.0" 200 21882 "https://www.google.com/" "Mozilla/5.0 (Linux; Android 10; K) AppleWebKit/537.36 (KHTML, like Gecko) Chrome/143.0.0.0 Mobile Safari/537.36"
42.108.77.136 - - [19/Jan/2026:12:02:18 +0100] "GET /home/generateCaptcha?id=2 HTTP/1.0" 200 9071 "https://www.omkar.com/" "Mozilla/5.0 (Linux; Android 10; K) AppleWebKit/537.36 (KHTML, like Gecko) Chrome/143.0.0.0 Mobile Safari/537.36"
110.226.177.86 - - [19/Jan/2026:12:02:34 +0100] "GET /images/omkar-emailer-logo.jpg HTTP/1.0" 301 4348 "https://f4mail.rediff.com/" "Mozilla/5.0 (Windows NT 10.0; Win64; x64) AppleWebKit/537.36 (KHTML, like Gecko) Chrome/109.0.0.0 Safari/537.36"
110.226.177.86 - - [19/Jan/2026:12:02:35 +0100] "GET / HTTP/1.0" 200 22014 "https://f4mail.rediff.com/" "Mozilla/5.0 (Windows NT 10.0; Win64; x64) AppleWebKit/537.36 (KHTML, like Gecko) Chrome/109.0.0.0 Safari/537.36"
110.226.177.86 - - [19/Jan/2026:12:02:35 +0100] "GET /images/omkar-emailer-logo.jpg HTTP/1.0" 301 1156 "https://f4mail.rediff.com/" "Mozilla/5.0 (Windows NT 10.0; Win64; x64) AppleWebKit/537.36 (KHTML, like Gecko) Chrome/109.0.0.0 Safari/537.36"
110.226.177.86 - - [19/Jan/2026:12:02:36 +0100] "GET /images/omkar-emailer-logo.jpg HTTP/1.0" 301 1156 "https://f4mail.rediff.com/" "Mozilla/5.0 (Windows NT 10.0; Win64; x64) AppleWebKit/537.36 (KHTML, like Gecko) Chrome/109.0.0.0 Safari/537.36"
110.226.177.86 - - [19/Jan/2026:12:02:36 +0100] "GET / HTTP/1.0" 200 18822 "https://f4mail.rediff.com/" "Mozilla/5.0 (Windows NT 10.0; Win64; x64) AppleWebKit/537.36 (KHTML, like Gecko) Chrome/109.0.0.0 Safari/537.36"
110.226.177.86 - - [19/Jan/2026:12:02:38 +0100] "GET / HTTP/1.0" 200 18822 "https://f4mail.rediff.com/" "Mozilla/5.0 (Windows NT 10.0; Win64; x64) AppleWebKit/537.36 (KHTML, like Gecko) Chrome/109.0.0.0 Safari/537.36"
49.13.167.123 - - [19/Jan/2026:12:02:43 +0100] "HEAD / HTTP/1.0" 200 4280 "http://www.omkar.com" "Mozilla/5.0+(compatible; UptimeRobot/2.0; http://www.uptimerobot.com/)"
66.249.84.194 - - [19/Jan/2026:12:02:54 +0100] "GET /images/omkar-emailer-logo.jpg HTTP/1.0" 301 4348 "-" "Mozilla/5.0 (Windows NT 5.1; rv:11.0) Gecko Firefox/11.0 (via ggpht.com GoogleImageProxy)"
66.249.84.193 - - [19/Jan/2026:12:02:56 +0100] "GET / HTTP/1.0" 200 22014 "-" "Mozilla/5.0 (Windows NT 5.1; rv:11.0) Gecko Firefox/11.0 (via ggpht.com GoogleImageProxy)"
43.159.149.216 - - [19/Jan/2026:12:03:02 +0100] "GET /faq HTTP/1.0" 200 17426 "-" "Mozilla/5.0 (iPhone; CPU iPhone OS 13_2_3 like Mac OS X) AppleWebKit/605.1.15 (KHTML, like Gecko) Version/13.0.3 Mobile/15E148 Safari/604.1"
66.249.84.193 - - [19/Jan/2026:12:03:26 +0100] "GET /images/omkar-emailer-logo.jpg HTTP/1.0" 301 4348 "-" "Mozilla/5.0 (Windows NT 5.1; rv:11.0) Gecko Firefox/11.0 (via ggpht.com GoogleImageProxy)"
66.249.84.194 - - [19/Jan/2026:12:03:27 +0100] "GET / HTTP/1.0" 200 22014 "-" "Mozilla/5.0 (Windows NT 5.1; rv:11.0) Gecko Firefox/11.0 (via ggpht.com GoogleImageProxy)"
123.252.204.166 - - [19/Jan/2026:12:03:48 +0100] "POST /autodiscover/autodiscover.xml HTTP/1.0" 301 4180 "-" "Microsoft Office/16.0 (Windows NT 10.0; Microsoft Outlook 16.0.5452; Pro)"
123.252.204.166 - - [19/Jan/2026:12:03:50 +0100] "POST / HTTP/1.0" 200 91252 "-" "Microsoft Office/16.0 (Windows NT 10.0; Microsoft Outlook 16.0.5452; Pro)"
110.226.177.86 - - [19/Jan/2026:12:04:18 +0100] "GET /images/omkar-emailer-logo.jpg HTTP/1.0" 301 4348 "https://f4mail.rediff.com/" "Mozilla/5.0 (Windows NT 10.0; Win64; x64) AppleWebKit/537.36 (KHTML, like Gecko) Chrome/109.0.0.0 Safari/537.36"
110.226.177.86 - - [19/Jan/2026:12:04:19 +0100] "GET /images/omkar-emailer-logo.jpg HTTP/1.0" 301 4348 "https://f4mail.rediff.com/" "Mozilla/5.0 (Windows NT 10.0; Win64; x64) AppleWebKit/537.36 (KHTML, like Gecko) Chrome/109.0.0.0 Safari/537.36"
110.226.177.86 - - [19/Jan/2026:12:04:20 +0100] "GET /images/omkar-emailer-logo.jpg HTTP/1.0" 301 4348 "https://f4mail.rediff.com/" "Mozilla/5.0 (Windows NT 10.0; Win64; x64) AppleWebKit/537.36 (KHTML, like Gecko) Chrome/109.0.0.0 Safari/537.36"
110.226.177.86 - - [19/Jan/2026:12:04:19 +0100] "GET / HTTP/1.0" 200 18822 "https://f4mail.rediff.com/" "Mozilla/5.0 (Windows NT 10.0; Win64; x64) AppleWebKit/537.36 (KHTML, like Gecko) Chrome/109.0.0.0 Safari/537.36"
