123.252.204.166 - - [19/Jan/2026:12:26:33 +0100] "POST /autodiscover/autodiscover.xml HTTP/1.0" 301 4180 "-" "Microsoft Office/16.0 (Windows NT 10.0; Microsoft Outlook 16.0.5452; Pro)"
123.252.204.166 - - [19/Jan/2026:12:26:35 +0100] "POST / HTTP/1.0" 200 91252 "-" "Microsoft Office/16.0 (Windows NT 10.0; Microsoft Outlook 16.0.5452; Pro)"
66.249.84.194 - - [19/Jan/2026:12:26:48 +0100] "GET /images/omkar-emailer-logo.jpg HTTP/1.0" 301 4348 "-" "Mozilla/5.0 (Windows NT 5.1; rv:11.0) Gecko Firefox/11.0 (via ggpht.com GoogleImageProxy)"
66.249.84.194 - - [19/Jan/2026:12:26:50 +0100] "GET / HTTP/1.0" 200 22014 "-" "Mozilla/5.0 (Windows NT 5.1; rv:11.0) Gecko Firefox/11.0 (via ggpht.com GoogleImageProxy)"
66.249.84.195 - - [19/Jan/2026:12:26:53 +0100] "GET /images/omkar-emailer-logo.jpg HTTP/1.0" 301 4348 "-" "Mozilla/5.0 (Windows NT 5.1; rv:11.0) Gecko Firefox/11.0 (via ggpht.com GoogleImageProxy)"
66.249.84.195 - - [19/Jan/2026:12:26:55 +0100] "GET / HTTP/1.0" 200 22014 "-" "Mozilla/5.0 (Windows NT 5.1; rv:11.0) Gecko Firefox/11.0 (via ggpht.com GoogleImageProxy)"
103.51.155.140 - - [19/Jan/2026:12:28:07 +0100] "GET / HTTP/1.0" 200 22014 "https://www.google.com/" "Mozilla/5.0 (Linux; Android 10; K) AppleWebKit/537.36 (KHTML, like Gecko) Chrome/143.0.0.0 Mobile Safari/537.36"
103.51.155.140 - - [19/Jan/2026:12:28:09 +0100] "GET /home/generateCaptcha?id=2 HTTP/1.0" 200 6058 "https://www.omkar.com/" "Mozilla/5.0 (Linux; Android 10; K) AppleWebKit/537.36 (KHTML, like Gecko) Chrome/143.0.0.0 Mobile Safari/537.36"
185.220.101.17 - - [19/Jan/2026:12:28:12 +0100] "GET / HTTP/1.0" 200 18832 "-" "\"Mozilla/5.0 (Macintosh; Intel Mac OS X 10_15_7) AppleWebKit/537.36 (KHTML, like Gecko) Chrome/142.0.0.0 Safari/537.36\""
103.51.155.140 - - [19/Jan/2026:12:28:17 +0100] "GET / HTTP/1.0" 200 21882 "https://www.google.com/" "Mozilla/5.0 (Linux; Android 10; K) AppleWebKit/537.36 (KHTML, like Gecko) Chrome/143.0.0.0 Mobile Safari/537.36"
103.51.155.140 - - [19/Jan/2026:12:28:18 +0100] "GET /home/generateCaptcha?id=2 HTTP/1.0" 200 5856 "https://www.omkar.com/" "Mozilla/5.0 (Linux; Android 10; K) AppleWebKit/537.36 (KHTML, like Gecko) Chrome/143.0.0.0 Mobile Safari/537.36"
123.252.204.166 - - [19/Jan/2026:12:28:25 +0100] "POST /autodiscover/autodiscover.xml HTTP/1.0" 301 4312 "-" "Microsoft Office/16.0 (Windows NT 10.0; Microsoft Outlook 16.0.5452; Pro)"
123.252.204.166 - - [19/Jan/2026:12:28:27 +0100] "POST / HTTP/1.0" 200 88098 "-" "Microsoft Office/16.0 (Windows NT 10.0; Microsoft Outlook 16.0.5452; Pro)"
103.51.155.140 - - [19/Jan/2026:12:28:27 +0100] "GET / HTTP/1.0" 200 18674 "https://www.google.com/" "Mozilla/5.0 (Linux; Android 10; K) AppleWebKit/537.36 (KHTML, like Gecko) Chrome/143.0.0.0 Mobile Safari/537.36"
103.51.155.140 - - [19/Jan/2026:12:28:29 +0100] "GET /home/generateCaptcha?id=2 HTTP/1.0" 200 5836 "https://www.omkar.com/" "Mozilla/5.0 (Linux; Android 10; K) AppleWebKit/537.36 (KHTML, like Gecko) Chrome/143.0.0.0 Mobile Safari/537.36"
123.252.204.166 - - [19/Jan/2026:12:28:44 +0100] "POST /autodiscover/autodiscover.xml HTTP/1.0" 301 4180 "-" "Microsoft Office/16.0 (Windows NT 10.0; Microsoft Outlook 16.0.5452; Pro)"
123.252.204.166 - - [19/Jan/2026:12:28:46 +0100] "POST /autodiscover/autodiscover.xml HTTP/1.0" 301 1004 "-" "Microsoft Office/16.0 (Windows NT 10.0; Microsoft Outlook 16.0.5452; Pro)"
123.252.204.166 - - [19/Jan/2026:12:28:45 +0100] "POST / HTTP/1.0" 200 88076 "-" "Microsoft Office/16.0 (Windows NT 10.0; Microsoft Outlook 16.0.5452; Pro)"
43.231.132.42 - - [19/Jan/2026:12:28:46 +0100] "POST /autodiscover/autodiscover.xml HTTP/1.0" 301 1004 "-" "Microsoft Office/16.0 (Windows NT 10.0; Microsoft Outlook 16.0.5452; Pro)"
123.252.204.166 - - [19/Jan/2026:12:28:46 +0100] "POST / HTTP/1.0" 200 88076 "-" "Microsoft Office/16.0 (Windows NT 10.0; Microsoft Outlook 16.0.5452; Pro)"
123.252.204.166 - - [19/Jan/2026:12:28:47 +0100] "POST / HTTP/1.0" 200 91252 "-" "Microsoft Office/16.0 (Windows NT 10.0; Microsoft Outlook 16.0.5452; Pro)"
3.79.134.69 - - [19/Jan/2026:12:30:09 +0100] "GET / HTTP/1.0" 200 22014 "http://www.omkar.com" "Mozilla/5.0+(compatible; UptimeRobot/2.0; http://www.uptimerobot.com/)"
49.13.167.123 - - [19/Jan/2026:12:29:12 +0100] "HEAD / HTTP/1.0" 200 4280 "http://www.omkar.com" "Mozilla/5.0+(compatible; UptimeRobot/2.0; http://www.uptimerobot.com/)"
115.113.133.21 - - [19/Jan/2026:12:30:20 +0100] "GET /images/omkar-emailer-logo.jpg HTTP/1.0" 301 4348 "-" "Mozilla/4.0 (compatible; ms-office; MSOffice 16)"
43.231.132.42 - - [19/Jan/2026:12:30:55 +0100] "POST /autodiscover/autodiscover.xml HTTP/1.0" 301 1020 "-" "Microsoft Office/16.0 (Windows NT 10.0; Microsoft Outlook 16.0.5452; Pro)"
49.13.130.29 - - [19/Jan/2026:12:31:04 +0100] "HEAD / HTTP/1.0" 200 4248 "http://omkar.com/" "Mozilla/5.0+(compatible; UptimeRobot/2.0; http://www.uptimerobot.com/)"
31.167.31.139 - - [19/Jan/2026:12:31:23 +0100] "GET /uploads/constructionupdates/image/thumb_image_88_1_2016-08-19-08-03.jpg HTTP/1.0" 301 4348 "-" "Mozilla/5.0 (Android 10.0; Mobile; rv:136.0) Gecko/136.0 Firefox/136.0"
172.121.211.5 - - [19/Jan/2026:12:30:51 +0100] "GET /uploads/constructionupdates/image/thumb_image_88_1_2016-08-19-08-03.jpg HTTP/1.0" 301 4348 "-" "Mozilla/5.0 (Android 10.0; Mobile; rv:136.0) Gecko/136.0 Firefox/136.0"
43.231.132.42 - - [19/Jan/2026:12:30:56 +0100] "POST / HTTP/1.0" 200 91252 "-" "Microsoft Office/16.0 (Windows NT 10.0; Microsoft Outlook 16.0.5452; Pro)"
190.99.83.195 - - [19/Jan/2026:12:31:37 +0100] "GET / HTTP/1.0" 200 22013 "-" "Mozilla/5.0 (Android 10.0; Mobile; rv:140.0) Gecko/140.0 Firefox/140.0"
216.73.216.182 - - [19/Jan/2026:12:31:39 +0100] "GET /sitemap295.xml HTTP/1.0" 301 4312 "-" "Mozilla/5.0 AppleWebKit/537.36 (KHTML, like Gecko; compatible; ClaudeBot/1.0; +claudebot@anthropic.com)"
66.249.84.193 - - [19/Jan/2026:12:31:49 +0100] "GET /images/omkar-emailer-logo.jpg HTTP/1.0" 301 4348 "-" "Mozilla/5.0 (Windows NT 5.1; rv:11.0) Gecko Firefox/11.0 (via ggpht.com GoogleImageProxy)"
66.249.84.194 - - [19/Jan/2026:12:31:50 +0100] "GET / HTTP/1.0" 200 18822 "-" "Mozilla/5.0 (Windows NT 5.1; rv:11.0) Gecko Firefox/11.0 (via ggpht.com GoogleImageProxy)"
66.249.84.193 - - [19/Jan/2026:12:32:34 +0100] "GET /images/omkar-emailer-logo.jpg HTTP/1.0" 301 4348 "-" "Mozilla/5.0 (Windows NT 5.1; rv:11.0) Gecko Firefox/11.0 (via ggpht.com GoogleImageProxy)"
43.158.91.71 - - [19/Jan/2026:12:32:15 +0100] "GET /buyers-guide HTTP/1.0" 200 21898 "-" "Mozilla/5.0 (iPhone; CPU iPhone OS 13_2_3 like Mac OS X) AppleWebKit/605.1.15 (KHTML, like Gecko) Version/13.0.3 Mobile/15E148 Safari/604.1"
66.249.84.193 - - [19/Jan/2026:12:32:36 +0100] "GET / HTTP/1.0" 200 21995 "-" "Mozilla/5.0 (Windows NT 5.1; rv:11.0) Gecko Firefox/11.0 (via ggpht.com GoogleImageProxy)"
66.249.84.194 - - [19/Jan/2026:12:32:53 +0100] "GET /images/omkar-emailer-logo.jpg HTTP/1.0" 301 4348 "-" "Mozilla/5.0 (Windows NT 5.1; rv:11.0) Gecko Firefox/11.0 (via ggpht.com GoogleImageProxy)"
66.249.84.195 - - [19/Jan/2026:12:33:08 +0100] "GET /images/omkar-emailer-logo.jpg HTTP/1.0" 301 4348 "-" "Mozilla/5.0 (Windows NT 5.1; rv:11.0) Gecko Firefox/11.0 (via ggpht.com GoogleImageProxy)"
66.249.84.194 - - [19/Jan/2026:12:33:10 +0100] "GET / HTTP/1.0" 200 18822 "-" "Mozilla/5.0 (Windows NT 5.1; rv:11.0) Gecko Firefox/11.0 (via ggpht.com GoogleImageProxy)"
66.249.84.193 - - [19/Jan/2026:12:33:06 +0100] "GET / HTTP/1.0" 200 22014 "-" "Mozilla/5.0 (Windows NT 5.1; rv:11.0) Gecko Firefox/11.0 (via ggpht.com GoogleImageProxy)"
123.252.204.166 - - [19/Jan/2026:12:33:36 +0100] "POST /autodiscover/autodiscover.xml HTTP/1.0" 301 4312 "-" "Microsoft Office/16.0 (Windows NT 10.0; Microsoft Outlook 16.0.5452; Pro)"
123.252.204.166 - - [19/Jan/2026:12:33:37 +0100] "POST /autodiscover/autodiscover.xml HTTP/1.0" 301 1004 "-" "Microsoft Office/16.0 (Windows NT 10.0; Microsoft Outlook 16.0.5452; Pro)"
123.252.204.166 - - [19/Jan/2026:12:33:39 +0100] "POST / HTTP/1.0" 200 91175 "-" "Microsoft Office/16.0 (Windows NT 10.0; Microsoft Outlook 16.0.5452; Pro)"
216.73.216.182 - - [19/Jan/2026:12:34:05 +0100] "GET /sitemap663.xml HTTP/1.0" 301 4312 "-" "Mozilla/5.0 AppleWebKit/537.36 (KHTML, like Gecko; compatible; ClaudeBot/1.0; +claudebot@anthropic.com)"
123.252.204.166 - - [19/Jan/2026:12:33:38 +0100] "POST / HTTP/1.0" 200 88076 "-" "Microsoft Office/16.0 (Windows NT 10.0; Microsoft Outlook 16.0.5452; Pro)"
123.252.204.166 - - [19/Jan/2026:12:34:14 +0100] "POST /autodiscover/autodiscover.xml HTTP/1.0" 301 4180 "-" "Microsoft Office/16.0 (Windows NT 10.0; Microsoft Outlook 16.0.5452; Pro)"
123.252.204.166 - - [19/Jan/2026:12:34:14 +0100] "POST /autodiscover/autodiscover.xml HTTP/1.0" 301 1004 "-" "Microsoft Office/16.0 (Windows NT 10.0; Microsoft Outlook 16.0.5452; Pro)"
123.252.204.166 - - [19/Jan/2026:12:34:15 +0100] "POST / HTTP/1.0" 200 88076 "-" "Microsoft Office/16.0 (Windows NT 10.0; Microsoft Outlook 16.0.5452; Pro)"
123.252.204.166 - - [19/Jan/2026:12:34:15 +0100] "POST / HTTP/1.0" 200 91252 "-" "Microsoft Office/16.0 (Windows NT 10.0; Microsoft Outlook 16.0.5452; Pro)"
24.239.140.181 - - [19/Jan/2026:12:34:27 +0100] "GET /images/omkar-emailer-logo.jpg HTTP/1.0" 301 4348 "-" "Mozilla/4.0 (compatible; ms-office; MSOffice 16)"
24.239.140.181 - - [19/Jan/2026:12:34:27 +0100] "GET /images/omkar-emailer-logo.jpg HTTP/1.0" 301 1156 "-" "Mozilla/4.0 (compatible; ms-office; MSOffice 16)"
24.239.140.181 - - [19/Jan/2026:12:34:28 +0100] "GET / HTTP/1.0" 200 18691 "-" "Mozilla/4.0 (compatible; ms-office; MSOffice 16)"
24.239.140.181 - - [19/Jan/2026:12:34:28 +0100] "GET / HTTP/1.0" 200 21883 "-" "Mozilla/4.0 (compatible; ms-office; MSOffice 16)"
24.239.140.181 - - [19/Jan/2026:12:34:30 +0100] "GET /images/omkar-emailer-logo.jpg HTTP/1.0" 301 4216 "-" "Mozilla/4.0 (compatible; ms-office; MSOffice 16)"
24.239.140.181 - - [19/Jan/2026:12:34:30 +0100] "GET /images/omkar-emailer-logo.jpg HTTP/1.0" 301 1024 "-" "Mozilla/4.0 (compatible; ms-office; MSOffice 16)"
24.239.140.181 - - [19/Jan/2026:12:34:31 +0100] "GET / HTTP/1.0" 200 18691 "-" "Mozilla/4.0 (compatible; ms-office; MSOffice 16)"
24.239.140.181 - - [19/Jan/2026:12:34:31 +0100] "GET / HTTP/1.0" 200 18691 "-" "Mozilla/4.0 (compatible; ms-office; MSOffice 16)"
43.231.132.42 - - [19/Jan/2026:12:34:48 +0100] "GET /images/omkar-emailer-logo.jpg HTTP/1.0" 301 4348 "https://mail.omkar.com/" "Mozilla/5.0 (Windows NT 10.0; Win64; x64) AppleWebKit/537.36 (KHTML, like Gecko) Chrome/143.0.0.0 Safari/537.36"
43.231.132.42 - - [19/Jan/2026:12:34:49 +0100] "GET /images/omkar-emailer-logo.jpg HTTP/1.0" 301 4216 "https://mail.omkar.com/" "Mozilla/5.0 (Windows NT 10.0; Win64; x64) AppleWebKit/537.36 (KHTML, like Gecko) Chrome/143.0.0.0 Safari/537.36"
43.231.132.42 - - [19/Jan/2026:12:34:50 +0100] "GET /images/omkar-emailer-logo.jpg HTTP/1.0" 301 1024 "https://mail.omkar.com/" "Mozilla/5.0 (Windows NT 10.0; Win64; x64) AppleWebKit/537.36 (KHTML, like Gecko) Chrome/143.0.0.0 Safari/537.36"
43.231.132.42 - - [19/Jan/2026:12:34:50 +0100] "GET /images/omkar-emailer-logo.jpg HTTP/1.0" 301 1024 "https://mail.omkar.com/" "Mozilla/5.0 (Windows NT 10.0; Win64; x64) AppleWebKit/537.36 (KHTML, like Gecko) Chrome/143.0.0.0 Safari/537.36"
43.231.132.42 - - [19/Jan/2026:12:34:49 +0100] "GET / HTTP/1.0" 200 21883 "https://mail.omkar.com/" "Mozilla/5.0 (Windows NT 10.0; Win64; x64) AppleWebKit/537.36 (KHTML, like Gecko) Chrome/143.0.0.0 Safari/537.36"
43.231.132.42 - - [19/Jan/2026:12:34:51 +0100] "GET /images/omkar-emailer-logo.jpg HTTP/1.0" 301 1024 "https://mail.omkar.com/" "Mozilla/5.0 (Windows NT 10.0; Win64; x64) AppleWebKit/537.36 (KHTML, like Gecko) Chrome/143.0.0.0 Safari/537.36"
43.231.132.42 - - [19/Jan/2026:12:34:52 +0100] "GET / HTTP/1.0" 200 18691 "https://mail.omkar.com/" "Mozilla/5.0 (Windows NT 10.0; Win64; x64) AppleWebKit/537.36 (KHTML, like Gecko) Chrome/143.0.0.0 Safari/537.36"
43.231.132.42 - - [19/Jan/2026:12:34:52 +0100] "GET /images/omkar-emailer-logo.jpg HTTP/1.0" 301 1024 "https://mail.omkar.com/" "Mozilla/5.0 (Windows NT 10.0; Win64; x64) AppleWebKit/537.36 (KHTML, like Gecko) Chrome/143.0.0.0 Safari/537.36"
43.231.132.42 - - [19/Jan/2026:12:34:52 +0100] "GET /images/omkar-emailer-logo.jpg HTTP/1.0" 301 1024 "https://mail.omkar.com/" "Mozilla/5.0 (Windows NT 10.0; Win64; x64) AppleWebKit/537.36 (KHTML, like Gecko) Chrome/143.0.0.0 Safari/537.36"
43.231.132.42 - - [19/Jan/2026:12:34:52 +0100] "GET / HTTP/1.0" 200 18691 "https://mail.omkar.com/" "Mozilla/5.0 (Windows NT 10.0; Win64; x64) AppleWebKit/537.36 (KHTML, like Gecko) Chrome/143.0.0.0 Safari/537.36"
43.231.132.42 - - [19/Jan/2026:12:34:53 +0100] "GET /images/omkar-emailer-logo.jpg HTTP/1.0" 301 1024 "https://mail.omkar.com/" "Mozilla/5.0 (Windows NT 10.0; Win64; x64) AppleWebKit/537.36 (KHTML, like Gecko) Chrome/143.0.0.0 Safari/537.36"
43.231.132.42 - - [19/Jan/2026:12:34:53 +0100] "GET / HTTP/1.0" 200 18691 "https://mail.omkar.com/" "Mozilla/5.0 (Windows NT 10.0; Win64; x64) AppleWebKit/537.36 (KHTML, like Gecko) Chrome/143.0.0.0 Safari/537.36"
43.231.132.42 - - [19/Jan/2026:12:34:54 +0100] "GET / HTTP/1.0" 200 18691 "https://mail.omkar.com/" "Mozilla/5.0 (Windows NT 10.0; Win64; x64) AppleWebKit/537.36 (KHTML, like Gecko) Chrome/143.0.0.0 Safari/537.36"
43.231.132.42 - - [19/Jan/2026:12:34:55 +0100] "GET / HTTP/1.0" 200 18691 "https://mail.omkar.com/" "Mozilla/5.0 (Windows NT 10.0; Win64; x64) AppleWebKit/537.36 (KHTML, like Gecko) Chrome/143.0.0.0 Safari/537.36"
43.231.132.42 - - [19/Jan/2026:12:34:57 +0100] "GET / HTTP/1.0" 200 21883 "https://mail.omkar.com/" "Mozilla/5.0 (Windows NT 10.0; Win64; x64) AppleWebKit/537.36 (KHTML, like Gecko) Chrome/143.0.0.0 Safari/537.36"
43.231.132.42 - - [19/Jan/2026:12:34:58 +0100] "GET / HTTP/1.0" 200 21883 "https://mail.omkar.com/" "Mozilla/5.0 (Windows NT 10.0; Win64; x64) AppleWebKit/537.36 (KHTML, like Gecko) Chrome/143.0.0.0 Safari/537.36"
115.113.133.21 - - [19/Jan/2026:12:35:15 +0100] "OPTIONS /images/ HTTP/1.0" 301 1156 "-" "Microsoft Office Outlook 2014"
18.192.166.72 - - [19/Jan/2026:12:35:15 +0100] "HEAD / HTTP/1.0" 200 4280 "http://www.omkar.com" "Mozilla/5.0+(compatible; UptimeRobot/2.0; http://www.uptimerobot.com/)"
115.113.133.21 - - [19/Jan/2026:12:35:18 +0100] "GET /images/omkar-emailer-logo.jpg HTTP/1.0" 301 1156 "-" "Mozilla/4.0 (compatible; ms-office; MSOffice 16)"
115.113.133.21 - - [19/Jan/2026:12:35:17 +0100] "OPTIONS / HTTP/1.0" 200 88900 "-" "Microsoft Office Outlook 2014"
115.113.133.21 - - [19/Jan/2026:12:35:19 +0100] "GET /images/omkar-emailer-logo.jpg HTTP/1.0" 301 4348 "-" "Mozilla/4.0 (compatible; ms-office; MSOffice 16)"
115.113.133.21 - - [19/Jan/2026:12:35:19 +0100] "GET / HTTP/1.0" 200 18691 "-" "Mozilla/4.0 (compatible; ms-office; MSOffice 16)"
66.249.84.193 - - [19/Jan/2026:12:35:28 +0100] "GET /images/omkar-emailer-logo.jpg HTTP/1.0" 301 4348 "-" "Mozilla/5.0 (Windows NT 5.1; rv:11.0) Gecko Firefox/11.0 (via ggpht.com GoogleImageProxy)"
66.249.84.195 - - [19/Jan/2026:12:35:30 +0100] "GET / HTTP/1.0" 200 22014 "-" "Mozilla/5.0 (Windows NT 5.1; rv:11.0) Gecko Firefox/11.0 (via ggpht.com GoogleImageProxy)"
202.134.190.2 - - [19/Jan/2026:12:35:37 +0100] "GET /images/omkar-emailer-logo.jpg HTTP/1.0" 301 4348 "-" "Mozilla/5.0 (Windows NT 10.0; Win64; x64) AppleWebKit/537.36 (KHTML, like Gecko) Chrome/143.0.0.0 Safari/537.36"
202.134.190.2 - - [19/Jan/2026:12:35:39 +0100] "GET / HTTP/1.0" 200 22014 "-" "Mozilla/5.0 (Windows NT 10.0; Win64; x64) AppleWebKit/537.36 (KHTML, like Gecko) Chrome/143.0.0.0 Safari/537.36"
103.216.71.78 - - [19/Jan/2026:12:36:18 +0100] "GET /images/omkar-emailer-logo.jpg HTTP/1.0" 301 4348 "-" "Mozilla/5.0 (compatible; MSIE 10.0; Windows NT 10.0; Win64; x64; Trident/7.0; Microsoft Outlook 16.0.10417; ms-office; MSOffice 16)"
103.216.71.78 - - [19/Jan/2026:12:36:19 +0100] "GET / HTTP/1.0" 200 11954 "-" "Mozilla/5.0 (compatible; MSIE 10.0; Windows NT 10.0; Win64; x64; Trident/7.0; Microsoft Outlook 16.0.10417; ms-office; MSOffice 16)"
3.77.67.4 - - [19/Jan/2026:12:36:22 +0100] "HEAD / HTTP/1.0" 200 4248 "http://omkar.com/" "Mozilla/5.0+(compatible; UptimeRobot/2.0; http://www.uptimerobot.com/)"
123.252.204.166 - - [19/Jan/2026:12:36:23 +0100] "POST /autodiscover/autodiscover.xml HTTP/1.0" 301 4180 "-" "Microsoft Office/16.0 (Windows NT 10.0; Microsoft Outlook 16.0.5452; Pro)"
123.252.204.166 - - [19/Jan/2026:12:36:25 +0100] "POST / HTTP/1.0" 200 91252 "-" "Microsoft Office/16.0 (Windows NT 10.0; Microsoft Outlook 16.0.5452; Pro)"
103.216.71.78 - - [19/Jan/2026:12:36:26 +0100] "GET /images/omkar-emailer-logo.jpg HTTP/1.0" 301 4216 "-" "Mozilla/5.0 (compatible; MSIE 10.0; Windows NT 10.0; Win64; x64; Trident/7.0; Microsoft Outlook 16.0.10417; ms-office; MSOffice 16)"
103.216.71.78 - - [19/Jan/2026:12:36:27 +0100] "GET / HTTP/1.0" 200 21883 "-" "Mozilla/5.0 (compatible; MSIE 10.0; Windows NT 10.0; Win64; x64; Trident/7.0; Microsoft Outlook 16.0.10417; ms-office; MSOffice 16)"
66.249.84.195 - - [19/Jan/2026:12:36:43 +0100] "GET /images/omkar-emailer-logo.jpg HTTP/1.0" 301 4348 "-" "Mozilla/5.0 (Windows NT 5.1; rv:11.0) Gecko Firefox/11.0 (via ggpht.com GoogleImageProxy)"
66.249.84.194 - - [19/Jan/2026:12:36:45 +0100] "GET / HTTP/1.0" 200 22014 "-" "Mozilla/5.0 (Windows NT 5.1; rv:11.0) Gecko Firefox/11.0 (via ggpht.com GoogleImageProxy)"
202.134.190.2 - - [19/Jan/2026:12:37:32 +0100] "GET /images/omkar-emailer-logo.jpg HTTP/1.0" 301 4348 "-" "Mozilla/5.0 (Windows NT 10.0; Win64; x64) AppleWebKit/537.36 (KHTML, like Gecko) Chrome/143.0.0.0 Safari/537.36"
202.134.190.2 - - [19/Jan/2026:12:37:33 +0100] "GET / HTTP/1.0" 200 18822 "-" "Mozilla/5.0 (Windows NT 10.0; Win64; x64) AppleWebKit/537.36 (KHTML, like Gecko) Chrome/143.0.0.0 Safari/537.36"
106.49.54.74 - - [19/Jan/2026:12:38:11 +0100] "GET /blogs/why-is-omkar-realtors-alta-monte-the-premium-choice-to-invest-in-2-bhk-3-bhk-flats-for-sale-in-malad-east HTTP/1.0" 301 4348 "-" "Mozilla/5.0 (Linux; Android 8.0; Pixel 2 Build/OPD3.170816.012) AppleWebKit/537.36 (KHTML, like Gecko) Chrome/40.0.3840.1854 Mobile Safari/537.36"
106.49.54.74 - - [19/Jan/2026:12:38:13 +0100] "GET / HTTP/1.0" 200 21882 "-" "Mozilla/5.0 (Linux; Android 8.0; Pixel 2 Build/OPD3.170816.012) AppleWebKit/537.36 (KHTML, like Gecko) Chrome/40.0.3840.1854 Mobile Safari/537.36"
66.249.84.195 - - [19/Jan/2026:12:38:14 +0100] "GET /images/omkar-emailer-logo.jpg HTTP/1.0" 301 4348 "-" "Mozilla/5.0 (Windows NT 5.1; rv:11.0) Gecko Firefox/11.0 (via ggpht.com GoogleImageProxy)"
66.249.84.195 - - [19/Jan/2026:12:38:16 +0100] "GET / HTTP/1.0" 200 22014 "-" "Mozilla/5.0 (Windows NT 5.1; rv:11.0) Gecko Firefox/11.0 (via ggpht.com GoogleImageProxy)"
43.231.132.42 - - [19/Jan/2026:12:38:34 +0100] "POST /autodiscover/autodiscover.xml HTTP/1.0" 301 4180 "-" "Microsoft Office/16.0 (Windows NT 10.0; Microsoft Outlook 16.0.5452; Pro)"
43.231.132.42 - - [19/Jan/2026:12:38:35 +0100] "POST / HTTP/1.0" 200 91252 "-" "Microsoft Office/16.0 (Windows NT 10.0; Microsoft Outlook 16.0.5452; Pro)"
151.245.200.134 - - [19/Jan/2026:12:38:42 +0100] "GET /home/generateCaptcha?id=2 HTTP/1.0" 200 8818 "https://www.omkar.com/" "Mozilla/5.0 (Linux; Android 8.0; Pixel 2 Build/OPD3.170816.012) AppleWebKit/537.36 (KHTML, like Gecko) Chrome/40.0.3840.1854 Mobile Safari/537.36"
43.231.132.42 - - [19/Jan/2026:12:38:46 +0100] "GET /images/omkar-emailer-logo.jpg HTTP/1.0" 301 4216 "https://mail.omkar.com/" "Mozilla/5.0 (Windows NT 10.0; Win64; x64) AppleWebKit/537.36 (KHTML, like Gecko) Chrome/143.0.0.0 Safari/537.36"
43.231.132.42 - - [19/Jan/2026:12:38:47 +0100] "GET / HTTP/1.0" 200 18691 "https://mail.omkar.com/" "Mozilla/5.0 (Windows NT 10.0; Win64; x64) AppleWebKit/537.36 (KHTML, like Gecko) Chrome/143.0.0.0 Safari/537.36"
43.231.132.42 - - [19/Jan/2026:12:38:47 +0100] "GET /images/omkar-emailer-logo.jpg HTTP/1.0" 301 4216 "https://mail.omkar.com/" "Mozilla/5.0 (Windows NT 10.0; Win64; x64) AppleWebKit/537.36 (KHTML, like Gecko) Chrome/143.0.0.0 Safari/537.36"
43.231.132.42 - - [19/Jan/2026:12:38:49 +0100] "GET /images/omkar-emailer-logo.jpg HTTP/1.0" 301 4216 "https://mail.omkar.com/" "Mozilla/5.0 (Windows NT 10.0; Win64; x64) AppleWebKit/537.36 (KHTML, like Gecko) Chrome/143.0.0.0 Safari/537.36"
43.231.132.42 - - [19/Jan/2026:12:38:49 +0100] "GET / HTTP/1.0" 200 18691 "https://mail.omkar.com/" "Mozilla/5.0 (Windows NT 10.0; Win64; x64) AppleWebKit/537.36 (KHTML, like Gecko) Chrome/143.0.0.0 Safari/537.36"
43.231.132.42 - - [19/Jan/2026:12:38:49 +0100] "GET /images/omkar-emailer-logo.jpg HTTP/1.0" 301 1024 "https://mail.omkar.com/" "Mozilla/5.0 (Windows NT 10.0; Win64; x64) AppleWebKit/537.36 (KHTML, like Gecko) Chrome/143.0.0.0 Safari/537.36"
43.231.132.42 - - [19/Jan/2026:12:38:50 +0100] "GET / HTTP/1.0" 200 18691 "https://mail.omkar.com/" "Mozilla/5.0 (Windows NT 10.0; Win64; x64) AppleWebKit/537.36 (KHTML, like Gecko) Chrome/143.0.0.0 Safari/537.36"
43.231.132.42 - - [19/Jan/2026:12:38:52 +0100] "GET / HTTP/1.0" 200 18691 "https://mail.omkar.com/" "Mozilla/5.0 (Windows NT 10.0; Win64; x64) AppleWebKit/537.36 (KHTML, like Gecko) Chrome/143.0.0.0 Safari/537.36"
43.231.132.42 - - [19/Jan/2026:12:39:16 +0100] "POST /autodiscover/autodiscover.xml HTTP/1.0" 301 4312 "-" "Microsoft Office/16.0 (Windows NT 10.0; Microsoft Outlook 16.0.5452; Pro)"
43.231.132.42 - - [19/Jan/2026:12:39:17 +0100] "POST / HTTP/1.0" 200 88076 "-" "Microsoft Office/16.0 (Windows NT 10.0; Microsoft Outlook 16.0.5452; Pro)"
43.231.132.42 - - [19/Jan/2026:12:39:31 +0100] "POST /autodiscover/autodiscover.xml HTTP/1.0" 301 4180 "-" "Microsoft Office/16.0 (Windows NT 10.0; Microsoft Outlook 16.0.5452; Pro)"
43.231.132.42 - - [19/Jan/2026:12:39:32 +0100] "POST / HTTP/1.0" 200 88076 "-" "Microsoft Office/16.0 (Windows NT 10.0; Microsoft Outlook 16.0.5452; Pro)"
43.231.132.42 - - [19/Jan/2026:12:39:36 +0100] "POST /autodiscover/autodiscover.xml HTTP/1.0" 301 4180 "-" "Microsoft Office/16.0 (Windows NT 10.0; Microsoft Outlook 16.0.5452; Pro)"
43.231.132.42 - - [19/Jan/2026:12:39:37 +0100] "POST / HTTP/1.0" 200 91252 "-" "Microsoft Office/16.0 (Windows NT 10.0; Microsoft Outlook 16.0.5452; Pro)"
49.13.24.81 - - [19/Jan/2026:12:40:22 +0100] "HEAD / HTTP/1.0" 200 4280 "http://www.omkar.com" "Mozilla/5.0+(compatible; UptimeRobot/2.0; http://www.uptimerobot.com/)"
43.231.132.42 - - [19/Jan/2026:12:40:45 +0100] "POST /autodiscover/autodiscover.xml HTTP/1.0" 301 4180 "-" "Microsoft Office/16.0 (Windows NT 10.0; Microsoft Outlook 16.0.5452; Pro)"
43.231.132.42 - - [19/Jan/2026:12:40:46 +0100] "POST / HTTP/1.0" 200 88076 "-" "Microsoft Office/16.0 (Windows NT 10.0; Microsoft Outlook 16.0.5452; Pro)"
3.79.134.69 - - [19/Jan/2026:12:41:30 +0100] "HEAD / HTTP/1.0" 200 4248 "http://omkar.com/" "Mozilla/5.0+(compatible; UptimeRobot/2.0; http://www.uptimerobot.com/)"
66.249.65.202 - - [19/Jan/2026:12:42:10 +0100] "GET /index.php?zhHant/product/surugaya/61129315?campaign_uid=f64d716db5e979ed2f947dbaf4296895b951ae7f HTTP/1.0" 200 22318 "-" "Mozilla/5.0 (Linux; Android 6.0.1; Nexus 5X Build/MMB29P) AppleWebKit/537.36 (KHTML, like Gecko) Chrome/143.0.7499.192 Mobile Safari/537.36 (compatible; Googlebot/2.1; +http://www.google.com/bot.html)"
66.249.71.101 - - [19/Jan/2026:12:42:25 +0100] "GET /index.php?product/edit/72761592 HTTP/1.0" 200 22350 "-" "Mozilla/5.0 (Linux; Android 6.0.1; Nexus 5X Build/MMB29P) AppleWebKit/537.36 (KHTML, like Gecko) Chrome/143.0.7499.192 Mobile Safari/537.36 (compatible; Googlebot/2.1; +http://www.google.com/bot.html)"
66.249.71.100 - - [19/Jan/2026:12:42:36 +0100] "GET /zhHant/product/surugaya/16197810?campaign_uid=f64d716db5e979ed2f947dbaf4296895b951ae7f HTTP/1.0" 200 22350 "-" "Mozilla/5.0 (Linux; Android 6.0.1; Nexus 5X Build/MMB29P) AppleWebKit/537.36 (KHTML, like Gecko) Chrome/143.0.7499.192 Mobile Safari/537.36 (compatible; Googlebot/2.1; +http://www.google.com/bot.html)"
66.249.71.100 - - [19/Jan/2026:12:42:43 +0100] "GET /index.php?zhHant/product/surugaya/33662783?campaign_uid=f64d716db5e979ed2f947dbaf4296895b951ae7f HTTP/1.0" 200 22350 "-" "Mozilla/5.0 (Linux; Android 6.0.1; Nexus 5X Build/MMB29P) AppleWebKit/537.36 (KHTML, like Gecko) Chrome/143.0.7499.192 Mobile Safari/537.36 (compatible; Googlebot/2.1; +http://www.google.com/bot.html)"
216.73.216.182 - - [19/Jan/2026:12:42:44 +0100] "GET /sitemap305.xml HTTP/1.0" 301 4312 "-" "Mozilla/5.0 AppleWebKit/537.36 (KHTML, like Gecko; compatible; ClaudeBot/1.0; +claudebot@anthropic.com)"
43.231.132.42 - - [19/Jan/2026:12:42:55 +0100] "POST /autodiscover/autodiscover.xml HTTP/1.0" 301 4180 "-" "Microsoft Office/16.0 (Windows NT 10.0; Microsoft Outlook 16.0.5452; Pro)"
43.231.132.42 - - [19/Jan/2026:12:42:56 +0100] "POST / HTTP/1.0" 200 91252 "-" "Microsoft Office/16.0 (Windows NT 10.0; Microsoft Outlook 16.0.5452; Pro)"
43.166.1.243 - - [19/Jan/2026:12:42:58 +0100] "GET /home/force_download/7648405531505214515.doc/press_release HTTP/1.0" 200 4356 "-" "Mozilla/5.0 (iPhone; CPU iPhone OS 13_2_3 like Mac OS X) AppleWebKit/605.1.15 (KHTML, like Gecko) Version/13.0.3 Mobile/15E148 Safari/604.1"
66.249.74.129 - - [19/Jan/2026:12:43:11 +0100] "GET /zhHant/product/surugaya/36920919?campaign_uid=f64d716db5e979ed2f947dbaf4296895b951ae7f HTTP/1.0" 200 22350 "-" "Mozilla/5.0 (Linux; Android 6.0.1; Nexus 5X Build/MMB29P) AppleWebKit/537.36 (KHTML, like Gecko) Chrome/143.0.7499.192 Mobile Safari/537.36 (compatible; Googlebot/2.1; +http://www.google.com/bot.html)"
66.249.74.129 - - [19/Jan/2026:12:43:17 +0100] "GET /index.php?zhHant/product/surugaya/76393757?campaign_uid=f64d716db5e979ed2f947dbaf4296895b951ae7f HTTP/1.0" 200 22350 "-" "Mozilla/5.0 (Linux; Android 6.0.1; Nexus 5X Build/MMB29P) AppleWebKit/537.36 (KHTML, like Gecko) Chrome/143.0.7499.192 Mobile Safari/537.36 (compatible; Googlebot/2.1; +http://www.google.com/bot.html)"
66.249.84.193 - - [19/Jan/2026:12:43:17 +0100] "GET /images/omkar-emailer-logo.jpg HTTP/1.0" 301 1156 "-" "Mozilla/5.0 (Windows NT 5.1; rv:11.0) Gecko Firefox/11.0 (via ggpht.com GoogleImageProxy)"
66.249.84.193 - - [19/Jan/2026:12:43:19 +0100] "GET / HTTP/1.0" 200 22014 "-" "Mozilla/5.0 (Windows NT 5.1; rv:11.0) Gecko Firefox/11.0 (via ggpht.com GoogleImageProxy)"
123.252.204.166 - - [19/Jan/2026:12:44:32 +0100] "POST /autodiscover/autodiscover.xml HTTP/1.0" 301 4312 "-" "Microsoft Office/16.0 (Windows NT 10.0; Microsoft Outlook 16.0.5452; Pro)"
123.252.204.166 - - [19/Jan/2026:12:44:33 +0100] "POST / HTTP/1.0" 200 88076 "-" "Microsoft Office/16.0 (Windows NT 10.0; Microsoft Outlook 16.0.5452; Pro)"
43.231.132.42 - - [19/Jan/2026:12:44:54 +0100] "POST /autodiscover/autodiscover.xml HTTP/1.0" 301 1004 "-" "Microsoft Office/16.0 (Windows NT 10.0; Microsoft Outlook 16.0.5452; Pro)"
123.252.204.166 - - [19/Jan/2026:12:44:54 +0100] "POST /autodiscover/autodiscover.xml HTTP/1.0" 301 4180 "-" "Microsoft Office/16.0 (Windows NT 10.0; Microsoft Outlook 16.0.5452; Pro)"
43.231.132.42 - - [19/Jan/2026:12:44:55 +0100] "POST / HTTP/1.0" 200 88076 "-" "Microsoft Office/16.0 (Windows NT 10.0; Microsoft Outlook 16.0.5452; Pro)"
123.252.204.166 - - [19/Jan/2026:12:44:55 +0100] "POST / HTTP/1.0" 200 88076 "-" "Microsoft Office/16.0 (Windows NT 10.0; Microsoft Outlook 16.0.5452; Pro)"
40.77.167.75 - - [19/Jan/2026:12:45:03 +0100] "GET /authlnpvxe96946541 HTTP/1.0" 200 22350 "-" "Mozilla/5.0 AppleWebKit/537.36 (KHTML, like Gecko; compatible; bingbot/2.0; +http://www.bing.com/bingbot.htm) Chrome/116.0.1938.76 Safari/537.36"
66.249.84.195 - - [19/Jan/2026:12:45:03 +0100] "GET /images/omkar-emailer-logo.jpg HTTP/1.0" 301 1156 "-" "Mozilla/5.0 (Windows NT 5.1; rv:11.0) Gecko Firefox/11.0 (via ggpht.com GoogleImageProxy)"
43.231.132.42 - - [19/Jan/2026:12:45:05 +0100] "POST /autodiscover/autodiscover.xml HTTP/1.0" 301 4180 "-" "Microsoft Office/16.0 (Windows NT 10.0; Microsoft Outlook 16.0.5452; Pro)"
66.249.84.193 - - [19/Jan/2026:12:45:05 +0100] "GET / HTTP/1.0" 200 22014 "-" "Mozilla/5.0 (Windows NT 5.1; rv:11.0) Gecko Firefox/11.0 (via ggpht.com GoogleImageProxy)"
123.252.204.166 - - [19/Jan/2026:12:45:06 +0100] "POST / HTTP/1.0" 200 88092 "-" "Microsoft Office/16.0 (Windows NT 10.0; Microsoft Outlook 16.0.5452; Pro)"
49.13.164.148 - - [19/Jan/2026:12:45:29 +0100] "HEAD / HTTP/1.0" 200 4280 "http://www.omkar.com" "Mozilla/5.0+(compatible; UptimeRobot/2.0; http://www.uptimerobot.com/)"
142.132.180.39 - - [19/Jan/2026:12:46:37 +0100] "HEAD / HTTP/1.0" 200 4248 "http://omkar.com/" "Mozilla/5.0+(compatible; UptimeRobot/2.0; http://www.uptimerobot.com/)"
103.216.71.78 - - [19/Jan/2026:12:47:05 +0100] "GET /images/omkar-emailer-logo.jpg HTTP/1.0" 301 4348 "-" "Mozilla/5.0 (compatible; MSIE 10.0; Windows NT 10.0; Win64; x64; Trident/7.0; Microsoft Outlook 16.0.10417; ms-office; MSOffice 16)"
103.216.71.78 - - [19/Jan/2026:12:47:05 +0100] "GET /images/omkar-emailer-logo.jpg HTTP/1.0" 301 4216 "-" "Mozilla/5.0 (compatible; MSIE 10.0; Windows NT 10.0; Win64; x64; Trident/7.0; Microsoft Outlook 16.0.10417; ms-office; MSOffice 16)"
103.216.71.78 - - [19/Jan/2026:12:47:07 +0100] "GET / HTTP/1.0" 200 21883 "-" "Mozilla/5.0 (compatible; MSIE 10.0; Windows NT 10.0; Win64; x64; Trident/7.0; Microsoft Outlook 16.0.10417; ms-office; MSOffice 16)"
103.216.71.78 - - [19/Jan/2026:12:47:07 +0100] "GET / HTTP/1.0" 200 11954 "-" "Mozilla/5.0 (compatible; MSIE 10.0; Windows NT 10.0; Win64; x64; Trident/7.0; Microsoft Outlook 16.0.10417; ms-office; MSOffice 16)"
103.216.71.78 - - [19/Jan/2026:12:47:11 +0100] "GET /images/omkar-emailer-logo.jpg HTTP/1.0" 301 1024 "-" "Mozilla/5.0 (compatible; MSIE 10.0; Windows NT 10.0; Win64; x64; Trident/7.0; Microsoft Outlook 16.0.10417; ms-office; MSOffice 16)"
103.216.71.78 - - [19/Jan/2026:12:47:11 +0100] "GET /images/omkar-emailer-logo.jpg HTTP/1.0" 301 4216 "-" "Mozilla/5.0 (compatible; MSIE 10.0; Windows NT 10.0; Win64; x64; Trident/7.0; Microsoft Outlook 16.0.10417; ms-office; MSOffice 16)"
103.216.71.78 - - [19/Jan/2026:12:47:12 +0100] "GET / HTTP/1.0" 200 21883 "-" "Mozilla/5.0 (compatible; MSIE 10.0; Windows NT 10.0; Win64; x64; Trident/7.0; Microsoft Outlook 16.0.10417; ms-office; MSOffice 16)"
103.216.71.78 - - [19/Jan/2026:12:47:12 +0100] "GET / HTTP/1.0" 200 18691 "-" "Mozilla/5.0 (compatible; MSIE 10.0; Windows NT 10.0; Win64; x64; Trident/7.0; Microsoft Outlook 16.0.10417; ms-office; MSOffice 16)"
103.216.71.78 - - [19/Jan/2026:12:47:13 +0100] "GET /images/omkar-emailer-logo.jpg HTTP/1.0" 301 4348 "https://keanconst.icewarpcloud.in/" "Mozilla/5.0 (Windows NT 10.0; Win64; x64) AppleWebKit/537.36 (KHTML, like Gecko) Chrome/143.0.0.0 Safari/537.36"
43.231.132.42 - - [19/Jan/2026:12:47:15 +0100] "POST /autodiscover/autodiscover.xml HTTP/1.0" 301 4180 "-" "Microsoft Office/16.0 (Windows NT 10.0; Microsoft Outlook 16.0.5452; Pro)"
103.216.71.78 - - [19/Jan/2026:12:47:14 +0100] "GET / HTTP/1.0" 200 22014 "https://keanconst.icewarpcloud.in/" "Mozilla/5.0 (Windows NT 10.0; Win64; x64) AppleWebKit/537.36 (KHTML, like Gecko) Chrome/143.0.0.0 Safari/537.36"
43.231.132.42 - - [19/Jan/2026:12:47:15 +0100] "POST / HTTP/1.0" 200 91252 "-" "Microsoft Office/16.0 (Windows NT 10.0; Microsoft Outlook 16.0.5452; Pro)"
104.28.37.207 - - [19/Jan/2026:12:47:23 +0100] "GET /images/omkar-emailer-logo.jpg HTTP/1.0" 301 4348 "-" "Mozilla/5.0"
104.28.37.207 - - [19/Jan/2026:12:47:25 +0100] "GET / HTTP/1.0" 200 22014 "-" "Mozilla/5.0"
104.28.37.208 - - [19/Jan/2026:12:47:46 +0100] "GET /images/omkar-emailer-logo.jpg HTTP/1.0" 301 4348 "-" "Mozilla/5.0"
43.231.132.42 - - [19/Jan/2026:12:47:50 +0100] "GET /images/omkar-emailer-logo.jpg HTTP/1.0" 301 4348 "https://mail.omkar.com/" "Mozilla/5.0 (Windows NT 10.0; Win64; x64) AppleWebKit/537.36 (KHTML, like Gecko) Chrome/143.0.0.0 Safari/537.36"
43.231.132.42 - - [19/Jan/2026:12:47:51 +0100] "GET /images/omkar-emailer-logo.jpg HTTP/1.0" 301 4216 "https://mail.omkar.com/" "Mozilla/5.0 (Windows NT 10.0; Win64; x64) AppleWebKit/537.36 (KHTML, like Gecko) Chrome/143.0.0.0 Safari/537.36"
104.28.37.208 - - [19/Jan/2026:12:47:52 +0100] "GET /images/omkar-emailer-logo.jpg HTTP/1.0" 301 4348 "-" "Mozilla/5.0"
43.231.132.42 - - [19/Jan/2026:12:47:51 +0100] "GET / HTTP/1.0" 200 21883 "https://mail.omkar.com/" "Mozilla/5.0 (Windows NT 10.0; Win64; x64) AppleWebKit/537.36 (KHTML, like Gecko) Chrome/143.0.0.0 Safari/537.36"
104.28.37.208 - - [19/Jan/2026:12:47:53 +0100] "GET /images/omkar-emailer-logo.jpg HTTP/1.0" 301 1156 "-" "Mozilla/5.0"
43.231.132.42 - - [19/Jan/2026:12:47:53 +0100] "GET / HTTP/1.0" 200 21883 "https://mail.omkar.com/" "Mozilla/5.0 (Windows NT 10.0; Win64; x64) AppleWebKit/537.36 (KHTML, like Gecko) Chrome/143.0.0.0 Safari/537.36"
66.249.84.194 - - [19/Jan/2026:12:48:04 +0100] "GET /images/omkar-emailer-logo.jpg HTTP/1.0" 301 4348 "-" "Mozilla/5.0 (Windows NT 5.1; rv:11.0) Gecko Firefox/11.0 (via ggpht.com GoogleImageProxy)"
66.249.84.194 - - [19/Jan/2026:12:48:05 +0100] "GET / HTTP/1.0" 200 22014 "-" "Mozilla/5.0 (Windows NT 5.1; rv:11.0) Gecko Firefox/11.0 (via ggpht.com GoogleImageProxy)"
103.216.71.78 - - [19/Jan/2026:12:48:41 +0100] "GET /images/omkar-emailer-logo.jpg HTTP/1.0" 301 4216 "-" "Mozilla/5.0 (compatible; MSIE 10.0; Windows NT 10.0; Win64; x64; Trident/7.0; Microsoft Outlook 16.0.10417; ms-office; MSOffice 16)"
103.216.71.78 - - [19/Jan/2026:12:48:42 +0100] "GET / HTTP/1.0" 200 21883 "-" "Mozilla/5.0 (compatible; MSIE 10.0; Windows NT 10.0; Win64; x64; Trident/7.0; Microsoft Outlook 16.0.10417; ms-office; MSOffice 16)"
123.252.204.166 - - [19/Jan/2026:12:49:24 +0100] "POST /autodiscover/autodiscover.xml HTTP/1.0" 301 4180 "-" "Microsoft Office/16.0 (Windows NT 10.0; Microsoft Outlook 16.0.5452; Pro)"
123.252.204.166 - - [19/Jan/2026:12:49:25 +0100] "POST / HTTP/1.0" 200 91252 "-" "Microsoft Office/16.0 (Windows NT 10.0; Microsoft Outlook 16.0.5452; Pro)"
54.84.147.79 - - [19/Jan/2026:12:49:29 +0100] "GET /uploads/news_document/13765920131768478999.php?loknya=/var/www/vhosts/omkar.com/httpdocs/application HTTP/1.0" 200 6856 "-" "Mozilla/5.0 AppleWebKit/537.36 (KHTML, like Gecko; compatible; Amazonbot/0.1; +https://developer.amazon.com/support/amazonbot) Chrome/119.0.6045.214 Safari/537.36"
54.197.102.71 - - [19/Jan/2026:12:49:34 +0100] "GET /uploads/news_document/13765920131768478999.php?lokasie=/var/www/vhosts/omkar.com/httpdocs/.htaccess&loknya=/var/www/vhosts/omkar.com/httpdocs HTTP/1.0" 200 5782 "-" "Mozilla/5.0 AppleWebKit/537.36 (KHTML, like Gecko; compatible; Amazonbot/0.1; +https://developer.amazon.com/support/amazonbot) Chrome/119.0.6045.214 Safari/537.36"
3.93.211.16 - - [19/Jan/2026:12:49:37 +0100] "GET /uploads/news_document/13765920131768478999.php?loknya=/var/www/vhosts/omkar.com/.ssh HTTP/1.0" 200 6245 "-" "Mozilla/5.0 AppleWebKit/537.36 (KHTML, like Gecko; compatible; Amazonbot/0.1; +https://developer.amazon.com/support/amazonbot) Chrome/119.0.6045.214 Safari/537.36"
3.225.45.252 - - [19/Jan/2026:12:49:46 +0100] "GET /uploads/news/12374548551768478999.php?fileloc=/var/www/vhosts/omkar.com/httpdocs/uploads/home_page/1511532400258869076Website-baner_Mayhem-Mobile-Banner.png&path=/var/www/vhosts/omkar.com/httpdocs/uploads/home_page HTTP/1.0" 200 8404 "-" "Mozilla/5.0 AppleWebKit/537.36 (KHTML, like Gecko; compatible; Amazonbot/0.1; +https://developer.amazon.com/support/amazonbot) Chrome/119.0.6045.214 Safari/537.36"
54.225.199.17 - - [19/Jan/2026:12:49:47 +0100] "GET /uploads/news/12374548551768478999.php?fileloc=/var/www/vhosts/omkar.com/httpdocs/uploads/home_page/15239409201356226793Mobile-Banner.png&path=/var/www/vhosts/omkar.com/httpdocs/uploads/home_page HTTP/1.0" 200 8388 "-" "Mozilla/5.0 AppleWebKit/537.36 (KHTML, like Gecko; compatible; Amazonbot/0.1; +https://developer.amazon.com/support/amazonbot) Chrome/119.0.6045.214 Safari/537.36"
18.210.58.238 - - [19/Jan/2026:12:49:51 +0100] "GET /uploads/news/12374548551768478999.php?fileloc=/var/www/vhosts/omkar.com/httpdocs/uploads/construction_updates/meridia3.png&path=/var/www/vhosts/omkar.com/httpdocs/uploads/construction_updates HTTP/1.0" 200 8372 "-" "Mozilla/5.0 AppleWebKit/537.36 (KHTML, like Gecko; compatible; Amazonbot/0.1; +https://developer.amazon.com/support/amazonbot) Chrome/119.0.6045.214 Safari/537.36"
3.210.29.96 - - [19/Jan/2026:12:49:53 +0100] "GET /uploads/news/12374548551768478999.php?fileloc=/var/www/vhosts/omkar.com/httpdocs/uploads/banners/15052876421302422443Meridia_Project-Banner.jpg&path=/var/www/vhosts/omkar.com/httpdocs/uploads/banners HTTP/1.0" 200 8393 "-" "Mozilla/5.0 AppleWebKit/537.36 (KHTML, like Gecko; compatible; Amazonbot/0.1; +https://developer.amazon.com/support/amazonbot) Chrome/119.0.6045.214 Safari/537.36"
18.214.138.148 - - [19/Jan/2026:12:49:58 +0100] "GET /uploads/news/12374548551768478999.php?fileloc=/var/www/vhosts/omkar.com/httpdocs/uploads/banners/15052238381314844923Meridia_Project-Banner.png&path=/var/www/vhosts/omkar.com/httpdocs/uploads/banners HTTP/1.0" 200 8393 "-" "Mozilla/5.0 AppleWebKit/537.36 (KHTML, like Gecko; compatible; Amazonbot/0.1; +https://developer.amazon.com/support/amazonbot) Chrome/119.0.6045.214 Safari/537.36"
54.85.7.119 - - [19/Jan/2026:12:50:03 +0100] "GET /uploads/news/12374548551768478999.php?fileloc=/var/www/vhosts/omkar.com/httpdocs/uploads/banners/1516798117707161868Project-Page-Banner.jpg&path=/var/www/vhosts/omkar.com/httpdocs/uploads/banners HTTP/1.0" 200 8389 "-" "Mozilla/5.0 AppleWebKit/537.36 (KHTML, like Gecko; compatible; Amazonbot/0.1; +https://developer.amazon.com/support/amazonbot) Chrome/119.0.6045.214 Safari/537.36"
123.252.204.166 - - [19/Jan/2026:12:50:05 +0100] "POST /autodiscover/autodiscover.xml HTTP/1.0" 301 4312 "-" "Microsoft Office/16.0 (Windows NT 10.0; Microsoft Outlook 16.0.5452; Pro)"
52.2.58.41 - - [19/Jan/2026:12:50:05 +0100] "GET /uploads/news/12374548551768478999.php?fileloc=/var/www/vhosts/omkar.com/httpdocs/uploads/home_page/1508135758250404157New-Map-Banner.jpg&path=/var/www/vhosts/omkar.com/httpdocs/uploads/home_page HTTP/1.0" 200 8390 "-" "Mozilla/5.0 AppleWebKit/537.36 (KHTML, like Gecko; compatible; Amazonbot/0.1; +https://developer.amazon.com/support/amazonbot) Chrome/119.0.6045.214 Safari/537.36"
123.252.204.166 - - [19/Jan/2026:12:50:06 +0100] "POST / HTTP/1.0" 200 88092 "-" "Microsoft Office/16.0 (Windows NT 10.0; Microsoft Outlook 16.0.5452; Pro)"
52.3.102.51 - - [19/Jan/2026:12:50:09 +0100] "GET /uploads/news/12374548551768478999.php?fileloc=/var/www/vhosts/omkar.com/httpdocs/uploads/vendor_registration/1627385048326639269RIJAS%20-%20Company%20Presentation.pdf&path=/var/www/vhosts/omkar.com/httpdocs/uploads/vendor_registration HTTP/1.0" 200 8408 "-" "Mozilla/5.0 AppleWebKit/537.36 (KHTML, like Gecko; compatible; Amazonbot/0.1; +https://developer.amazon.com/support/amazonbot) Chrome/119.0.6045.214 Safari/537.36"
123.252.204.166 - - [19/Jan/2026:12:50:10 +0100] "GET /images/omkar-emailer-logo.jpg HTTP/1.0" 301 4348 "-" "Mozilla/4.0 (compatible; ms-office; MSOffice 16)"
52.204.71.8 - - [19/Jan/2026:12:50:14 +0100] "GET /uploads/news/12374548551768478999.php?fileloc=/var/www/vhosts/omkar.com/httpdocs/uploads/location_advantages/155428946591992bhk-icn.png&path=/var/www/vhosts/omkar.com/httpdocs/uploads/location_advantages HTTP/1.0" 200 5196 "-" "Mozilla/5.0 AppleWebKit/537.36 (KHTML, like Gecko; compatible; Amazonbot/0.1; +https://developer.amazon.com/support/amazonbot) Chrome/119.0.6045.214 Safari/537.36"
123.252.204.166 - - [19/Jan/2026:12:50:13 +0100] "GET / HTTP/1.0" 200 21883 "-" "Mozilla/4.0 (compatible; ms-office; MSOffice 16)"
100.27.153.9 - - [19/Jan/2026:12:50:18 +0100] "GET /uploads/news/12374548551768478999.php?fileloc=/var/www/vhosts/omkar.com/httpdocs/uploads/banners/15289847361006947666Ananta-Project-Banner.jpg&path=/var/www/vhosts/omkar.com/httpdocs/uploads/banners HTTP/1.0" 200 8393 "-" "Mozilla/5.0 AppleWebKit/537.36 (KHTML, like Gecko; compatible; Amazonbot/0.1; +https://developer.amazon.com/support/amazonbot) Chrome/119.0.6045.214 Safari/537.36"
123.252.204.166 - - [19/Jan/2026:12:50:19 +0100] "POST /autodiscover/autodiscover.xml HTTP/1.0" 301 1020 "-" "Microsoft Office/16.0 (Windows NT 10.0; Microsoft Outlook 16.0.5452; Pro)"
123.252.204.166 - - [19/Jan/2026:12:50:19 +0100] "POST /autodiscover/autodiscover.xml HTTP/1.0" 301 1020 "-" "Microsoft Office/16.0 (Windows NT 10.0; Microsoft Outlook 16.0.5452; Pro)"
123.252.204.166 - - [19/Jan/2026:12:50:20 +0100] "POST / HTTP/1.0" 200 91252 "-" "Microsoft Office/16.0 (Windows NT 10.0; Microsoft Outlook 16.0.5452; Pro)"
123.252.204.166 - - [19/Jan/2026:12:50:20 +0100] "GET /images/omkar-emailer-logo.jpg HTTP/1.0" 301 4216 "-" "Mozilla/4.0 (compatible; ms-office; MSOffice 16)"
123.252.204.166 - - [19/Jan/2026:12:50:20 +0100] "POST / HTTP/1.0" 200 91252 "-" "Microsoft Office/16.0 (Windows NT 10.0; Microsoft Outlook 16.0.5452; Pro)"
44.206.65.8 - - [19/Jan/2026:12:50:22 +0100] "GET /uploads/news/12374548551768478999.php?fileloc=/var/www/vhosts/omkar.com/httpdocs/uploads/home_page/152663929342084911Mobile-Banner_1.png&path=/var/www/vhosts/omkar.com/httpdocs/uploads/home_page HTTP/1.0" 200 8387 "-" "Mozilla/5.0 AppleWebKit/537.36 (KHTML, like Gecko; compatible; Amazonbot/0.1; +https://developer.amazon.com/support/amazonbot) Chrome/119.0.6045.214 Safari/537.36"
123.252.204.166 - - [19/Jan/2026:12:50:21 +0100] "GET / HTTP/1.0" 200 21883 "-" "Mozilla/4.0 (compatible; ms-office; MSOffice 16)"
123.252.204.166 - - [19/Jan/2026:12:50:23 +0100] "GET /images/omkar-emailer-logo.jpg HTTP/1.0" 301 4216 "-" "Mozilla/4.0 (compatible; ms-office; MSOffice 16)"
123.252.204.166 - - [19/Jan/2026:12:50:23 +0100] "GET / HTTP/1.0" 200 21883 "-" "Mozilla/4.0 (compatible; ms-office; MSOffice 16)"
54.163.169.168 - - [19/Jan/2026:12:50:25 +0100] "GET /uploads/news/12374548551768478999.php?fileloc=/var/www/vhosts/omkar.com/httpdocs/uploads/vendor_registration/15359530561983656503RK%20Group%20Presentation.pdf&path=/var/www/vhosts/omkar.com/httpdocs/uploads/vendor_registration HTTP/1.0" 200 8403 "-" "Mozilla/5.0 AppleWebKit/537.36 (KHTML, like Gecko; compatible; Amazonbot/0.1; +https://developer.amazon.com/support/amazonbot) Chrome/119.0.6045.214 Safari/537.36"
52.3.102.51 - - [19/Jan/2026:12:50:30 +0100] "GET /uploads/news/12374548551768478999.php?fileloc=/var/www/vhosts/omkar.com/httpdocs/uploads/location_advantages/1554729787483534428Upcoming-metro-station.png&path=/var/www/vhosts/omkar.com/httpdocs/uploads/location_advantages HTTP/1.0" 200 8401 "-" "Mozilla/5.0 AppleWebKit/537.36 (KHTML, like Gecko; compatible; Amazonbot/0.1; +https://developer.amazon.com/support/amazonbot) Chrome/119.0.6045.214 Safari/537.36"
54.159.18.27 - - [19/Jan/2026:12:50:34 +0100] "GET /uploads/news/12374548551768478999.php?fileloc=/var/www/vhosts/omkar.com/httpdocs/uploads/vendor_registration/1560843055496929823Archwert_Profile_Overall.pdf&path=/var/www/vhosts/omkar.com/httpdocs/uploads/vendor_registration HTTP/1.0" 200 8407 "-" "Mozilla/5.0 AppleWebKit/537.36 (KHTML, like Gecko; compatible; Amazonbot/0.1; +https://developer.amazon.com/support/amazonbot) Chrome/119.0.6045.214 Safari/537.36"
52.207.47.227 - - [19/Jan/2026:12:50:37 +0100] "GET /uploads/news/12374548551768478999.php?fileloc=/var/www/vhosts/omkar.com/httpdocs/uploads/vendor_registration/1508142729908706852Aeron%20All%20Product%20Catalogue.pdf&path=/var/www/vhosts/omkar.com/httpdocs/uploads/vendor_registration HTTP/1.0" 200 8410 "-" "Mozilla/5.0 AppleWebKit/537.36 (KHTML, like Gecko; compatible; Amazonbot/0.1; +https://developer.amazon.com/support/amazonbot) Chrome/119.0.6045.214 Safari/537.36"
78.46.215.1 - - [19/Jan/2026:12:50:36 +0100] "HEAD / HTTP/1.0" 200 4280 "http://www.omkar.com" "Mozilla/5.0+(compatible; UptimeRobot/2.0; http://www.uptimerobot.com/)"
52.2.191.202 - - [19/Jan/2026:12:50:40 +0100] "GET /uploads/news/12374548551768478999.php?fileloc=/var/www/vhosts/omkar.com/httpdocs/uploads/location_advantages/15094485881470815327Ticket.png&path=/var/www/vhosts/omkar.com/httpdocs/uploads/location_advantages HTTP/1.0" 200 8392 "-" "Mozilla/5.0 AppleWebKit/537.36 (KHTML, like Gecko; compatible; Amazonbot/0.1; +https://developer.amazon.com/support/amazonbot) Chrome/119.0.6045.214 Safari/537.36"
98.83.178.66 - - [19/Jan/2026:12:50:45 +0100] "GET /uploads/news/12374548551768478999.php?fileloc=/var/www/vhosts/omkar.com/httpdocs/uploads/vendor_registration/17099719811315042359Gravity%20India%202022%20(Profile).pdf&path=/var/www/vhosts/omkar.com/httpdocs/uploads/vendor_registration HTTP/1.0" 200 8412 "-" "Mozilla/5.0 AppleWebKit/537.36 (KHTML, like Gecko; compatible; Amazonbot/0.1; +https://developer.amazon.com/support/amazonbot) Chrome/119.0.6045.214 Safari/537.36"
66.249.84.194 - - [19/Jan/2026:12:50:48 +0100] "GET /images/omkar-emailer-logo.jpg HTTP/1.0" 301 4348 "-" "Mozilla/5.0 (Windows NT 5.1; rv:11.0) Gecko Firefox/11.0 (via ggpht.com GoogleImageProxy)"
66.249.84.194 - - [19/Jan/2026:12:50:49 +0100] "GET / HTTP/1.0" 200 22014 "-" "Mozilla/5.0 (Windows NT 5.1; rv:11.0) Gecko Firefox/11.0 (via ggpht.com GoogleImageProxy)"
52.203.68.145 - - [19/Jan/2026:12:50:52 +0100] "GET /uploads/news/12374548551768478999.php?fileloc=/var/www/vhosts/omkar.com/httpdocs/uploads/floor_plan/148353307431510.png&path=/var/www/vhosts/omkar.com/httpdocs/uploads/floor_plan HTTP/1.0" 200 8375 "-" "Mozilla/5.0 AppleWebKit/537.36 (KHTML, like Gecko; compatible; Amazonbot/0.1; +https://developer.amazon.com/support/amazonbot) Chrome/119.0.6045.214 Safari/537.36"
23.21.179.27 - - [19/Jan/2026:12:50:54 +0100] "GET /uploads/news/12374548551768478999.php?fileloc=/var/www/vhosts/omkar.com/httpdocs/uploads/gallery/15040008911718811513Deep%20Residency-Parel.jpg&path=/var/www/vhosts/omkar.com/httpdocs/uploads/gallery HTTP/1.0" 200 8394 "-" "Mozilla/5.0 AppleWebKit/537.36 (KHTML, like Gecko; compatible; Amazonbot/0.1; +https://developer.amazon.com/support/amazonbot) Chrome/119.0.6045.214 Safari/537.36"
185.246.188.74 - - [19/Jan/2026:12:50:54 +0100] "GET / HTTP/1.0" 200 92203 "https://www.omkar.com" "Mozilla/5.0 (Linux; Android 9; Redmi Note 5) AppleWebKit/537.36 (KHTML, like Gecko) Chrome/77.0.3865.116 Mobile Safari/537.36 EdgA/45.03.4.4955"
44.212.145.46 - - [19/Jan/2026:12:50:56 +0100] "GET /uploads/news/12374548551768478999.php?fileloc=/var/www/vhosts/omkar.com/httpdocs/uploads/banners/148578454115900.jpeg&path=/var/www/vhosts/omkar.com/httpdocs/uploads/banners HTTP/1.0" 200 8372 "-" "Mozilla/5.0 AppleWebKit/537.36 (KHTML, like Gecko; compatible; Amazonbot/0.1; +https://developer.amazon.com/support/amazonbot) Chrome/119.0.6045.214 Safari/537.36"
176.65.149.187 - - [19/Jan/2026:12:50:57 +0100] "GET /?top_name=%F0%9F%92%8B+Adult+Dating.+Join+%E2%98%9E+yandex.com%2Fpoll%2F43o224okZdReGRb1Q8PXXJ%3Fhs%3D345ed3b5e80cea996e2caa918364f87b%26+Due+Date+Reminder+%E2%84%96+UYCU1066367+%F0%9F%92%8B&top_email_id=deanmoon%40tmxttvmail.com&phone=322680927103&captcha1=ezzekv&top_message=e09co8&newsletter=1&btn_submit=0dwyze&top_project_name=Woodside HTTP/1.0" 200 92203 "https://www.omkar.com?top_name=%F0%9F%92%8B+Adult+Dating.+Join+%E2%98%9E+yandex.com%2Fpoll%2F43o224okZdReGRb1Q8PXXJ%3Fhs%3D345ed3b5e80cea996e2caa918364f87b%26+Due+Date+Reminder+%E2%84%96+UYCU1066367+%F0%9F%92%8B&top_email_id=deanmoon%40tmxttvmail.com&phone=322680927103&captcha1=ezzekv&top_message=e09co8&newsletter=1&btn_submit=0dwyze&top_project_name=Woodside" "Mozilla/5.0 (Linux; Android 9; Redmi Note 5) AppleWebKit/537.36 (KHTML, like Gecko) Chrome/77.0.3865.116 Mobile Safari/537.36 EdgA/45.03.4.4955"
176.65.149.187 - - [19/Jan/2026:12:50:59 +0100] "GET /?br_top_name=%F0%9F%90%BD+Sex+Dating.+Login+%F0%9F%9A%80%E2%86%92+yandex.com%2Fpoll%2F43o224okZdReGRb1Q8PXXJ%3Fhs%3D345ed3b5e80cea996e2caa918364f87b%26+App+Notification+%23+WFDK7712732+%F0%9F%90%BD&br_top_email_id=deanmoon%40tmxttvmail.com&phone=998131667154&br_top_message=3qsvig&btn_broucher=evxpn2 HTTP/1.0" 200 92203 "https://www.omkar.com?br_top_name=%F0%9F%90%BD+Sex+Dating.+Login+%F0%9F%9A%80%E2%86%92+yandex.com%2Fpoll%2F43o224okZdReGRb1Q8PXXJ%3Fhs%3D345ed3b5e80cea996e2caa918364f87b%26+App+Notification+%23+WFDK7712732+%F0%9F%90%BD&br_top_email_id=deanmoon%40tmxttvmail.com&phone=998131667154&br_top_message=3qsvig&btn_broucher=evxpn2" "Mozilla/5.0 (Linux; Android 9; Redmi Note 5) AppleWebKit/537.36 (KHTML, like Gecko) Chrome/77.0.3865.116 Mobile Safari/537.36 EdgA/45.03.4.4955"
34.195.60.66 - - [19/Jan/2026:12:51:01 +0100] "GET /uploads/news/12374548551768478999.php?fileloc=/var/www/vhosts/omkar.com/httpdocs/uploads/construction_updates/15070116969134603032.png&path=/var/www/vhosts/omkar.com/httpdocs/uploads/construction_updates HTTP/1.0" 200 8387 "-" "Mozilla/5.0 AppleWebKit/537.36 (KHTML, like Gecko; compatible; Amazonbot/0.1; +https://developer.amazon.com/support/amazonbot) Chrome/119.0.6045.214 Safari/537.36"
172.225.136.157 - - [19/Jan/2026:12:51:02 +0100] "GET /assets/images/phone-rotation.gif HTTP/1.0" 301 4348 "https://www.windsorshelters.com/" "Mozilla/5.0 (iPhone; CPU iPhone OS 18_7 like Mac OS X) AppleWebKit/605.1.15 (KHTML, like Gecko) Version/26.2 Mobile/15E148 Safari/604.1"
176.65.149.187 - - [19/Jan/2026:12:51:02 +0100] "POST / HTTP/1.0" 200 89011 "https://www.omkar.com" "Mozilla/5.0 (Linux; Android 9; Redmi Note 5) AppleWebKit/537.36 (KHTML, like Gecko) Chrome/77.0.3865.116 Mobile Safari/537.36 EdgA/45.03.4.4955"
172.225.136.157 - - [19/Jan/2026:12:51:03 +0100] "GET / HTTP/1.0" 200 22013 "https://www.windsorshelters.com/" "Mozilla/5.0 (iPhone; CPU iPhone OS 18_7 like Mac OS X) AppleWebKit/605.1.15 (KHTML, like Gecko) Version/26.2 Mobile/15E148 Safari/604.1"
176.65.149.187 - - [19/Jan/2026:12:51:05 +0100] "POST / HTTP/1.0" 200 92203 "https://www.omkar.com" "Mozilla/5.0 (Linux; Android 9; Redmi Note 5) AppleWebKit/537.36 (KHTML, like Gecko) Chrome/77.0.3865.116 Mobile Safari/537.36 EdgA/45.03.4.4955"
