64.31.20.24 - - [21/Jan/2026:09:46:41 +0100] "GET / HTTP/1.0" 301 162 "http://omkar.com/" "Mozilla/5.0 (Windows NT 10.0; Win64; x64) AppleWebKit/537.36 (KHTML, like Gecko) Chrome/130.0.0.0 Safari/537.36"
4.213.99.137 - - [21/Jan/2026:09:48:54 +0100] "GET /wp-content/plugins/hellopress/wp_filemanager.php HTTP/1.1" 301 162 "-" "-"
4.213.99.137 - - [21/Jan/2026:09:48:56 +0100] "GET /class-t.api.php HTTP/1.1" 301 162 "-" "-"
4.213.99.137 - - [21/Jan/2026:09:48:58 +0100] "GET /zwso.php HTTP/1.1" 301 162 "-" "-"
4.213.99.137 - - [21/Jan/2026:09:48:59 +0100] "GET /wp-admin/css/colors/blue/index.php HTTP/1.1" 301 162 "-" "-"
4.213.99.137 - - [21/Jan/2026:09:49:01 +0100] "GET /class19.php HTTP/1.1" 301 162 "-" "-"
4.213.99.137 - - [21/Jan/2026:09:49:03 +0100] "GET /class20.php HTTP/1.1" 301 162 "-" "-"
4.213.99.137 - - [21/Jan/2026:09:49:04 +0100] "GET /admin.php?p= HTTP/1.1" 301 162 "-" "-"
4.213.99.137 - - [21/Jan/2026:09:49:06 +0100] "GET /randkeyword.php HTTP/1.1" 301 162 "-" "-"
4.213.99.137 - - [21/Jan/2026:09:49:07 +0100] "GET /fwe.php HTTP/1.1" 301 162 "-" "-"
4.213.99.137 - - [21/Jan/2026:09:49:09 +0100] "GET /images/m.php HTTP/1.1" 301 162 "-" "-"
4.213.99.137 - - [21/Jan/2026:09:49:10 +0100] "GET /g.php HTTP/1.1" 301 162 "-" "-"
4.213.99.137 - - [21/Jan/2026:09:49:12 +0100] "GET /tx1.php HTTP/1.1" 301 162 "-" "-"
4.213.99.137 - - [21/Jan/2026:09:49:14 +0100] "GET /xv.php HTTP/1.1" 301 162 "-" "-"
4.213.99.137 - - [21/Jan/2026:09:49:16 +0100] "GET /x56.php HTTP/1.1" 301 162 "-" "-"
4.213.99.137 - - [21/Jan/2026:09:49:17 +0100] "GET /htaccess.php HTTP/1.1" 301 162 "-" "-"
4.213.99.137 - - [21/Jan/2026:09:49:19 +0100] "GET /readme.php HTTP/1.1" 301 162 "-" "-"
4.213.99.137 - - [21/Jan/2026:09:49:21 +0100] "GET /x50.php HTTP/1.1" 301 162 "-" "-"
4.213.99.137 - - [21/Jan/2026:09:49:22 +0100] "GET /fv.php HTTP/1.1" 301 162 "-" "-"
4.213.99.137 - - [21/Jan/2026:09:49:23 +0100] "GET /file.php? HTTP/1.1" 301 162 "-" "-"
4.213.99.137 - - [21/Jan/2026:09:49:26 +0100] "GET /lsd.php HTTP/1.1" 301 162 "-" "-"
4.213.99.137 - - [21/Jan/2026:09:49:27 +0100] "GET /as.php HTTP/1.1" 301 162 "-" "-"
4.213.99.137 - - [21/Jan/2026:09:49:29 +0100] "GET /wsd.php HTTP/1.1" 301 162 "-" "-"
4.213.99.137 - - [21/Jan/2026:09:49:30 +0100] "GET /gtc.php HTTP/1.1" 301 162 "-" "-"
4.213.99.137 - - [21/Jan/2026:09:49:31 +0100] "GET /atx.php HTTP/1.1" 301 162 "-" "-"
4.213.99.137 - - [21/Jan/2026:09:49:32 +0100] "GET /z60.php HTTP/1.1" 301 162 "-" "-"
4.213.99.137 - - [21/Jan/2026:09:49:33 +0100] "GET /403.php HTTP/1.1" 301 162 "-" "-"
4.213.99.137 - - [21/Jan/2026:09:49:36 +0100] "GET /m.php HTTP/1.1" 301 162 "-" "-"
4.213.99.137 - - [21/Jan/2026:09:49:37 +0100] "GET /themes.php HTTP/1.1" 301 162 "-" "-"
4.213.99.137 - - [21/Jan/2026:09:49:38 +0100] "GET /wp-admin/maint/about.php HTTP/1.1" 301 162 "-" "-"
4.213.99.137 - - [21/Jan/2026:09:49:41 +0100] "GET /wp-admin/network/wp-conflg.php?p= HTTP/1.1" 301 162 "-" "-"
4.213.99.137 - - [21/Jan/2026:09:49:42 +0100] "GET /click.php HTTP/1.1" 301 162 "-" "-"
4.213.99.137 - - [21/Jan/2026:09:49:44 +0100] "GET /install.php HTTP/1.1" 301 162 "-" "-"
4.213.99.137 - - [21/Jan/2026:09:49:46 +0100] "GET /lv.php HTTP/1.1" 301 162 "-" "-"
4.213.99.137 - - [21/Jan/2026:09:49:47 +0100] "GET /simple.php HTTP/1.1" 301 162 "-" "-"
4.213.99.137 - - [21/Jan/2026:09:49:48 +0100] "GET /css.php HTTP/1.1" 301 162 "-" "-"
4.213.99.137 - - [21/Jan/2026:09:49:49 +0100] "GET /cong.php HTTP/1.1" 301 162 "-" "-"
4.213.99.137 - - [21/Jan/2026:09:49:51 +0100] "GET /wp-includes/images/wp-login.php HTTP/1.1" 301 162 "-" "-"
4.213.99.137 - - [21/Jan/2026:09:49:53 +0100] "GET /cong.php HTTP/1.1" 301 162 "-" "-"
4.213.99.137 - - [21/Jan/2026:09:49:54 +0100] "GET /w.php HTTP/1.1" 301 162 "-" "-"
4.213.99.137 - - [21/Jan/2026:09:49:55 +0100] "GET /404.php HTTP/1.1" 301 162 "-" "-"
4.213.99.137 - - [21/Jan/2026:09:49:56 +0100] "GET /ioxi-o.php HTTP/1.1" 301 162 "-" "-"
4.213.99.137 - - [21/Jan/2026:09:49:58 +0100] "GET /0x.php HTTP/1.1" 301 162 "-" "-"
4.213.99.137 - - [21/Jan/2026:09:49:59 +0100] "GET /css.php HTTP/1.1" 301 162 "-" "-"
4.213.99.137 - - [21/Jan/2026:09:50:00 +0100] "GET /222.php HTTP/1.1" 301 162 "-" "-"
4.213.99.137 - - [21/Jan/2026:09:50:02 +0100] "GET /wp-content/index.php HTTP/1.1" 301 162 "-" "-"
4.213.99.137 - - [21/Jan/2026:09:50:03 +0100] "GET /admin.php HTTP/1.1" 301 162 "-" "-"
4.213.99.137 - - [21/Jan/2026:09:50:05 +0100] "GET /wp-admin/maint/maint.php HTTP/1.1" 301 162 "-" "-"
4.213.99.137 - - [21/Jan/2026:09:50:08 +0100] "GET /classwithtostring.php HTTP/1.1" 301 162 "-" "-"
4.213.99.137 - - [21/Jan/2026:09:50:09 +0100] "GET /abcd.php HTTP/1.1" 301 162 "-" "-"
4.213.99.137 - - [21/Jan/2026:09:50:11 +0100] "GET /autoload_classmap.php?p= HTTP/1.1" 301 162 "-" "-"
4.213.99.137 - - [21/Jan/2026:09:50:12 +0100] "GET /inputs.php HTTP/1.1" 301 162 "-" "-"
4.213.99.137 - - [21/Jan/2026:09:50:14 +0100] "GET /about.php HTTP/1.1" 301 162 "-" "-"
4.213.99.137 - - [21/Jan/2026:09:50:16 +0100] "GET /alfa.php HTTP/1.1" 301 162 "-" "-"
4.213.99.137 - - [21/Jan/2026:09:50:17 +0100] "GET /themes/twentytwentytwo/index.php HTTP/1.1" 301 162 "-" "-"
4.213.99.137 - - [21/Jan/2026:09:50:19 +0100] "GET /wp-admin/js/wp-conflg.php?p= HTTP/1.1" 301 162 "-" "-"
4.213.99.137 - - [21/Jan/2026:09:50:20 +0100] "GET /wp-admin/wp-conflg.php?p= HTTP/1.1" 301 162 "-" "-"
4.213.99.137 - - [21/Jan/2026:09:50:21 +0100] "GET /wp-admin/css/wp-conflg.php?p= HTTP/1.1" 301 162 "-" "-"
4.213.99.137 - - [21/Jan/2026:09:50:22 +0100] "GET /manager.php?p= HTTP/1.1" 301 162 "-" "-"
4.213.99.137 - - [21/Jan/2026:09:50:23 +0100] "GET /item.php HTTP/1.1" 301 162 "-" "-"
4.213.99.137 - - [21/Jan/2026:09:50:24 +0100] "GET /plugins/Cache/footer.php HTTP/1.1" 301 162 "-" "-"
4.213.99.137 - - [21/Jan/2026:09:50:25 +0100] "GET /404.php HTTP/1.1" 301 162 "-" "-"
4.213.99.137 - - [21/Jan/2026:09:50:26 +0100] "GET /mail.php HTTP/1.1" 301 162 "-" "-"
168.119.53.160 - - [21/Jan/2026:09:50:27 +0100] "HEAD / HTTP/1.1" 301 0 "http://www.omkar.com" "Mozilla/5.0+(compatible; UptimeRobot/2.0; http://www.uptimerobot.com/)"
4.213.99.137 - - [21/Jan/2026:09:50:29 +0100] "GET /wp-content/plugins/index.php HTTP/1.1" 301 162 "-" "-"
4.213.99.137 - - [21/Jan/2026:09:50:30 +0100] "GET /sx.php HTTP/1.1" 301 162 "-" "-"
4.213.99.137 - - [21/Jan/2026:09:50:31 +0100] "GET /wp-admin/maint/admin.php HTTP/1.1" 301 162 "-" "-"
4.213.99.137 - - [21/Jan/2026:09:50:35 +0100] "GET /alfa.php HTTP/1.1" 301 162 "-" "-"
4.213.99.137 - - [21/Jan/2026:09:50:36 +0100] "GET /1.php HTTP/1.1" 301 162 "-" "-"
4.213.99.137 - - [21/Jan/2026:09:50:37 +0100] "GET /byp.php HTTP/1.1" 301 162 "-" "-"
4.213.99.137 - - [21/Jan/2026:09:50:39 +0100] "GET /wp-trackback.php HTTP/1.1" 301 162 "-" "-"
4.213.99.137 - - [21/Jan/2026:09:50:40 +0100] "GET /.well-known/index.php HTTP/1.1" 301 162 "-" "-"
4.213.99.137 - - [21/Jan/2026:09:50:42 +0100] "GET /wp-admin/network/plugins.php HTTP/1.1" 301 162 "-" "-"
4.213.99.137 - - [21/Jan/2026:09:50:44 +0100] "GET /wp-admin/about.php HTTP/1.1" 301 162 "-" "-"
4.213.99.137 - - [21/Jan/2026:09:50:45 +0100] "GET /gmo.php HTTP/1.1" 301 162 "-" "-"
4.213.99.137 - - [21/Jan/2026:09:50:46 +0100] "GET /wp-includes/ID3/about.php HTTP/1.1" 301 162 "-" "-"
4.213.99.137 - - [21/Jan/2026:09:50:48 +0100] "GET /css/index.php HTTP/1.1" 301 162 "-" "-"
4.213.99.137 - - [21/Jan/2026:09:50:50 +0100] "GET /wp-includes/SimplePie/wp-login.php HTTP/1.1" 301 162 "-" "-"
4.213.99.137 - - [21/Jan/2026:09:50:52 +0100] "GET /wp-content/themes/about.php HTTP/1.1" 301 162 "-" "-"
4.213.99.137 - - [21/Jan/2026:09:50:54 +0100] "GET /filemanager/dialog.php HTTP/1.1" 301 162 "-" "-"
185.193.157.177 - - [21/Jan/2026:09:50:55 +0100] "GET / HTTP/1.1" 301 162 "-" "Mozilla/5.0 (Windows NT 10.0; Win64; x64) AppleWebKit/537.36 (KHTML, like Gecko) Chrome/78.0.3904.108 Safari/537.36"
4.213.99.137 - - [21/Jan/2026:09:50:55 +0100] "GET /wp-admin/maint/index.php HTTP/1.1" 301 162 "-" "-"
88.99.80.227 - - [21/Jan/2026:09:50:56 +0100] "HEAD / HTTP/1.1" 301 0 "http://omkar.com/" "Mozilla/5.0+(compatible; UptimeRobot/2.0; http://www.uptimerobot.com/)"
4.213.99.137 - - [21/Jan/2026:09:50:57 +0100] "GET /wp-includes/customize/about.php HTTP/1.1" 301 162 "-" "-"
4.213.99.137 - - [21/Jan/2026:09:50:58 +0100] "GET /index/function.php HTTP/1.1" 301 162 "-" "-"
4.213.99.137 - - [21/Jan/2026:09:51:00 +0100] "GET /uploads/autoload_classmap.php HTTP/1.1" 301 162 "-" "-"
4.213.99.137 - - [21/Jan/2026:09:51:01 +0100] "GET /wp-includes/style-engine/about.php HTTP/1.1" 301 162 "-" "-"
4.213.99.137 - - [21/Jan/2026:09:51:02 +0100] "GET /ww1.php HTTP/1.1" 301 162 "-" "-"
4.213.99.137 - - [21/Jan/2026:09:51:03 +0100] "GET /about/function.php HTTP/1.1" 301 162 "-" "-"
4.213.99.137 - - [21/Jan/2026:09:51:05 +0100] "GET /admin/function.php HTTP/1.1" 301 162 "-" "-"
4.213.99.137 - - [21/Jan/2026:09:51:06 +0100] "GET /.well-known/acme-challenge/index.php HTTP/1.1" 301 162 "-" "-"
4.213.99.137 - - [21/Jan/2026:09:51:06 +0100] "GET /css/colors/blue/index.php HTTP/1.1" 301 162 "-" "-"
4.213.99.137 - - [21/Jan/2026:09:51:07 +0100] "GET /security.php HTTP/1.1" 301 162 "-" "-"
4.213.99.137 - - [21/Jan/2026:09:51:08 +0100] "GET /wp-admin/user/about.php HTTP/1.1" 301 162 "-" "-"
4.213.99.137 - - [21/Jan/2026:09:51:09 +0100] "GET /wp-admin/js/index.php HTTP/1.1" 301 162 "-" "-"
4.213.99.137 - - [21/Jan/2026:09:51:11 +0100] "GET /wp-content/upgrade/about.php HTTP/1.1" 301 162 "-" "-"
4.213.99.137 - - [21/Jan/2026:09:51:12 +0100] "GET /wp-includes/assets/index.php HTTP/1.1" 301 162 "-" "-"
4.213.99.137 - - [21/Jan/2026:09:51:14 +0100] "GET /wp-content/radio.php HTTP/1.1" 301 162 "-" "-"
4.213.99.137 - - [21/Jan/2026:09:51:15 +0100] "GET /wp-includes/fonts/index.php?p= HTTP/1.1" 301 162 "-" "-"
4.213.99.137 - - [21/Jan/2026:09:51:17 +0100] "GET /.well-known/admin.php HTTP/1.1" 301 162 "-" "-"
4.213.99.137 - - [21/Jan/2026:09:51:18 +0100] "GET /wp-content/admin.php HTTP/1.1" 301 162 "-" "-"
4.213.99.137 - - [21/Jan/2026:09:51:20 +0100] "GET /wp-content/plugins/admin.php HTTP/1.1" 301 162 "-" "-"
4.213.99.137 - - [21/Jan/2026:09:51:21 +0100] "GET /wp-content/themes/twentytwentytwo/index.php?p= HTTP/1.1" 301 162 "-" "-"
4.213.99.137 - - [21/Jan/2026:09:51:23 +0100] "GET /.well-known/log.php HTTP/1.1" 301 162 "-" "-"
4.213.99.137 - - [21/Jan/2026:09:51:24 +0100] "GET /class.php HTTP/1.1" 301 162 "-" "-"
4.213.99.137 - - [21/Jan/2026:09:51:26 +0100] "GET /bless5.php HTTP/1.1" 301 162 "-" "-"
4.213.99.137 - - [21/Jan/2026:09:51:27 +0100] "GET /wp-includes/js/codemirror/index.php HTTP/1.1" 301 162 "-" "-"
4.213.99.137 - - [21/Jan/2026:09:51:28 +0100] "GET /wp-includes/block-patterns/index.php HTTP/1.1" 301 162 "-" "-"
4.213.99.137 - - [21/Jan/2026:09:51:30 +0100] "GET /lock360.php HTTP/1.1" 301 162 "-" "-"
4.213.99.137 - - [21/Jan/2026:09:51:31 +0100] "GET /f35.php HTTP/1.1" 301 162 "-" "-"
4.213.99.137 - - [21/Jan/2026:09:51:32 +0100] "GET /ioxi-o1.php HTTP/1.1" 301 162 "-" "-"
4.213.99.137 - - [21/Jan/2026:09:51:35 +0100] "GET /juuuu.php HTTP/1.1" 301 162 "-" "-"
4.213.99.137 - - [21/Jan/2026:09:51:36 +0100] "GET /ha.php HTTP/1.1" 301 162 "-" "-"
4.213.99.137 - - [21/Jan/2026:09:51:38 +0100] "GET /gg.php HTTP/1.1" 301 162 "-" "-"
4.213.99.137 - - [21/Jan/2026:09:51:39 +0100] "GET /we2.php HTTP/1.1" 301 162 "-" "-"
4.213.99.137 - - [21/Jan/2026:09:51:40 +0100] "GET /04.php HTTP/1.1" 301 162 "-" "-"
4.213.99.137 - - [21/Jan/2026:09:51:42 +0100] "GET /333.php HTTP/1.1" 301 162 "-" "-"
4.213.99.137 - - [21/Jan/2026:09:51:44 +0100] "GET /520.php HTTP/1.1" 301 162 "-" "-"
4.213.99.137 - - [21/Jan/2026:09:51:45 +0100] "GET /ar.php HTTP/1.1" 301 162 "-" "-"
4.213.99.137 - - [21/Jan/2026:09:51:47 +0100] "GET /x.php HTTP/1.1" 301 162 "-" "-"
4.213.99.137 - - [21/Jan/2026:09:51:48 +0100] "GET /xx.php HTTP/1.1" 301 162 "-" "-"
4.213.99.137 - - [21/Jan/2026:09:51:49 +0100] "GET /gifclass4.php HTTP/1.1" 301 162 "-" "-"
4.213.99.137 - - [21/Jan/2026:09:51:51 +0100] "GET /2clas.php HTTP/1.1" 301 162 "-" "-"
4.213.99.137 - - [21/Jan/2026:09:51:52 +0100] "GET /ave.php HTTP/1.1" 301 162 "-" "-"
4.213.99.137 - - [21/Jan/2026:09:51:53 +0100] "GET /wrt.php HTTP/1.1" 301 162 "-" "-"
4.213.99.137 - - [21/Jan/2026:09:51:55 +0100] "GET /bibil.php HTTP/1.1" 301 162 "-" "-"
4.213.99.137 - - [21/Jan/2026:09:51:56 +0100] "GET /radio.php HTTP/1.1" 301 162 "-" "-"
4.213.99.137 - - [21/Jan/2026:09:51:57 +0100] "GET /files.php HTTP/1.1" 301 162 "-" "-"
4.213.99.137 - - [21/Jan/2026:09:51:59 +0100] "GET /file7.php HTTP/1.1" 301 162 "-" "-"
4.213.99.137 - - [21/Jan/2026:09:52:00 +0100] "GET /gifclass.php HTTP/1.1" 301 162 "-" "-"
4.213.99.137 - - [21/Jan/2026:09:52:02 +0100] "GET /wp-admin/css/colors/midnight/about.php HTTP/1.1" 301 162 "-" "-"
4.213.99.137 - - [21/Jan/2026:09:52:03 +0100] "GET /nox.php HTTP/1.1" 301 162 "-" "-"
4.213.99.137 - - [21/Jan/2026:09:52:04 +0100] "GET /file48.php HTTP/1.1" 301 162 "-" "-"
4.213.99.137 - - [21/Jan/2026:09:52:05 +0100] "GET /info.php HTTP/1.1" 301 162 "-" "-"
4.213.99.137 - - [21/Jan/2026:09:52:06 +0100] "GET /class9.php HTTP/1.1" 301 162 "-" "-"
4.213.99.137 - - [21/Jan/2026:09:52:08 +0100] "GET /la.php HTTP/1.1" 301 162 "-" "-"
4.213.99.137 - - [21/Jan/2026:09:52:09 +0100] "GET /bless11.php HTTP/1.1" 301 162 "-" "-"
4.213.99.137 - - [21/Jan/2026:09:52:10 +0100] "GET /ccou.php HTTP/1.1" 301 162 "-" "-"
4.213.99.137 - - [21/Jan/2026:09:52:11 +0100] "GET /ton.php HTTP/1.1" 301 162 "-" "-"
4.213.99.137 - - [21/Jan/2026:09:52:12 +0100] "GET /403.php HTTP/1.1" 301 162 "-" "-"
4.213.99.137 - - [21/Jan/2026:09:52:14 +0100] "GET /file9.php HTTP/1.1" 301 162 "-" "-"
4.213.99.137 - - [21/Jan/2026:09:52:16 +0100] "GET /ac.php HTTP/1.1" 301 162 "-" "-"
4.213.99.137 - - [21/Jan/2026:09:52:17 +0100] "GET /new4.php HTTP/1.1" 301 162 "-" "-"
4.213.99.137 - - [21/Jan/2026:09:52:19 +0100] "GET /pop.php HTTP/1.1" 301 162 "-" "-"
4.213.99.137 - - [21/Jan/2026:09:52:20 +0100] "GET /az.php HTTP/1.1" 301 162 "-" "-"
4.213.99.137 - - [21/Jan/2026:09:52:21 +0100] "GET /xaz.php HTTP/1.1" 301 162 "-" "-"
4.213.99.137 - - [21/Jan/2026:09:52:23 +0100] "GET /up4.php HTTP/1.1" 301 162 "-" "-"
4.213.99.137 - - [21/Jan/2026:09:52:24 +0100] "GET /1aa.php HTTP/1.1" 301 162 "-" "-"
4.213.99.137 - - [21/Jan/2026:09:52:26 +0100] "GET /elp.php HTTP/1.1" 301 162 "-" "-"
4.213.99.137 - - [21/Jan/2026:09:52:27 +0100] "GET /wtz.php HTTP/1.1" 301 162 "-" "-"
4.213.99.137 - - [21/Jan/2026:09:52:28 +0100] "GET /galex.php HTTP/1.1" 301 162 "-" "-"
4.213.99.137 - - [21/Jan/2026:09:52:30 +0100] "GET /xb.php HTTP/1.1" 301 162 "-" "-"
4.213.99.137 - - [21/Jan/2026:09:52:32 +0100] "GET /ova.php HTTP/1.1" 301 162 "-" "-"
4.213.99.137 - - [21/Jan/2026:09:52:33 +0100] "GET /vx.php HTTP/1.1" 301 162 "-" "-"
4.213.99.137 - - [21/Jan/2026:09:52:35 +0100] "GET /rh.php HTTP/1.1" 301 162 "-" "-"
154.26.212.222 - - [21/Jan/2026:09:53:28 +0100] "GET /static/images/nopic.png HTTP/1.1" 301 162 "-" "Mozilla/5.0 (Windows NT 10.0; WOW64; rv:48.0) Gecko/20100101 Firefox/48.0"
88.99.80.227 - - [21/Jan/2026:09:55:34 +0100] "HEAD / HTTP/1.1" 301 0 "http://www.omkar.com" "Mozilla/5.0+(compatible; UptimeRobot/2.0; http://www.uptimerobot.com/)"
52.59.43.236 - - [21/Jan/2026:09:56:03 +0100] "HEAD / HTTP/1.1" 301 0 "http://omkar.com/" "Mozilla/5.0+(compatible; UptimeRobot/2.0; http://www.uptimerobot.com/)"
167.235.143.113 - - [21/Jan/2026:10:00:40 +0100] "HEAD / HTTP/1.1" 301 0 "http://www.omkar.com" "Mozilla/5.0+(compatible; UptimeRobot/2.0; http://www.uptimerobot.com/)"
49.13.167.123 - - [21/Jan/2026:10:01:09 +0100] "HEAD / HTTP/1.1" 301 0 "http://omkar.com/" "Mozilla/5.0+(compatible; UptimeRobot/2.0; http://www.uptimerobot.com/)"
66.249.65.201 - - [21/Jan/2026:10:01:56 +0100] "GET / HTTP/1.1" 301 162 "-" "GoogleBot/2.1"
88.99.80.227 - - [21/Jan/2026:10:05:45 +0100] "HEAD / HTTP/1.1" 301 0 "http://www.omkar.com" "Mozilla/5.0+(compatible; UptimeRobot/2.0; http://www.uptimerobot.com/)"
3.77.67.4 - - [21/Jan/2026:10:06:15 +0100] "HEAD / HTTP/1.1" 301 0 "http://omkar.com/" "Mozilla/5.0+(compatible; UptimeRobot/2.0; http://www.uptimerobot.com/)"
185.121.171.250 - - [21/Jan/2026:10:06:44 +0100] "GET /images/map.jpg HTTP/1.1" 301 162 "-" "Mozilla/5.0 (Linux; Android 13.0; Xiaomi Redmi Note 8) AppleWebKit/537.36 (KHTML, like Gecko) Chrome/133.7.3021.92 Mobile Safari/537.36"
49.13.130.29 - - [21/Jan/2026:10:10:51 +0100] "HEAD / HTTP/1.1" 301 0 "http://www.omkar.com" "Mozilla/5.0+(compatible; UptimeRobot/2.0; http://www.uptimerobot.com/)"
69.63.189.8 - - [21/Jan/2026:10:11:20 +0100] "GET / HTTP/1.1" 301 162 "-" "facebookexternalhit/1.1 (+http://www.facebook.com/externalhit_uatext.php)"
168.119.123.75 - - [21/Jan/2026:10:11:21 +0100] "HEAD / HTTP/1.1" 301 0 "http://omkar.com/" "Mozilla/5.0+(compatible; UptimeRobot/2.0; http://www.uptimerobot.com/)"
31.13.127.51 - - [21/Jan/2026:10:15:36 +0100] "GET /?fbclid=IwZXh0bgNhZW0CMTEAc3J0YwZhcHBfaWQMMjU2MjgxMDQwNTU4AAEeIWW1HBoOpQEkL5gRWr4ICNUA9nxABPJ05WZf9r3PCWPepzK4mvBrRXePOkQ_aem_r8eknFzXPEZWBGD9IzQ2fw HTTP/1.1" 301 162 "http://m.facebook.com" "Instagram 410.1.0.36.70 (iPhone14,7; iOS 26_1; en_GB; en-GB; scale=3.00; 1170x2532; 849447290) AppleWebKit/420+"
159.69.158.189 - - [21/Jan/2026:10:15:58 +0100] "HEAD / HTTP/1.1" 301 0 "http://www.omkar.com" "Mozilla/5.0+(compatible; UptimeRobot/2.0; http://www.uptimerobot.com/)"
159.69.158.189 - - [21/Jan/2026:10:16:29 +0100] "HEAD / HTTP/1.1" 301 0 "http://omkar.com/" "Mozilla/5.0+(compatible; UptimeRobot/2.0; http://www.uptimerobot.com/)"
54.37.118.65 - - [21/Jan/2026:10:19:53 +0100] "GET /robots.txt HTTP/1.1" 301 162 "-" "Mozilla/5.0 (compatible; AhrefsBot/7.0; +http://ahrefs.com/robot/)"
92.222.108.127 - - [21/Jan/2026:10:19:57 +0100] "GET /index.php?/andheri-highway HTTP/1.1" 301 162 "-" "Mozilla/5.0 (compatible; AhrefsBot/7.0; +http://ahrefs.com/robot/)"
78.47.98.55 - - [21/Jan/2026:10:21:04 +0100] "HEAD / HTTP/1.1" 301 0 "http://www.omkar.com" "Mozilla/5.0+(compatible; UptimeRobot/2.0; http://www.uptimerobot.com/)"
168.119.123.75 - - [21/Jan/2026:10:21:36 +0100] "HEAD / HTTP/1.1" 301 0 "http://omkar.com/" "Mozilla/5.0+(compatible; UptimeRobot/2.0; http://www.uptimerobot.com/)"
52.28.162.93 - - [21/Jan/2026:10:26:12 +0100] "HEAD / HTTP/1.1" 301 0 "http://www.omkar.com" "Mozilla/5.0+(compatible; UptimeRobot/2.0; http://www.uptimerobot.com/)"
18.193.252.127 - - [21/Jan/2026:10:26:41 +0100] "HEAD / HTTP/1.1" 301 0 "http://omkar.com/" "Mozilla/5.0+(compatible; UptimeRobot/2.0; http://www.uptimerobot.com/)"
144.76.32.239 - - [21/Jan/2026:10:30:42 +0100] "GET /robots.txt HTTP/1.1" 301 162 "-" "Mozilla/5.0 (compatible; SERankingBacklinksBot/1.0; +https://seranking.com/backlinks-crawler)"
144.76.32.239 - - [21/Jan/2026:10:30:43 +0100] "GET /ongoingreschembur/overview HTTP/1.1" 301 162 "-" "Mozilla/5.0 (compatible; SERankingBacklinksBot/1.0; +https://seranking.com/backlinks-crawler)"
159.69.158.189 - - [21/Jan/2026:10:31:19 +0100] "HEAD / HTTP/1.1" 301 0 "http://www.omkar.com" "Mozilla/5.0+(compatible; UptimeRobot/2.0; http://www.uptimerobot.com/)"
18.193.252.127 - - [21/Jan/2026:10:31:48 +0100] "HEAD / HTTP/1.1" 301 0 "http://omkar.com/" "Mozilla/5.0+(compatible; UptimeRobot/2.0; http://www.uptimerobot.com/)"
216.244.66.197 - - [21/Jan/2026:10:33:25 +0100] "GET /robots.txt HTTP/1.1" 301 162 "-" "Mozilla/5.0 (compatible; DotBot/1.2; +https://opensiteexplorer.org/dotbot; help@moz.com)"
216.244.66.197 - - [21/Jan/2026:10:33:25 +0100] "GET /robots.txt HTTP/1.1" 301 162 "-" "Mozilla/5.0 (compatible; DotBot/1.2; +https://opensiteexplorer.org/dotbot; help@moz.com)"
157.90.155.240 - - [21/Jan/2026:10:36:29 +0100] "HEAD / HTTP/1.1" 301 0 "http://www.omkar.com" "Mozilla/5.0+(compatible; UptimeRobot/2.0; http://www.uptimerobot.com/)"
63.178.84.147 - - [21/Jan/2026:10:36:55 +0100] "HEAD / HTTP/1.1" 301 0 "http://omkar.com/" "Mozilla/5.0+(compatible; UptimeRobot/2.0; http://www.uptimerobot.com/)"
66.249.65.203 - - [21/Jan/2026:10:40:10 +0100] "GET / HTTP/1.1" 301 162 "-" "GoogleBot/2.1"
49.13.167.123 - - [21/Jan/2026:10:41:36 +0100] "HEAD / HTTP/1.1" 301 0 "http://www.omkar.com" "Mozilla/5.0+(compatible; UptimeRobot/2.0; http://www.uptimerobot.com/)"
49.13.24.81 - - [21/Jan/2026:10:42:01 +0100] "HEAD / HTTP/1.1" 301 0 "http://omkar.com/" "Mozilla/5.0+(compatible; UptimeRobot/2.0; http://www.uptimerobot.com/)"
167.235.143.113 - - [21/Jan/2026:10:46:44 +0100] "HEAD / HTTP/1.1" 301 0 "http://www.omkar.com" "Mozilla/5.0+(compatible; UptimeRobot/2.0; http://www.uptimerobot.com/)"
49.13.164.148 - - [21/Jan/2026:10:47:07 +0100] "HEAD / HTTP/1.1" 301 0 "http://omkar.com/" "Mozilla/5.0+(compatible; UptimeRobot/2.0; http://www.uptimerobot.com/)"
142.132.180.39 - - [21/Jan/2026:10:51:49 +0100] "HEAD / HTTP/1.1" 301 0 "http://www.omkar.com" "Mozilla/5.0+(compatible; UptimeRobot/2.0; http://www.uptimerobot.com/)"
49.13.167.123 - - [21/Jan/2026:10:52:13 +0100] "HEAD / HTTP/1.1" 301 0 "http://omkar.com/" "Mozilla/5.0+(compatible; UptimeRobot/2.0; http://www.uptimerobot.com/)"
78.47.173.76 - - [21/Jan/2026:10:56:57 +0100] "HEAD / HTTP/1.1" 301 0 "http://www.omkar.com" "Mozilla/5.0+(compatible; UptimeRobot/2.0; http://www.uptimerobot.com/)"
52.28.162.93 - - [21/Jan/2026:10:57:20 +0100] "HEAD / HTTP/1.1" 301 0 "http://omkar.com/" "Mozilla/5.0+(compatible; UptimeRobot/2.0; http://www.uptimerobot.com/)"
128.140.41.193 - - [21/Jan/2026:11:02:03 +0100] "HEAD / HTTP/1.1" 301 0 "http://www.omkar.com" "Mozilla/5.0+(compatible; UptimeRobot/2.0; http://www.uptimerobot.com/)"
88.99.80.227 - - [21/Jan/2026:11:02:27 +0100] "HEAD / HTTP/1.1" 301 0 "http://omkar.com/" "Mozilla/5.0+(compatible; UptimeRobot/2.0; http://www.uptimerobot.com/)"
78.47.98.55 - - [21/Jan/2026:11:07:11 +0100] "HEAD / HTTP/1.1" 301 0 "http://www.omkar.com" "Mozilla/5.0+(compatible; UptimeRobot/2.0; http://www.uptimerobot.com/)"
88.99.80.227 - - [21/Jan/2026:11:07:35 +0100] "HEAD / HTTP/1.1" 301 0 "http://omkar.com/" "Mozilla/5.0+(compatible; UptimeRobot/2.0; http://www.uptimerobot.com/)"
168.119.123.75 - - [21/Jan/2026:11:12:18 +0100] "HEAD / HTTP/1.1" 301 0 "http://www.omkar.com" "Mozilla/5.0+(compatible; UptimeRobot/2.0; http://www.uptimerobot.com/)"
168.119.123.75 - - [21/Jan/2026:11:12:40 +0100] "HEAD / HTTP/1.1" 301 0 "http://omkar.com/" "Mozilla/5.0+(compatible; UptimeRobot/2.0; http://www.uptimerobot.com/)"
167.235.143.113 - - [21/Jan/2026:11:17:24 +0100] "HEAD / HTTP/1.1" 301 0 "http://www.omkar.com" "Mozilla/5.0+(compatible; UptimeRobot/2.0; http://www.uptimerobot.com/)"
18.192.166.72 - - [21/Jan/2026:11:17:48 +0100] "HEAD / HTTP/1.1" 301 0 "http://omkar.com/" "Mozilla/5.0+(compatible; UptimeRobot/2.0; http://www.uptimerobot.com/)"
216.244.66.197 - - [21/Jan/2026:11:20:22 +0100] "GET /robots.txt HTTP/1.1" 301 162 "-" "Mozilla/5.0 (compatible; DotBot/1.2; +https://opensiteexplorer.org/dotbot; help@moz.com)"
216.244.66.197 - - [21/Jan/2026:11:20:22 +0100] "GET /robots.txt HTTP/1.1" 301 162 "-" "Mozilla/5.0 (compatible; DotBot/1.2; +https://opensiteexplorer.org/dotbot; help@moz.com)"
52.59.43.236 - - [21/Jan/2026:11:22:31 +0100] "HEAD / HTTP/1.1" 301 0 "http://www.omkar.com" "Mozilla/5.0+(compatible; UptimeRobot/2.0; http://www.uptimerobot.com/)"
78.46.190.63 - - [21/Jan/2026:11:22:54 +0100] "HEAD / HTTP/1.1" 301 0 "http://omkar.com/" "Mozilla/5.0+(compatible; UptimeRobot/2.0; http://www.uptimerobot.com/)"
185.119.219.155 - - [21/Jan/2026:11:25:05 +0100] "HEAD / HTTP/1.1" 301 0 "-" "go-favicon/v2024.1023.134319"
169.239.203.104 - - [21/Jan/2026:11:25:47 +0100] "GET /uploads/awards/image/thumb_image_26_1_2016-06-20-09-46.jpg HTTP/1.1" 301 162 "-" "Mozilla/5.0 (iPad Pro; CPU iPhone OS 13_0 like Mac OS X) AppleWebKit/605.1.15 (KHTML, like Gecko) FxiOS/128.0 Mobile/15E148 Safari/605.1.15"
142.214.184.9 - - [21/Jan/2026:11:25:47 +0100] "GET /.well-known/acme-challenge/NGSVLASO7JXDN97BV1OGH1786N5DO3ZA HTTP/1.1" 301 162 "-" "Cpanel-HTTP-Client/1.0"
142.214.184.9 - - [21/Jan/2026:11:25:49 +0100] "GET /.well-known/acme-challenge/OA8YDG9P-7MAOLXAUMUSD6TXHP317HDA HTTP/1.1" 301 162 "-" "Cpanel-HTTP-Client/1.0"
168.119.96.239 - - [21/Jan/2026:11:27:41 +0100] "HEAD / HTTP/1.1" 301 0 "http://www.omkar.com" "Mozilla/5.0+(compatible; UptimeRobot/2.0; http://www.uptimerobot.com/)"
63.178.84.147 - - [21/Jan/2026:11:28:01 +0100] "HEAD / HTTP/1.1" 301 0 "http://omkar.com/" "Mozilla/5.0+(compatible; UptimeRobot/2.0; http://www.uptimerobot.com/)"
168.119.96.239 - - [21/Jan/2026:11:32:48 +0100] "HEAD / HTTP/1.1" 301 0 "http://www.omkar.com" "Mozilla/5.0+(compatible; UptimeRobot/2.0; http://www.uptimerobot.com/)"
168.119.123.75 - - [21/Jan/2026:11:33:09 +0100] "HEAD / HTTP/1.1" 301 0 "http://omkar.com/" "Mozilla/5.0+(compatible; UptimeRobot/2.0; http://www.uptimerobot.com/)"
78.47.173.76 - - [21/Jan/2026:11:37:56 +0100] "HEAD / HTTP/1.1" 301 0 "http://www.omkar.com" "Mozilla/5.0+(compatible; UptimeRobot/2.0; http://www.uptimerobot.com/)"
167.235.143.113 - - [21/Jan/2026:11:38:16 +0100] "HEAD / HTTP/1.1" 301 0 "http://omkar.com/" "Mozilla/5.0+(compatible; UptimeRobot/2.0; http://www.uptimerobot.com/)"
157.90.156.63 - - [21/Jan/2026:11:43:05 +0100] "HEAD / HTTP/1.1" 301 0 "http://www.omkar.com" "Mozilla/5.0+(compatible; UptimeRobot/2.0; http://www.uptimerobot.com/)"
49.13.134.145 - - [21/Jan/2026:11:43:23 +0100] "HEAD / HTTP/1.1" 301 0 "http://omkar.com/" "Mozilla/5.0+(compatible; UptimeRobot/2.0; http://www.uptimerobot.com/)"
35.217.47.218 - - [21/Jan/2026:11:43:28 +0100] "GET / HTTP/1.1" 301 162 "-" "Mozilla/5.0 (Windows NT 10.0; Win64; x64; rv:109.0) Gecko/20100101 Firefox/116.0"
192.0.102.118 - - [21/Jan/2026:11:45:35 +0100] "GET /blogs/wp-content/uploads/2023/12/Living-in-Malad-Top-Reasons-Why-its-the-Most-Desirable-Location.webp HTTP/1.1" 301 162 "-" "Photon/1.0"
195.234.109.102 - - [21/Jan/2026:11:45:41 +0100] "GET /blogs/wp-content/uploads/2023/12/Living-in-Malad-Top-Reasons-Why-its-the-Most-Desirable-Location.webp HTTP/1.1" 301 162 "-" "Photon/1.0"
142.132.180.39 - - [21/Jan/2026:11:48:12 +0100] "HEAD / HTTP/1.1" 301 0 "http://www.omkar.com" "Mozilla/5.0+(compatible; UptimeRobot/2.0; http://www.uptimerobot.com/)"
49.13.167.123 - - [21/Jan/2026:11:48:29 +0100] "HEAD / HTTP/1.1" 301 0 "http://omkar.com/" "Mozilla/5.0+(compatible; UptimeRobot/2.0; http://www.uptimerobot.com/)"
185.231.155.169 - - [21/Jan/2026:11:51:29 +0100] "GET /blogs/4-reasons-a-property-investment-a-smart-way-to-earn/ HTTP/1.0" 301 162 "http://omkar.com/blogs/4-reasons-a-property-investment-a-smart-way-to-earn/" "Mozilla/5.0 (Windows NT 10.0; Win64; x64) AppleWebKit/537.36 (KHTML, like Gecko) Chrome/129.0.0.0 Safari/537.36"
108.174.5.114 - - [21/Jan/2026:11:52:42 +0100] "GET /omkarmeridia/ HTTP/1.1" 301 162 "-" "LinkedInBot/1.0 (compatible; Mozilla/5.0; Apache-HttpClient +http://www.linkedin.com)"
88.99.80.227 - - [21/Jan/2026:11:53:18 +0100] "HEAD / HTTP/1.1" 301 0 "http://www.omkar.com" "Mozilla/5.0+(compatible; UptimeRobot/2.0; http://www.uptimerobot.com/)"
52.28.162.93 - - [21/Jan/2026:11:53:37 +0100] "HEAD / HTTP/1.1" 301 0 "http://omkar.com/" "Mozilla/5.0+(compatible; UptimeRobot/2.0; http://www.uptimerobot.com/)"
168.119.96.239 - - [21/Jan/2026:11:58:23 +0100] "HEAD / HTTP/1.1" 301 0 "http://www.omkar.com" "Mozilla/5.0+(compatible; UptimeRobot/2.0; http://www.uptimerobot.com/)"
159.69.158.189 - - [21/Jan/2026:11:58:44 +0100] "HEAD / HTTP/1.1" 301 0 "http://omkar.com/" "Mozilla/5.0+(compatible; UptimeRobot/2.0; http://www.uptimerobot.com/)"
173.252.95.112 - - [21/Jan/2026:12:01:58 +0100] "GET /residential-and-commercial-projects/veda-exclusive-parel HTTP/1.1" 301 162 "-" "facebookexternalhit/1.1 (+http://www.facebook.com/externalhit_uatext.php)"
168.119.96.239 - - [21/Jan/2026:12:03:30 +0100] "HEAD / HTTP/1.1" 301 0 "http://www.omkar.com" "Mozilla/5.0+(compatible; UptimeRobot/2.0; http://www.uptimerobot.com/)"
128.140.41.193 - - [21/Jan/2026:12:03:52 +0100] "HEAD / HTTP/1.1" 301 0 "http://omkar.com/" "Mozilla/5.0+(compatible; UptimeRobot/2.0; http://www.uptimerobot.com/)"
216.244.66.197 - - [21/Jan/2026:12:07:27 +0100] "GET /robots.txt HTTP/1.1" 301 162 "-" "Mozilla/5.0 (compatible; DotBot/1.2; +https://opensiteexplorer.org/dotbot; help@moz.com)"
142.132.180.39 - - [21/Jan/2026:12:08:39 +0100] "HEAD / HTTP/1.1" 301 0 "http://www.omkar.com" "Mozilla/5.0+(compatible; UptimeRobot/2.0; http://www.uptimerobot.com/)"
3.77.67.4 - - [21/Jan/2026:12:08:57 +0100] "HEAD / HTTP/1.1" 301 0 "http://omkar.com/" "Mozilla/5.0+(compatible; UptimeRobot/2.0; http://www.uptimerobot.com/)"
40.77.167.131 - - [21/Jan/2026:12:09:23 +0100] "GET /videoconference/home HTTP/1.1" 301 162 "-" "Mozilla/5.0 AppleWebKit/537.36 (KHTML, like Gecko; compatible; bingbot/2.0; +http://www.bing.com/bingbot.htm) Chrome/116.0.1938.76 Safari/537.36"
52.59.43.236 - - [21/Jan/2026:12:13:46 +0100] "HEAD / HTTP/1.1" 301 0 "http://www.omkar.com" "Mozilla/5.0+(compatible; UptimeRobot/2.0; http://www.uptimerobot.com/)"
49.13.24.81 - - [21/Jan/2026:12:14:05 +0100] "HEAD / HTTP/1.1" 301 0 "http://omkar.com/" "Mozilla/5.0+(compatible; UptimeRobot/2.0; http://www.uptimerobot.com/)"
157.90.156.63 - - [21/Jan/2026:12:18:54 +0100] "HEAD / HTTP/1.1" 301 0 "http://www.omkar.com" "Mozilla/5.0+(compatible; UptimeRobot/2.0; http://www.uptimerobot.com/)"
142.132.180.39 - - [21/Jan/2026:12:19:12 +0100] "HEAD / HTTP/1.1" 301 0 "http://omkar.com/" "Mozilla/5.0+(compatible; UptimeRobot/2.0; http://www.uptimerobot.com/)"
78.46.215.1 - - [21/Jan/2026:12:24:01 +0100] "HEAD / HTTP/1.1" 301 0 "http://www.omkar.com" "Mozilla/5.0+(compatible; UptimeRobot/2.0; http://www.uptimerobot.com/)"
142.132.180.39 - - [21/Jan/2026:12:24:19 +0100] "HEAD / HTTP/1.1" 301 0 "http://omkar.com/" "Mozilla/5.0+(compatible; UptimeRobot/2.0; http://www.uptimerobot.com/)"
49.13.164.148 - - [21/Jan/2026:12:29:08 +0100] "HEAD / HTTP/1.1" 301 0 "http://www.omkar.com" "Mozilla/5.0+(compatible; UptimeRobot/2.0; http://www.uptimerobot.com/)"
168.119.96.239 - - [21/Jan/2026:12:29:25 +0100] "HEAD / HTTP/1.1" 301 0 "http://omkar.com/" "Mozilla/5.0+(compatible; UptimeRobot/2.0; http://www.uptimerobot.com/)"
49.13.130.29 - - [21/Jan/2026:12:34:15 +0100] "HEAD / HTTP/1.1" 301 0 "http://www.omkar.com" "Mozilla/5.0+(compatible; UptimeRobot/2.0; http://www.uptimerobot.com/)"
18.193.252.127 - - [21/Jan/2026:12:34:31 +0100] "HEAD / HTTP/1.1" 301 0 "http://omkar.com/" "Mozilla/5.0+(compatible; UptimeRobot/2.0; http://www.uptimerobot.com/)"
172.121.211.184 - - [21/Jan/2026:12:36:52 +0100] "GET /andheri-highway/images/slider-images/amenities3.jpg HTTP/1.1" 301 162 "-" "Mozilla/5.0 (iPhone 11; CPU iPhone OS 18_0 like Mac OS X) AppleWebKit/537.36 (KHTML, like Gecko) CriOS/131.8.3225.25 Mobile/15E148 Safari/604.1"
44.221.180.179 - - [21/Jan/2026:12:39:21 +0100] "GET /robots.txt HTTP/1.1" 301 162 "-" "Mozilla/5.0 AppleWebKit/537.36 (KHTML, like Gecko; compatible; Amazonbot/0.1; +https://developer.amazon.com/support/amazonbot) Chrome/119.0.6045.214 Safari/537.36"
78.47.98.55 - - [21/Jan/2026:12:39:22 +0100] "HEAD / HTTP/1.1" 301 0 "http://www.omkar.com" "Mozilla/5.0+(compatible; UptimeRobot/2.0; http://www.uptimerobot.com/)"
23.21.148.226 - - [21/Jan/2026:12:39:24 +0100] "GET /ongoing-residential-projects-mumbai/omkar-alta-monte-malad HTTP/1.1" 301 162 "-" "Mozilla/5.0 AppleWebKit/537.36 (KHTML, like Gecko; compatible; Amazonbot/0.1; +https://developer.amazon.com/support/amazonbot) Chrome/119.0.6045.214 Safari/537.36"
18.192.166.72 - - [21/Jan/2026:12:39:38 +0100] "HEAD / HTTP/1.1" 301 0 "http://omkar.com/" "Mozilla/5.0+(compatible; UptimeRobot/2.0; http://www.uptimerobot.com/)"
168.119.96.239 - - [21/Jan/2026:12:44:31 +0100] "HEAD / HTTP/1.1" 301 0 "http://www.omkar.com" "Mozilla/5.0+(compatible; UptimeRobot/2.0; http://www.uptimerobot.com/)"
63.178.84.147 - - [21/Jan/2026:12:44:45 +0100] "HEAD / HTTP/1.1" 301 0 "http://omkar.com/" "Mozilla/5.0+(compatible; UptimeRobot/2.0; http://www.uptimerobot.com/)"
63.178.84.147 - - [21/Jan/2026:12:49:39 +0100] "HEAD / HTTP/1.1" 301 0 "http://www.omkar.com" "Mozilla/5.0+(compatible; UptimeRobot/2.0; http://www.uptimerobot.com/)"
142.132.180.39 - - [21/Jan/2026:12:49:51 +0100] "HEAD / HTTP/1.1" 301 0 "http://omkar.com/" "Mozilla/5.0+(compatible; UptimeRobot/2.0; http://www.uptimerobot.com/)"
216.244.66.197 - - [21/Jan/2026:12:53:15 +0100] "GET /robots.txt HTTP/1.1" 301 162 "-" "Mozilla/5.0 (compatible; DotBot/1.2; +https://opensiteexplorer.org/dotbot; help@moz.com)"
52.59.43.236 - - [21/Jan/2026:12:54:45 +0100] "HEAD / HTTP/1.1" 301 0 "http://www.omkar.com" "Mozilla/5.0+(compatible; UptimeRobot/2.0; http://www.uptimerobot.com/)"
88.99.80.227 - - [21/Jan/2026:12:54:57 +0100] "HEAD / HTTP/1.1" 301 0 "http://omkar.com/" "Mozilla/5.0+(compatible; UptimeRobot/2.0; http://www.uptimerobot.com/)"
3.79.134.69 - - [21/Jan/2026:12:59:53 +0100] "HEAD / HTTP/1.1" 301 0 "http://www.omkar.com" "Mozilla/5.0+(compatible; UptimeRobot/2.0; http://www.uptimerobot.com/)"
128.140.106.114 - - [21/Jan/2026:13:00:06 +0100] "HEAD / HTTP/1.1" 301 0 "http://omkar.com/" "Mozilla/5.0+(compatible; UptimeRobot/2.0; http://www.uptimerobot.com/)"
145.239.10.137 - - [21/Jan/2026:13:03:57 +0100] "GET /ola.php HTTP/1.1" 301 162 "http://omkar.com/ola.php" "Mozilla/5.0 (iPhone; CPU iPhone OS 17_5_1 like Mac OS X) AppleWebKit/605.1.15 (KHTML, like Gecko) Version/17.5 Mobile/15E148 Safari/604.1"
78.47.98.55 - - [21/Jan/2026:13:05:00 +0100] "HEAD / HTTP/1.1" 301 0 "http://www.omkar.com" "Mozilla/5.0+(compatible; UptimeRobot/2.0; http://www.uptimerobot.com/)"
167.235.143.113 - - [21/Jan/2026:13:05:13 +0100] "HEAD / HTTP/1.1" 301 0 "http://omkar.com/" "Mozilla/5.0+(compatible; UptimeRobot/2.0; http://www.uptimerobot.com/)"
169.239.203.49 - - [21/Jan/2026:13:05:43 +0100] "GET /uploads/on_proj_slider/image/image_37_1_2016-06-14-13-37.jpg HTTP/1.1" 301 162 "-" "Mozilla/5.0 (Android 10.0; Mobile; rv:127.0) Gecko/127.0 Firefox/127.0"
142.132.180.39 - - [21/Jan/2026:13:10:07 +0100] "HEAD / HTTP/1.1" 301 0 "http://www.omkar.com" "Mozilla/5.0+(compatible; UptimeRobot/2.0; http://www.uptimerobot.com/)"
63.178.84.147 - - [21/Jan/2026:13:10:21 +0100] "HEAD / HTTP/1.1" 301 0 "http://omkar.com/" "Mozilla/5.0+(compatible; UptimeRobot/2.0; http://www.uptimerobot.com/)"
145.239.10.137 - - [21/Jan/2026:13:10:43 +0100] "GET /f6.php HTTP/1.1" 301 162 "http://omkar.com/f6.php" "Mozilla/5.0 (iPhone; CPU iPhone OS 17_5_1 like Mac OS X) AppleWebKit/605.1.15 (KHTML, like Gecko) Version/17.5 Mobile/15E148 Safari/604.1"
157.90.155.240 - - [21/Jan/2026:13:15:16 +0100] "HEAD / HTTP/1.1" 301 0 "http://www.omkar.com" "Mozilla/5.0+(compatible; UptimeRobot/2.0; http://www.uptimerobot.com/)"
157.90.155.240 - - [21/Jan/2026:13:15:27 +0100] "HEAD / HTTP/1.1" 301 0 "http://omkar.com/" "Mozilla/5.0+(compatible; UptimeRobot/2.0; http://www.uptimerobot.com/)"
88.99.80.227 - - [21/Jan/2026:13:20:22 +0100] "HEAD / HTTP/1.1" 301 0 "http://www.omkar.com" "Mozilla/5.0+(compatible; UptimeRobot/2.0; http://www.uptimerobot.com/)"
168.119.53.160 - - [21/Jan/2026:13:20:34 +0100] "HEAD / HTTP/1.1" 301 0 "http://omkar.com/" "Mozilla/5.0+(compatible; UptimeRobot/2.0; http://www.uptimerobot.com/)"
74.7.241.181 - - [21/Jan/2026:13:20:55 +0100] "GET /robots.txt HTTP/1.1" 301 162 "-" "Mozilla/5.0 (Macintosh; Intel Mac OS X 10_15_7) AppleWebKit/537.36 (KHTML, like Gecko) Chrome/131.0.0.0 Safari/537.36; compatible; OAI-SearchBot/1.3; robots.txt; +https://openai.com/searchbot"
3.79.134.69 - - [21/Jan/2026:13:25:29 +0100] "HEAD / HTTP/1.1" 301 0 "http://www.omkar.com" "Mozilla/5.0+(compatible; UptimeRobot/2.0; http://www.uptimerobot.com/)"
128.140.106.114 - - [21/Jan/2026:13:25:41 +0100] "HEAD / HTTP/1.1" 301 0 "http://omkar.com/" "Mozilla/5.0+(compatible; UptimeRobot/2.0; http://www.uptimerobot.com/)"
69.171.234.21 - - [21/Jan/2026:13:27:54 +0100] "GET /residential-and-commercial-projects/altamonte-malad HTTP/1.1" 301 162 "-" "facebookexternalhit/1.1 (+http://www.facebook.com/externalhit_uatext.php)"
157.90.155.240 - - [21/Jan/2026:13:30:37 +0100] "HEAD / HTTP/1.1" 301 0 "http://www.omkar.com" "Mozilla/5.0+(compatible; UptimeRobot/2.0; http://www.uptimerobot.com/)"
63.178.84.147 - - [21/Jan/2026:13:30:47 +0100] "HEAD / HTTP/1.1" 301 0 "http://omkar.com/" "Mozilla/5.0+(compatible; UptimeRobot/2.0; http://www.uptimerobot.com/)"
49.13.24.81 - - [21/Jan/2026:13:35:44 +0100] "HEAD / HTTP/1.1" 301 0 "http://www.omkar.com" "Mozilla/5.0+(compatible; UptimeRobot/2.0; http://www.uptimerobot.com/)"
157.90.155.240 - - [21/Jan/2026:13:35:53 +0100] "HEAD / HTTP/1.1" 301 0 "http://omkar.com/" "Mozilla/5.0+(compatible; UptimeRobot/2.0; http://www.uptimerobot.com/)"
216.244.66.197 - - [21/Jan/2026:13:40:16 +0100] "GET /robots.txt HTTP/1.1" 301 162 "-" "Mozilla/5.0 (compatible; DotBot/1.2; +https://opensiteexplorer.org/dotbot; help@moz.com)"
168.119.53.160 - - [21/Jan/2026:13:40:50 +0100] "HEAD / HTTP/1.1" 301 0 "http://www.omkar.com" "Mozilla/5.0+(compatible; UptimeRobot/2.0; http://www.uptimerobot.com/)"
128.140.106.114 - - [21/Jan/2026:13:41:00 +0100] "HEAD / HTTP/1.1" 301 0 "http://omkar.com/" "Mozilla/5.0+(compatible; UptimeRobot/2.0; http://www.uptimerobot.com/)"
184.154.76.22 - - [21/Jan/2026:13:45:52 +0100] "GET / HTTP/1.1" 301 162 "http://www.google.com/url?url=omkar.com&yahoo.com" "Mozilla/5.0 (compatible; MSIE 9.0; Windows NT 6.1; WOW64; Trident/6.0)"
159.69.158.189 - - [21/Jan/2026:13:45:55 +0100] "HEAD / HTTP/1.1" 301 0 "http://www.omkar.com" "Mozilla/5.0+(compatible; UptimeRobot/2.0; http://www.uptimerobot.com/)"
184.154.76.22 - - [21/Jan/2026:13:46:00 +0100] "GET /ongoing-residential-projects-mumbai/omkar-signet-malad HTTP/1.1" 301 162 "http://www.google.com/url?url=omkar.com&yahoo.com" "Mozilla/5.0 (compatible; MSIE 9.0; Windows NT 6.1; WOW64; Trident/6.0)"
78.47.173.76 - - [21/Jan/2026:13:46:07 +0100] "HEAD / HTTP/1.1" 301 0 "http://omkar.com/" "Mozilla/5.0+(compatible; UptimeRobot/2.0; http://www.uptimerobot.com/)"
43.153.54.138 - - [21/Jan/2026:13:49:44 +0100] "GET / HTTP/1.1" 301 162 "-" "Mozilla/5.0 (iPhone; CPU iPhone OS 13_2_3 like Mac OS X) AppleWebKit/605.1.15 (KHTML, like Gecko) Version/13.0.3 Mobile/15E148 Safari/604.1"
52.28.162.93 - - [21/Jan/2026:13:51:04 +0100] "HEAD / HTTP/1.1" 301 0 "http://www.omkar.com" "Mozilla/5.0+(compatible; UptimeRobot/2.0; http://www.uptimerobot.com/)"
52.28.162.93 - - [21/Jan/2026:13:51:13 +0100] "HEAD / HTTP/1.1" 301 0 "http://omkar.com/" "Mozilla/5.0+(compatible; UptimeRobot/2.0; http://www.uptimerobot.com/)"
74.7.230.61 - - [21/Jan/2026:13:52:08 +0100] "GET /robots.txt HTTP/1.1" 301 162 "-" "Mozilla/5.0 (Macintosh; Intel Mac OS X 10_15_7) AppleWebKit/537.36 (KHTML, like Gecko) Chrome/131.0.0.0 Safari/537.36; compatible; OAI-SearchBot/1.3; robots.txt; +https://openai.com/searchbot"
159.69.158.189 - - [21/Jan/2026:13:56:11 +0100] "HEAD / HTTP/1.1" 301 0 "http://www.omkar.com" "Mozilla/5.0+(compatible; UptimeRobot/2.0; http://www.uptimerobot.com/)"
52.59.43.236 - - [21/Jan/2026:13:56:20 +0100] "HEAD / HTTP/1.1" 301 0 "http://omkar.com/" "Mozilla/5.0+(compatible; UptimeRobot/2.0; http://www.uptimerobot.com/)"
154.26.212.232 - - [21/Jan/2026:13:58:47 +0100] "GET /static/images/nopic.png HTTP/1.1" 301 162 "-" "Mozilla/5.0 (Windows NT 10.0; WOW64; rv:48.0) Gecko/20100101 Firefox/48.0"
168.119.53.160 - - [21/Jan/2026:14:01:18 +0100] "HEAD / HTTP/1.1" 301 0 "http://www.omkar.com" "Mozilla/5.0+(compatible; UptimeRobot/2.0; http://www.uptimerobot.com/)"
78.47.173.76 - - [21/Jan/2026:14:01:28 +0100] "HEAD / HTTP/1.1" 301 0 "http://omkar.com/" "Mozilla/5.0+(compatible; UptimeRobot/2.0; http://www.uptimerobot.com/)"
93.158.90.69 - - [21/Jan/2026:14:03:01 +0100] "GET / HTTP/1.1" 301 162 "-" "Mozilla/5.0 (Windows NT 10.0; Win64; x64; rv:123.0) Gecko/20100101 Firefox/123"
93.158.90.66 - - [21/Jan/2026:14:03:08 +0100] "GET /ongoing-residential-projects-mumbai/omkar-alta-monte-malad HTTP/1.1" 301 162 "-" "Mozilla/5.0 (Windows NT 10.0; Win64; x64; rv:123.0) Gecko/20100101 Firefox/123"
49.13.24.81 - - [21/Jan/2026:14:06:25 +0100] "HEAD / HTTP/1.1" 301 0 "http://www.omkar.com" "Mozilla/5.0+(compatible; UptimeRobot/2.0; http://www.uptimerobot.com/)"
49.13.164.148 - - [21/Jan/2026:14:06:36 +0100] "HEAD / HTTP/1.1" 301 0 "http://omkar.com/" "Mozilla/5.0+(compatible; UptimeRobot/2.0; http://www.uptimerobot.com/)"
168.119.96.239 - - [21/Jan/2026:14:11:31 +0100] "HEAD / HTTP/1.1" 301 0 "http://www.omkar.com" "Mozilla/5.0+(compatible; UptimeRobot/2.0; http://www.uptimerobot.com/)"
88.99.80.227 - - [21/Jan/2026:14:11:42 +0100] "HEAD / HTTP/1.1" 301 0 "http://omkar.com/" "Mozilla/5.0+(compatible; UptimeRobot/2.0; http://www.uptimerobot.com/)"
128.140.41.193 - - [21/Jan/2026:14:16:40 +0100] "HEAD / HTTP/1.1" 301 0 "http://www.omkar.com" "Mozilla/5.0+(compatible; UptimeRobot/2.0; http://www.uptimerobot.com/)"
49.13.167.123 - - [21/Jan/2026:14:16:49 +0100] "HEAD / HTTP/1.1" 301 0 "http://omkar.com/" "Mozilla/5.0+(compatible; UptimeRobot/2.0; http://www.uptimerobot.com/)"
3.79.134.69 - - [21/Jan/2026:14:21:48 +0100] "HEAD / HTTP/1.1" 301 0 "http://www.omkar.com" "Mozilla/5.0+(compatible; UptimeRobot/2.0; http://www.uptimerobot.com/)"
49.13.130.29 - - [21/Jan/2026:14:21:56 +0100] "HEAD / HTTP/1.1" 301 0 "http://omkar.com/" "Mozilla/5.0+(compatible; UptimeRobot/2.0; http://www.uptimerobot.com/)"
142.214.184.9 - - [21/Jan/2026:14:24:04 +0100] "GET /.well-known/acme-challenge/4FYRGK1_Q02RP4NWACKBAMNXMEMTIW8X HTTP/1.1" 301 162 "-" "Cpanel-HTTP-Client/1.0"
142.214.184.9 - - [21/Jan/2026:14:24:06 +0100] "GET /.well-known/acme-challenge/9F2ROLS60LPHJM1XPW2CI8RH579TUTKK HTTP/1.1" 301 162 "-" "Cpanel-HTTP-Client/1.0"
216.244.66.197 - - [21/Jan/2026:14:26:52 +0100] "GET /robots.txt HTTP/1.1" 301 162 "-" "Mozilla/5.0 (compatible; DotBot/1.2; +https://opensiteexplorer.org/dotbot; help@moz.com)"
52.28.162.93 - - [21/Jan/2026:14:26:54 +0100] "HEAD / HTTP/1.1" 301 0 "http://www.omkar.com" "Mozilla/5.0+(compatible; UptimeRobot/2.0; http://www.uptimerobot.com/)"
157.90.156.63 - - [21/Jan/2026:14:27:04 +0100] "HEAD / HTTP/1.1" 301 0 "http://omkar.com/" "Mozilla/5.0+(compatible; UptimeRobot/2.0; http://www.uptimerobot.com/)"
66.220.149.23 - - [21/Jan/2026:14:30:37 +0100] "GET / HTTP/1.1" 301 162 "-" "facebookexternalhit/1.1 (+http://www.facebook.com/externalhit_uatext.php)"
78.47.98.55 - - [21/Jan/2026:14:32:01 +0100] "HEAD / HTTP/1.1" 301 0 "http://www.omkar.com" "Mozilla/5.0+(compatible; UptimeRobot/2.0; http://www.uptimerobot.com/)"
63.178.84.147 - - [21/Jan/2026:14:32:11 +0100] "HEAD / HTTP/1.1" 301 0 "http://omkar.com/" "Mozilla/5.0+(compatible; UptimeRobot/2.0; http://www.uptimerobot.com/)"
43.135.115.233 - - [21/Jan/2026:14:32:47 +0100] "GET / HTTP/1.1" 301 162 "-" "Mozilla/5.0 (iPhone; CPU iPhone OS 13_2_3 like Mac OS X) AppleWebKit/605.1.15 (KHTML, like Gecko) Version/13.0.3 Mobile/15E148 Safari/604.1"
78.46.190.63 - - [21/Jan/2026:14:37:09 +0100] "HEAD / HTTP/1.1" 301 0 "http://www.omkar.com" "Mozilla/5.0+(compatible; UptimeRobot/2.0; http://www.uptimerobot.com/)"
168.119.123.75 - - [21/Jan/2026:14:37:19 +0100] "HEAD / HTTP/1.1" 301 0 "http://omkar.com/" "Mozilla/5.0+(compatible; UptimeRobot/2.0; http://www.uptimerobot.com/)"
31.13.127.53 - - [21/Jan/2026:14:40:06 +0100] "GET /ongoingreschembur/overview HTTP/1.1" 301 162 "-" "facebookexternalhit/1.1 (+http://www.facebook.com/externalhit_uatext.php)"
159.69.158.189 - - [21/Jan/2026:14:42:15 +0100] "HEAD / HTTP/1.1" 301 0 "http://www.omkar.com" "Mozilla/5.0+(compatible; UptimeRobot/2.0; http://www.uptimerobot.com/)"
128.140.106.114 - - [21/Jan/2026:14:42:27 +0100] "HEAD / HTTP/1.1" 301 0 "http://omkar.com/" "Mozilla/5.0+(compatible; UptimeRobot/2.0; http://www.uptimerobot.com/)"
18.192.166.72 - - [21/Jan/2026:14:47:23 +0100] "HEAD / HTTP/1.1" 301 0 "http://www.omkar.com" "Mozilla/5.0+(compatible; UptimeRobot/2.0; http://www.uptimerobot.com/)"
128.140.106.114 - - [21/Jan/2026:14:47:34 +0100] "HEAD / HTTP/1.1" 301 0 "http://omkar.com/" "Mozilla/5.0+(compatible; UptimeRobot/2.0; http://www.uptimerobot.com/)"
18.192.166.72 - - [21/Jan/2026:14:52:29 +0100] "HEAD / HTTP/1.1" 301 0 "http://www.omkar.com" "Mozilla/5.0+(compatible; UptimeRobot/2.0; http://www.uptimerobot.com/)"
157.90.156.63 - - [21/Jan/2026:14:52:40 +0100] "HEAD / HTTP/1.1" 301 0 "http://omkar.com/" "Mozilla/5.0+(compatible; UptimeRobot/2.0; http://www.uptimerobot.com/)"
18.192.166.72 - - [21/Jan/2026:14:57:35 +0100] "HEAD / HTTP/1.1" 301 0 "http://www.omkar.com" "Mozilla/5.0+(compatible; UptimeRobot/2.0; http://www.uptimerobot.com/)"
18.192.166.72 - - [21/Jan/2026:14:57:47 +0100] "HEAD / HTTP/1.1" 301 0 "http://omkar.com/" "Mozilla/5.0+(compatible; UptimeRobot/2.0; http://www.uptimerobot.com/)"
52.59.43.236 - - [21/Jan/2026:15:02:43 +0100] "HEAD / HTTP/1.1" 301 0 "http://www.omkar.com" "Mozilla/5.0+(compatible; UptimeRobot/2.0; http://www.uptimerobot.com/)"
49.13.130.29 - - [21/Jan/2026:15:02:54 +0100] "HEAD / HTTP/1.1" 301 0 "http://omkar.com/" "Mozilla/5.0+(compatible; UptimeRobot/2.0; http://www.uptimerobot.com/)"
49.13.24.81 - - [21/Jan/2026:15:07:50 +0100] "HEAD / HTTP/1.1" 301 0 "http://www.omkar.com" "Mozilla/5.0+(compatible; UptimeRobot/2.0; http://www.uptimerobot.com/)"
3.79.134.69 - - [21/Jan/2026:15:08:00 +0100] "HEAD / HTTP/1.1" 301 0 "http://omkar.com/" "Mozilla/5.0+(compatible; UptimeRobot/2.0; http://www.uptimerobot.com/)"
3.79.134.69 - - [21/Jan/2026:15:12:56 +0100] "HEAD / HTTP/1.1" 301 0 "http://www.omkar.com" "Mozilla/5.0+(compatible; UptimeRobot/2.0; http://www.uptimerobot.com/)"
18.193.252.127 - - [21/Jan/2026:15:13:07 +0100] "HEAD / HTTP/1.1" 301 0 "http://omkar.com/" "Mozilla/5.0+(compatible; UptimeRobot/2.0; http://www.uptimerobot.com/)"
78.46.190.63 - - [21/Jan/2026:15:18:03 +0100] "HEAD / HTTP/1.1" 301 0 "http://www.omkar.com" "Mozilla/5.0+(compatible; UptimeRobot/2.0; http://www.uptimerobot.com/)"
52.59.43.236 - - [21/Jan/2026:15:18:12 +0100] "HEAD / HTTP/1.1" 301 0 "http://omkar.com/" "Mozilla/5.0+(compatible; UptimeRobot/2.0; http://www.uptimerobot.com/)"
66.249.65.203 - - [21/Jan/2026:15:22:14 +0100] "GET /choejni6422487 HTTP/1.1" 301 162 "-" "Mozilla/5.0 (Linux; Android 6.0.1; Nexus 5X Build/MMB29P) AppleWebKit/537.36 (KHTML, like Gecko) Chrome/143.0.7499.192 Mobile Safari/537.36 (compatible; Googlebot/2.1; +http://www.google.com/bot.html)"
142.132.180.39 - - [21/Jan/2026:15:23:10 +0100] "HEAD / HTTP/1.1" 301 0 "http://www.omkar.com" "Mozilla/5.0+(compatible; UptimeRobot/2.0; http://www.uptimerobot.com/)"
49.13.130.29 - - [21/Jan/2026:15:23:21 +0100] "HEAD / HTTP/1.1" 301 0 "http://omkar.com/" "Mozilla/5.0+(compatible; UptimeRobot/2.0; http://www.uptimerobot.com/)"
49.13.130.29 - - [21/Jan/2026:15:28:16 +0100] "HEAD / HTTP/1.1" 301 0 "http://www.omkar.com" "Mozilla/5.0+(compatible; UptimeRobot/2.0; http://www.uptimerobot.com/)"
128.140.106.114 - - [21/Jan/2026:15:28:29 +0100] "HEAD / HTTP/1.1" 301 0 "http://omkar.com/" "Mozilla/5.0+(compatible; UptimeRobot/2.0; http://www.uptimerobot.com/)"
34.198.85.162 - - [21/Jan/2026:15:28:41 +0100] "GET / HTTP/1.1" 301 162 "-" "Mozilla/5.0 (Macintosh; Intel Mac OS X 10_15_7) AppleWebKit/605.1.15 (KHTML, like Gecko) Version/18.6 Safari/605.1.15 Ddg/18.6 Chrome/141.0.0.0"
157.90.156.63 - - [21/Jan/2026:15:33:23 +0100] "HEAD / HTTP/1.1" 301 0 "http://www.omkar.com" "Mozilla/5.0+(compatible; UptimeRobot/2.0; http://www.uptimerobot.com/)"
3.79.134.69 - - [21/Jan/2026:15:33:37 +0100] "HEAD / HTTP/1.1" 301 0 "http://omkar.com/" "Mozilla/5.0+(compatible; UptimeRobot/2.0; http://www.uptimerobot.com/)"
78.46.215.1 - - [21/Jan/2026:15:38:31 +0100] "HEAD / HTTP/1.1" 301 0 "http://www.omkar.com" "Mozilla/5.0+(compatible; UptimeRobot/2.0; http://www.uptimerobot.com/)"
128.140.106.114 - - [21/Jan/2026:15:38:44 +0100] "HEAD / HTTP/1.1" 301 0 "http://omkar.com/" "Mozilla/5.0+(compatible; UptimeRobot/2.0; http://www.uptimerobot.com/)"
78.46.215.1 - - [21/Jan/2026:15:43:36 +0100] "HEAD / HTTP/1.1" 301 0 "http://www.omkar.com" "Mozilla/5.0+(compatible; UptimeRobot/2.0; http://www.uptimerobot.com/)"
168.119.96.239 - - [21/Jan/2026:15:43:51 +0100] "HEAD / HTTP/1.1" 301 0 "http://omkar.com/" "Mozilla/5.0+(compatible; UptimeRobot/2.0; http://www.uptimerobot.com/)"
18.192.166.72 - - [21/Jan/2026:15:48:43 +0100] "HEAD / HTTP/1.1" 301 0 "http://www.omkar.com" "Mozilla/5.0+(compatible; UptimeRobot/2.0; http://www.uptimerobot.com/)"
168.119.53.160 - - [21/Jan/2026:15:48:58 +0100] "HEAD / HTTP/1.1" 301 0 "http://omkar.com/" "Mozilla/5.0+(compatible; UptimeRobot/2.0; http://www.uptimerobot.com/)"
3.79.134.69 - - [21/Jan/2026:15:53:50 +0100] "HEAD / HTTP/1.1" 301 0 "http://www.omkar.com" "Mozilla/5.0+(compatible; UptimeRobot/2.0; http://www.uptimerobot.com/)"
49.13.130.29 - - [21/Jan/2026:15:54:05 +0100] "HEAD / HTTP/1.1" 301 0 "http://omkar.com/" "Mozilla/5.0+(compatible; UptimeRobot/2.0; http://www.uptimerobot.com/)"
152.58.47.115 - - [21/Jan/2026:15:58:04 +0100] "GET / HTTP/1.1" 301 162 "https://l.instagram.com/" "Mozilla/5.0 (Linux; Android 15; V2351 Build/AP3A.240905.015.A2; wv) AppleWebKit/537.36 (KHTML, like Gecko) Version/4.0 Chrome/144.0.7559.63 Mobile Safari/537.36 Instagram 412.0.0.35.87 Android (35/15; 300dpi; 720x1612; vivo; V2351; V2346; mt6835; en_US; 860442786; IABMV/1)"
142.132.180.39 - - [21/Jan/2026:15:58:58 +0100] "HEAD / HTTP/1.1" 301 0 "http://www.omkar.com" "Mozilla/5.0+(compatible; UptimeRobot/2.0; http://www.uptimerobot.com/)"
49.13.167.123 - - [21/Jan/2026:15:59:13 +0100] "HEAD / HTTP/1.1" 301 0 "http://omkar.com/" "Mozilla/5.0+(compatible; UptimeRobot/2.0; http://www.uptimerobot.com/)"
216.244.66.197 - - [21/Jan/2026:16:00:10 +0100] "GET /robots.txt HTTP/1.1" 301 162 "-" "Mozilla/5.0 (compatible; DotBot/1.2; +https://opensiteexplorer.org/dotbot; help@moz.com)"
216.244.66.197 - - [21/Jan/2026:16:00:10 +0100] "GET /robots.txt HTTP/1.1" 301 162 "-" "Mozilla/5.0 (compatible; DotBot/1.2; +https://opensiteexplorer.org/dotbot; help@moz.com)"
49.13.130.29 - - [21/Jan/2026:16:04:05 +0100] "HEAD / HTTP/1.1" 301 0 "http://www.omkar.com" "Mozilla/5.0+(compatible; UptimeRobot/2.0; http://www.uptimerobot.com/)"
52.59.43.236 - - [21/Jan/2026:16:04:20 +0100] "HEAD / HTTP/1.1" 301 0 "http://omkar.com/" "Mozilla/5.0+(compatible; UptimeRobot/2.0; http://www.uptimerobot.com/)"
