78.46.190.63 - - [20/Jan/2026:13:36:04 +0100] "HEAD / HTTP/1.1" 301 0 "http://www.omkar.com" "Mozilla/5.0+(compatible; UptimeRobot/2.0; http://www.uptimerobot.com/)"
18.193.252.127 - - [20/Jan/2026:13:36:56 +0100] "HEAD / HTTP/1.1" 301 0 "http://omkar.com/" "Mozilla/5.0+(compatible; UptimeRobot/2.0; http://www.uptimerobot.com/)"
63.178.84.147 - - [20/Jan/2026:13:41:11 +0100] "HEAD / HTTP/1.1" 301 0 "http://www.omkar.com" "Mozilla/5.0+(compatible; UptimeRobot/2.0; http://www.uptimerobot.com/)"
159.69.158.189 - - [20/Jan/2026:13:42:03 +0100] "HEAD / HTTP/1.1" 301 0 "http://omkar.com/" "Mozilla/5.0+(compatible; UptimeRobot/2.0; http://www.uptimerobot.com/)"
78.46.190.63 - - [20/Jan/2026:13:46:19 +0100] "HEAD / HTTP/1.1" 301 0 "http://www.omkar.com" "Mozilla/5.0+(compatible; UptimeRobot/2.0; http://www.uptimerobot.com/)"
3.77.67.4 - - [20/Jan/2026:13:47:10 +0100] "HEAD / HTTP/1.1" 301 0 "http://omkar.com/" "Mozilla/5.0+(compatible; UptimeRobot/2.0; http://www.uptimerobot.com/)"
20.191.45.212 - - [20/Jan/2026:13:48:07 +0100] "GET / HTTP/1.1" 301 162 "-" "DuckDuckBot/1.1; (+http://duckduckgo.com/duckduckbot.html)"
78.47.173.76 - - [20/Jan/2026:13:51:25 +0100] "HEAD / HTTP/1.1" 301 0 "http://www.omkar.com" "Mozilla/5.0+(compatible; UptimeRobot/2.0; http://www.uptimerobot.com/)"
128.140.106.114 - - [20/Jan/2026:13:52:17 +0100] "HEAD / HTTP/1.1" 301 0 "http://omkar.com/" "Mozilla/5.0+(compatible; UptimeRobot/2.0; http://www.uptimerobot.com/)"
185.121.171.129 - - [20/Jan/2026:13:56:29 +0100] "GET /uploads/constructionupdates/image/thumb_image_113_1_2016-11-03-00-59.jpg HTTP/1.1" 301 162 "-" "Mozilla/5.0 (iPad Air; CPU iPhone OS 13_0 like Mac OS X) AppleWebKit/605.1.15 (KHTML, like Gecko) FxiOS/141.0 Mobile/15E148 Safari/605.1.15"
78.47.98.55 - - [20/Jan/2026:13:56:33 +0100] "HEAD / HTTP/1.1" 301 0 "http://www.omkar.com" "Mozilla/5.0+(compatible; UptimeRobot/2.0; http://www.uptimerobot.com/)"
18.193.252.127 - - [20/Jan/2026:13:57:24 +0100] "HEAD / HTTP/1.1" 301 0 "http://omkar.com/" "Mozilla/5.0+(compatible; UptimeRobot/2.0; http://www.uptimerobot.com/)"
184.154.139.34 - - [20/Jan/2026:13:57:41 +0100] "GET / HTTP/1.1" 301 162 "http://www.google.com/url?url=omkar.com&yahoo.com" "Mozilla/5.0 (compatible; MSIE 9.0; Windows NT 6.1; WOW64; Trident/6.0)"
49.13.164.148 - - [20/Jan/2026:14:01:39 +0100] "HEAD / HTTP/1.1" 301 0 "http://www.omkar.com" "Mozilla/5.0+(compatible; UptimeRobot/2.0; http://www.uptimerobot.com/)"
49.13.134.145 - - [20/Jan/2026:14:02:32 +0100] "HEAD / HTTP/1.1" 301 0 "http://omkar.com/" "Mozilla/5.0+(compatible; UptimeRobot/2.0; http://www.uptimerobot.com/)"
34.169.164.233 - - [20/Jan/2026:14:02:49 +0100] "GET /omarcade/overview HTTP/1.1" 301 162 "-" "Mozilla/5.0 (Windows NT 10.0; Win64; x64) AppleWebKit/537.36 (KHTML, like Gecko) Chrome/123.0.0.0 Safari/537.36 OPR/109.0.0.0"
3.77.67.4 - - [20/Jan/2026:14:06:46 +0100] "HEAD / HTTP/1.1" 301 0 "http://www.omkar.com" "Mozilla/5.0+(compatible; UptimeRobot/2.0; http://www.uptimerobot.com/)"
78.47.98.55 - - [20/Jan/2026:14:07:40 +0100] "HEAD / HTTP/1.1" 301 0 "http://omkar.com/" "Mozilla/5.0+(compatible; UptimeRobot/2.0; http://www.uptimerobot.com/)"
78.47.173.76 - - [20/Jan/2026:14:11:54 +0100] "HEAD / HTTP/1.1" 301 0 "http://www.omkar.com" "Mozilla/5.0+(compatible; UptimeRobot/2.0; http://www.uptimerobot.com/)"
78.47.98.55 - - [20/Jan/2026:14:12:47 +0100] "HEAD / HTTP/1.1" 301 0 "http://omkar.com/" "Mozilla/5.0+(compatible; UptimeRobot/2.0; http://www.uptimerobot.com/)"
18.193.252.127 - - [20/Jan/2026:14:17:00 +0100] "HEAD / HTTP/1.1" 301 0 "http://www.omkar.com" "Mozilla/5.0+(compatible; UptimeRobot/2.0; http://www.uptimerobot.com/)"
128.140.41.193 - - [20/Jan/2026:14:17:55 +0100] "HEAD / HTTP/1.1" 301 0 "http://omkar.com/" "Mozilla/5.0+(compatible; UptimeRobot/2.0; http://www.uptimerobot.com/)"
185.121.171.238 - - [20/Jan/2026:14:20:27 +0100] "GET /uploads/constructionupdates/image/thumb_image_252_1_2017-05-05-06-24.jpg HTTP/1.1" 301 162 "-" "Mozilla/5.0 (iPhone 12; CPU iPhone OS 18_0 like Mac OS X) AppleWebKit/605.1.15 (KHTML, like Gecko) FxiOS/126.0 Mobile/15E148 Safari/605.1.15"
78.46.190.63 - - [20/Jan/2026:14:22:08 +0100] "HEAD / HTTP/1.1" 301 0 "http://www.omkar.com" "Mozilla/5.0+(compatible; UptimeRobot/2.0; http://www.uptimerobot.com/)"
74.7.241.181 - - [20/Jan/2026:14:22:34 +0100] "GET /robots.txt HTTP/1.1" 301 162 "-" "Mozilla/5.0 (Macintosh; Intel Mac OS X 10_15_7) AppleWebKit/537.36 (KHTML, like Gecko) Chrome/131.0.0.0 Safari/537.36; compatible; OAI-SearchBot/1.3; robots.txt; +https://openai.com/searchbot"
74.7.241.40 - - [20/Jan/2026:14:22:37 +0100] "GET /newsletter/sept2017/ HTTP/1.1" 301 162 "https://omkarcorp.netbizlabs.com" "Mozilla/5.0 AppleWebKit/537.36 (KHTML, like Gecko; compatible; GPTBot/1.3; +https://openai.com/gptbot)"
74.7.241.40 - - [20/Jan/2026:14:22:42 +0100] "GET /newsletter/feb2017/ HTTP/1.1" 301 162 "https://omkarcorp.netbizlabs.com" "Mozilla/5.0 AppleWebKit/537.36 (KHTML, like Gecko; compatible; GPTBot/1.3; +https://openai.com/gptbot)"
74.7.241.40 - - [20/Jan/2026:14:22:47 +0100] "GET /newsletter/ HTTP/1.1" 301 162 "https://omkarcorp.netbizlabs.com" "Mozilla/5.0 AppleWebKit/537.36 (KHTML, like Gecko; compatible; GPTBot/1.3; +https://openai.com/gptbot)"
63.178.84.147 - - [20/Jan/2026:14:23:02 +0100] "HEAD / HTTP/1.1" 301 0 "http://omkar.com/" "Mozilla/5.0+(compatible; UptimeRobot/2.0; http://www.uptimerobot.com/)"
85.208.98.23 - - [20/Jan/2026:14:24:22 +0100] "GET /robots.txt HTTP/1.1" 301 162 "-" "Mozilla/5.0 (compatible; SemrushBot-BA; +http://www.semrush.com/bot.html)"
18.193.252.127 - - [20/Jan/2026:14:27:16 +0100] "HEAD / HTTP/1.1" 301 0 "http://www.omkar.com" "Mozilla/5.0+(compatible; UptimeRobot/2.0; http://www.uptimerobot.com/)"
157.90.155.240 - - [20/Jan/2026:14:28:09 +0100] "HEAD / HTTP/1.1" 301 0 "http://omkar.com/" "Mozilla/5.0+(compatible; UptimeRobot/2.0; http://www.uptimerobot.com/)"
142.214.184.9 - - [20/Jan/2026:14:29:11 +0100] "GET /.well-known/acme-challenge/2IZ010JCF4JAPVBDV-J9Q_ARN8YXCZ2A HTTP/1.1" 301 162 "-" "Cpanel-HTTP-Client/1.0"
142.214.184.9 - - [20/Jan/2026:14:29:12 +0100] "GET /.well-known/acme-challenge/9X3_6Y1-NJBEAP3F847H-J4XX9G8M8BW HTTP/1.1" 301 162 "-" "Cpanel-HTTP-Client/1.0"
49.13.134.145 - - [20/Jan/2026:14:32:22 +0100] "HEAD / HTTP/1.1" 301 0 "http://www.omkar.com" "Mozilla/5.0+(compatible; UptimeRobot/2.0; http://www.uptimerobot.com/)"
78.47.98.55 - - [20/Jan/2026:14:33:15 +0100] "HEAD / HTTP/1.1" 301 0 "http://omkar.com/" "Mozilla/5.0+(compatible; UptimeRobot/2.0; http://www.uptimerobot.com/)"
54.147.238.89 - - [20/Jan/2026:14:35:32 +0100] "GET /ongoing-residential-projects-mumbai/omkar-ananta-goregaon HTTP/1.1" 301 162 "-" "Mozilla/5.0 AppleWebKit/537.36 (KHTML, like Gecko; compatible; Amazonbot/0.1; +https://developer.amazon.com/support/amazonbot) Chrome/119.0.6045.214 Safari/537.36"
52.28.162.93 - - [20/Jan/2026:14:37:31 +0100] "HEAD / HTTP/1.1" 301 0 "http://www.omkar.com" "Mozilla/5.0+(compatible; UptimeRobot/2.0; http://www.uptimerobot.com/)"
78.46.215.1 - - [20/Jan/2026:14:38:23 +0100] "HEAD / HTTP/1.1" 301 0 "http://omkar.com/" "Mozilla/5.0+(compatible; UptimeRobot/2.0; http://www.uptimerobot.com/)"
103.131.71.31 - - [20/Jan/2026:14:41:39 +0100] "GET /robots.txt HTTP/1.1" 301 162 "-" "Mozilla/5.0 (compatible; coccocbot-image/1.0; +http://help.coccoc.com/searchengine)"
78.46.190.63 - - [20/Jan/2026:14:42:39 +0100] "HEAD / HTTP/1.1" 301 0 "http://www.omkar.com" "Mozilla/5.0+(compatible; UptimeRobot/2.0; http://www.uptimerobot.com/)"
78.46.190.63 - - [20/Jan/2026:14:43:31 +0100] "HEAD / HTTP/1.1" 301 0 "http://omkar.com/" "Mozilla/5.0+(compatible; UptimeRobot/2.0; http://www.uptimerobot.com/)"
157.55.39.225 - - [20/Jan/2026:14:43:54 +0100] "GET /robots.txt HTTP/1.1" 301 162 "-" "Mozilla/5.0 AppleWebKit/537.36 (KHTML, like Gecko; compatible; bingbot/2.0; +http://www.bing.com/bingbot.htm) Chrome/116.0.1938.76 Safari/537.36"
40.77.167.235 - - [20/Jan/2026:14:44:00 +0100] "GET /newsletter/Financial-Chronicle.pdf HTTP/1.1" 301 162 "-" "Mozilla/5.0 AppleWebKit/537.36 (KHTML, like Gecko; compatible; bingbot/2.0; +http://www.bing.com/bingbot.htm) Chrome/116.0.1938.76 Safari/537.36"
172.121.211.227 - - [20/Jan/2026:14:44:26 +0100] "GET /uploads/gallery/150572474616872540242.jpg HTTP/1.1" 301 162 "-" "Mozilla/5.0 (Android 15.0; Mobile; rv:134.0) Gecko/134.0 Firefox/134.0"
78.46.215.1 - - [20/Jan/2026:14:47:46 +0100] "HEAD / HTTP/1.1" 301 0 "http://www.omkar.com" "Mozilla/5.0+(compatible; UptimeRobot/2.0; http://www.uptimerobot.com/)"
52.28.162.93 - - [20/Jan/2026:14:48:38 +0100] "HEAD / HTTP/1.1" 301 0 "http://omkar.com/" "Mozilla/5.0+(compatible; UptimeRobot/2.0; http://www.uptimerobot.com/)"
159.69.158.189 - - [20/Jan/2026:14:52:53 +0100] "HEAD / HTTP/1.1" 301 0 "http://www.omkar.com" "Mozilla/5.0+(compatible; UptimeRobot/2.0; http://www.uptimerobot.com/)"
167.235.143.113 - - [20/Jan/2026:14:53:46 +0100] "HEAD / HTTP/1.1" 301 0 "http://omkar.com/" "Mozilla/5.0+(compatible; UptimeRobot/2.0; http://www.uptimerobot.com/)"
91.92.242.7 - - [20/Jan/2026:14:57:38 +0100] "GET /images/images/cache.php?pass=3a0e007c895888c9c4bf234e2772a0dd HTTP/1.1" 301 162 "-" "Mozilla/5.0 (Windows NT 10.0; Win64; x64) AppleWebKit/537.36 (KHTML, like Gecko) Chrome/91.0.4472.124 Safari/537.36"
91.92.242.7 - - [20/Jan/2026:14:57:42 +0100] "GET /images/images/images/images/cache.php?pass=26aadf8d261066584120034c6303716f HTTP/1.1" 301 162 "-" "Mozilla/5.0 (Windows NT 10.0; Win64; x64) AppleWebKit/537.36 (KHTML, like Gecko) Chrome/91.0.4472.124 Safari/537.36"
91.92.242.7 - - [20/Jan/2026:14:57:46 +0100] "GET /images/images/images/images/images/images/cache.php?pass=6765bcbc711528e2760d2133cdf17685 HTTP/1.1" 301 162 "-" "Mozilla/5.0 (Windows NT 10.0; Win64; x64) AppleWebKit/537.36 (KHTML, like Gecko) Chrome/91.0.4472.124 Safari/537.36"
91.92.242.7 - - [20/Jan/2026:14:57:49 +0100] "GET /wp-admin/css/colors/coffee/coffee/cache.php?pass=fcc7a4900087e4d11e6774b6b0f8467b HTTP/1.1" 301 162 "-" "Mozilla/5.0 (Windows NT 10.0; Win64; x64) AppleWebKit/537.36 (KHTML, like Gecko) Chrome/91.0.4472.124 Safari/537.36"
91.92.242.7 - - [20/Jan/2026:14:57:51 +0100] "GET /wp-admin/css/colors/ectoplasm/ectoplasm/cache.php?pass=9a74f1a60dbf0f02d9c7327f9e66a5d8 HTTP/1.1" 301 162 "-" "Mozilla/5.0 (Windows NT 10.0; Win64; x64) AppleWebKit/537.36 (KHTML, like Gecko) Chrome/91.0.4472.124 Safari/537.36"
91.92.242.7 - - [20/Jan/2026:14:57:55 +0100] "GET /wp-admin/css/colors/midnight/midnight/cache.php?pass=80060c5e7ed6eaa1c5fec465d37bf212 HTTP/1.1" 301 162 "-" "Mozilla/5.0 (Windows NT 10.0; Win64; x64) AppleWebKit/537.36 (KHTML, like Gecko) Chrome/91.0.4472.124 Safari/537.36"
91.92.242.7 - - [20/Jan/2026:14:58:00 +0100] "GET /images/images/images/cache.php?pass=331b3e1aefcffd452db92a2c1c61c525 HTTP/1.1" 301 162 "-" "Mozilla/5.0 (Windows NT 10.0; Win64; x64) AppleWebKit/537.36 (KHTML, like Gecko) Chrome/91.0.4472.124 Safari/537.36"
167.235.143.113 - - [20/Jan/2026:14:58:01 +0100] "HEAD / HTTP/1.1" 301 0 "http://www.omkar.com" "Mozilla/5.0+(compatible; UptimeRobot/2.0; http://www.uptimerobot.com/)"
91.92.242.7 - - [20/Jan/2026:14:58:03 +0100] "GET /wp-admin/css/colors/colors/cache.php?pass=084feb330f49fc74f390119c08a8515f HTTP/1.1" 301 162 "-" "Mozilla/5.0 (Windows NT 10.0; Win64; x64) AppleWebKit/537.36 (KHTML, like Gecko) Chrome/91.0.4472.124 Safari/537.36"
91.92.242.7 - - [20/Jan/2026:14:58:06 +0100] "GET /images/images/images/images/images/images/images/images/images/images/cache.php?pass=1105a5a43bd65cd41776c4740f232849 HTTP/1.1" 301 162 "-" "Mozilla/5.0 (Windows NT 10.0; Win64; x64) AppleWebKit/537.36 (KHTML, like Gecko) Chrome/91.0.4472.124 Safari/537.36"
91.92.242.7 - - [20/Jan/2026:14:58:10 +0100] "GET /images/images/images/images/images/images/images/images/images/images/images/cache.php?pass=341a599afb55832de18a18d89cff3c4e HTTP/1.1" 301 162 "-" "Mozilla/5.0 (Windows NT 10.0; Win64; x64) AppleWebKit/537.36 (KHTML, like Gecko) Chrome/91.0.4472.124 Safari/537.36"
91.92.242.7 - - [20/Jan/2026:14:58:14 +0100] "GET /wp-admin/css/colors/ocean/ocean/cache.php?pass=f0f01a17de3281fd1cc7b39fa5bd3fdb HTTP/1.1" 301 162 "-" "Mozilla/5.0 (Windows NT 10.0; Win64; x64) AppleWebKit/537.36 (KHTML, like Gecko) Chrome/91.0.4472.124 Safari/537.36"
91.92.242.7 - - [20/Jan/2026:14:58:18 +0100] "GET /images/images/images/images/images/cache.php?pass=c93ef613c69e7f82b5446413c46b0aea HTTP/1.1" 301 162 "-" "Mozilla/5.0 (Windows NT 10.0; Win64; x64) AppleWebKit/537.36 (KHTML, like Gecko) Chrome/91.0.4472.124 Safari/537.36"
91.92.242.7 - - [20/Jan/2026:14:58:22 +0100] "GET /wp-admin/network/network/cache.php?pass=38ef0afddaa8ead7a21aef35fab6d209 HTTP/1.1" 301 162 "-" "Mozilla/5.0 (Windows NT 10.0; Win64; x64) AppleWebKit/537.36 (KHTML, like Gecko) Chrome/91.0.4472.124 Safari/537.36"
91.92.242.7 - - [20/Jan/2026:14:58:24 +0100] "GET /wp-admin/css/colors/sunrise/sunrise/cache.php?pass=fd82d9a1965c4f76d21c2a62c0e776b0 HTTP/1.1" 301 162 "-" "Mozilla/5.0 (Windows NT 10.0; Win64; x64) AppleWebKit/537.36 (KHTML, like Gecko) Chrome/91.0.4472.124 Safari/537.36"
91.92.242.7 - - [20/Jan/2026:14:58:27 +0100] "GET /wp-admin/css/colors/blue/blue/cache.php?pass=cea0e58fac5c5d5bdab4b221bb077707 HTTP/1.1" 301 162 "-" "Mozilla/5.0 (Windows NT 10.0; Win64; x64) AppleWebKit/537.36 (KHTML, like Gecko) Chrome/91.0.4472.124 Safari/537.36"
91.92.242.7 - - [20/Jan/2026:14:58:31 +0100] "GET /images/images/images/images/images/images/images/cache.php?pass=e2f2d10231c076274cbc76336b530c67 HTTP/1.1" 301 162 "-" "Mozilla/5.0 (Windows NT 10.0; Win64; x64) AppleWebKit/537.36 (KHTML, like Gecko) Chrome/91.0.4472.124 Safari/537.36"
88.99.80.227 - - [20/Jan/2026:14:58:53 +0100] "HEAD / HTTP/1.1" 301 0 "http://omkar.com/" "Mozilla/5.0+(compatible; UptimeRobot/2.0; http://www.uptimerobot.com/)"
49.13.164.148 - - [20/Jan/2026:15:03:08 +0100] "HEAD / HTTP/1.1" 301 0 "http://www.omkar.com" "Mozilla/5.0+(compatible; UptimeRobot/2.0; http://www.uptimerobot.com/)"
78.47.98.55 - - [20/Jan/2026:15:04:00 +0100] "HEAD / HTTP/1.1" 301 0 "http://omkar.com/" "Mozilla/5.0+(compatible; UptimeRobot/2.0; http://www.uptimerobot.com/)"
216.244.66.197 - - [20/Jan/2026:15:04:48 +0100] "GET /robots.txt HTTP/1.1" 301 162 "-" "Mozilla/5.0 (compatible; DotBot/1.2; +https://opensiteexplorer.org/dotbot; help@moz.com)"
172.121.211.193 - - [20/Jan/2026:15:05:24 +0100] "GET /uploads/awards/image/image_19_1_2016-06-09-05-00.jpg HTTP/1.1" 301 162 "-" "Mozilla/5.0 (iPhone 12; CPU iPhone OS 13_0 like Mac OS X) AppleWebKit/605.1.15 (KHTML, like Gecko) FxiOS/131.0 Mobile/15E148 Safari/605.1.15"
78.46.190.63 - - [20/Jan/2026:15:08:16 +0100] "HEAD / HTTP/1.1" 301 0 "http://www.omkar.com" "Mozilla/5.0+(compatible; UptimeRobot/2.0; http://www.uptimerobot.com/)"
49.13.134.145 - - [20/Jan/2026:15:09:12 +0100] "HEAD / HTTP/1.1" 301 0 "http://omkar.com/" "Mozilla/5.0+(compatible; UptimeRobot/2.0; http://www.uptimerobot.com/)"
43.153.102.138 - - [20/Jan/2026:15:10:05 +0100] "GET / HTTP/1.1" 301 162 "-" "Mozilla/5.0 (iPhone; CPU iPhone OS 13_2_3 like Mac OS X) AppleWebKit/605.1.15 (KHTML, like Gecko) Version/13.0.3 Mobile/15E148 Safari/604.1"
66.249.71.99 - - [20/Jan/2026:15:12:16 +0100] "GET /blogs/goregaon-right-place-to-invest HTTP/1.1" 301 162 "-" "Mozilla/5.0 (Linux; Android 6.0.1; Nexus 5X Build/MMB29P) AppleWebKit/537.36 (KHTML, like Gecko) Chrome/143.0.7499.192 Mobile Safari/537.36 (compatible; Googlebot/2.1; +http://www.google.com/bot.html)"
157.90.155.240 - - [20/Jan/2026:15:13:23 +0100] "HEAD / HTTP/1.1" 301 0 "http://www.omkar.com" "Mozilla/5.0+(compatible; UptimeRobot/2.0; http://www.uptimerobot.com/)"
49.13.167.123 - - [20/Jan/2026:15:14:19 +0100] "HEAD / HTTP/1.1" 301 0 "http://omkar.com/" "Mozilla/5.0+(compatible; UptimeRobot/2.0; http://www.uptimerobot.com/)"
142.132.180.39 - - [20/Jan/2026:15:18:28 +0100] "HEAD / HTTP/1.1" 301 0 "http://www.omkar.com" "Mozilla/5.0+(compatible; UptimeRobot/2.0; http://www.uptimerobot.com/)"
88.99.80.227 - - [20/Jan/2026:15:19:27 +0100] "HEAD / HTTP/1.1" 301 0 "http://omkar.com/" "Mozilla/5.0+(compatible; UptimeRobot/2.0; http://www.uptimerobot.com/)"
168.119.53.160 - - [20/Jan/2026:15:23:36 +0100] "HEAD / HTTP/1.1" 301 0 "http://www.omkar.com" "Mozilla/5.0+(compatible; UptimeRobot/2.0; http://www.uptimerobot.com/)"
78.47.98.55 - - [20/Jan/2026:15:24:35 +0100] "HEAD / HTTP/1.1" 301 0 "http://omkar.com/" "Mozilla/5.0+(compatible; UptimeRobot/2.0; http://www.uptimerobot.com/)"
34.198.85.162 - - [20/Jan/2026:15:28:39 +0100] "GET / HTTP/1.1" 301 162 "-" "Mozilla/5.0 (Macintosh; Intel Mac OS X 10_15_7) AppleWebKit/605.1.15 (KHTML, like Gecko) Version/18.6 Safari/605.1.15 Ddg/18.6 Chrome/141.0.0.0"
78.46.190.63 - - [20/Jan/2026:15:28:43 +0100] "HEAD / HTTP/1.1" 301 0 "http://www.omkar.com" "Mozilla/5.0+(compatible; UptimeRobot/2.0; http://www.uptimerobot.com/)"
52.59.43.236 - - [20/Jan/2026:15:29:43 +0100] "HEAD / HTTP/1.1" 301 0 "http://omkar.com/" "Mozilla/5.0+(compatible; UptimeRobot/2.0; http://www.uptimerobot.com/)"
168.119.123.75 - - [20/Jan/2026:15:33:50 +0100] "HEAD / HTTP/1.1" 301 0 "http://www.omkar.com" "Mozilla/5.0+(compatible; UptimeRobot/2.0; http://www.uptimerobot.com/)"
78.46.190.63 - - [20/Jan/2026:15:34:51 +0100] "HEAD / HTTP/1.1" 301 0 "http://omkar.com/" "Mozilla/5.0+(compatible; UptimeRobot/2.0; http://www.uptimerobot.com/)"
49.13.134.145 - - [20/Jan/2026:15:38:58 +0100] "HEAD / HTTP/1.1" 301 0 "http://www.omkar.com" "Mozilla/5.0+(compatible; UptimeRobot/2.0; http://www.uptimerobot.com/)"
168.119.96.239 - - [20/Jan/2026:15:39:58 +0100] "HEAD / HTTP/1.1" 301 0 "http://omkar.com/" "Mozilla/5.0+(compatible; UptimeRobot/2.0; http://www.uptimerobot.com/)"
185.121.171.8 - - [20/Jan/2026:15:42:56 +0100] "GET /uploads/constructionupdates/image/thumb_image_13_1_2016-06-07-10-04.jpg HTTP/1.1" 301 162 "-" "Mozilla/5.0 (iPad Mini; CPU iPhone OS 15_0 like Mac OS X) AppleWebKit/605.1.15 (KHTML, like Gecko) FxiOS/125.0 Mobile/15E148 Safari/605.1.15"
66.249.74.130 - - [20/Jan/2026:15:44:05 +0100] "GET /projects HTTP/1.1" 301 162 "-" "Mozilla/5.0 (Linux; Android 6.0.1; Nexus 5X Build/MMB29P) AppleWebKit/537.36 (KHTML, like Gecko) Chrome/143.0.7499.192 Mobile Safari/537.36 (compatible; Googlebot/2.1; +http://www.google.com/bot.html)"
168.119.123.75 - - [20/Jan/2026:15:44:06 +0100] "HEAD / HTTP/1.1" 301 0 "http://www.omkar.com" "Mozilla/5.0+(compatible; UptimeRobot/2.0; http://www.uptimerobot.com/)"
157.90.156.63 - - [20/Jan/2026:15:45:06 +0100] "HEAD / HTTP/1.1" 301 0 "http://omkar.com/" "Mozilla/5.0+(compatible; UptimeRobot/2.0; http://www.uptimerobot.com/)"
168.119.123.75 - - [20/Jan/2026:15:49:14 +0100] "HEAD / HTTP/1.1" 301 0 "http://www.omkar.com" "Mozilla/5.0+(compatible; UptimeRobot/2.0; http://www.uptimerobot.com/)"
49.13.167.123 - - [20/Jan/2026:15:50:14 +0100] "HEAD / HTTP/1.1" 301 0 "http://omkar.com/" "Mozilla/5.0+(compatible; UptimeRobot/2.0; http://www.uptimerobot.com/)"
170.106.152.218 - - [20/Jan/2026:15:54:04 +0100] "GET / HTTP/1.1" 301 162 "-" "Mozilla/5.0 (iPhone; CPU iPhone OS 13_2_3 like Mac OS X) AppleWebKit/605.1.15 (KHTML, like Gecko) Version/13.0.3 Mobile/15E148 Safari/604.1"
128.140.41.193 - - [20/Jan/2026:15:54:23 +0100] "HEAD / HTTP/1.1" 301 0 "http://www.omkar.com" "Mozilla/5.0+(compatible; UptimeRobot/2.0; http://www.uptimerobot.com/)"
88.99.80.227 - - [20/Jan/2026:15:55:22 +0100] "HEAD / HTTP/1.1" 301 0 "http://omkar.com/" "Mozilla/5.0+(compatible; UptimeRobot/2.0; http://www.uptimerobot.com/)"
49.13.130.29 - - [20/Jan/2026:15:59:31 +0100] "HEAD / HTTP/1.1" 301 0 "http://www.omkar.com" "Mozilla/5.0+(compatible; UptimeRobot/2.0; http://www.uptimerobot.com/)"
78.46.190.63 - - [20/Jan/2026:16:00:30 +0100] "HEAD / HTTP/1.1" 301 0 "http://omkar.com/" "Mozilla/5.0+(compatible; UptimeRobot/2.0; http://www.uptimerobot.com/)"
40.77.167.0 - - [20/Jan/2026:16:02:34 +0100] "GET / HTTP/1.1" 301 162 "-" "Mozilla/5.0 AppleWebKit/537.36 (KHTML, like Gecko; compatible; bingbot/2.0; +http://www.bing.com/bingbot.htm) Chrome/116.0.1938.76 Safari/537.36"
18.193.252.127 - - [20/Jan/2026:16:04:38 +0100] "HEAD / HTTP/1.1" 301 0 "http://www.omkar.com" "Mozilla/5.0+(compatible; UptimeRobot/2.0; http://www.uptimerobot.com/)"
168.119.96.239 - - [20/Jan/2026:16:05:38 +0100] "HEAD / HTTP/1.1" 301 0 "http://omkar.com/" "Mozilla/5.0+(compatible; UptimeRobot/2.0; http://www.uptimerobot.com/)"
168.119.96.239 - - [20/Jan/2026:16:09:46 +0100] "HEAD / HTTP/1.1" 301 0 "http://www.omkar.com" "Mozilla/5.0+(compatible; UptimeRobot/2.0; http://www.uptimerobot.com/)"
64.31.20.24 - - [20/Jan/2026:16:10:44 +0100] "GET / HTTP/1.0" 301 162 "http://omkar.com/" "Mozilla/5.0 (Windows NT 10.0; Win64; x64) AppleWebKit/537.36 (KHTML, like Gecko) Chrome/130.0.0.0 Safari/537.36 CCleaner/130.0.0.0"
159.69.158.189 - - [20/Jan/2026:16:10:47 +0100] "HEAD / HTTP/1.1" 301 0 "http://omkar.com/" "Mozilla/5.0+(compatible; UptimeRobot/2.0; http://www.uptimerobot.com/)"
78.46.215.1 - - [20/Jan/2026:16:14:52 +0100] "HEAD / HTTP/1.1" 301 0 "http://www.omkar.com" "Mozilla/5.0+(compatible; UptimeRobot/2.0; http://www.uptimerobot.com/)"
78.47.173.76 - - [20/Jan/2026:16:15:57 +0100] "HEAD / HTTP/1.1" 301 0 "http://omkar.com/" "Mozilla/5.0+(compatible; UptimeRobot/2.0; http://www.uptimerobot.com/)"
78.47.98.55 - - [20/Jan/2026:16:19:58 +0100] "HEAD / HTTP/1.1" 301 0 "http://www.omkar.com" "Mozilla/5.0+(compatible; UptimeRobot/2.0; http://www.uptimerobot.com/)"
18.192.166.72 - - [20/Jan/2026:16:21:05 +0100] "HEAD / HTTP/1.1" 301 0 "http://omkar.com/" "Mozilla/5.0+(compatible; UptimeRobot/2.0; http://www.uptimerobot.com/)"
51.75.119.168 - - [20/Jan/2026:16:21:20 +0100] "GET /robots.txt HTTP/1.1" 301 162 "-" "Mozilla/5.0 (compatible; MJ12bot/v1.4.8; http://mj12bot.com/)"
51.75.119.168 - - [20/Jan/2026:16:21:23 +0100] "GET /roczc3133425 HTTP/1.1" 301 162 "-" "Mozilla/5.0 (compatible; MJ12bot/v1.4.8; http://mj12bot.com/)"
51.75.119.168 - - [20/Jan/2026:16:21:42 +0100] "GET /robots.txt HTTP/1.1" 301 162 "-" "Mozilla/5.0 (compatible; MJ12bot/v1.4.8; http://mj12bot.com/)"
51.75.119.168 - - [20/Jan/2026:16:21:47 +0100] "GET /altamonte/contact-us.php,,,,,,,,, HTTP/1.1" 301 162 "-" "Mozilla/5.0 (compatible; MJ12bot/v1.4.8; http://mj12bot.com/)"
49.13.164.148 - - [20/Jan/2026:16:25:08 +0100] "HEAD / HTTP/1.1" 301 0 "http://www.omkar.com" "Mozilla/5.0+(compatible; UptimeRobot/2.0; http://www.uptimerobot.com/)"
3.79.134.69 - - [20/Jan/2026:16:26:13 +0100] "HEAD / HTTP/1.1" 301 0 "http://omkar.com/" "Mozilla/5.0+(compatible; UptimeRobot/2.0; http://www.uptimerobot.com/)"
107.23.101.123 - - [20/Jan/2026:16:26:43 +0100] "HEAD / HTTP/1.1" 301 0 "-" "Apache-HttpClient/4.5.13 (Java/17.0.15)"
78.47.98.55 - - [20/Jan/2026:16:30:15 +0100] "HEAD / HTTP/1.1" 301 0 "http://www.omkar.com" "Mozilla/5.0+(compatible; UptimeRobot/2.0; http://www.uptimerobot.com/)"
77.75.79.36 - - [20/Jan/2026:16:30:40 +0100] "GET /robots.txt HTTP/1.1" 301 162 "-" "Mozilla/5.0 (compatible; SeznamBot/4.0; +https://o-seznam.cz/napoveda/vyhledavani/en/seznambot-crawler/)"
77.75.79.36 - - [20/Jan/2026:16:30:40 +0100] "GET / HTTP/1.1" 301 162 "-" "Mozilla/5.0 (compatible; SeznamBot/4.0; +https://o-seznam.cz/napoveda/vyhledavani/en/seznambot-crawler/)"
63.178.84.147 - - [20/Jan/2026:16:31:22 +0100] "HEAD / HTTP/1.1" 301 0 "http://omkar.com/" "Mozilla/5.0+(compatible; UptimeRobot/2.0; http://www.uptimerobot.com/)"
85.208.98.18 - - [20/Jan/2026:16:32:14 +0100] "GET /robots.txt HTTP/1.1" 301 162 "-" "Mozilla/5.0 (compatible; SemrushBot; +http://www.semrush.com/bot.html)"
78.46.190.63 - - [20/Jan/2026:16:35:22 +0100] "HEAD / HTTP/1.1" 301 0 "http://www.omkar.com" "Mozilla/5.0+(compatible; UptimeRobot/2.0; http://www.uptimerobot.com/)"
168.119.123.75 - - [20/Jan/2026:16:36:30 +0100] "HEAD / HTTP/1.1" 301 0 "http://omkar.com/" "Mozilla/5.0+(compatible; UptimeRobot/2.0; http://www.uptimerobot.com/)"
20.230.68.25 - - [20/Jan/2026:16:37:38 +0100] "GET /wp-content/plugins/hellopress/wp_filemanager.php HTTP/1.1" 301 162 "-" "-"
20.230.68.25 - - [20/Jan/2026:16:37:43 +0100] "GET /class.php HTTP/1.1" 301 162 "-" "-"
20.230.68.25 - - [20/Jan/2026:16:37:46 +0100] "GET /lm13.php HTTP/1.1" 301 162 "-" "-"
20.230.68.25 - - [20/Jan/2026:16:37:49 +0100] "GET /1aa.php HTTP/1.1" 301 162 "-" "-"
20.230.68.25 - - [20/Jan/2026:16:37:52 +0100] "GET /menu.php HTTP/1.1" 301 162 "-" "-"
20.230.68.25 - - [20/Jan/2026:16:37:55 +0100] "GET /mail.php HTTP/1.1" 301 162 "-" "-"
20.230.68.25 - - [20/Jan/2026:16:37:59 +0100] "GET /v3.php HTTP/1.1" 301 162 "-" "-"
20.230.68.25 - - [20/Jan/2026:16:38:03 +0100] "GET /ilex.php HTTP/1.1" 301 162 "-" "-"
20.230.68.25 - - [20/Jan/2026:16:38:06 +0100] "GET /wto.php HTTP/1.1" 301 162 "-" "-"
20.230.68.25 - - [20/Jan/2026:16:38:09 +0100] "GET /777.php HTTP/1.1" 301 162 "-" "-"
20.230.68.25 - - [20/Jan/2026:16:38:13 +0100] "GET /file88.php HTTP/1.1" 301 162 "-" "-"
20.230.68.25 - - [20/Jan/2026:16:38:16 +0100] "GET /flower.php HTTP/1.1" 301 162 "-" "-"
20.230.68.25 - - [20/Jan/2026:16:38:19 +0100] "GET /ffile.php HTTP/1.1" 301 162 "-" "-"
20.230.68.25 - - [20/Jan/2026:16:38:21 +0100] "GET /p.php HTTP/1.1" 301 162 "-" "-"
20.230.68.25 - - [20/Jan/2026:16:38:25 +0100] "GET /000.php HTTP/1.1" 301 162 "-" "-"
20.230.68.25 - - [20/Jan/2026:16:38:28 +0100] "GET /403.php HTTP/1.1" 301 162 "-" "-"
20.230.68.25 - - [20/Jan/2026:16:38:32 +0100] "GET /class20.php HTTP/1.1" 301 162 "-" "-"
20.230.68.25 - - [20/Jan/2026:16:38:35 +0100] "GET /lol.php HTTP/1.1" 301 162 "-" "-"
20.230.68.25 - - [20/Jan/2026:16:38:39 +0100] "GET /cc.php HTTP/1.1" 301 162 "-" "-"
20.230.68.25 - - [20/Jan/2026:16:38:43 +0100] "GET /o.php HTTP/1.1" 301 162 "-" "-"
20.230.68.25 - - [20/Jan/2026:16:38:46 +0100] "GET /aaa.php HTTP/1.1" 301 162 "-" "-"
20.230.68.25 - - [20/Jan/2026:16:38:50 +0100] "GET /n.php HTTP/1.1" 301 162 "-" "-"
20.230.68.25 - - [20/Jan/2026:16:38:53 +0100] "GET /666.php HTTP/1.1" 301 162 "-" "-"
20.230.68.25 - - [20/Jan/2026:16:38:56 +0100] "GET /fileas.php HTTP/1.1" 301 162 "-" "-"
20.230.68.25 - - [20/Jan/2026:16:38:59 +0100] "GET /cccc.php HTTP/1.1" 301 162 "-" "-"
20.230.68.25 - - [20/Jan/2026:16:39:02 +0100] "GET /CLA.php HTTP/1.1" 301 162 "-" "-"
20.230.68.25 - - [20/Jan/2026:16:39:06 +0100] "GET /wfile.php HTTP/1.1" 301 162 "-" "-"
20.230.68.25 - - [20/Jan/2026:16:39:11 +0100] "GET /abc.php HTTP/1.1" 301 162 "-" "-"
20.230.68.25 - - [20/Jan/2026:16:39:15 +0100] "GET /wb.php HTTP/1.1" 301 162 "-" "-"
20.230.68.25 - - [20/Jan/2026:16:39:18 +0100] "GET /mds.php HTTP/1.1" 301 162 "-" "-"
20.230.68.25 - - [20/Jan/2026:16:39:21 +0100] "GET /mlex.php HTTP/1.1" 301 162 "-" "-"
20.230.68.25 - - [20/Jan/2026:16:39:24 +0100] "GET /a.php HTTP/1.1" 301 162 "-" "-"
20.230.68.25 - - [20/Jan/2026:16:39:27 +0100] "GET /a2.php HTTP/1.1" 301 162 "-" "-"
20.230.68.25 - - [20/Jan/2026:16:39:30 +0100] "GET /222.php HTTP/1.1" 301 162 "-" "-"
20.230.68.25 - - [20/Jan/2026:16:39:34 +0100] "GET /inde.php HTTP/1.1" 301 162 "-" "-"
20.230.68.25 - - [20/Jan/2026:16:39:37 +0100] "GET /1.php HTTP/1.1" 301 162 "-" "-"
20.230.68.25 - - [20/Jan/2026:16:39:41 +0100] "GET /vee.php HTTP/1.1" 301 162 "-" "-"
20.230.68.25 - - [20/Jan/2026:16:39:44 +0100] "GET /wcas.php HTTP/1.1" 301 162 "-" "-"
20.230.68.25 - - [20/Jan/2026:16:39:47 +0100] "GET /k.php HTTP/1.1" 301 162 "-" "-"
20.230.68.25 - - [20/Jan/2026:16:39:50 +0100] "GET /finny.php HTTP/1.1" 301 162 "-" "-"
20.230.68.25 - - [20/Jan/2026:16:39:54 +0100] "GET /ws45.php HTTP/1.1" 301 162 "-" "-"
20.230.68.25 - - [20/Jan/2026:16:39:58 +0100] "GET /build.php HTTP/1.1" 301 162 "-" "-"
20.230.68.25 - - [20/Jan/2026:16:40:01 +0100] "GET /ws33.php HTTP/1.1" 301 162 "-" "-"
20.230.68.25 - - [20/Jan/2026:16:40:05 +0100] "GET /klex.php HTTP/1.1" 301 162 "-" "-"
20.230.68.25 - - [20/Jan/2026:16:40:09 +0100] "GET /ws34.php HTTP/1.1" 301 162 "-" "-"
20.230.68.25 - - [20/Jan/2026:16:40:13 +0100] "GET /alpa.php HTTP/1.1" 301 162 "-" "-"
20.230.68.25 - - [20/Jan/2026:16:40:17 +0100] "GET /file2.php HTTP/1.1" 301 162 "-" "-"
20.230.68.25 - - [20/Jan/2026:16:40:21 +0100] "GET /444.php HTTP/1.1" 301 162 "-" "-"
20.230.68.25 - - [20/Jan/2026:16:40:25 +0100] "GET /pp.php HTTP/1.1" 301 162 "-" "-"
20.230.68.25 - - [20/Jan/2026:16:40:29 +0100] "GET /2.php HTTP/1.1" 301 162 "-" "-"
3.77.67.4 - - [20/Jan/2026:16:40:30 +0100] "HEAD / HTTP/1.1" 301 0 "http://www.omkar.com" "Mozilla/5.0+(compatible; UptimeRobot/2.0; http://www.uptimerobot.com/)"
20.230.68.25 - - [20/Jan/2026:16:40:31 +0100] "GET /ws38.php HTTP/1.1" 301 162 "-" "-"
20.230.68.25 - - [20/Jan/2026:16:40:35 +0100] "GET /555.php HTTP/1.1" 301 162 "-" "-"
20.230.68.25 - - [20/Jan/2026:16:40:38 +0100] "GET /bless.php HTTP/1.1" 301 162 "-" "-"
20.230.68.25 - - [20/Jan/2026:16:40:42 +0100] "GET /bolt.php HTTP/1.1" 301 162 "-" "-"
20.230.68.25 - - [20/Jan/2026:16:40:45 +0100] "GET /error.php HTTP/1.1" 301 162 "-" "-"
20.230.68.25 - - [20/Jan/2026:16:40:48 +0100] "GET /he.php HTTP/1.1" 301 162 "-" "-"
20.230.68.25 - - [20/Jan/2026:16:40:51 +0100] "GET /cfile.php HTTP/1.1" 301 162 "-" "-"
20.230.68.25 - - [20/Jan/2026:16:40:55 +0100] "GET /doti.php HTTP/1.1" 301 162 "-" "-"
20.230.68.25 - - [20/Jan/2026:16:40:59 +0100] "GET /sko.php HTTP/1.1" 301 162 "-" "-"
20.230.68.25 - - [20/Jan/2026:16:41:02 +0100] "GET /gmo.php HTTP/1.1" 301 162 "-" "-"
20.230.68.25 - - [20/Jan/2026:16:41:06 +0100] "GET /ws37.php HTTP/1.1" 301 162 "-" "-"
20.230.68.25 - - [20/Jan/2026:16:41:10 +0100] "GET /geck.php HTTP/1.1" 301 162 "-" "-"
20.230.68.25 - - [20/Jan/2026:16:41:13 +0100] "GET /nfile.php HTTP/1.1" 301 162 "-" "-"
20.230.68.25 - - [20/Jan/2026:16:41:16 +0100] "GET /file32.php HTTP/1.1" 301 162 "-" "-"
20.230.68.25 - - [20/Jan/2026:16:41:19 +0100] "GET /class9.php HTTP/1.1" 301 162 "-" "-"
20.230.68.25 - - [20/Jan/2026:16:41:23 +0100] "GET /031.php HTTP/1.1" 301 162 "-" "-"
20.230.68.25 - - [20/Jan/2026:16:41:26 +0100] "GET /file4.php HTTP/1.1" 301 162 "-" "-"
20.230.68.25 - - [20/Jan/2026:16:41:29 +0100] "GET /file5.php HTTP/1.1" 301 162 "-" "-"
20.230.68.25 - - [20/Jan/2026:16:41:33 +0100] "GET /tx38.php HTTP/1.1" 301 162 "-" "-"
49.13.130.29 - - [20/Jan/2026:16:41:36 +0100] "HEAD / HTTP/1.1" 301 0 "http://omkar.com/" "Mozilla/5.0+(compatible; UptimeRobot/2.0; http://www.uptimerobot.com/)"
20.230.68.25 - - [20/Jan/2026:16:41:37 +0100] "GET /404.php HTTP/1.1" 301 162 "-" "-"
20.230.68.25 - - [20/Jan/2026:16:41:40 +0100] "GET /bless3.php HTTP/1.1" 301 162 "-" "-"
20.230.68.25 - - [20/Jan/2026:16:41:42 +0100] "GET /xxxx.php HTTP/1.1" 301 162 "-" "-"
20.230.68.25 - - [20/Jan/2026:16:41:46 +0100] "GET /akk.php HTTP/1.1" 301 162 "-" "-"
20.230.68.25 - - [20/Jan/2026:16:41:50 +0100] "GET /aa.php HTTP/1.1" 301 162 "-" "-"
20.230.68.25 - - [20/Jan/2026:16:41:53 +0100] "GET /x7.php HTTP/1.1" 301 162 "-" "-"
20.230.68.25 - - [20/Jan/2026:16:41:57 +0100] "GET /ws36.php HTTP/1.1" 301 162 "-" "-"
20.230.68.25 - - [20/Jan/2026:16:42:00 +0100] "GET /0x0x.php HTTP/1.1" 301 162 "-" "-"
20.230.68.25 - - [20/Jan/2026:16:42:04 +0100] "GET /xx.php HTTP/1.1" 301 162 "-" "-"
20.230.68.25 - - [20/Jan/2026:16:42:07 +0100] "GET /file.php HTTP/1.1" 301 162 "-" "-"
20.230.68.25 - - [20/Jan/2026:16:42:10 +0100] "GET /card.php HTTP/1.1" 301 162 "-" "-"
20.230.68.25 - - [20/Jan/2026:16:42:14 +0100] "GET /size.php HTTP/1.1" 301 162 "-" "-"
20.230.68.25 - - [20/Jan/2026:16:42:17 +0100] "GET /class629.php HTTP/1.1" 301 162 "-" "-"
20.230.68.25 - - [20/Jan/2026:16:42:20 +0100] "GET /file9.php HTTP/1.1" 301 162 "-" "-"
20.230.68.25 - - [20/Jan/2026:16:42:23 +0100] "GET /moon.php HTTP/1.1" 301 162 "-" "-"
20.230.68.25 - - [20/Jan/2026:16:42:26 +0100] "GET /file18.php HTTP/1.1" 301 162 "-" "-"
20.230.68.25 - - [20/Jan/2026:16:42:29 +0100] "GET /file21.php HTTP/1.1" 301 162 "-" "-"
20.230.68.25 - - [20/Jan/2026:16:42:33 +0100] "GET /xxw.php HTTP/1.1" 301 162 "-" "-"
20.230.68.25 - - [20/Jan/2026:16:42:37 +0100] "GET /racs3.php HTTP/1.1" 301 162 "-" "-"
20.230.68.25 - - [20/Jan/2026:16:42:40 +0100] "GET /wsd.php HTTP/1.1" 301 162 "-" "-"
20.230.68.25 - - [20/Jan/2026:16:42:43 +0100] "GET /333.php HTTP/1.1" 301 162 "-" "-"
20.230.68.25 - - [20/Jan/2026:16:42:46 +0100] "GET /12.php HTTP/1.1" 301 162 "-" "-"
20.230.68.25 - - [20/Jan/2026:16:42:49 +0100] "GET /moon3.php HTTP/1.1" 301 162 "-" "-"
20.230.68.25 - - [20/Jan/2026:16:42:52 +0100] "GET /tor.php HTTP/1.1" 301 162 "-" "-"
20.230.68.25 - - [20/Jan/2026:16:42:56 +0100] "GET /haa.php HTTP/1.1" 301 162 "-" "-"
20.230.68.25 - - [20/Jan/2026:16:42:59 +0100] "GET /f6.php HTTP/1.1" 301 162 "-" "-"
20.230.68.25 - - [20/Jan/2026:16:43:02 +0100] "GET /asas.php HTTP/1.1" 301 162 "-" "-"
20.230.68.25 - - [20/Jan/2026:16:43:06 +0100] "GET /x.php HTTP/1.1" 301 162 "-" "-"
20.230.68.25 - - [20/Jan/2026:16:43:10 +0100] "GET /ava.php HTTP/1.1" 301 162 "-" "-"
20.230.68.25 - - [20/Jan/2026:16:43:14 +0100] "GET /ton.php HTTP/1.1" 301 162 "-" "-"
20.230.68.25 - - [20/Jan/2026:16:43:17 +0100] "GET /v1.php HTTP/1.1" 301 162 "-" "-"
20.230.68.25 - - [20/Jan/2026:16:43:20 +0100] "GET /111.php HTTP/1.1" 301 162 "-" "-"
20.230.68.25 - - [20/Jan/2026:16:43:24 +0100] "GET /an7.php HTTP/1.1" 301 162 "-" "-"
20.230.68.25 - - [20/Jan/2026:16:43:28 +0100] "GET /xeqdlun.php HTTP/1.1" 301 162 "-" "-"
20.230.68.25 - - [20/Jan/2026:16:43:31 +0100] "GET /acp.php HTTP/1.1" 301 162 "-" "-"
20.230.68.25 - - [20/Jan/2026:16:43:34 +0100] "GET /yellow.php HTTP/1.1" 301 162 "-" "-"
20.230.68.25 - - [20/Jan/2026:16:43:38 +0100] "GET /lala.php HTTP/1.1" 301 162 "-" "-"
20.230.68.25 - - [20/Jan/2026:16:43:41 +0100] "GET /file3.php HTTP/1.1" 301 162 "-" "-"
20.230.68.25 - - [20/Jan/2026:16:43:45 +0100] "GET /file17.php HTTP/1.1" 301 162 "-" "-"
20.230.68.25 - - [20/Jan/2026:16:43:48 +0100] "GET /shell.php HTTP/1.1" 301 162 "-" "-"
20.230.68.25 - - [20/Jan/2026:16:43:51 +0100] "GET /file15.php HTTP/1.1" 301 162 "-" "-"
20.230.68.25 - - [20/Jan/2026:16:43:54 +0100] "GET /file30.php HTTP/1.1" 301 162 "-" "-"
20.230.68.25 - - [20/Jan/2026:16:43:58 +0100] "GET /bless5.php HTTP/1.1" 301 162 "-" "-"
20.230.68.25 - - [20/Jan/2026:16:44:01 +0100] "GET /wp-is.php HTTP/1.1" 301 162 "-" "-"
20.230.68.25 - - [20/Jan/2026:16:44:05 +0100] "GET /hook.php HTTP/1.1" 301 162 "-" "-"
20.230.68.25 - - [20/Jan/2026:16:44:09 +0100] "GET /wp-configs.php HTTP/1.1" 301 162 "-" "-"
20.230.68.25 - - [20/Jan/2026:16:44:13 +0100] "GET /mini.php HTTP/1.1" 301 162 "-" "-"
20.230.68.25 - - [20/Jan/2026:16:44:17 +0100] "GET /class19.php HTTP/1.1" 301 162 "-" "-"
20.230.68.25 - - [20/Jan/2026:16:44:19 +0100] "GET /plss3.php HTTP/1.1" 301 162 "-" "-"
20.230.68.25 - - [20/Jan/2026:16:44:23 +0100] "GET /0x.php HTTP/1.1" 301 162 "-" "-"
20.230.68.25 - - [20/Jan/2026:16:44:26 +0100] "GET /file1.php HTTP/1.1" 301 162 "-" "-"
20.230.68.25 - - [20/Jan/2026:16:44:30 +0100] "GET /file8.php HTTP/1.1" 301 162 "-" "-"
20.230.68.25 - - [20/Jan/2026:16:44:32 +0100] "GET /100.kb.php HTTP/1.1" 301 162 "-" "-"
20.230.68.25 - - [20/Jan/2026:16:44:36 +0100] "GET /ppp.php HTTP/1.1" 301 162 "-" "-"
20.230.68.25 - - [20/Jan/2026:16:44:39 +0100] "GET /tox.php HTTP/1.1" 301 162 "-" "-"
20.230.68.25 - - [20/Jan/2026:16:44:43 +0100] "GET /bless11.php HTTP/1.1" 301 162 "-" "-"
20.230.68.25 - - [20/Jan/2026:16:44:46 +0100] "GET /030.php HTTP/1.1" 301 162 "-" "-"
20.230.68.25 - - [20/Jan/2026:16:44:50 +0100] "GET /v4.php HTTP/1.1" 301 162 "-" "-"
20.230.68.25 - - [20/Jan/2026:16:44:53 +0100] "GET /xxx.php HTTP/1.1" 301 162 "-" "-"
20.230.68.25 - - [20/Jan/2026:16:44:56 +0100] "GET /fs.php HTTP/1.1" 301 162 "-" "-"
20.230.68.25 - - [20/Jan/2026:16:44:59 +0100] "GET /33.php HTTP/1.1" 301 162 "-" "-"
20.230.68.25 - - [20/Jan/2026:16:45:03 +0100] "GET /v2.php HTTP/1.1" 301 162 "-" "-"
20.230.68.25 - - [20/Jan/2026:16:45:07 +0100] "GET /new4.php HTTP/1.1" 301 162 "-" "-"
142.132.180.39 - - [20/Jan/2026:16:45:38 +0100] "HEAD / HTTP/1.1" 301 0 "http://www.omkar.com" "Mozilla/5.0+(compatible; UptimeRobot/2.0; http://www.uptimerobot.com/)"
106.222.206.25 - - [20/Jan/2026:16:46:21 +0100] "GET / HTTP/1.1" 301 162 "-" "Mozilla/5.0 (iPhone; CPU iPhone OS 18_7 like Mac OS X) AppleWebKit/605.1.15 (KHTML, like Gecko) Version/26.1 Mobile/15E148 Safari/604.1"
3.77.67.4 - - [20/Jan/2026:16:46:44 +0100] "HEAD / HTTP/1.1" 301 0 "http://omkar.com/" "Mozilla/5.0+(compatible; UptimeRobot/2.0; http://www.uptimerobot.com/)"
66.220.149.30 - - [20/Jan/2026:16:50:33 +0100] "GET /residential-and-commercial-projects/altamonte-malad HTTP/1.1" 301 162 "-" "facebookexternalhit/1.1 (+http://www.facebook.com/externalhit_uatext.php)"
49.13.24.81 - - [20/Jan/2026:16:50:45 +0100] "HEAD / HTTP/1.1" 301 0 "http://www.omkar.com" "Mozilla/5.0+(compatible; UptimeRobot/2.0; http://www.uptimerobot.com/)"
49.13.164.148 - - [20/Jan/2026:16:51:52 +0100] "HEAD / HTTP/1.1" 301 0 "http://omkar.com/" "Mozilla/5.0+(compatible; UptimeRobot/2.0; http://www.uptimerobot.com/)"
45.86.210.215 - - [20/Jan/2026:16:53:33 +0100] "GET /uploads/constructionupdates/image/thumb_image_330_1_2017-06-28-08-31.png HTTP/1.1" 301 162 "-" "Mozilla/5.0 (iPhone 12; CPU iPhone OS 14_0 like Mac OS X) AppleWebKit/605.1.15 (KHTML, like Gecko) FxiOS/123.0 Mobile/15E148 Safari/605.1.15"
78.46.190.63 - - [20/Jan/2026:16:55:54 +0100] "HEAD / HTTP/1.1" 301 0 "http://www.omkar.com" "Mozilla/5.0+(compatible; UptimeRobot/2.0; http://www.uptimerobot.com/)"
168.119.96.239 - - [20/Jan/2026:16:57:00 +0100] "HEAD / HTTP/1.1" 301 0 "http://omkar.com/" "Mozilla/5.0+(compatible; UptimeRobot/2.0; http://www.uptimerobot.com/)"
216.244.66.197 - - [20/Jan/2026:17:00:53 +0100] "GET /robots.txt HTTP/1.1" 301 162 "-" "Mozilla/5.0 (compatible; DotBot/1.2; +https://opensiteexplorer.org/dotbot; help@moz.com)"
3.79.134.69 - - [20/Jan/2026:17:01:02 +0100] "HEAD / HTTP/1.1" 301 0 "http://www.omkar.com" "Mozilla/5.0+(compatible; UptimeRobot/2.0; http://www.uptimerobot.com/)"
18.192.166.72 - - [20/Jan/2026:17:02:07 +0100] "HEAD / HTTP/1.1" 301 0 "http://omkar.com/" "Mozilla/5.0+(compatible; UptimeRobot/2.0; http://www.uptimerobot.com/)"
169.239.203.176 - - [20/Jan/2026:17:05:46 +0100] "GET /uploads/awards/image/thumb_image_4_1_2016-06-01-06-16.jpg HTTP/1.1" 301 162 "-" "Mozilla/5.0 (Android 10.0; Mobile; rv:136.0) Gecko/136.0 Firefox/136.0"
142.132.180.39 - - [20/Jan/2026:17:06:09 +0100] "HEAD / HTTP/1.1" 301 0 "http://www.omkar.com" "Mozilla/5.0+(compatible; UptimeRobot/2.0; http://www.uptimerobot.com/)"
151.185.32.45 - - [20/Jan/2026:17:06:16 +0100] "GET / HTTP/1.1" 301 162 "-" "Mozilla/5.0 (Macintosh; Intel Mac OS X 10_15_7) AppleWebKit/537.36 (KHTML, like Gecko) Chrome/128.0.0.0 Safari/537.36"
151.185.32.45 - - [20/Jan/2026:17:06:17 +0100] "GET / HTTP/1.1" 301 162 "-" "Mozilla/5.0 (Macintosh; Intel Mac OS X 10_15_7) AppleWebKit/537.36 (KHTML, like Gecko) Chrome/128.0.0.0 Safari/537.36"
49.13.134.145 - - [20/Jan/2026:17:07:17 +0100] "HEAD / HTTP/1.1" 301 0 "http://omkar.com/" "Mozilla/5.0+(compatible; UptimeRobot/2.0; http://www.uptimerobot.com/)"
151.185.32.62 - - [20/Jan/2026:17:07:28 +0100] "GET / HTTP/1.1" 301 162 "-" "Mozilla/5.0 (Macintosh; Intel Mac OS X 10_15_7) AppleWebKit/537.36 (KHTML, like Gecko) Chrome/128.0.0.0 Safari/537.36"
151.185.32.62 - - [20/Jan/2026:17:07:28 +0100] "GET / HTTP/1.1" 301 162 "-" "Mozilla/5.0 (Macintosh; Intel Mac OS X 10_15_7) AppleWebKit/537.36 (KHTML, like Gecko) Chrome/128.0.0.0 Safari/537.36"
62.84.185.52 - - [20/Jan/2026:17:10:06 +0100] "GET /robots.txt HTTP/1.1" 301 162 "-" "Mozilla/5.0 (compatible; MJ12bot/v1.4.8; http://mj12bot.com/)"
62.84.185.52 - - [20/Jan/2026:17:10:09 +0100] "GET /blogs/babulal-varma-impact-on-mumbai-redevelopment-as-owner-of-omkar-realtors HTTP/1.1" 301 162 "-" "Mozilla/5.0 (compatible; MJ12bot/v1.4.8; http://mj12bot.com/)"
18.193.252.127 - - [20/Jan/2026:17:11:17 +0100] "HEAD / HTTP/1.1" 301 0 "http://www.omkar.com" "Mozilla/5.0+(compatible; UptimeRobot/2.0; http://www.uptimerobot.com/)"
151.185.32.62 - - [20/Jan/2026:17:12:21 +0100] "GET / HTTP/1.1" 301 162 "-" "Mozilla/5.0 (Macintosh; Intel Mac OS X 10_15_7) AppleWebKit/537.36 (KHTML, like Gecko) Chrome/128.0.0.0 Safari/537.36"
151.185.32.62 - - [20/Jan/2026:17:12:21 +0100] "GET / HTTP/1.1" 301 162 "-" "Mozilla/5.0 (Macintosh; Intel Mac OS X 10_15_7) AppleWebKit/537.36 (KHTML, like Gecko) Chrome/128.0.0.0 Safari/537.36"
18.192.166.72 - - [20/Jan/2026:17:12:25 +0100] "HEAD / HTTP/1.1" 301 0 "http://omkar.com/" "Mozilla/5.0+(compatible; UptimeRobot/2.0; http://www.uptimerobot.com/)"
151.185.32.62 - - [20/Jan/2026:17:13:01 +0100] "GET / HTTP/1.1" 301 162 "-" "Mozilla/5.0 (Macintosh; Intel Mac OS X 10_15_7) AppleWebKit/537.36 (KHTML, like Gecko) Chrome/128.0.0.0 Safari/537.36"
151.185.32.62 - - [20/Jan/2026:17:13:02 +0100] "GET / HTTP/1.1" 301 162 "-" "Mozilla/5.0 (Macintosh; Intel Mac OS X 10_15_7) AppleWebKit/537.36 (KHTML, like Gecko) Chrome/128.0.0.0 Safari/537.36"
52.59.43.236 - - [20/Jan/2026:17:16:26 +0100] "HEAD / HTTP/1.1" 301 0 "http://www.omkar.com" "Mozilla/5.0+(compatible; UptimeRobot/2.0; http://www.uptimerobot.com/)"
49.13.167.123 - - [20/Jan/2026:17:17:32 +0100] "HEAD / HTTP/1.1" 301 0 "http://omkar.com/" "Mozilla/5.0+(compatible; UptimeRobot/2.0; http://www.uptimerobot.com/)"
52.28.162.93 - - [20/Jan/2026:17:21:35 +0100] "HEAD / HTTP/1.1" 301 0 "http://www.omkar.com" "Mozilla/5.0+(compatible; UptimeRobot/2.0; http://www.uptimerobot.com/)"
142.132.180.39 - - [20/Jan/2026:17:22:40 +0100] "HEAD / HTTP/1.1" 301 0 "http://omkar.com/" "Mozilla/5.0+(compatible; UptimeRobot/2.0; http://www.uptimerobot.com/)"
169.239.203.158 - - [20/Jan/2026:17:23:02 +0100] "GET /uploads/constructionupdates/image/thumb_image_223_1_2017-05-05-05-56.jpg HTTP/1.1" 301 162 "-" "Mozilla/5.0 (Android 15.0; Mobile; rv:127.0) Gecko/127.0 Firefox/127.0"
49.13.164.148 - - [20/Jan/2026:17:26:42 +0100] "HEAD / HTTP/1.1" 301 0 "http://www.omkar.com" "Mozilla/5.0+(compatible; UptimeRobot/2.0; http://www.uptimerobot.com/)"
142.214.184.9 - - [20/Jan/2026:17:26:58 +0100] "GET /.well-known/acme-challenge/YCHC-NREH329D3WOJHXBVT-UAAV4NNPN HTTP/1.1" 301 162 "-" "Cpanel-HTTP-Client/1.0"
142.214.184.9 - - [20/Jan/2026:17:26:59 +0100] "GET /.well-known/acme-challenge/H25QMB56S6OPQBUN_5617JBLK5R19F_O HTTP/1.1" 301 162 "-" "Cpanel-HTTP-Client/1.0"
3.79.134.69 - - [20/Jan/2026:17:27:47 +0100] "HEAD / HTTP/1.1" 301 0 "http://omkar.com/" "Mozilla/5.0+(compatible; UptimeRobot/2.0; http://www.uptimerobot.com/)"
78.47.173.76 - - [20/Jan/2026:17:31:50 +0100] "HEAD / HTTP/1.1" 301 0 "http://www.omkar.com" "Mozilla/5.0+(compatible; UptimeRobot/2.0; http://www.uptimerobot.com/)"
151.185.32.45 - - [20/Jan/2026:17:32:16 +0100] "GET / HTTP/1.1" 301 162 "-" "Mozilla/5.0 (Macintosh; Intel Mac OS X 10_15_7) AppleWebKit/537.36 (KHTML, like Gecko) Chrome/128.0.0.0 Safari/537.36"
151.185.32.45 - - [20/Jan/2026:17:32:16 +0100] "GET / HTTP/1.1" 301 162 "-" "Mozilla/5.0 (Macintosh; Intel Mac OS X 10_15_7) AppleWebKit/537.36 (KHTML, like Gecko) Chrome/128.0.0.0 Safari/537.36"
151.185.32.62 - - [20/Jan/2026:17:32:29 +0100] "GET / HTTP/1.1" 301 162 "-" "Mozilla/5.0 (Macintosh; Intel Mac OS X 10_15_7) AppleWebKit/537.36 (KHTML, like Gecko) Chrome/128.0.0.0 Safari/537.36"
151.185.32.62 - - [20/Jan/2026:17:32:29 +0100] "GET / HTTP/1.1" 301 162 "-" "Mozilla/5.0 (Macintosh; Intel Mac OS X 10_15_7) AppleWebKit/537.36 (KHTML, like Gecko) Chrome/128.0.0.0 Safari/537.36"
128.140.41.193 - - [20/Jan/2026:17:32:57 +0100] "HEAD / HTTP/1.1" 301 0 "http://omkar.com/" "Mozilla/5.0+(compatible; UptimeRobot/2.0; http://www.uptimerobot.com/)"
151.185.32.62 - - [20/Jan/2026:17:34:31 +0100] "GET / HTTP/1.1" 301 162 "-" "Mozilla/5.0 (Macintosh; Intel Mac OS X 10_15_7) AppleWebKit/537.36 (KHTML, like Gecko) Chrome/128.0.0.0 Safari/537.36"
151.185.32.62 - - [20/Jan/2026:17:34:32 +0100] "GET / HTTP/1.1" 301 162 "-" "Mozilla/5.0 (Macintosh; Intel Mac OS X 10_15_7) AppleWebKit/537.36 (KHTML, like Gecko) Chrome/128.0.0.0 Safari/537.36"
151.185.32.62 - - [20/Jan/2026:17:34:42 +0100] "GET / HTTP/1.1" 301 162 "-" "Mozilla/5.0 (Macintosh; Intel Mac OS X 10_15_7) AppleWebKit/537.36 (KHTML, like Gecko) Chrome/128.0.0.0 Safari/537.36"
151.185.32.62 - - [20/Jan/2026:17:34:42 +0100] "GET / HTTP/1.1" 301 162 "-" "Mozilla/5.0 (Macintosh; Intel Mac OS X 10_15_7) AppleWebKit/537.36 (KHTML, like Gecko) Chrome/128.0.0.0 Safari/537.36"
151.185.32.45 - - [20/Jan/2026:17:35:20 +0100] "GET / HTTP/1.1" 301 162 "-" "Mozilla/5.0 (Macintosh; Intel Mac OS X 10_15_7) AppleWebKit/537.36 (KHTML, like Gecko) Chrome/128.0.0.0 Safari/537.36"
151.185.32.45 - - [20/Jan/2026:17:35:21 +0100] "GET / HTTP/1.1" 301 162 "-" "Mozilla/5.0 (Macintosh; Intel Mac OS X 10_15_7) AppleWebKit/537.36 (KHTML, like Gecko) Chrome/128.0.0.0 Safari/537.36"
151.185.32.62 - - [20/Jan/2026:17:36:28 +0100] "GET / HTTP/1.1" 301 162 "-" "Mozilla/5.0 (Macintosh; Intel Mac OS X 10_15_7) AppleWebKit/537.36 (KHTML, like Gecko) Chrome/128.0.0.0 Safari/537.36"
151.185.32.62 - - [20/Jan/2026:17:36:28 +0100] "GET / HTTP/1.1" 301 162 "-" "Mozilla/5.0 (Macintosh; Intel Mac OS X 10_15_7) AppleWebKit/537.36 (KHTML, like Gecko) Chrome/128.0.0.0 Safari/537.36"
49.13.130.29 - - [20/Jan/2026:17:36:56 +0100] "HEAD / HTTP/1.1" 301 0 "http://www.omkar.com" "Mozilla/5.0+(compatible; UptimeRobot/2.0; http://www.uptimerobot.com/)"
151.185.32.62 - - [20/Jan/2026:17:37:58 +0100] "GET / HTTP/1.1" 301 162 "-" "Mozilla/5.0 (Macintosh; Intel Mac OS X 10_15_7) AppleWebKit/537.36 (KHTML, like Gecko) Chrome/128.0.0.0 Safari/537.36"
151.185.32.62 - - [20/Jan/2026:17:37:58 +0100] "GET / HTTP/1.1" 301 162 "-" "Mozilla/5.0 (Macintosh; Intel Mac OS X 10_15_7) AppleWebKit/537.36 (KHTML, like Gecko) Chrome/128.0.0.0 Safari/537.36"
78.47.173.76 - - [20/Jan/2026:17:38:16 +0100] "HEAD / HTTP/1.1" 301 0 "http://omkar.com/" "Mozilla/5.0+(compatible; UptimeRobot/2.0; http://www.uptimerobot.com/)"
151.185.32.62 - - [20/Jan/2026:17:38:33 +0100] "GET / HTTP/1.1" 301 162 "-" "Mozilla/5.0 (Macintosh; Intel Mac OS X 10_15_7) AppleWebKit/537.36 (KHTML, like Gecko) Chrome/128.0.0.0 Safari/537.36"
151.185.32.62 - - [20/Jan/2026:17:38:33 +0100] "GET / HTTP/1.1" 301 162 "-" "Mozilla/5.0 (Macintosh; Intel Mac OS X 10_15_7) AppleWebKit/537.36 (KHTML, like Gecko) Chrome/128.0.0.0 Safari/537.36"
151.185.32.62 - - [20/Jan/2026:17:39:07 +0100] "GET / HTTP/1.1" 301 162 "-" "Mozilla/5.0 (Macintosh; Intel Mac OS X 10_15_7) AppleWebKit/537.36 (KHTML, like Gecko) Chrome/128.0.0.0 Safari/537.36"
151.185.32.62 - - [20/Jan/2026:17:39:08 +0100] "GET / HTTP/1.1" 301 162 "-" "Mozilla/5.0 (Macintosh; Intel Mac OS X 10_15_7) AppleWebKit/537.36 (KHTML, like Gecko) Chrome/128.0.0.0 Safari/537.36"
78.46.190.63 - - [20/Jan/2026:17:42:06 +0100] "HEAD / HTTP/1.1" 301 0 "http://www.omkar.com" "Mozilla/5.0+(compatible; UptimeRobot/2.0; http://www.uptimerobot.com/)"
49.13.134.145 - - [20/Jan/2026:17:43:23 +0100] "HEAD / HTTP/1.1" 301 0 "http://omkar.com/" "Mozilla/5.0+(compatible; UptimeRobot/2.0; http://www.uptimerobot.com/)"
49.13.134.145 - - [20/Jan/2026:17:47:14 +0100] "HEAD / HTTP/1.1" 301 0 "http://www.omkar.com" "Mozilla/5.0+(compatible; UptimeRobot/2.0; http://www.uptimerobot.com/)"
49.13.24.81 - - [20/Jan/2026:17:48:31 +0100] "HEAD / HTTP/1.1" 301 0 "http://omkar.com/" "Mozilla/5.0+(compatible; UptimeRobot/2.0; http://www.uptimerobot.com/)"
167.235.143.113 - - [20/Jan/2026:17:52:22 +0100] "HEAD / HTTP/1.1" 301 0 "http://www.omkar.com" "Mozilla/5.0+(compatible; UptimeRobot/2.0; http://www.uptimerobot.com/)"
216.244.66.197 - - [20/Jan/2026:17:53:35 +0100] "GET /robots.txt HTTP/1.1" 301 162 "-" "Mozilla/5.0 (compatible; DotBot/1.2; +https://opensiteexplorer.org/dotbot; help@moz.com)"
3.77.67.4 - - [20/Jan/2026:17:53:39 +0100] "HEAD / HTTP/1.1" 301 0 "http://omkar.com/" "Mozilla/5.0+(compatible; UptimeRobot/2.0; http://www.uptimerobot.com/)"
49.13.130.29 - - [20/Jan/2026:17:57:30 +0100] "HEAD / HTTP/1.1" 301 0 "http://www.omkar.com" "Mozilla/5.0+(compatible; UptimeRobot/2.0; http://www.uptimerobot.com/)"
168.119.53.160 - - [20/Jan/2026:17:58:46 +0100] "HEAD / HTTP/1.1" 301 0 "http://omkar.com/" "Mozilla/5.0+(compatible; UptimeRobot/2.0; http://www.uptimerobot.com/)"
34.198.85.162 - - [20/Jan/2026:18:01:35 +0100] "GET / HTTP/1.1" 301 162 "-" "Mozilla/5.0 (X11; Linux x86_64) AppleWebKit/537.36 (KHTML, like Gecko) Chrome/51.0.2704.103 Safari/537.36"
78.46.215.1 - - [20/Jan/2026:18:02:38 +0100] "HEAD / HTTP/1.1" 301 0 "http://www.omkar.com" "Mozilla/5.0+(compatible; UptimeRobot/2.0; http://www.uptimerobot.com/)"
151.185.32.62 - - [20/Jan/2026:18:03:52 +0100] "GET / HTTP/1.1" 301 162 "-" "Mozilla/5.0 (Macintosh; Intel Mac OS X 10_15_7) AppleWebKit/537.36 (KHTML, like Gecko) Chrome/128.0.0.0 Safari/537.36"
151.185.32.62 - - [20/Jan/2026:18:03:53 +0100] "GET / HTTP/1.1" 301 162 "-" "Mozilla/5.0 (Macintosh; Intel Mac OS X 10_15_7) AppleWebKit/537.36 (KHTML, like Gecko) Chrome/128.0.0.0 Safari/537.36"
168.119.123.75 - - [20/Jan/2026:18:03:54 +0100] "HEAD / HTTP/1.1" 301 0 "http://omkar.com/" "Mozilla/5.0+(compatible; UptimeRobot/2.0; http://www.uptimerobot.com/)"
151.185.32.62 - - [20/Jan/2026:18:04:07 +0100] "GET / HTTP/1.1" 301 162 "-" "Mozilla/5.0 (Macintosh; Intel Mac OS X 10_15_7) AppleWebKit/537.36 (KHTML, like Gecko) Chrome/128.0.0.0 Safari/537.36"
151.185.32.62 - - [20/Jan/2026:18:04:07 +0100] "GET / HTTP/1.1" 301 162 "-" "Mozilla/5.0 (Macintosh; Intel Mac OS X 10_15_7) AppleWebKit/537.36 (KHTML, like Gecko) Chrome/128.0.0.0 Safari/537.36"
159.69.158.189 - - [20/Jan/2026:18:07:47 +0100] "HEAD / HTTP/1.1" 301 0 "http://www.omkar.com" "Mozilla/5.0+(compatible; UptimeRobot/2.0; http://www.uptimerobot.com/)"
185.121.171.251 - - [20/Jan/2026:18:08:12 +0100] "GET /uploads/constructionupdates/image/thumb_image_14_1_2016-06-07-10-04.jpg HTTP/1.1" 301 162 "-" "Mozilla/5.0 (Android 16.0; Mobile; rv:129.0) Gecko/129.0 Firefox/129.0"
167.235.143.113 - - [20/Jan/2026:18:09:00 +0100] "HEAD / HTTP/1.1" 301 0 "http://omkar.com/" "Mozilla/5.0+(compatible; UptimeRobot/2.0; http://www.uptimerobot.com/)"
168.119.53.160 - - [20/Jan/2026:18:12:54 +0100] "HEAD / HTTP/1.1" 301 0 "http://www.omkar.com" "Mozilla/5.0+(compatible; UptimeRobot/2.0; http://www.uptimerobot.com/)"
