34.21.34.16 - - [19/Jan/2026:22:26:00 +0100] "HEAD / HTTP/1.1" 301 0 "-" "Mozilla/5.0 (iPhone; CPU iPhone OS 16_7 like Mac OS X) AppleWebKit/605.1.15 (KHTML, like Gecko) Version/16.7 Mobile/15E148 Safari/604.1"
34.21.34.16 - - [19/Jan/2026:22:26:03 +0100] "HEAD /wp/ HTTP/1.1" 301 0 "-" "Mozilla/5.0 (Windows NT 10.0; WOW64) AppleWebKit/537.36 (KHTML, like Gecko) Chrome/118.0.5993.90 Safari/537.36"
34.21.34.16 - - [19/Jan/2026:22:26:07 +0100] "HEAD /old/ HTTP/1.1" 301 0 "-" "Mozilla/5.0 (Linux; Android 14; RMX3842) AppleWebKit/537.36 (KHTML, like Gecko) Chrome/126.0.6478.44 Mobile Safari/537.36"
34.21.34.16 - - [19/Jan/2026:22:26:09 +0100] "HEAD /blog/ HTTP/1.1" 301 0 "-" "Mozilla/5.0 (Linux; Android 14; SM-A146P) AppleWebKit/537.36 (KHTML, like Gecko) SamsungBrowser/25.0 Chrome/123.0.6312.120 Mobile Safari/537.36"
18.193.252.127 - - [19/Jan/2026:22:29:30 +0100] "HEAD / HTTP/1.1" 301 0 "http://www.omkar.com" "Mozilla/5.0+(compatible; UptimeRobot/2.0; http://www.uptimerobot.com/)"
49.13.24.81 - - [19/Jan/2026:22:30:44 +0100] "HEAD / HTTP/1.1" 301 0 "http://omkar.com/" "Mozilla/5.0+(compatible; UptimeRobot/2.0; http://www.uptimerobot.com/)"
34.177.100.148 - - [19/Jan/2026:22:33:37 +0100] "GET / HTTP/1.1" 301 162 "-" "Mozilla/5.0 (Windows NT 10.0; Win64; x64) AppleWebKit/537.36 (KHTML, like Gecko) Chrome/58.0.3029.110 Safari/537.3"
157.90.156.63 - - [19/Jan/2026:22:34:38 +0100] "HEAD / HTTP/1.1" 301 0 "http://www.omkar.com" "Mozilla/5.0+(compatible; UptimeRobot/2.0; http://www.uptimerobot.com/)"
18.193.252.127 - - [19/Jan/2026:22:35:50 +0100] "HEAD / HTTP/1.1" 301 0 "http://omkar.com/" "Mozilla/5.0+(compatible; UptimeRobot/2.0; http://www.uptimerobot.com/)"
168.119.96.239 - - [19/Jan/2026:22:39:45 +0100] "HEAD / HTTP/1.1" 301 0 "http://www.omkar.com" "Mozilla/5.0+(compatible; UptimeRobot/2.0; http://www.uptimerobot.com/)"
3.79.134.69 - - [19/Jan/2026:22:40:57 +0100] "HEAD / HTTP/1.1" 301 0 "http://omkar.com/" "Mozilla/5.0+(compatible; UptimeRobot/2.0; http://www.uptimerobot.com/)"
49.13.24.81 - - [19/Jan/2026:22:44:54 +0100] "HEAD / HTTP/1.1" 301 0 "http://www.omkar.com" "Mozilla/5.0+(compatible; UptimeRobot/2.0; http://www.uptimerobot.com/)"
88.99.80.227 - - [19/Jan/2026:22:46:04 +0100] "HEAD / HTTP/1.1" 301 0 "http://omkar.com/" "Mozilla/5.0+(compatible; UptimeRobot/2.0; http://www.uptimerobot.com/)"
168.119.53.160 - - [19/Jan/2026:22:50:00 +0100] "HEAD / HTTP/1.1" 301 0 "http://www.omkar.com" "Mozilla/5.0+(compatible; UptimeRobot/2.0; http://www.uptimerobot.com/)"
78.47.173.76 - - [19/Jan/2026:22:51:11 +0100] "HEAD / HTTP/1.1" 301 0 "http://omkar.com/" "Mozilla/5.0+(compatible; UptimeRobot/2.0; http://www.uptimerobot.com/)"
49.13.130.29 - - [19/Jan/2026:22:55:08 +0100] "HEAD / HTTP/1.1" 301 0 "http://www.omkar.com" "Mozilla/5.0+(compatible; UptimeRobot/2.0; http://www.uptimerobot.com/)"
128.140.106.114 - - [19/Jan/2026:22:56:18 +0100] "HEAD / HTTP/1.1" 301 0 "http://omkar.com/" "Mozilla/5.0+(compatible; UptimeRobot/2.0; http://www.uptimerobot.com/)"
63.178.84.147 - - [19/Jan/2026:23:00:14 +0100] "HEAD / HTTP/1.1" 301 0 "http://www.omkar.com" "Mozilla/5.0+(compatible; UptimeRobot/2.0; http://www.uptimerobot.com/)"
78.46.190.63 - - [19/Jan/2026:23:01:26 +0100] "HEAD / HTTP/1.1" 301 0 "http://omkar.com/" "Mozilla/5.0+(compatible; UptimeRobot/2.0; http://www.uptimerobot.com/)"
49.13.167.123 - - [19/Jan/2026:23:05:21 +0100] "HEAD / HTTP/1.1" 301 0 "http://www.omkar.com" "Mozilla/5.0+(compatible; UptimeRobot/2.0; http://www.uptimerobot.com/)"
128.140.106.114 - - [19/Jan/2026:23:06:34 +0100] "HEAD / HTTP/1.1" 301 0 "http://omkar.com/" "Mozilla/5.0+(compatible; UptimeRobot/2.0; http://www.uptimerobot.com/)"
52.28.162.93 - - [19/Jan/2026:23:10:27 +0100] "HEAD / HTTP/1.1" 301 0 "http://www.omkar.com" "Mozilla/5.0+(compatible; UptimeRobot/2.0; http://www.uptimerobot.com/)"
128.140.106.114 - - [19/Jan/2026:23:11:40 +0100] "HEAD / HTTP/1.1" 301 0 "http://omkar.com/" "Mozilla/5.0+(compatible; UptimeRobot/2.0; http://www.uptimerobot.com/)"
3.77.67.4 - - [19/Jan/2026:23:15:34 +0100] "HEAD / HTTP/1.1" 301 0 "http://www.omkar.com" "Mozilla/5.0+(compatible; UptimeRobot/2.0; http://www.uptimerobot.com/)"
78.46.215.1 - - [19/Jan/2026:23:16:48 +0100] "HEAD / HTTP/1.1" 301 0 "http://omkar.com/" "Mozilla/5.0+(compatible; UptimeRobot/2.0; http://www.uptimerobot.com/)"
49.13.164.148 - - [19/Jan/2026:23:20:42 +0100] "HEAD / HTTP/1.1" 301 0 "http://www.omkar.com" "Mozilla/5.0+(compatible; UptimeRobot/2.0; http://www.uptimerobot.com/)"
157.90.156.63 - - [19/Jan/2026:23:21:55 +0100] "HEAD / HTTP/1.1" 301 0 "http://omkar.com/" "Mozilla/5.0+(compatible; UptimeRobot/2.0; http://www.uptimerobot.com/)"
142.214.184.9 - - [19/Jan/2026:23:23:26 +0100] "GET /.well-known/acme-challenge/HM86M-XY1C2G0U3A7RP_UUQ8WPF8V9DN HTTP/1.1" 301 162 "-" "Cpanel-HTTP-Client/1.0"
142.214.184.9 - - [19/Jan/2026:23:23:27 +0100] "GET /.well-known/acme-challenge/EKMY2SD8D_EJP6_A7CYWQ7ST1KNVSA10 HTTP/1.1" 301 162 "-" "Cpanel-HTTP-Client/1.0"
168.119.123.75 - - [19/Jan/2026:23:25:50 +0100] "HEAD / HTTP/1.1" 301 0 "http://www.omkar.com" "Mozilla/5.0+(compatible; UptimeRobot/2.0; http://www.uptimerobot.com/)"
103.131.71.42 - - [19/Jan/2026:23:25:52 +0100] "GET /robots.txt HTTP/1.1" 301 162 "-" "Mozilla/5.0 (compatible; coccocbot-image/1.0; +http://help.coccoc.com/searchengine)"
52.28.162.93 - - [19/Jan/2026:23:27:03 +0100] "HEAD / HTTP/1.1" 301 0 "http://omkar.com/" "Mozilla/5.0+(compatible; UptimeRobot/2.0; http://www.uptimerobot.com/)"
49.13.130.29 - - [19/Jan/2026:23:30:57 +0100] "HEAD / HTTP/1.1" 301 0 "http://www.omkar.com" "Mozilla/5.0+(compatible; UptimeRobot/2.0; http://www.uptimerobot.com/)"
78.46.190.63 - - [19/Jan/2026:23:32:11 +0100] "HEAD / HTTP/1.1" 301 0 "http://omkar.com/" "Mozilla/5.0+(compatible; UptimeRobot/2.0; http://www.uptimerobot.com/)"
142.248.80.57 - - [19/Jan/2026:23:32:47 +0100] "GET / HTTP/1.1" 301 162 "-" "Mozilla/5.0 (Windows NT 10.0; Win64; x64) AppleWebKit/537.36 (KHTML, like Gecko) Chrome/78.0.3904.108 Safari/537.36"
144.76.32.239 - - [19/Jan/2026:23:33:14 +0100] "GET /robots.txt HTTP/1.1" 301 162 "-" "Mozilla/5.0 (compatible; SERankingBacklinksBot/1.0; +https://seranking.com/backlinks-crawler)"
144.76.32.239 - - [19/Jan/2026:23:33:15 +0100] "GET /andheri-highway/ HTTP/1.1" 301 162 "-" "Mozilla/5.0 (compatible; SERankingBacklinksBot/1.0; +https://seranking.com/backlinks-crawler)"
78.47.98.55 - - [19/Jan/2026:23:36:05 +0100] "HEAD / HTTP/1.1" 301 0 "http://www.omkar.com" "Mozilla/5.0+(compatible; UptimeRobot/2.0; http://www.uptimerobot.com/)"
88.99.80.227 - - [19/Jan/2026:23:37:17 +0100] "HEAD / HTTP/1.1" 301 0 "http://omkar.com/" "Mozilla/5.0+(compatible; UptimeRobot/2.0; http://www.uptimerobot.com/)"
159.69.158.189 - - [19/Jan/2026:23:41:13 +0100] "HEAD / HTTP/1.1" 301 0 "http://www.omkar.com" "Mozilla/5.0+(compatible; UptimeRobot/2.0; http://www.uptimerobot.com/)"
54.162.69.192 - - [19/Jan/2026:23:41:20 +0100] "GET /index.php?/ongoing-residential-projects-mumbai/omkar-vive-bkc HTTP/1.1" 301 162 "-" "Mozilla/5.0 AppleWebKit/537.36 (KHTML, like Gecko; compatible; Amazonbot/0.1; +https://developer.amazon.com/support/amazonbot) Chrome/119.0.6045.214 Safari/537.36"
49.13.24.81 - - [19/Jan/2026:23:42:25 +0100] "HEAD / HTTP/1.1" 301 0 "http://omkar.com/" "Mozilla/5.0+(compatible; UptimeRobot/2.0; http://www.uptimerobot.com/)"
102.64.218.153 - - [19/Jan/2026:23:44:52 +0100] "GET http://www.omkar.com/meridia/ HTTP/1.1" 301 162 "-" "Mozilla/5.0 (Windows NT 6.1) AppleWebKit/537.36 (KHTML, like Gecko) Chrome/85.0.4183.121 Safari/537.36"
157.90.155.240 - - [19/Jan/2026:23:46:21 +0100] "HEAD / HTTP/1.1" 301 0 "http://www.omkar.com" "Mozilla/5.0+(compatible; UptimeRobot/2.0; http://www.uptimerobot.com/)"
190.142.231.219 - - [19/Jan/2026:23:46:28 +0100] "GET http://www.omkar.com/?utm_content=https%3A%2F%2Fmedia-index.kochava.com%2Fbuyers%2Fomkar-realtors-developers-pvt-ltd&utm_medium=AdVendorPage&utm_source=Kochava.com HTTP/1.1" 301 162 "-" "Mozilla/5.0 (Windows NT 10.0; Win64; x64) AppleWebKit/537.36 (KHTML, like Gecko) Chrome/80.0.3987.132 Safari/537.36"
157.90.155.240 - - [19/Jan/2026:23:47:33 +0100] "HEAD / HTTP/1.1" 301 0 "http://omkar.com/" "Mozilla/5.0+(compatible; UptimeRobot/2.0; http://www.uptimerobot.com/)"
45.224.99.155 - - [19/Jan/2026:23:48:39 +0100] "GET /uploads/location_advantages/1499702323116647860904.png HTTP/1.1" 301 162 "-" "Mozilla/5.0 (Macintosh; Intel Mac OS X 10_13_3) AppleWebKit/537.36 (KHTML, like Gecko) Chrome/81.0.4044.138 Safari/537.36 OPR/68.0.3618.173"
49.13.164.148 - - [19/Jan/2026:23:51:27 +0100] "HEAD / HTTP/1.1" 301 0 "http://www.omkar.com" "Mozilla/5.0+(compatible; UptimeRobot/2.0; http://www.uptimerobot.com/)"
168.119.96.239 - - [19/Jan/2026:23:52:41 +0100] "HEAD / HTTP/1.1" 301 0 "http://omkar.com/" "Mozilla/5.0+(compatible; UptimeRobot/2.0; http://www.uptimerobot.com/)"
168.119.96.239 - - [19/Jan/2026:23:56:35 +0100] "HEAD / HTTP/1.1" 301 0 "http://www.omkar.com" "Mozilla/5.0+(compatible; UptimeRobot/2.0; http://www.uptimerobot.com/)"
128.140.41.193 - - [19/Jan/2026:23:57:47 +0100] "HEAD / HTTP/1.1" 301 0 "http://omkar.com/" "Mozilla/5.0+(compatible; UptimeRobot/2.0; http://www.uptimerobot.com/)"
72.195.34.59 - - [20/Jan/2026:00:00:58 +0100] "GET /blogs/4-reasons-a-property-investment-a-smart-way-to-earn/ HTTP/1.0" 301 162 "http://omkar.com/blogs/4-reasons-a-property-investment-a-smart-way-to-earn/" "Mozilla/5.0 (Windows NT 10.0; Win64; x64) AppleWebKit/537.36 (KHTML, like Gecko) Chrome/130.0.0.0 Safari/537.36 CCleaner/130.0.0.0"
167.235.143.113 - - [20/Jan/2026:00:01:43 +0100] "HEAD / HTTP/1.1" 301 0 "http://www.omkar.com" "Mozilla/5.0+(compatible; UptimeRobot/2.0; http://www.uptimerobot.com/)"
49.13.164.148 - - [20/Jan/2026:00:02:55 +0100] "HEAD / HTTP/1.1" 301 0 "http://omkar.com/" "Mozilla/5.0+(compatible; UptimeRobot/2.0; http://www.uptimerobot.com/)"
44.251.61.61 - - [20/Jan/2026:00:04:46 +0100] "HEAD / HTTP/1.1" 301 0 "-" "Mozilla/5.0 (Windows NT 6.1; rv:14.0) Gecko/20120405 Firefox/14.0a1"
69.197.183.42 - - [20/Jan/2026:00:04:51 +0100] "GET /uploads/testimonials/14996956321168241903Ajit-Pawar,-Senior-Manager,-Property-Affairs.png HTTP/1.1" 301 162 "-" "Mozilla/5.0 (X11; Ubuntu; Linux x86_64; rv:72.0) Gecko/20100101 Firefox/72.0"
157.90.156.63 - - [20/Jan/2026:00:06:50 +0100] "HEAD / HTTP/1.1" 301 0 "http://www.omkar.com" "Mozilla/5.0+(compatible; UptimeRobot/2.0; http://www.uptimerobot.com/)"
49.13.24.81 - - [20/Jan/2026:00:08:01 +0100] "HEAD / HTTP/1.1" 301 0 "http://omkar.com/" "Mozilla/5.0+(compatible; UptimeRobot/2.0; http://www.uptimerobot.com/)"
93.183.94.195 - - [20/Jan/2026:00:09:15 +0100] "GET /blogs/4-reasons-a-property-investment-a-smart-way-to-earn/ HTTP/1.0" 301 162 "http://omkar.com/blogs/4-reasons-a-property-investment-a-smart-way-to-earn/" "Mozilla/5.0 (Windows NT 10.0; Win64; x64) AppleWebKit/537.36 (KHTML, like Gecko) Chrome/129.0.0.0 Safari/537.36"
128.140.106.114 - - [20/Jan/2026:00:11:59 +0100] "HEAD / HTTP/1.1" 301 0 "http://www.omkar.com" "Mozilla/5.0+(compatible; UptimeRobot/2.0; http://www.uptimerobot.com/)"
168.119.53.160 - - [20/Jan/2026:00:13:08 +0100] "HEAD / HTTP/1.1" 301 0 "http://omkar.com/" "Mozilla/5.0+(compatible; UptimeRobot/2.0; http://www.uptimerobot.com/)"
52.59.43.236 - - [20/Jan/2026:00:17:05 +0100] "HEAD / HTTP/1.1" 301 0 "http://www.omkar.com" "Mozilla/5.0+(compatible; UptimeRobot/2.0; http://www.uptimerobot.com/)"
18.192.166.72 - - [20/Jan/2026:00:18:16 +0100] "HEAD / HTTP/1.1" 301 0 "http://omkar.com/" "Mozilla/5.0+(compatible; UptimeRobot/2.0; http://www.uptimerobot.com/)"
216.244.66.197 - - [20/Jan/2026:00:19:35 +0100] "GET /robots.txt HTTP/1.1" 301 162 "-" "Mozilla/5.0 (compatible; DotBot/1.2; +https://opensiteexplorer.org/dotbot; help@moz.com)"
168.119.53.160 - - [20/Jan/2026:00:22:13 +0100] "HEAD / HTTP/1.1" 301 0 "http://www.omkar.com" "Mozilla/5.0+(compatible; UptimeRobot/2.0; http://www.uptimerobot.com/)"
167.235.143.113 - - [20/Jan/2026:00:23:23 +0100] "HEAD / HTTP/1.1" 301 0 "http://omkar.com/" "Mozilla/5.0+(compatible; UptimeRobot/2.0; http://www.uptimerobot.com/)"
169.239.203.219 - - [20/Jan/2026:00:23:51 +0100] "GET /uploads/constructionupdates/image/thumb_image_320_1_2017-06-28-08-28.png HTTP/1.1" 301 162 "-" "Mozilla/5.0 (Linux; Android 15.0; OnePlus 10T) AppleWebKit/537.36 (KHTML, like Gecko) Chrome/136.7.2078.86 Mobile Safari/537.36"
78.47.173.76 - - [20/Jan/2026:00:27:20 +0100] "HEAD / HTTP/1.1" 301 0 "http://www.omkar.com" "Mozilla/5.0+(compatible; UptimeRobot/2.0; http://www.uptimerobot.com/)"
169.239.203.142 - - [20/Jan/2026:00:28:17 +0100] "GET /uploads/constructionupdates/image/thumb_image_93_1_2016-08-19-08-05.jpg HTTP/1.1" 301 162 "-" "Mozilla/5.0 (Linux; Android 16.0; Samsung Galaxy Z Flip 3) AppleWebKit/537.36 (KHTML, like Gecko) Chrome/125.5.6320.74 Mobile Safari/537.36"
157.90.155.240 - - [20/Jan/2026:00:28:30 +0100] "HEAD / HTTP/1.1" 301 0 "http://omkar.com/" "Mozilla/5.0+(compatible; UptimeRobot/2.0; http://www.uptimerobot.com/)"
3.77.67.4 - - [20/Jan/2026:00:32:27 +0100] "HEAD / HTTP/1.1" 301 0 "http://www.omkar.com" "Mozilla/5.0+(compatible; UptimeRobot/2.0; http://www.uptimerobot.com/)"
3.79.134.69 - - [20/Jan/2026:00:33:39 +0100] "HEAD / HTTP/1.1" 301 0 "http://omkar.com/" "Mozilla/5.0+(compatible; UptimeRobot/2.0; http://www.uptimerobot.com/)"
43.153.113.127 - - [20/Jan/2026:00:35:00 +0100] "GET / HTTP/1.1" 301 162 "-" "Mozilla/5.0 (iPhone; CPU iPhone OS 13_2_3 like Mac OS X) AppleWebKit/605.1.15 (KHTML, like Gecko) Version/13.0.3 Mobile/15E148 Safari/604.1"
185.121.171.176 - - [20/Jan/2026:00:35:55 +0100] "GET /images/board-directors/rajendra-varma.jpg HTTP/1.1" 301 162 "-" "Mozilla/5.0 (Linux; Android 10.0; Pixel 4) AppleWebKit/537.36 (KHTML, like Gecko) Chrome/134.8.3509.45 Mobile Safari/537.36"
49.13.164.148 - - [20/Jan/2026:00:37:36 +0100] "HEAD / HTTP/1.1" 301 0 "http://www.omkar.com" "Mozilla/5.0+(compatible; UptimeRobot/2.0; http://www.uptimerobot.com/)"
52.28.162.93 - - [20/Jan/2026:00:38:45 +0100] "HEAD / HTTP/1.1" 301 0 "http://omkar.com/" "Mozilla/5.0+(compatible; UptimeRobot/2.0; http://www.uptimerobot.com/)"
15.235.96.164 - - [20/Jan/2026:00:42:10 +0100] "GET /robots.txt HTTP/1.1" 301 162 "-" "Mozilla/5.0 (compatible; AhrefsBot/7.0; +http://ahrefs.com/robot/)"
66.249.65.202 - - [20/Jan/2026:00:42:13 +0100] "GET /robots.txt HTTP/1.1" 301 162 "-" "Mozilla/5.0 (compatible; Googlebot/2.1; +http://www.google.com/bot.html)"
176.31.139.13 - - [20/Jan/2026:00:42:14 +0100] "GET /index.php?/sitemap HTTP/1.1" 301 162 "-" "Mozilla/5.0 (compatible; AhrefsBot/7.0; +http://ahrefs.com/robot/)"
66.249.71.38 - - [20/Jan/2026:00:42:20 +0100] "GET /ads.txt HTTP/1.1" 301 162 "-" "Mozilla/5.0 (compatible; Googlebot/2.1; +http://www.google.com/bot.html)"
66.249.74.131 - - [20/Jan/2026:00:42:29 +0100] "GET /ads.txt HTTP/1.1" 301 162 "-" "Mozilla/5.0 (compatible; Googlebot/2.1; +http://www.google.com/bot.html)"
78.46.215.1 - - [20/Jan/2026:00:42:43 +0100] "HEAD / HTTP/1.1" 301 0 "http://www.omkar.com" "Mozilla/5.0+(compatible; UptimeRobot/2.0; http://www.uptimerobot.com/)"
52.28.162.93 - - [20/Jan/2026:00:43:52 +0100] "HEAD / HTTP/1.1" 301 0 "http://omkar.com/" "Mozilla/5.0+(compatible; UptimeRobot/2.0; http://www.uptimerobot.com/)"
52.59.43.236 - - [20/Jan/2026:00:47:50 +0100] "HEAD / HTTP/1.1" 301 0 "http://www.omkar.com" "Mozilla/5.0+(compatible; UptimeRobot/2.0; http://www.uptimerobot.com/)"
78.46.190.63 - - [20/Jan/2026:00:48:58 +0100] "HEAD / HTTP/1.1" 301 0 "http://omkar.com/" "Mozilla/5.0+(compatible; UptimeRobot/2.0; http://www.uptimerobot.com/)"
3.77.67.4 - - [20/Jan/2026:00:52:59 +0100] "HEAD / HTTP/1.1" 301 0 "http://www.omkar.com" "Mozilla/5.0+(compatible; UptimeRobot/2.0; http://www.uptimerobot.com/)"
92.255.85.73 - - [20/Jan/2026:00:54:02 +0100] "GET / HTTP/1.0" 301 162 "http://omkar.com/" "Mozilla/5.0 (Windows NT 10.0; Win64; x64) AppleWebKit/537.36 (KHTML, like Gecko) Chrome/129.0.0.0 Safari/537.36"
157.90.155.240 - - [20/Jan/2026:00:54:06 +0100] "HEAD / HTTP/1.1" 301 0 "http://omkar.com/" "Mozilla/5.0+(compatible; UptimeRobot/2.0; http://www.uptimerobot.com/)"
169.239.203.50 - - [20/Jan/2026:00:55:13 +0100] "GET /andheri-highway/images/slider-images/proximity-4.png HTTP/1.1" 301 162 "-" "Mozilla/5.0 (Linux; Android 10.0; OnePlus 10T) AppleWebKit/537.36 (KHTML, like Gecko) Chrome/134.7.3433.17 Mobile Safari/537.36"
168.119.96.239 - - [20/Jan/2026:00:58:07 +0100] "HEAD / HTTP/1.1" 301 0 "http://www.omkar.com" "Mozilla/5.0+(compatible; UptimeRobot/2.0; http://www.uptimerobot.com/)"
159.69.158.189 - - [20/Jan/2026:00:59:13 +0100] "HEAD / HTTP/1.1" 301 0 "http://omkar.com/" "Mozilla/5.0+(compatible; UptimeRobot/2.0; http://www.uptimerobot.com/)"
168.119.53.160 - - [20/Jan/2026:01:03:14 +0100] "HEAD / HTTP/1.1" 301 0 "http://www.omkar.com" "Mozilla/5.0+(compatible; UptimeRobot/2.0; http://www.uptimerobot.com/)"
216.244.66.197 - - [20/Jan/2026:01:03:31 +0100] "GET /robots.txt HTTP/1.1" 301 162 "-" "Mozilla/5.0 (compatible; DotBot/1.2; +https://opensiteexplorer.org/dotbot; help@moz.com)"
49.13.164.148 - - [20/Jan/2026:01:04:20 +0100] "HEAD / HTTP/1.1" 301 0 "http://omkar.com/" "Mozilla/5.0+(compatible; UptimeRobot/2.0; http://www.uptimerobot.com/)"
190.99.83.192 - - [20/Jan/2026:01:04:27 +0100] "GET /uploads/amenities/image/thumb_image_33_1_2016-06-14-10-24.jpg HTTP/1.1" 301 162 "-" "Mozilla/5.0 (iPhone 16; CPU iPhone OS 15_0 like Mac OS X) AppleWebKit/605.1.15 (KHTML, like Gecko) FxiOS/138.0 Mobile/15E148 Safari/605.1.15"
52.59.43.236 - - [20/Jan/2026:01:08:21 +0100] "HEAD / HTTP/1.1" 301 0 "http://www.omkar.com" "Mozilla/5.0+(compatible; UptimeRobot/2.0; http://www.uptimerobot.com/)"
157.90.155.240 - - [20/Jan/2026:01:09:27 +0100] "HEAD / HTTP/1.1" 301 0 "http://omkar.com/" "Mozilla/5.0+(compatible; UptimeRobot/2.0; http://www.uptimerobot.com/)"
3.79.134.69 - - [20/Jan/2026:01:13:29 +0100] "HEAD / HTTP/1.1" 301 0 "http://www.omkar.com" "Mozilla/5.0+(compatible; UptimeRobot/2.0; http://www.uptimerobot.com/)"
52.28.162.93 - - [20/Jan/2026:01:14:35 +0100] "HEAD / HTTP/1.1" 301 0 "http://omkar.com/" "Mozilla/5.0+(compatible; UptimeRobot/2.0; http://www.uptimerobot.com/)"
142.132.180.39 - - [20/Jan/2026:01:18:35 +0100] "HEAD / HTTP/1.1" 301 0 "http://www.omkar.com" "Mozilla/5.0+(compatible; UptimeRobot/2.0; http://www.uptimerobot.com/)"
49.13.24.81 - - [20/Jan/2026:01:19:42 +0100] "HEAD / HTTP/1.1" 301 0 "http://omkar.com/" "Mozilla/5.0+(compatible; UptimeRobot/2.0; http://www.uptimerobot.com/)"
43.153.122.30 - - [20/Jan/2026:01:20:19 +0100] "GET / HTTP/1.1" 301 162 "-" "Mozilla/5.0 (iPhone; CPU iPhone OS 13_2_3 like Mac OS X) AppleWebKit/605.1.15 (KHTML, like Gecko) Version/13.0.3 Mobile/15E148 Safari/604.1"
52.28.162.93 - - [20/Jan/2026:01:23:43 +0100] "HEAD / HTTP/1.1" 301 0 "http://www.omkar.com" "Mozilla/5.0+(compatible; UptimeRobot/2.0; http://www.uptimerobot.com/)"
78.46.190.63 - - [20/Jan/2026:01:24:49 +0100] "HEAD / HTTP/1.1" 301 0 "http://omkar.com/" "Mozilla/5.0+(compatible; UptimeRobot/2.0; http://www.uptimerobot.com/)"
52.28.162.93 - - [20/Jan/2026:01:28:50 +0100] "HEAD / HTTP/1.1" 301 0 "http://www.omkar.com" "Mozilla/5.0+(compatible; UptimeRobot/2.0; http://www.uptimerobot.com/)"
18.192.166.72 - - [20/Jan/2026:01:29:56 +0100] "HEAD / HTTP/1.1" 301 0 "http://omkar.com/" "Mozilla/5.0+(compatible; UptimeRobot/2.0; http://www.uptimerobot.com/)"
88.99.80.227 - - [20/Jan/2026:01:33:59 +0100] "HEAD / HTTP/1.1" 301 0 "http://www.omkar.com" "Mozilla/5.0+(compatible; UptimeRobot/2.0; http://www.uptimerobot.com/)"
78.46.215.1 - - [20/Jan/2026:01:35:03 +0100] "HEAD / HTTP/1.1" 301 0 "http://omkar.com/" "Mozilla/5.0+(compatible; UptimeRobot/2.0; http://www.uptimerobot.com/)"
203.86.123.31 - - [20/Jan/2026:01:36:30 +0100] "GET /assets/images/directors/img-9.jpg HTTP/1.1" 301 162 "-" "Mozilla/5.0 (X11; Ubuntu; Linux x86_64; rv:72.0) Gecko/20100101 Firefox/72.0"
3.79.134.69 - - [20/Jan/2026:01:39:06 +0100] "HEAD / HTTP/1.1" 301 0 "http://www.omkar.com" "Mozilla/5.0+(compatible; UptimeRobot/2.0; http://www.uptimerobot.com/)"
3.77.67.4 - - [20/Jan/2026:01:40:10 +0100] "HEAD / HTTP/1.1" 301 0 "http://omkar.com/" "Mozilla/5.0+(compatible; UptimeRobot/2.0; http://www.uptimerobot.com/)"
168.119.123.75 - - [20/Jan/2026:01:44:14 +0100] "HEAD / HTTP/1.1" 301 0 "http://www.omkar.com" "Mozilla/5.0+(compatible; UptimeRobot/2.0; http://www.uptimerobot.com/)"
63.178.84.147 - - [20/Jan/2026:01:45:16 +0100] "HEAD / HTTP/1.1" 301 0 "http://omkar.com/" "Mozilla/5.0+(compatible; UptimeRobot/2.0; http://www.uptimerobot.com/)"
216.244.66.197 - - [20/Jan/2026:01:48:11 +0100] "GET /robots.txt HTTP/1.1" 301 162 "-" "Mozilla/5.0 (compatible; DotBot/1.2; +https://opensiteexplorer.org/dotbot; help@moz.com)"
128.140.41.193 - - [20/Jan/2026:01:49:21 +0100] "HEAD / HTTP/1.1" 301 0 "http://www.omkar.com" "Mozilla/5.0+(compatible; UptimeRobot/2.0; http://www.uptimerobot.com/)"
157.90.155.240 - - [20/Jan/2026:01:50:24 +0100] "HEAD / HTTP/1.1" 301 0 "http://omkar.com/" "Mozilla/5.0+(compatible; UptimeRobot/2.0; http://www.uptimerobot.com/)"
190.99.83.166 - - [20/Jan/2026:01:52:57 +0100] "GET /uploads/news/image/thumb_image_3_1_2016-06-13-12-35.jpg HTTP/1.1" 301 162 "-" "Mozilla/5.0 (iPad Air; CPU iPhone OS 15_0 like Mac OS X) AppleWebKit/605.1.15 (KHTML, like Gecko) FxiOS/138.0 Mobile/15E148 Safari/605.1.15"
49.13.130.29 - - [20/Jan/2026:01:54:29 +0100] "HEAD / HTTP/1.1" 301 0 "http://www.omkar.com" "Mozilla/5.0+(compatible; UptimeRobot/2.0; http://www.uptimerobot.com/)"
49.13.130.29 - - [20/Jan/2026:01:55:31 +0100] "HEAD / HTTP/1.1" 301 0 "http://omkar.com/" "Mozilla/5.0+(compatible; UptimeRobot/2.0; http://www.uptimerobot.com/)"
78.46.215.1 - - [20/Jan/2026:01:59:36 +0100] "HEAD / HTTP/1.1" 301 0 "http://www.omkar.com" "Mozilla/5.0+(compatible; UptimeRobot/2.0; http://www.uptimerobot.com/)"
128.140.106.114 - - [20/Jan/2026:02:00:39 +0100] "HEAD / HTTP/1.1" 301 0 "http://omkar.com/" "Mozilla/5.0+(compatible; UptimeRobot/2.0; http://www.uptimerobot.com/)"
168.119.96.239 - - [20/Jan/2026:02:04:43 +0100] "HEAD / HTTP/1.1" 301 0 "http://www.omkar.com" "Mozilla/5.0+(compatible; UptimeRobot/2.0; http://www.uptimerobot.com/)"
18.192.166.72 - - [20/Jan/2026:02:05:46 +0100] "HEAD / HTTP/1.1" 301 0 "http://omkar.com/" "Mozilla/5.0+(compatible; UptimeRobot/2.0; http://www.uptimerobot.com/)"
142.132.180.39 - - [20/Jan/2026:02:09:51 +0100] "HEAD / HTTP/1.1" 301 0 "http://www.omkar.com" "Mozilla/5.0+(compatible; UptimeRobot/2.0; http://www.uptimerobot.com/)"
168.119.53.160 - - [20/Jan/2026:02:10:53 +0100] "HEAD / HTTP/1.1" 301 0 "http://omkar.com/" "Mozilla/5.0+(compatible; UptimeRobot/2.0; http://www.uptimerobot.com/)"
78.47.173.76 - - [20/Jan/2026:02:14:59 +0100] "HEAD / HTTP/1.1" 301 0 "http://www.omkar.com" "Mozilla/5.0+(compatible; UptimeRobot/2.0; http://www.uptimerobot.com/)"
168.119.123.75 - - [20/Jan/2026:02:16:00 +0100] "HEAD / HTTP/1.1" 301 0 "http://omkar.com/" "Mozilla/5.0+(compatible; UptimeRobot/2.0; http://www.uptimerobot.com/)"
3.77.67.4 - - [20/Jan/2026:02:20:06 +0100] "HEAD / HTTP/1.1" 301 0 "http://www.omkar.com" "Mozilla/5.0+(compatible; UptimeRobot/2.0; http://www.uptimerobot.com/)"
52.59.43.236 - - [20/Jan/2026:02:21:07 +0100] "HEAD / HTTP/1.1" 301 0 "http://omkar.com/" "Mozilla/5.0+(compatible; UptimeRobot/2.0; http://www.uptimerobot.com/)"
142.214.184.9 - - [20/Jan/2026:02:24:01 +0100] "GET /.well-known/acme-challenge/-NM1P0BB_UJCRKBBZ6XCNCUHBNL1383M HTTP/1.1" 301 162 "-" "Cpanel-HTTP-Client/1.0"
142.214.184.9 - - [20/Jan/2026:02:24:03 +0100] "GET /.well-known/acme-challenge/R6L-QJAEK1NH7N0TOGXPWB_KN-F4WTVN HTTP/1.1" 301 162 "-" "Cpanel-HTTP-Client/1.0"
78.46.215.1 - - [20/Jan/2026:02:25:14 +0100] "HEAD / HTTP/1.1" 301 0 "http://www.omkar.com" "Mozilla/5.0+(compatible; UptimeRobot/2.0; http://www.uptimerobot.com/)"
49.13.130.29 - - [20/Jan/2026:02:26:14 +0100] "HEAD / HTTP/1.1" 301 0 "http://omkar.com/" "Mozilla/5.0+(compatible; UptimeRobot/2.0; http://www.uptimerobot.com/)"
78.46.215.1 - - [20/Jan/2026:02:30:22 +0100] "HEAD / HTTP/1.1" 301 0 "http://www.omkar.com" "Mozilla/5.0+(compatible; UptimeRobot/2.0; http://www.uptimerobot.com/)"
18.192.166.72 - - [20/Jan/2026:02:31:21 +0100] "HEAD / HTTP/1.1" 301 0 "http://omkar.com/" "Mozilla/5.0+(compatible; UptimeRobot/2.0; http://www.uptimerobot.com/)"
216.244.66.197 - - [20/Jan/2026:02:32:50 +0100] "GET /robots.txt HTTP/1.1" 301 162 "-" "Mozilla/5.0 (compatible; DotBot/1.2; +https://opensiteexplorer.org/dotbot; help@moz.com)"
136.243.228.179 - - [20/Jan/2026:02:33:17 +0100] "GET /robots.txt HTTP/1.1" 301 162 "-" "Mozilla/5.0 (compatible; DataForSeoBot/1.0; +https://dataforseo.com/dataforseo-bot)"
136.243.228.179 - - [20/Jan/2026:02:33:18 +0100] "GET /robots.txt HTTP/1.1" 301 162 "-" "Mozilla/5.0 (compatible; DataForSeoBot/1.0; +https://dataforseo.com/dataforseo-bot)"
51.68.111.218 - - [20/Jan/2026:02:34:39 +0100] "GET /robots.txt HTTP/1.1" 301 162 "-" "Mozilla/5.0 (compatible; MJ12bot/v2.0.4; http://mj12bot.com/)"
51.68.111.218 - - [20/Jan/2026:02:34:40 +0100] "GET / HTTP/1.1" 301 162 "-" "Mozilla/5.0 (compatible; MJ12bot/v2.0.4; http://mj12bot.com/)"
168.119.96.239 - - [20/Jan/2026:02:35:28 +0100] "HEAD / HTTP/1.1" 301 0 "http://www.omkar.com" "Mozilla/5.0+(compatible; UptimeRobot/2.0; http://www.uptimerobot.com/)"
78.46.215.1 - - [20/Jan/2026:02:36:29 +0100] "HEAD / HTTP/1.1" 301 0 "http://omkar.com/" "Mozilla/5.0+(compatible; UptimeRobot/2.0; http://www.uptimerobot.com/)"
18.192.166.72 - - [20/Jan/2026:02:40:34 +0100] "HEAD / HTTP/1.1" 301 0 "http://www.omkar.com" "Mozilla/5.0+(compatible; UptimeRobot/2.0; http://www.uptimerobot.com/)"
18.193.252.127 - - [20/Jan/2026:02:41:36 +0100] "HEAD / HTTP/1.1" 301 0 "http://omkar.com/" "Mozilla/5.0+(compatible; UptimeRobot/2.0; http://www.uptimerobot.com/)"
66.249.93.99 - - [20/Jan/2026:02:44:00 +0100] "GET /ongoing-residential-projects-mumbai/the-bliss-collection?utm_source=GoogleMyBusiness HTTP/1.1" 301 162 "-" "Mozilla/5.0 (X11; Linux x86_64) AppleWebKit/537.36 (KHTML, like Gecko; Google-BusinessLinkVerification) Chrome/143.0.7499.169 Safari/537.36"
168.119.96.239 - - [20/Jan/2026:02:45:40 +0100] "HEAD / HTTP/1.1" 301 0 "http://www.omkar.com" "Mozilla/5.0+(compatible; UptimeRobot/2.0; http://www.uptimerobot.com/)"
54.84.147.79 - - [20/Jan/2026:02:46:37 +0100] "GET /robots.txt HTTP/1.1" 301 162 "-" "Mozilla/5.0 AppleWebKit/537.36 (KHTML, like Gecko; compatible; Amazonbot/0.1; +https://developer.amazon.com/support/amazonbot) Chrome/119.0.6045.214 Safari/537.36"
98.84.200.43 - - [20/Jan/2026:02:46:40 +0100] "GET / HTTP/1.1" 301 162 "-" "Mozilla/5.0 AppleWebKit/537.36 (KHTML, like Gecko; compatible; Amazonbot/0.1; +https://developer.amazon.com/support/amazonbot) Chrome/119.0.6045.214 Safari/537.36"
63.178.84.147 - - [20/Jan/2026:02:46:42 +0100] "HEAD / HTTP/1.1" 301 0 "http://omkar.com/" "Mozilla/5.0+(compatible; UptimeRobot/2.0; http://www.uptimerobot.com/)"
3.79.134.69 - - [20/Jan/2026:02:50:45 +0100] "HEAD / HTTP/1.1" 301 0 "http://www.omkar.com" "Mozilla/5.0+(compatible; UptimeRobot/2.0; http://www.uptimerobot.com/)"
49.13.134.145 - - [20/Jan/2026:02:51:50 +0100] "HEAD / HTTP/1.1" 301 0 "http://omkar.com/" "Mozilla/5.0+(compatible; UptimeRobot/2.0; http://www.uptimerobot.com/)"
159.69.158.189 - - [20/Jan/2026:02:55:53 +0100] "HEAD / HTTP/1.1" 301 0 "http://www.omkar.com" "Mozilla/5.0+(compatible; UptimeRobot/2.0; http://www.uptimerobot.com/)"
18.193.252.127 - - [20/Jan/2026:02:56:56 +0100] "HEAD / HTTP/1.1" 301 0 "http://omkar.com/" "Mozilla/5.0+(compatible; UptimeRobot/2.0; http://www.uptimerobot.com/)"
78.46.215.1 - - [20/Jan/2026:03:01:00 +0100] "HEAD / HTTP/1.1" 301 0 "http://www.omkar.com" "Mozilla/5.0+(compatible; UptimeRobot/2.0; http://www.uptimerobot.com/)"
78.47.98.55 - - [20/Jan/2026:03:02:03 +0100] "HEAD / HTTP/1.1" 301 0 "http://omkar.com/" "Mozilla/5.0+(compatible; UptimeRobot/2.0; http://www.uptimerobot.com/)"
167.235.143.113 - - [20/Jan/2026:03:06:06 +0100] "HEAD / HTTP/1.1" 301 0 "http://www.omkar.com" "Mozilla/5.0+(compatible; UptimeRobot/2.0; http://www.uptimerobot.com/)"
142.132.180.39 - - [20/Jan/2026:03:07:10 +0100] "HEAD / HTTP/1.1" 301 0 "http://omkar.com/" "Mozilla/5.0+(compatible; UptimeRobot/2.0; http://www.uptimerobot.com/)"
205.210.31.12 - - [20/Jan/2026:03:10:51 +0100] "GET / HTTP/1.1" 301 162 "-" "-"
49.13.24.81 - - [20/Jan/2026:03:11:14 +0100] "HEAD / HTTP/1.1" 301 0 "http://www.omkar.com" "Mozilla/5.0+(compatible; UptimeRobot/2.0; http://www.uptimerobot.com/)"
49.13.130.29 - - [20/Jan/2026:03:12:18 +0100] "HEAD / HTTP/1.1" 301 0 "http://omkar.com/" "Mozilla/5.0+(compatible; UptimeRobot/2.0; http://www.uptimerobot.com/)"
128.140.41.193 - - [20/Jan/2026:03:16:21 +0100] "HEAD / HTTP/1.1" 301 0 "http://www.omkar.com" "Mozilla/5.0+(compatible; UptimeRobot/2.0; http://www.uptimerobot.com/)"
157.90.156.63 - - [20/Jan/2026:03:17:26 +0100] "HEAD / HTTP/1.1" 301 0 "http://omkar.com/" "Mozilla/5.0+(compatible; UptimeRobot/2.0; http://www.uptimerobot.com/)"
216.244.66.197 - - [20/Jan/2026:03:17:28 +0100] "GET /robots.txt HTTP/1.1" 301 162 "-" "Mozilla/5.0 (compatible; DotBot/1.2; +https://opensiteexplorer.org/dotbot; help@moz.com)"
173.252.70.7 - - [20/Jan/2026:03:19:45 +0100] "GET /robots.txt HTTP/1.1" 301 162 "-" "facebookexternalhit/1.1 (+http://www.facebook.com/externalhit_uatext.php)"
128.140.41.193 - - [20/Jan/2026:03:21:28 +0100] "HEAD / HTTP/1.1" 301 0 "http://www.omkar.com" "Mozilla/5.0+(compatible; UptimeRobot/2.0; http://www.uptimerobot.com/)"
78.46.190.63 - - [20/Jan/2026:03:22:34 +0100] "HEAD / HTTP/1.1" 301 0 "http://omkar.com/" "Mozilla/5.0+(compatible; UptimeRobot/2.0; http://www.uptimerobot.com/)"
42.111.103.14 - - [20/Jan/2026:03:23:02 +0100] "GET /ongoingreschembur/overview HTTP/1.1" 301 162 "-" "Mozilla/5.0 (Linux; Android 10; K) AppleWebKit/537.36 (KHTML, like Gecko) Chrome/143.0.0.0 Mobile Safari/537.36"
49.13.130.29 - - [20/Jan/2026:03:26:35 +0100] "HEAD / HTTP/1.1" 301 0 "http://www.omkar.com" "Mozilla/5.0+(compatible; UptimeRobot/2.0; http://www.uptimerobot.com/)"
78.46.215.1 - - [20/Jan/2026:03:27:41 +0100] "HEAD / HTTP/1.1" 301 0 "http://omkar.com/" "Mozilla/5.0+(compatible; UptimeRobot/2.0; http://www.uptimerobot.com/)"
78.46.215.1 - - [20/Jan/2026:03:31:42 +0100] "HEAD / HTTP/1.1" 301 0 "http://www.omkar.com" "Mozilla/5.0+(compatible; UptimeRobot/2.0; http://www.uptimerobot.com/)"
168.119.53.160 - - [20/Jan/2026:03:32:49 +0100] "HEAD / HTTP/1.1" 301 0 "http://omkar.com/" "Mozilla/5.0+(compatible; UptimeRobot/2.0; http://www.uptimerobot.com/)"
167.235.143.113 - - [20/Jan/2026:03:36:51 +0100] "HEAD / HTTP/1.1" 301 0 "http://www.omkar.com" "Mozilla/5.0+(compatible; UptimeRobot/2.0; http://www.uptimerobot.com/)"
157.90.156.63 - - [20/Jan/2026:03:37:56 +0100] "HEAD / HTTP/1.1" 301 0 "http://omkar.com/" "Mozilla/5.0+(compatible; UptimeRobot/2.0; http://www.uptimerobot.com/)"
78.47.173.76 - - [20/Jan/2026:03:41:59 +0100] "HEAD / HTTP/1.1" 301 0 "http://www.omkar.com" "Mozilla/5.0+(compatible; UptimeRobot/2.0; http://www.uptimerobot.com/)"
49.13.130.29 - - [20/Jan/2026:03:43:05 +0100] "HEAD / HTTP/1.1" 301 0 "http://omkar.com/" "Mozilla/5.0+(compatible; UptimeRobot/2.0; http://www.uptimerobot.com/)"
54.39.210.75 - - [20/Jan/2026:03:43:21 +0100] "GET /robots.txt HTTP/1.1" 301 162 "-" "Mozilla/5.0 (compatible; AhrefsBot/7.0; +http://ahrefs.com/robot/)"
51.195.215.134 - - [20/Jan/2026:03:43:25 +0100] "GET / HTTP/1.1" 301 162 "-" "Mozilla/5.0 (compatible; AhrefsBot/7.0; +http://ahrefs.com/robot/)"
88.99.80.227 - - [20/Jan/2026:03:47:06 +0100] "HEAD / HTTP/1.1" 301 0 "http://www.omkar.com" "Mozilla/5.0+(compatible; UptimeRobot/2.0; http://www.uptimerobot.com/)"
128.140.106.114 - - [20/Jan/2026:03:48:13 +0100] "HEAD / HTTP/1.1" 301 0 "http://omkar.com/" "Mozilla/5.0+(compatible; UptimeRobot/2.0; http://www.uptimerobot.com/)"
157.15.40.86 - - [20/Jan/2026:03:51:41 +0100] "GET / HTTP/1.1" 301 162 "-" "Mozilla/5.0 (Windows NT 10.0; rv:68.0) Gecko/20100101 Firefox/68.0"
168.119.53.160 - - [20/Jan/2026:03:52:12 +0100] "HEAD / HTTP/1.1" 301 0 "http://www.omkar.com" "Mozilla/5.0+(compatible; UptimeRobot/2.0; http://www.uptimerobot.com/)"
142.132.180.39 - - [20/Jan/2026:03:53:19 +0100] "HEAD / HTTP/1.1" 301 0 "http://omkar.com/" "Mozilla/5.0+(compatible; UptimeRobot/2.0; http://www.uptimerobot.com/)"
54.158.253.114 - - [20/Jan/2026:03:54:56 +0100] "GET /robots.txt HTTP/1.1" 301 162 "-" "Mozilla/5.0 (Macintosh; Intel Mac OS X 10_15_7) AppleWebKit/537.36 (KHTML, like Gecko) Chrome/108.0.0.0 Safari/537.36"
78.47.173.76 - - [20/Jan/2026:03:57:20 +0100] "HEAD / HTTP/1.1" 301 0 "http://www.omkar.com" "Mozilla/5.0+(compatible; UptimeRobot/2.0; http://www.uptimerobot.com/)"
168.119.123.75 - - [20/Jan/2026:03:58:26 +0100] "HEAD / HTTP/1.1" 301 0 "http://omkar.com/" "Mozilla/5.0+(compatible; UptimeRobot/2.0; http://www.uptimerobot.com/)"
169.239.203.151 - - [20/Jan/2026:04:00:52 +0100] "GET /uploads/awards/image/image_22_1_2016-06-20-09-08.jpg HTTP/1.1" 301 162 "-" "Mozilla/5.0 (Android 15.0; Mobile; rv:140.0) Gecko/140.0 Firefox/140.0"
128.140.41.193 - - [20/Jan/2026:04:02:27 +0100] "HEAD / HTTP/1.1" 301 0 "http://www.omkar.com" "Mozilla/5.0+(compatible; UptimeRobot/2.0; http://www.uptimerobot.com/)"
18.192.166.72 - - [20/Jan/2026:04:03:32 +0100] "HEAD / HTTP/1.1" 301 0 "http://omkar.com/" "Mozilla/5.0+(compatible; UptimeRobot/2.0; http://www.uptimerobot.com/)"
3.79.134.69 - - [20/Jan/2026:04:07:35 +0100] "HEAD / HTTP/1.1" 301 0 "http://www.omkar.com" "Mozilla/5.0+(compatible; UptimeRobot/2.0; http://www.uptimerobot.com/)"
49.13.130.29 - - [20/Jan/2026:04:08:40 +0100] "HEAD / HTTP/1.1" 301 0 "http://omkar.com/" "Mozilla/5.0+(compatible; UptimeRobot/2.0; http://www.uptimerobot.com/)"
167.235.143.113 - - [20/Jan/2026:04:12:43 +0100] "HEAD / HTTP/1.1" 301 0 "http://www.omkar.com" "Mozilla/5.0+(compatible; UptimeRobot/2.0; http://www.uptimerobot.com/)"
128.140.106.114 - - [20/Jan/2026:04:13:48 +0100] "HEAD / HTTP/1.1" 301 0 "http://omkar.com/" "Mozilla/5.0+(compatible; UptimeRobot/2.0; http://www.uptimerobot.com/)"
49.13.167.123 - - [20/Jan/2026:04:17:51 +0100] "HEAD / HTTP/1.1" 301 0 "http://www.omkar.com" "Mozilla/5.0+(compatible; UptimeRobot/2.0; http://www.uptimerobot.com/)"
159.69.158.189 - - [20/Jan/2026:04:18:55 +0100] "HEAD / HTTP/1.1" 301 0 "http://omkar.com/" "Mozilla/5.0+(compatible; UptimeRobot/2.0; http://www.uptimerobot.com/)"
49.13.130.29 - - [20/Jan/2026:04:22:59 +0100] "HEAD / HTTP/1.1" 301 0 "http://www.omkar.com" "Mozilla/5.0+(compatible; UptimeRobot/2.0; http://www.uptimerobot.com/)"
88.99.80.227 - - [20/Jan/2026:04:24:03 +0100] "HEAD / HTTP/1.1" 301 0 "http://omkar.com/" "Mozilla/5.0+(compatible; UptimeRobot/2.0; http://www.uptimerobot.com/)"
18.192.166.72 - - [20/Jan/2026:04:28:07 +0100] "HEAD / HTTP/1.1" 301 0 "http://www.omkar.com" "Mozilla/5.0+(compatible; UptimeRobot/2.0; http://www.uptimerobot.com/)"
49.13.167.123 - - [20/Jan/2026:04:29:10 +0100] "HEAD / HTTP/1.1" 301 0 "http://omkar.com/" "Mozilla/5.0+(compatible; UptimeRobot/2.0; http://www.uptimerobot.com/)"
63.178.84.147 - - [20/Jan/2026:04:33:16 +0100] "HEAD / HTTP/1.1" 301 0 "http://www.omkar.com" "Mozilla/5.0+(compatible; UptimeRobot/2.0; http://www.uptimerobot.com/)"
168.119.96.239 - - [20/Jan/2026:04:34:18 +0100] "HEAD / HTTP/1.1" 301 0 "http://omkar.com/" "Mozilla/5.0+(compatible; UptimeRobot/2.0; http://www.uptimerobot.com/)"
66.249.65.203 - - [20/Jan/2026:04:35:08 +0100] "GET /uploads/vendor_registration/15066290391181890013Juber%20Khan%20resume.doc HTTP/1.1" 301 162 "-" "Mozilla/5.0 (Linux; Android 6.0.1; Nexus 5X Build/MMB29P) AppleWebKit/537.36 (KHTML, like Gecko) Chrome/143.0.7499.192 Mobile Safari/537.36 (compatible; Googlebot/2.1; +http://www.google.com/bot.html)"
49.13.167.123 - - [20/Jan/2026:04:38:23 +0100] "HEAD / HTTP/1.1" 301 0 "http://www.omkar.com" "Mozilla/5.0+(compatible; UptimeRobot/2.0; http://www.uptimerobot.com/)"
52.28.162.93 - - [20/Jan/2026:04:39:26 +0100] "HEAD / HTTP/1.1" 301 0 "http://omkar.com/" "Mozilla/5.0+(compatible; UptimeRobot/2.0; http://www.uptimerobot.com/)"
190.99.83.190 - - [20/Jan/2026:04:40:14 +0100] "GET /uploads/constructionupdates/image/thumb_image_64_1_2016-06-07-11-30.jpg HTTP/1.1" 301 162 "-" "Mozilla/5.0 (iPhone 15; CPU iPhone OS 17_0 like Mac OS X) AppleWebKit/605.1.15 (KHTML, like Gecko) FxiOS/122.0 Mobile/15E148 Safari/605.1.15"
54.205.227.20 - - [20/Jan/2026:04:42:53 +0100] "GET / HTTP/1.1" 301 162 "-" "Mozilla/5.0 (Windows NT 10.0; Win64; x64) AppleWebKit/537.36 (KHTML, like Gecko) Chrome/140.0.0.0 Safari/537.36"
49.13.24.81 - - [20/Jan/2026:04:43:30 +0100] "HEAD / HTTP/1.1" 301 0 "http://www.omkar.com" "Mozilla/5.0+(compatible; UptimeRobot/2.0; http://www.uptimerobot.com/)"
3.79.134.69 - - [20/Jan/2026:04:44:32 +0100] "HEAD / HTTP/1.1" 301 0 "http://omkar.com/" "Mozilla/5.0+(compatible; UptimeRobot/2.0; http://www.uptimerobot.com/)"
216.244.66.197 - - [20/Jan/2026:04:45:25 +0100] "GET /robots.txt HTTP/1.1" 301 162 "-" "Mozilla/5.0 (compatible; DotBot/1.2; +https://opensiteexplorer.org/dotbot; help@moz.com)"
207.46.13.160 - - [20/Jan/2026:04:47:56 +0100] "GET /assets/pdf/ORDPL-5.pdf HTTP/1.1" 301 162 "-" "Mozilla/5.0 AppleWebKit/537.36 (KHTML, like Gecko; compatible; bingbot/2.0; +http://www.bing.com/bingbot.htm) Chrome/116.0.1938.76 Safari/537.36"
168.119.53.160 - - [20/Jan/2026:04:48:36 +0100] "HEAD / HTTP/1.1" 301 0 "http://www.omkar.com" "Mozilla/5.0+(compatible; UptimeRobot/2.0; http://www.uptimerobot.com/)"
18.193.252.127 - - [20/Jan/2026:04:49:38 +0100] "HEAD / HTTP/1.1" 301 0 "http://omkar.com/" "Mozilla/5.0+(compatible; UptimeRobot/2.0; http://www.uptimerobot.com/)"
159.69.158.189 - - [20/Jan/2026:04:53:43 +0100] "HEAD / HTTP/1.1" 301 0 "http://www.omkar.com" "Mozilla/5.0+(compatible; UptimeRobot/2.0; http://www.uptimerobot.com/)"
78.47.98.55 - - [20/Jan/2026:04:54:45 +0100] "HEAD / HTTP/1.1" 301 0 "http://omkar.com/" "Mozilla/5.0+(compatible; UptimeRobot/2.0; http://www.uptimerobot.com/)"
18.193.252.127 - - [20/Jan/2026:04:58:52 +0100] "HEAD / HTTP/1.1" 301 0 "http://www.omkar.com" "Mozilla/5.0+(compatible; UptimeRobot/2.0; http://www.uptimerobot.com/)"
49.13.164.148 - - [20/Jan/2026:04:59:54 +0100] "HEAD / HTTP/1.1" 301 0 "http://omkar.com/" "Mozilla/5.0+(compatible; UptimeRobot/2.0; http://www.uptimerobot.com/)"
49.13.24.81 - - [20/Jan/2026:05:04:00 +0100] "HEAD / HTTP/1.1" 301 0 "http://www.omkar.com" "Mozilla/5.0+(compatible; UptimeRobot/2.0; http://www.uptimerobot.com/)"
49.13.24.81 - - [20/Jan/2026:05:05:01 +0100] "HEAD / HTTP/1.1" 301 0 "http://omkar.com/" "Mozilla/5.0+(compatible; UptimeRobot/2.0; http://www.uptimerobot.com/)"
168.119.53.160 - - [20/Jan/2026:05:09:08 +0100] "HEAD / HTTP/1.1" 301 0 "http://www.omkar.com" "Mozilla/5.0+(compatible; UptimeRobot/2.0; http://www.uptimerobot.com/)"
49.13.130.29 - - [20/Jan/2026:05:10:07 +0100] "HEAD / HTTP/1.1" 301 0 "http://omkar.com/" "Mozilla/5.0+(compatible; UptimeRobot/2.0; http://www.uptimerobot.com/)"
34.238.204.252 - - [20/Jan/2026:05:11:54 +0100] "HEAD / HTTP/1.1" 301 0 "-" "Mozilla/5.0 (Windows NT 10.0; Win64; x64) AppleWebKit/537.36 (KHTML, like Gecko) Chrome/109.0.0.0 Safari/537.36"
49.13.167.123 - - [20/Jan/2026:05:14:16 +0100] "HEAD / HTTP/1.1" 301 0 "http://www.omkar.com" "Mozilla/5.0+(compatible; UptimeRobot/2.0; http://www.uptimerobot.com/)"
168.119.123.75 - - [20/Jan/2026:05:15:14 +0100] "HEAD / HTTP/1.1" 301 0 "http://omkar.com/" "Mozilla/5.0+(compatible; UptimeRobot/2.0; http://www.uptimerobot.com/)"
109.166.36.66 - - [20/Jan/2026:05:17:35 +0100] "GET /blogs/sites/default/files/styles/image_237x158/public/2017-10/residential%20projects%20in%20BKC_1.PNG?itok=wcmvUHZY HTTP/1.1" 301 162 "-" "Mozilla/5.0 (X11; Ubuntu; Linux x86_64; rv:72.0) Gecko/20100101 Firefox/72.0"
185.121.171.232 - - [20/Jan/2026:05:19:03 +0100] "GET /uploads/constructionupdates/image/thumb_image_124_1_2016-11-03-01-10.jpg HTTP/1.1" 301 162 "-" "Mozilla/5.0 (Android 10.0; Mobile; rv:132.0) Gecko/132.0 Firefox/132.0"
78.46.190.63 - - [20/Jan/2026:05:19:23 +0100] "HEAD / HTTP/1.1" 301 0 "http://www.omkar.com" "Mozilla/5.0+(compatible; UptimeRobot/2.0; http://www.uptimerobot.com/)"
78.46.190.63 - - [20/Jan/2026:05:20:22 +0100] "HEAD / HTTP/1.1" 301 0 "http://omkar.com/" "Mozilla/5.0+(compatible; UptimeRobot/2.0; http://www.uptimerobot.com/)"
78.47.98.55 - - [20/Jan/2026:05:24:28 +0100] "HEAD / HTTP/1.1" 301 0 "http://www.omkar.com" "Mozilla/5.0+(compatible; UptimeRobot/2.0; http://www.uptimerobot.com/)"
142.214.184.9 - - [20/Jan/2026:05:25:28 +0100] "GET /.well-known/acme-challenge/80_8UG_E2VIZAL_XGE3KJRW5UH5VORYM HTTP/1.1" 301 162 "-" "Cpanel-HTTP-Client/1.0"
142.214.184.9 - - [20/Jan/2026:05:25:29 +0100] "GET /.well-known/acme-challenge/PDO0_MGK94N75AKVVMCKAJ344L1R-KCO HTTP/1.1" 301 162 "-" "Cpanel-HTTP-Client/1.0"
3.79.134.69 - - [20/Jan/2026:05:25:30 +0100] "HEAD / HTTP/1.1" 301 0 "http://omkar.com/" "Mozilla/5.0+(compatible; UptimeRobot/2.0; http://www.uptimerobot.com/)"
66.249.65.203 - - [20/Jan/2026:05:27:47 +0100] "GET /oxylreiv1259771 HTTP/1.1" 301 162 "-" "Mozilla/5.0 (Linux; Android 6.0.1; Nexus 5X Build/MMB29P) AppleWebKit/537.36 (KHTML, like Gecko) Chrome/143.0.7499.192 Mobile Safari/537.36 (compatible; GoogleOther)"
66.249.65.203 - - [20/Jan/2026:05:29:34 +0100] "GET /oxylreiv1259771 HTTP/1.1" 301 162 "-" "Mozilla/5.0 (Linux; Android 6.0.1; Nexus 5X Build/MMB29P) AppleWebKit/537.36 (KHTML, like Gecko) Chrome/143.0.7499.192 Mobile Safari/537.36 (compatible; Googlebot/2.1; +http://www.google.com/bot.html)"
78.47.173.76 - - [20/Jan/2026:05:29:36 +0100] "HEAD / HTTP/1.1" 301 0 "http://www.omkar.com" "Mozilla/5.0+(compatible; UptimeRobot/2.0; http://www.uptimerobot.com/)"
88.99.80.227 - - [20/Jan/2026:05:30:36 +0100] "HEAD / HTTP/1.1" 301 0 "http://omkar.com/" "Mozilla/5.0+(compatible; UptimeRobot/2.0; http://www.uptimerobot.com/)"
66.249.71.40 - - [20/Jan/2026:05:30:44 +0100] "GET /ConstructionUpdate/AltaMonteMalad/TowerA_1000.JPG HTTP/1.1" 301 162 "-" "Googlebot-Image/1.0"
66.249.71.39 - - [20/Jan/2026:05:30:44 +0100] "GET /ConstructionUpdate/AltaMonteMalad/TowerB_1000.JPG HTTP/1.1" 301 162 "-" "Googlebot-Image/1.0"
66.249.65.203 - - [20/Jan/2026:05:30:45 +0100] "GET /ConstructionUpdate/AltaMonteMalad/TowerD_1000.JPG HTTP/1.1" 301 162 "-" "Googlebot-Image/1.0"
66.249.71.38 - - [20/Jan/2026:05:30:48 +0100] "GET /ConstructionUpdate/AltaMonteMalad/TowerC_1000.JPG HTTP/1.1" 301 162 "-" "Googlebot-Image/1.0"
66.249.65.201 - - [20/Jan/2026:05:31:22 +0100] "GET /cardp9082240 HTTP/1.1" 301 162 "-" "Mozilla/5.0 (Linux; Android 6.0.1; Nexus 5X Build/MMB29P) AppleWebKit/537.36 (KHTML, like Gecko) Chrome/143.0.7499.192 Mobile Safari/537.36 (compatible; Googlebot/2.1; +http://www.google.com/bot.html)"
216.244.66.197 - - [20/Jan/2026:05:32:59 +0100] "GET /robots.txt HTTP/1.1" 301 162 "-" "Mozilla/5.0 (compatible; DotBot/1.2; +https://opensiteexplorer.org/dotbot; help@moz.com)"
66.249.71.38 - - [20/Jan/2026:05:33:09 +0100] "GET /index.phpppetrqo134427 HTTP/1.1" 301 162 "-" "Mozilla/5.0 (Linux; Android 6.0.1; Nexus 5X Build/MMB29P) AppleWebKit/537.36 (KHTML, like Gecko) Chrome/143.0.7499.192 Mobile Safari/537.36 (compatible; Googlebot/2.1; +http://www.google.com/bot.html)"
128.140.41.193 - - [20/Jan/2026:05:34:43 +0100] "HEAD / HTTP/1.1" 301 0 "http://www.omkar.com" "Mozilla/5.0+(compatible; UptimeRobot/2.0; http://www.uptimerobot.com/)"
78.46.215.1 - - [20/Jan/2026:05:35:42 +0100] "HEAD / HTTP/1.1" 301 0 "http://omkar.com/" "Mozilla/5.0+(compatible; UptimeRobot/2.0; http://www.uptimerobot.com/)"
52.59.43.236 - - [20/Jan/2026:05:39:49 +0100] "HEAD / HTTP/1.1" 301 0 "http://www.omkar.com" "Mozilla/5.0+(compatible; UptimeRobot/2.0; http://www.uptimerobot.com/)"
66.249.74.129 - - [20/Jan/2026:05:40:18 +0100] "GET /robots.txt HTTP/1.1" 301 162 "-" "Mozilla/5.0 (compatible; Googlebot/2.1; +http://www.google.com/bot.html)"
66.249.71.101 - - [20/Jan/2026:05:40:19 +0100] "GET /index.phppdigicsi908329 HTTP/1.1" 301 162 "-" "Mozilla/5.0 (Linux; Android 6.0.1; Nexus 5X Build/MMB29P) AppleWebKit/537.36 (KHTML, like Gecko) Chrome/143.0.7499.192 Mobile Safari/537.36 (compatible; GoogleOther)"
3.77.67.4 - - [20/Jan/2026:05:40:47 +0100] "HEAD / HTTP/1.1" 301 0 "http://omkar.com/" "Mozilla/5.0+(compatible; UptimeRobot/2.0; http://www.uptimerobot.com/)"
66.249.65.203 - - [20/Jan/2026:05:43:53 +0100] "GET /preldpca32866219 HTTP/1.1" 301 162 "-" "Mozilla/5.0 (Linux; Android 6.0.1; Nexus 5X Build/MMB29P) AppleWebKit/537.36 (KHTML, like Gecko) Chrome/143.0.7499.192 Mobile Safari/537.36 (compatible; Googlebot/2.1; +http://www.google.com/bot.html)"
78.46.215.1 - - [20/Jan/2026:05:44:57 +0100] "HEAD / HTTP/1.1" 301 0 "http://www.omkar.com" "Mozilla/5.0+(compatible; UptimeRobot/2.0; http://www.uptimerobot.com/)"
78.47.173.76 - - [20/Jan/2026:05:45:56 +0100] "HEAD / HTTP/1.1" 301 0 "http://omkar.com/" "Mozilla/5.0+(compatible; UptimeRobot/2.0; http://www.uptimerobot.com/)"
49.13.167.123 - - [20/Jan/2026:05:50:04 +0100] "HEAD / HTTP/1.1" 301 0 "http://www.omkar.com" "Mozilla/5.0+(compatible; UptimeRobot/2.0; http://www.uptimerobot.com/)"
49.13.24.81 - - [20/Jan/2026:05:51:02 +0100] "HEAD / HTTP/1.1" 301 0 "http://omkar.com/" "Mozilla/5.0+(compatible; UptimeRobot/2.0; http://www.uptimerobot.com/)"
35.204.173.213 - - [20/Jan/2026:05:53:04 +0100] "GET /uploads/csr/Skill-Development-Program-Book-Marathi-201216.pdf HTTP/1.1" 301 162 "-" "Mozilla/5.0 (Macintosh; Intel Mac OS X 10_15_7) AppleWebKit/537.36 (KHTML, like Gecko) Chrome/120.0.0.0 Safari/537.36"
157.90.156.63 - - [20/Jan/2026:05:55:11 +0100] "HEAD / HTTP/1.1" 301 0 "http://www.omkar.com" "Mozilla/5.0+(compatible; UptimeRobot/2.0; http://www.uptimerobot.com/)"
157.90.156.63 - - [20/Jan/2026:05:56:10 +0100] "HEAD / HTTP/1.1" 301 0 "http://omkar.com/" "Mozilla/5.0+(compatible; UptimeRobot/2.0; http://www.uptimerobot.com/)"
3.77.67.4 - - [20/Jan/2026:06:00:18 +0100] "HEAD / HTTP/1.1" 301 0 "http://www.omkar.com" "Mozilla/5.0+(compatible; UptimeRobot/2.0; http://www.uptimerobot.com/)"
128.140.41.193 - - [20/Jan/2026:06:01:17 +0100] "HEAD / HTTP/1.1" 301 0 "http://omkar.com/" "Mozilla/5.0+(compatible; UptimeRobot/2.0; http://www.uptimerobot.com/)"
3.79.134.69 - - [20/Jan/2026:06:05:26 +0100] "HEAD / HTTP/1.1" 301 0 "http://www.omkar.com" "Mozilla/5.0+(compatible; UptimeRobot/2.0; http://www.uptimerobot.com/)"
18.192.166.72 - - [20/Jan/2026:06:06:24 +0100] "HEAD / HTTP/1.1" 301 0 "http://omkar.com/" "Mozilla/5.0+(compatible; UptimeRobot/2.0; http://www.uptimerobot.com/)"
142.132.180.39 - - [20/Jan/2026:06:10:34 +0100] "HEAD / HTTP/1.1" 301 0 "http://www.omkar.com" "Mozilla/5.0+(compatible; UptimeRobot/2.0; http://www.uptimerobot.com/)"
78.47.98.55 - - [20/Jan/2026:06:11:31 +0100] "HEAD / HTTP/1.1" 301 0 "http://omkar.com/" "Mozilla/5.0+(compatible; UptimeRobot/2.0; http://www.uptimerobot.com/)"
34.13.194.235 - - [20/Jan/2026:06:14:25 +0100] "GET /uploads/plansviews/pdf/Veda-E-Bro.pdf HTTP/1.1" 301 162 "-" "Mozilla/5.0 (Macintosh; Intel Mac OS X 10_15_7) AppleWebKit/537.36 (KHTML, like Gecko) Chrome/120.0.0.0 Safari/537.36"
72.207.109.5 - - [20/Jan/2026:06:15:30 +0100] "GET /blogs/4-reasons-a-property-investment-a-smart-way-to-earn/ HTTP/1.0" 301 162 "http://omkar.com/blogs/4-reasons-a-property-investment-a-smart-way-to-earn/" "Mozilla/5.0 (Windows NT 10.0; Win64; x64) AppleWebKit/537.36 (KHTML, like Gecko) Chrome/131.0.0.0 Safari/537.36"
78.47.173.76 - - [20/Jan/2026:06:15:40 +0100] "HEAD / HTTP/1.1" 301 0 "http://www.omkar.com" "Mozilla/5.0+(compatible; UptimeRobot/2.0; http://www.uptimerobot.com/)"
78.46.215.1 - - [20/Jan/2026:06:16:37 +0100] "HEAD / HTTP/1.1" 301 0 "http://omkar.com/" "Mozilla/5.0+(compatible; UptimeRobot/2.0; http://www.uptimerobot.com/)"
216.244.66.197 - - [20/Jan/2026:06:17:58 +0100] "GET /robots.txt HTTP/1.1" 301 162 "-" "Mozilla/5.0 (compatible; DotBot/1.2; +https://opensiteexplorer.org/dotbot; help@moz.com)"
34.34.73.12 - - [20/Jan/2026:06:19:33 +0100] "GET /uploads/news/attachment/attachment_12_2_2016-06-15-13-04.pdf HTTP/1.1" 301 162 "-" "Mozilla/5.0 (Macintosh; Intel Mac OS X 10_15_7) AppleWebKit/537.36 (KHTML, like Gecko) Chrome/120.0.0.0 Safari/537.36"
168.119.96.239 - - [20/Jan/2026:06:20:47 +0100] "HEAD / HTTP/1.1" 301 0 "http://www.omkar.com" "Mozilla/5.0+(compatible; UptimeRobot/2.0; http://www.uptimerobot.com/)"
49.13.130.29 - - [20/Jan/2026:06:21:43 +0100] "HEAD / HTTP/1.1" 301 0 "http://omkar.com/" "Mozilla/5.0+(compatible; UptimeRobot/2.0; http://www.uptimerobot.com/)"
52.59.43.236 - - [20/Jan/2026:06:25:55 +0100] "HEAD / HTTP/1.1" 301 0 "http://www.omkar.com" "Mozilla/5.0+(compatible; UptimeRobot/2.0; http://www.uptimerobot.com/)"
157.90.156.63 - - [20/Jan/2026:06:26:49 +0100] "HEAD / HTTP/1.1" 301 0 "http://omkar.com/" "Mozilla/5.0+(compatible; UptimeRobot/2.0; http://www.uptimerobot.com/)"
190.99.83.20 - - [20/Jan/2026:06:28:58 +0100] "GET /uploads/constructionupdates/image/thumb_image_18_1_2016-06-07-10-06.jpg HTTP/1.1" 301 162 "-" "Mozilla/5.0 (Linux; Android 12.0; Samsung Galaxy Tab S10) AppleWebKit/537.36 (KHTML, like Gecko) Chrome/134.8.7478.71 Mobile Safari/537.36"
157.90.155.240 - - [20/Jan/2026:06:31:03 +0100] "HEAD / HTTP/1.1" 301 0 "http://www.omkar.com" "Mozilla/5.0+(compatible; UptimeRobot/2.0; http://www.uptimerobot.com/)"
49.13.164.148 - - [20/Jan/2026:06:31:55 +0100] "HEAD / HTTP/1.1" 301 0 "http://omkar.com/" "Mozilla/5.0+(compatible; UptimeRobot/2.0; http://www.uptimerobot.com/)"
102.141.47.32 - - [20/Jan/2026:06:32:23 +0100] "GET http://www.omkar.com/blogs/node/58 HTTP/1.1" 301 162 "-" "Mozilla/5.0 (Windows NT 5.1; rv:5.0) Gecko/20100101 Firefox/5.0"
125.165.191.48 - - [20/Jan/2026:06:32:41 +0100] "GET http://www.omkar.com/blogs/node/58 HTTP/1.1" 301 162 "-" "Mozilla/5.0 (Windows NT 5.1; rv:5.0) Gecko/20100101 Firefox/5.0"
128.140.106.114 - - [20/Jan/2026:06:36:09 +0100] "HEAD / HTTP/1.1" 301 0 "http://www.omkar.com" "Mozilla/5.0+(compatible; UptimeRobot/2.0; http://www.uptimerobot.com/)"
128.140.41.193 - - [20/Jan/2026:06:37:03 +0100] "HEAD / HTTP/1.1" 301 0 "http://omkar.com/" "Mozilla/5.0+(compatible; UptimeRobot/2.0; http://www.uptimerobot.com/)"
