31.13.127.2 - - [20/Jan/2026:06:40:22 +0100] "GET / HTTP/1.1" 301 162 "-" "facebookexternalhit/1.1 (+http://www.facebook.com/externalhit_uatext.php)"
31.13.127.6 - - [20/Jan/2026:06:40:23 +0100] "GET / HTTP/1.1" 301 162 "-" "facebookexternalhit/1.1 (+http://www.facebook.com/externalhit_uatext.php)"
168.119.96.239 - - [20/Jan/2026:06:41:16 +0100] "HEAD / HTTP/1.1" 301 0 "http://www.omkar.com" "Mozilla/5.0+(compatible; UptimeRobot/2.0; http://www.uptimerobot.com/)"
157.90.156.63 - - [20/Jan/2026:06:42:11 +0100] "HEAD / HTTP/1.1" 301 0 "http://omkar.com/" "Mozilla/5.0+(compatible; UptimeRobot/2.0; http://www.uptimerobot.com/)"
34.7.255.142 - - [20/Jan/2026:06:44:03 +0100] "GET /uploads/mediakit/attachment/attachment_1_2_2016-06-28-02-09.pdf HTTP/1.1" 301 162 "-" "Mozilla/5.0 (Macintosh; Intel Mac OS X 10_15_7) AppleWebKit/537.36 (KHTML, like Gecko) Chrome/120.0.0.0 Safari/537.36"
34.12.21.109 - - [20/Jan/2026:06:46:01 +0100] "GET /uploads/news/attachment/attachment_1_2_2016-06-10-05-46.pdf HTTP/1.1" 301 162 "-" "Mozilla/5.0 (Macintosh; Intel Mac OS X 10_15_7) AppleWebKit/537.36 (KHTML, like Gecko) Chrome/120.0.0.0 Safari/537.36"
168.119.123.75 - - [20/Jan/2026:06:46:25 +0100] "HEAD / HTTP/1.1" 301 0 "http://www.omkar.com" "Mozilla/5.0+(compatible; UptimeRobot/2.0; http://www.uptimerobot.com/)"
34.7.170.129 - - [20/Jan/2026:06:47:08 +0100] "GET /uploads/news/attachment/attachment_13_2_2016-06-15-13-05.pdf HTTP/1.1" 301 162 "-" "Mozilla/5.0 (Macintosh; Intel Mac OS X 10_15_7) AppleWebKit/537.36 (KHTML, like Gecko) Chrome/120.0.0.0 Safari/537.36"
167.235.143.113 - - [20/Jan/2026:06:47:20 +0100] "HEAD / HTTP/1.1" 301 0 "http://omkar.com/" "Mozilla/5.0+(compatible; UptimeRobot/2.0; http://www.uptimerobot.com/)"
3.77.67.4 - - [20/Jan/2026:06:51:32 +0100] "HEAD / HTTP/1.1" 301 0 "http://www.omkar.com" "Mozilla/5.0+(compatible; UptimeRobot/2.0; http://www.uptimerobot.com/)"
128.140.106.114 - - [20/Jan/2026:06:52:26 +0100] "HEAD / HTTP/1.1" 301 0 "http://omkar.com/" "Mozilla/5.0+(compatible; UptimeRobot/2.0; http://www.uptimerobot.com/)"
159.69.158.189 - - [20/Jan/2026:06:56:40 +0100] "HEAD / HTTP/1.1" 301 0 "http://www.omkar.com" "Mozilla/5.0+(compatible; UptimeRobot/2.0; http://www.uptimerobot.com/)"
18.192.166.72 - - [20/Jan/2026:06:57:34 +0100] "HEAD / HTTP/1.1" 301 0 "http://omkar.com/" "Mozilla/5.0+(compatible; UptimeRobot/2.0; http://www.uptimerobot.com/)"
148.113.215.71 - - [20/Jan/2026:06:58:14 +0100] "GET / HTTP/1.1" 301 162 "-" "Faraday v2.14.0"
49.13.164.148 - - [20/Jan/2026:07:01:47 +0100] "HEAD / HTTP/1.1" 301 0 "http://www.omkar.com" "Mozilla/5.0+(compatible; UptimeRobot/2.0; http://www.uptimerobot.com/)"
49.13.134.145 - - [20/Jan/2026:07:02:42 +0100] "HEAD / HTTP/1.1" 301 0 "http://omkar.com/" "Mozilla/5.0+(compatible; UptimeRobot/2.0; http://www.uptimerobot.com/)"
216.244.66.197 - - [20/Jan/2026:07:03:18 +0100] "GET /robots.txt HTTP/1.1" 301 162 "-" "Mozilla/5.0 (compatible; DotBot/1.2; +https://opensiteexplorer.org/dotbot; help@moz.com)"
78.46.190.63 - - [20/Jan/2026:07:06:53 +0100] "HEAD / HTTP/1.1" 301 0 "http://www.omkar.com" "Mozilla/5.0+(compatible; UptimeRobot/2.0; http://www.uptimerobot.com/)"
128.140.41.193 - - [20/Jan/2026:07:07:49 +0100] "HEAD / HTTP/1.1" 301 0 "http://omkar.com/" "Mozilla/5.0+(compatible; UptimeRobot/2.0; http://www.uptimerobot.com/)"
49.13.24.81 - - [20/Jan/2026:07:12:00 +0100] "HEAD / HTTP/1.1" 301 0 "http://www.omkar.com" "Mozilla/5.0+(compatible; UptimeRobot/2.0; http://www.uptimerobot.com/)"
88.99.80.227 - - [20/Jan/2026:07:12:55 +0100] "HEAD / HTTP/1.1" 301 0 "http://omkar.com/" "Mozilla/5.0+(compatible; UptimeRobot/2.0; http://www.uptimerobot.com/)"
128.140.106.114 - - [20/Jan/2026:07:17:08 +0100] "HEAD / HTTP/1.1" 301 0 "http://www.omkar.com" "Mozilla/5.0+(compatible; UptimeRobot/2.0; http://www.uptimerobot.com/)"
42.111.96.13 - - [20/Jan/2026:07:17:08 +0100] "GET /residential-and-commercial-projects/veda-exclusive-parel HTTP/1.1" 301 162 "-" "Mozilla/5.0 (Linux; Android 10; K) AppleWebKit/537.36 (KHTML, like Gecko) Chrome/143.0.0.0 Mobile Safari/537.36"
167.235.143.113 - - [20/Jan/2026:07:18:02 +0100] "HEAD / HTTP/1.1" 301 0 "http://omkar.com/" "Mozilla/5.0+(compatible; UptimeRobot/2.0; http://www.uptimerobot.com/)"
18.193.252.127 - - [20/Jan/2026:07:22:14 +0100] "HEAD / HTTP/1.1" 301 0 "http://www.omkar.com" "Mozilla/5.0+(compatible; UptimeRobot/2.0; http://www.uptimerobot.com/)"
3.79.134.69 - - [20/Jan/2026:07:23:09 +0100] "HEAD / HTTP/1.1" 301 0 "http://omkar.com/" "Mozilla/5.0+(compatible; UptimeRobot/2.0; http://www.uptimerobot.com/)"
74.7.241.181 - - [20/Jan/2026:07:25:35 +0100] "GET /robots.txt HTTP/1.1" 301 162 "-" "Mozilla/5.0 (Macintosh; Intel Mac OS X 10_15_7) AppleWebKit/537.36 (KHTML, like Gecko) Chrome/131.0.0.0 Safari/537.36; compatible; OAI-SearchBot/1.3; robots.txt; +https://openai.com/searchbot"
157.90.156.63 - - [20/Jan/2026:07:27:21 +0100] "HEAD / HTTP/1.1" 301 0 "http://www.omkar.com" "Mozilla/5.0+(compatible; UptimeRobot/2.0; http://www.uptimerobot.com/)"
168.119.123.75 - - [20/Jan/2026:07:28:16 +0100] "HEAD / HTTP/1.1" 301 0 "http://omkar.com/" "Mozilla/5.0+(compatible; UptimeRobot/2.0; http://www.uptimerobot.com/)"
49.13.24.81 - - [20/Jan/2026:07:32:28 +0100] "HEAD / HTTP/1.1" 301 0 "http://www.omkar.com" "Mozilla/5.0+(compatible; UptimeRobot/2.0; http://www.uptimerobot.com/)"
78.47.98.55 - - [20/Jan/2026:07:33:24 +0100] "HEAD / HTTP/1.1" 301 0 "http://omkar.com/" "Mozilla/5.0+(compatible; UptimeRobot/2.0; http://www.uptimerobot.com/)"
35.169.119.108 - - [20/Jan/2026:07:33:32 +0100] "GET /index.php?/ongoing-residential-projects-mumbai/omkar-Lawns-and-Beyond HTTP/1.1" 301 162 "-" "Mozilla/5.0 AppleWebKit/537.36 (KHTML, like Gecko; compatible; Amazonbot/0.1; +https://developer.amazon.com/support/amazonbot) Chrome/119.0.6045.214 Safari/537.36"
98.83.94.113 - - [20/Jan/2026:07:33:36 +0100] "GET /index.php?/ongoing-residential-projects-mumbai/sereno-by-omkar HTTP/1.1" 301 162 "-" "Mozilla/5.0 AppleWebKit/537.36 (KHTML, like Gecko; compatible; Amazonbot/0.1; +https://developer.amazon.com/support/amazonbot) Chrome/119.0.6045.214 Safari/537.36"
169.239.203.222 - - [20/Jan/2026:07:34:40 +0100] "GET /images/dwnload_arrow.jpg HTTP/1.1" 301 162 "-" "Mozilla/5.0 (iPhone 14; CPU iPhone OS 16_0 like Mac OS X) AppleWebKit/537.36 (KHTML, like Gecko) CriOS/138.0.4618.21 Mobile/15E148 Safari/604.1"
78.46.215.1 - - [20/Jan/2026:07:37:36 +0100] "HEAD / HTTP/1.1" 301 0 "http://www.omkar.com" "Mozilla/5.0+(compatible; UptimeRobot/2.0; http://www.uptimerobot.com/)"
157.90.155.240 - - [20/Jan/2026:07:38:32 +0100] "HEAD / HTTP/1.1" 301 0 "http://omkar.com/" "Mozilla/5.0+(compatible; UptimeRobot/2.0; http://www.uptimerobot.com/)"
190.99.83.235 - - [20/Jan/2026:07:39:55 +0100] "GET /uploads/constructionupdates/image/thumb_image_20_1_2016-06-07-10-07.jpg HTTP/1.1" 301 162 "-" "Mozilla/5.0 (Android 11.0; Mobile; rv:131.0) Gecko/131.0 Firefox/131.0"
173.252.70.112 - - [20/Jan/2026:07:40:44 +0100] "GET /robots.txt HTTP/1.1" 301 162 "-" "facebookexternalhit/1.1 (+http://www.facebook.com/externalhit_uatext.php)"
92.255.85.72 - - [20/Jan/2026:07:41:36 +0100] "GET / HTTP/1.0" 301 162 "http://omkar.com/" "Mozilla/5.0 (Windows NT 10.0; Win64; x64) AppleWebKit/537.36 (KHTML, like Gecko) Chrome/131.0.0.0 Safari/537.36"
66.249.65.202 - - [20/Jan/2026:07:42:05 +0100] "GET /preldpca32866219 HTTP/1.1" 301 162 "-" "Mozilla/5.0 (Linux; Android 6.0.1; Nexus 5X Build/MMB29P) AppleWebKit/537.36 (KHTML, like Gecko) Chrome/143.0.7499.192 Mobile Safari/537.36 (compatible; GoogleOther)"
52.59.43.236 - - [20/Jan/2026:07:42:43 +0100] "HEAD / HTTP/1.1" 301 0 "http://www.omkar.com" "Mozilla/5.0+(compatible; UptimeRobot/2.0; http://www.uptimerobot.com/)"
88.99.80.227 - - [20/Jan/2026:07:43:40 +0100] "HEAD / HTTP/1.1" 301 0 "http://omkar.com/" "Mozilla/5.0+(compatible; UptimeRobot/2.0; http://www.uptimerobot.com/)"
88.99.80.227 - - [20/Jan/2026:07:47:50 +0100] "HEAD / HTTP/1.1" 301 0 "http://www.omkar.com" "Mozilla/5.0+(compatible; UptimeRobot/2.0; http://www.uptimerobot.com/)"
216.244.66.197 - - [20/Jan/2026:07:48:26 +0100] "GET /robots.txt HTTP/1.1" 301 162 "-" "Mozilla/5.0 (compatible; DotBot/1.2; +https://opensiteexplorer.org/dotbot; help@moz.com)"
216.244.66.197 - - [20/Jan/2026:07:48:26 +0100] "GET /robots.txt HTTP/1.1" 301 162 "-" "Mozilla/5.0 (compatible; DotBot/1.2; +https://opensiteexplorer.org/dotbot; help@moz.com)"
63.178.84.147 - - [20/Jan/2026:07:48:48 +0100] "HEAD / HTTP/1.1" 301 0 "http://omkar.com/" "Mozilla/5.0+(compatible; UptimeRobot/2.0; http://www.uptimerobot.com/)"
63.178.84.147 - - [20/Jan/2026:07:52:57 +0100] "HEAD / HTTP/1.1" 301 0 "http://www.omkar.com" "Mozilla/5.0+(compatible; UptimeRobot/2.0; http://www.uptimerobot.com/)"
157.90.155.240 - - [20/Jan/2026:07:53:54 +0100] "HEAD / HTTP/1.1" 301 0 "http://omkar.com/" "Mozilla/5.0+(compatible; UptimeRobot/2.0; http://www.uptimerobot.com/)"
49.13.24.81 - - [20/Jan/2026:07:58:04 +0100] "HEAD / HTTP/1.1" 301 0 "http://www.omkar.com" "Mozilla/5.0+(compatible; UptimeRobot/2.0; http://www.uptimerobot.com/)"
88.99.80.227 - - [20/Jan/2026:07:59:03 +0100] "HEAD / HTTP/1.1" 301 0 "http://omkar.com/" "Mozilla/5.0+(compatible; UptimeRobot/2.0; http://www.uptimerobot.com/)"
43.166.247.155 - - [20/Jan/2026:08:02:52 +0100] "GET / HTTP/1.1" 301 162 "-" "Mozilla/5.0 (iPhone; CPU iPhone OS 13_2_3 like Mac OS X) AppleWebKit/605.1.15 (KHTML, like Gecko) Version/13.0.3 Mobile/15E148 Safari/604.1"
157.90.156.63 - - [20/Jan/2026:08:03:10 +0100] "HEAD / HTTP/1.1" 301 0 "http://www.omkar.com" "Mozilla/5.0+(compatible; UptimeRobot/2.0; http://www.uptimerobot.com/)"
167.235.143.113 - - [20/Jan/2026:08:04:12 +0100] "HEAD / HTTP/1.1" 301 0 "http://omkar.com/" "Mozilla/5.0+(compatible; UptimeRobot/2.0; http://www.uptimerobot.com/)"
185.231.155.169 - - [20/Jan/2026:08:04:43 +0100] "GET /blogs/4-reasons-a-property-investment-a-smart-way-to-earn/ HTTP/1.0" 301 162 "http://omkar.com/blogs/4-reasons-a-property-investment-a-smart-way-to-earn/" "Mozilla/5.0 (Windows NT 10.0; Win64; x64) AppleWebKit/537.36 (KHTML, like Gecko) Chrome/129.0.0.0 Safari/537.36"
176.227.240.51 - - [20/Jan/2026:08:05:43 +0100] "GET / HTTP/1.1" 301 162 "-" "Mozilla/5.0 (Linux; Android 10; K) AppleWebKit/537.36 (KHTML, like Gecko) Chrome/143.0.0.0 Mobile Safari/537.36"
128.140.41.193 - - [20/Jan/2026:08:08:18 +0100] "HEAD / HTTP/1.1" 301 0 "http://www.omkar.com" "Mozilla/5.0+(compatible; UptimeRobot/2.0; http://www.uptimerobot.com/)"
78.46.190.63 - - [20/Jan/2026:08:09:18 +0100] "HEAD / HTTP/1.1" 301 0 "http://omkar.com/" "Mozilla/5.0+(compatible; UptimeRobot/2.0; http://www.uptimerobot.com/)"
78.46.190.63 - - [20/Jan/2026:08:13:25 +0100] "HEAD / HTTP/1.1" 301 0 "http://www.omkar.com" "Mozilla/5.0+(compatible; UptimeRobot/2.0; http://www.uptimerobot.com/)"
49.13.134.145 - - [20/Jan/2026:08:14:26 +0100] "HEAD / HTTP/1.1" 301 0 "http://omkar.com/" "Mozilla/5.0+(compatible; UptimeRobot/2.0; http://www.uptimerobot.com/)"
66.249.65.203 - - [20/Jan/2026:08:14:30 +0100] "GET /sitemap.xml HTTP/1.1" 301 162 "-" "Mozilla/5.0 (compatible; Googlebot/2.1; +http://www.google.com/bot.html)"
128.140.41.193 - - [20/Jan/2026:08:18:33 +0100] "HEAD / HTTP/1.1" 301 0 "http://www.omkar.com" "Mozilla/5.0+(compatible; UptimeRobot/2.0; http://www.uptimerobot.com/)"
78.46.215.1 - - [20/Jan/2026:08:19:34 +0100] "HEAD / HTTP/1.1" 301 0 "http://omkar.com/" "Mozilla/5.0+(compatible; UptimeRobot/2.0; http://www.uptimerobot.com/)"
51.68.247.203 - - [20/Jan/2026:08:21:53 +0100] "GET / HTTP/1.1" 301 162 "-" "Mozilla/5.0 (compatible; AhrefsBot/7.0; +http://ahrefs.com/robot/)"
49.13.130.29 - - [20/Jan/2026:08:23:40 +0100] "HEAD / HTTP/1.1" 301 0 "http://www.omkar.com" "Mozilla/5.0+(compatible; UptimeRobot/2.0; http://www.uptimerobot.com/)"
157.90.156.63 - - [20/Jan/2026:08:24:40 +0100] "HEAD / HTTP/1.1" 301 0 "http://omkar.com/" "Mozilla/5.0+(compatible; UptimeRobot/2.0; http://www.uptimerobot.com/)"
157.90.155.240 - - [20/Jan/2026:08:28:48 +0100] "HEAD / HTTP/1.1" 301 0 "http://www.omkar.com" "Mozilla/5.0+(compatible; UptimeRobot/2.0; http://www.uptimerobot.com/)"
142.214.184.9 - - [20/Jan/2026:08:29:12 +0100] "GET /.well-known/acme-challenge/MLVRO29_WE9L76T5FZKQ_37ZTKH__CAY HTTP/1.1" 301 162 "-" "Cpanel-HTTP-Client/1.0"
142.214.184.9 - - [20/Jan/2026:08:29:13 +0100] "GET /.well-known/acme-challenge/GLGEH3J-CPAPIMMJ-NFKGW_WD7OMEN-5 HTTP/1.1" 301 162 "-" "Cpanel-HTTP-Client/1.0"
3.77.67.4 - - [20/Jan/2026:08:29:46 +0100] "HEAD / HTTP/1.1" 301 0 "http://omkar.com/" "Mozilla/5.0+(compatible; UptimeRobot/2.0; http://www.uptimerobot.com/)"
52.59.43.236 - - [20/Jan/2026:08:33:55 +0100] "HEAD / HTTP/1.1" 301 0 "http://www.omkar.com" "Mozilla/5.0+(compatible; UptimeRobot/2.0; http://www.uptimerobot.com/)"
216.244.66.197 - - [20/Jan/2026:08:34:24 +0100] "GET /robots.txt HTTP/1.1" 301 162 "-" "Mozilla/5.0 (compatible; DotBot/1.2; +https://opensiteexplorer.org/dotbot; help@moz.com)"
157.90.155.240 - - [20/Jan/2026:08:34:54 +0100] "HEAD / HTTP/1.1" 301 0 "http://omkar.com/" "Mozilla/5.0+(compatible; UptimeRobot/2.0; http://www.uptimerobot.com/)"
18.193.252.127 - - [20/Jan/2026:08:39:03 +0100] "HEAD / HTTP/1.1" 301 0 "http://www.omkar.com" "Mozilla/5.0+(compatible; UptimeRobot/2.0; http://www.uptimerobot.com/)"
49.13.130.29 - - [20/Jan/2026:08:40:00 +0100] "HEAD / HTTP/1.1" 301 0 "http://omkar.com/" "Mozilla/5.0+(compatible; UptimeRobot/2.0; http://www.uptimerobot.com/)"
168.119.53.160 - - [20/Jan/2026:08:44:09 +0100] "HEAD / HTTP/1.1" 301 0 "http://www.omkar.com" "Mozilla/5.0+(compatible; UptimeRobot/2.0; http://www.uptimerobot.com/)"
162.62.213.187 - - [20/Jan/2026:08:44:16 +0100] "GET / HTTP/1.1" 301 162 "-" "Mozilla/5.0 (iPhone; CPU iPhone OS 13_2_3 like Mac OS X) AppleWebKit/605.1.15 (KHTML, like Gecko) Version/13.0.3 Mobile/15E148 Safari/604.1"
63.178.84.147 - - [20/Jan/2026:08:45:09 +0100] "HEAD / HTTP/1.1" 301 0 "http://omkar.com/" "Mozilla/5.0+(compatible; UptimeRobot/2.0; http://www.uptimerobot.com/)"
49.13.167.123 - - [20/Jan/2026:08:49:16 +0100] "HEAD / HTTP/1.1" 301 0 "http://www.omkar.com" "Mozilla/5.0+(compatible; UptimeRobot/2.0; http://www.uptimerobot.com/)"
157.90.155.240 - - [20/Jan/2026:08:50:15 +0100] "HEAD / HTTP/1.1" 301 0 "http://omkar.com/" "Mozilla/5.0+(compatible; UptimeRobot/2.0; http://www.uptimerobot.com/)"
78.47.173.76 - - [20/Jan/2026:08:54:24 +0100] "HEAD / HTTP/1.1" 301 0 "http://www.omkar.com" "Mozilla/5.0+(compatible; UptimeRobot/2.0; http://www.uptimerobot.com/)"
205.169.39.8 - - [20/Jan/2026:08:54:53 +0100] "GET / HTTP/1.1" 301 162 "-" "Mozilla/5.0 (Windows NT 10.0) AppleWebKit/537.36 (KHTML, like Gecko) Chrome/106.0.0.0 Safari/537.36"
3.77.67.4 - - [20/Jan/2026:08:55:22 +0100] "HEAD / HTTP/1.1" 301 0 "http://omkar.com/" "Mozilla/5.0+(compatible; UptimeRobot/2.0; http://www.uptimerobot.com/)"
49.13.130.29 - - [20/Jan/2026:08:59:31 +0100] "HEAD / HTTP/1.1" 301 0 "http://www.omkar.com" "Mozilla/5.0+(compatible; UptimeRobot/2.0; http://www.uptimerobot.com/)"
168.119.53.160 - - [20/Jan/2026:09:00:29 +0100] "HEAD / HTTP/1.1" 301 0 "http://omkar.com/" "Mozilla/5.0+(compatible; UptimeRobot/2.0; http://www.uptimerobot.com/)"
128.140.41.193 - - [20/Jan/2026:09:04:38 +0100] "HEAD / HTTP/1.1" 301 0 "http://www.omkar.com" "Mozilla/5.0+(compatible; UptimeRobot/2.0; http://www.uptimerobot.com/)"
49.13.24.81 - - [20/Jan/2026:09:05:36 +0100] "HEAD / HTTP/1.1" 301 0 "http://omkar.com/" "Mozilla/5.0+(compatible; UptimeRobot/2.0; http://www.uptimerobot.com/)"
63.178.84.147 - - [20/Jan/2026:09:09:45 +0100] "HEAD / HTTP/1.1" 301 0 "http://www.omkar.com" "Mozilla/5.0+(compatible; UptimeRobot/2.0; http://www.uptimerobot.com/)"
168.119.96.239 - - [20/Jan/2026:09:10:44 +0100] "HEAD / HTTP/1.1" 301 0 "http://omkar.com/" "Mozilla/5.0+(compatible; UptimeRobot/2.0; http://www.uptimerobot.com/)"
78.46.215.1 - - [20/Jan/2026:09:14:52 +0100] "HEAD / HTTP/1.1" 301 0 "http://www.omkar.com" "Mozilla/5.0+(compatible; UptimeRobot/2.0; http://www.uptimerobot.com/)"
151.185.32.62 - - [20/Jan/2026:09:15:15 +0100] "GET / HTTP/1.1" 301 162 "-" "Mozilla/5.0 (Macintosh; Intel Mac OS X 10_15_7) AppleWebKit/537.36 (KHTML, like Gecko) Chrome/128.0.0.0 Safari/537.36"
151.185.32.62 - - [20/Jan/2026:09:15:16 +0100] "GET / HTTP/1.1" 301 162 "-" "Mozilla/5.0 (Macintosh; Intel Mac OS X 10_15_7) AppleWebKit/537.36 (KHTML, like Gecko) Chrome/128.0.0.0 Safari/537.36"
49.13.134.145 - - [20/Jan/2026:09:15:50 +0100] "HEAD / HTTP/1.1" 301 0 "http://omkar.com/" "Mozilla/5.0+(compatible; UptimeRobot/2.0; http://www.uptimerobot.com/)"
52.59.43.236 - - [20/Jan/2026:09:20:00 +0100] "HEAD / HTTP/1.1" 301 0 "http://www.omkar.com" "Mozilla/5.0+(compatible; UptimeRobot/2.0; http://www.uptimerobot.com/)"
142.132.180.39 - - [20/Jan/2026:09:20:57 +0100] "HEAD / HTTP/1.1" 301 0 "http://omkar.com/" "Mozilla/5.0+(compatible; UptimeRobot/2.0; http://www.uptimerobot.com/)"
51.68.111.207 - - [20/Jan/2026:09:21:32 +0100] "GET /robots.txt HTTP/1.1" 301 162 "-" "Mozilla/5.0 (compatible; MJ12bot/v2.0.4; http://mj12bot.com/)"
51.68.111.207 - - [20/Jan/2026:09:21:33 +0100] "GET / HTTP/1.1" 301 162 "-" "Mozilla/5.0 (compatible; MJ12bot/v2.0.4; http://mj12bot.com/)"
216.244.66.197 - - [20/Jan/2026:09:23:18 +0100] "GET /robots.txt HTTP/1.1" 301 162 "-" "Mozilla/5.0 (compatible; DotBot/1.2; +https://opensiteexplorer.org/dotbot; help@moz.com)"
88.99.80.227 - - [20/Jan/2026:09:25:07 +0100] "HEAD / HTTP/1.1" 301 0 "http://www.omkar.com" "Mozilla/5.0+(compatible; UptimeRobot/2.0; http://www.uptimerobot.com/)"
78.47.173.76 - - [20/Jan/2026:09:26:05 +0100] "HEAD / HTTP/1.1" 301 0 "http://omkar.com/" "Mozilla/5.0+(compatible; UptimeRobot/2.0; http://www.uptimerobot.com/)"
88.99.80.227 - - [20/Jan/2026:09:30:14 +0100] "HEAD / HTTP/1.1" 301 0 "http://www.omkar.com" "Mozilla/5.0+(compatible; UptimeRobot/2.0; http://www.uptimerobot.com/)"
3.77.67.4 - - [20/Jan/2026:09:31:13 +0100] "HEAD / HTTP/1.1" 301 0 "http://omkar.com/" "Mozilla/5.0+(compatible; UptimeRobot/2.0; http://www.uptimerobot.com/)"
88.99.80.227 - - [20/Jan/2026:09:35:22 +0100] "HEAD / HTTP/1.1" 301 0 "http://www.omkar.com" "Mozilla/5.0+(compatible; UptimeRobot/2.0; http://www.uptimerobot.com/)"
49.13.130.29 - - [20/Jan/2026:09:36:22 +0100] "HEAD / HTTP/1.1" 301 0 "http://omkar.com/" "Mozilla/5.0+(compatible; UptimeRobot/2.0; http://www.uptimerobot.com/)"
152.57.138.15 - - [20/Jan/2026:09:39:24 +0100] "GET / HTTP/1.1" 301 162 "-" "eMClient/10.4.4209.0"
49.13.167.123 - - [20/Jan/2026:09:40:28 +0100] "HEAD / HTTP/1.1" 301 0 "http://www.omkar.com" "Mozilla/5.0+(compatible; UptimeRobot/2.0; http://www.uptimerobot.com/)"
3.77.67.4 - - [20/Jan/2026:09:41:28 +0100] "HEAD / HTTP/1.1" 301 0 "http://omkar.com/" "Mozilla/5.0+(compatible; UptimeRobot/2.0; http://www.uptimerobot.com/)"
159.69.158.189 - - [20/Jan/2026:09:45:36 +0100] "HEAD / HTTP/1.1" 301 0 "http://www.omkar.com" "Mozilla/5.0+(compatible; UptimeRobot/2.0; http://www.uptimerobot.com/)"
3.79.134.69 - - [20/Jan/2026:09:46:35 +0100] "HEAD / HTTP/1.1" 301 0 "http://omkar.com/" "Mozilla/5.0+(compatible; UptimeRobot/2.0; http://www.uptimerobot.com/)"
152.57.138.15 - - [20/Jan/2026:09:47:14 +0100] "GET /favicon.ico HTTP/1.1" 301 162 "-" "eMClient/10.4.4209.0"
152.57.138.15 - - [20/Jan/2026:09:47:16 +0100] "GET /apple-touch-icon-precomposed.png HTTP/1.1" 301 162 "-" "eMClient/10.4.4209.0"
152.57.138.15 - - [20/Jan/2026:09:47:16 +0100] "GET /apple-touch-icon.png HTTP/1.1" 301 162 "-" "eMClient/10.4.4209.0"
152.57.138.15 - - [20/Jan/2026:09:47:16 +0100] "GET /apple-touch-icon.png HTTP/1.1" 301 162 "-" "eMClient/10.4.4209.0"
152.57.138.15 - - [20/Jan/2026:09:47:16 +0100] "GET /apple-touch-icon-precomposed.png HTTP/1.1" 301 162 "-" "eMClient/10.4.4209.0"
152.57.138.15 - - [20/Jan/2026:09:47:16 +0100] "GET /favicon.ico HTTP/1.1" 301 162 "-" "eMClient/10.4.4209.0"
169.239.203.2 - - [20/Jan/2026:09:50:13 +0100] "GET /uploads/awards/image/thumb_image_1_1_2016-06-01-06-18.jpg HTTP/1.1" 301 162 "-" "Mozilla/5.0 (iPhone 15; CPU iPhone OS 16_0 like Mac OS X) AppleWebKit/605.1.15 (KHTML, like Gecko) FxiOS/136.0 Mobile/15E148 Safari/605.1.15"
168.119.53.160 - - [20/Jan/2026:09:50:43 +0100] "HEAD / HTTP/1.1" 301 0 "http://www.omkar.com" "Mozilla/5.0+(compatible; UptimeRobot/2.0; http://www.uptimerobot.com/)"
78.47.173.76 - - [20/Jan/2026:09:51:43 +0100] "HEAD / HTTP/1.1" 301 0 "http://omkar.com/" "Mozilla/5.0+(compatible; UptimeRobot/2.0; http://www.uptimerobot.com/)"
115.113.133.21 - - [20/Jan/2026:09:52:35 +0100] "GET /images/omkar-logo.png HTTP/1.1" 301 162 "http://zeenews.india.com/" "Mozilla/5.0 (Windows NT 10.0; Win64; x64) AppleWebKit/537.36 (KHTML, like Gecko) Chrome/143.0.0.0 Safari/537.36"
136.243.228.198 - - [20/Jan/2026:09:55:02 +0100] "GET /robots.txt HTTP/1.1" 301 162 "-" "Mozilla/5.0 (compatible; DataForSeoBot/1.0; +https://dataforseo.com/dataforseo-bot)"
136.243.228.198 - - [20/Jan/2026:09:55:06 +0100] "GET /ongoing-residential-projects-mumbai/omkar-1973-worli HTTP/1.1" 301 162 "-" "Mozilla/5.0 (compatible; DataForSeoBot/1.0; +https://dataforseo.com/dataforseo-bot)"
136.243.228.198 - - [20/Jan/2026:09:55:11 +0100] "GET /ongoing-residential-projects-mumbai/omkar-ananta-goregaon HTTP/1.1" 301 162 "-" "Mozilla/5.0 (compatible; DataForSeoBot/1.0; +https://dataforseo.com/dataforseo-bot)"
136.243.228.198 - - [20/Jan/2026:09:55:15 +0100] "GET /ongoing-residential-projects-mumbai/omkar-meridia-bkc HTTP/1.1" 301 162 "-" "Mozilla/5.0 (compatible; DataForSeoBot/1.0; +https://dataforseo.com/dataforseo-bot)"
136.243.228.198 - - [20/Jan/2026:09:55:18 +0100] "GET /ongoing-residential-projects-mumbai/omkar-vive-bkc HTTP/1.1" 301 162 "-" "Mozilla/5.0 (compatible; DataForSeoBot/1.0; +https://dataforseo.com/dataforseo-bot)"
136.243.228.198 - - [20/Jan/2026:09:55:22 +0100] "GET /ongoing-residential-projects-mumbai/sereno-by-omkar HTTP/1.1" 301 162 "-" "Mozilla/5.0 (compatible; DataForSeoBot/1.0; +https://dataforseo.com/dataforseo-bot)"
52.28.162.93 - - [20/Jan/2026:09:55:50 +0100] "HEAD / HTTP/1.1" 301 0 "http://www.omkar.com" "Mozilla/5.0+(compatible; UptimeRobot/2.0; http://www.uptimerobot.com/)"
157.90.155.240 - - [20/Jan/2026:09:56:51 +0100] "HEAD / HTTP/1.1" 301 0 "http://omkar.com/" "Mozilla/5.0+(compatible; UptimeRobot/2.0; http://www.uptimerobot.com/)"
49.13.134.145 - - [20/Jan/2026:10:00:57 +0100] "HEAD / HTTP/1.1" 301 0 "http://www.omkar.com" "Mozilla/5.0+(compatible; UptimeRobot/2.0; http://www.uptimerobot.com/)"
49.13.164.148 - - [20/Jan/2026:10:01:57 +0100] "HEAD / HTTP/1.1" 301 0 "http://omkar.com/" "Mozilla/5.0+(compatible; UptimeRobot/2.0; http://www.uptimerobot.com/)"
49.13.24.81 - - [20/Jan/2026:10:06:05 +0100] "HEAD / HTTP/1.1" 301 0 "http://www.omkar.com" "Mozilla/5.0+(compatible; UptimeRobot/2.0; http://www.uptimerobot.com/)"
167.235.143.113 - - [20/Jan/2026:10:07:05 +0100] "HEAD / HTTP/1.1" 301 0 "http://omkar.com/" "Mozilla/5.0+(compatible; UptimeRobot/2.0; http://www.uptimerobot.com/)"
190.99.83.65 - - [20/Jan/2026:10:08:29 +0100] "GET /uploads/gallery/150581101917083708473.jpg HTTP/1.1" 301 162 "-" "Mozilla/5.0 (iPhone 16; CPU iPhone OS 14_0 like Mac OS X) AppleWebKit/537.36 (KHTML, like Gecko) CriOS/132.8.9905.94 Mobile/15E148 Safari/604.1"
216.244.66.197 - - [20/Jan/2026:10:10:53 +0100] "GET /robots.txt HTTP/1.1" 301 162 "-" "Mozilla/5.0 (compatible; DotBot/1.2; +https://opensiteexplorer.org/dotbot; help@moz.com)"
216.244.66.197 - - [20/Jan/2026:10:10:53 +0100] "GET /robots.txt HTTP/1.1" 301 162 "-" "Mozilla/5.0 (compatible; DotBot/1.2; +https://opensiteexplorer.org/dotbot; help@moz.com)"
168.119.123.75 - - [20/Jan/2026:10:11:13 +0100] "HEAD / HTTP/1.1" 301 0 "http://www.omkar.com" "Mozilla/5.0+(compatible; UptimeRobot/2.0; http://www.uptimerobot.com/)"
78.47.173.76 - - [20/Jan/2026:10:12:12 +0100] "HEAD / HTTP/1.1" 301 0 "http://omkar.com/" "Mozilla/5.0+(compatible; UptimeRobot/2.0; http://www.uptimerobot.com/)"
18.192.166.72 - - [20/Jan/2026:10:16:19 +0100] "HEAD / HTTP/1.1" 301 0 "http://www.omkar.com" "Mozilla/5.0+(compatible; UptimeRobot/2.0; http://www.uptimerobot.com/)"
49.13.130.29 - - [20/Jan/2026:10:17:19 +0100] "HEAD / HTTP/1.1" 301 0 "http://omkar.com/" "Mozilla/5.0+(compatible; UptimeRobot/2.0; http://www.uptimerobot.com/)"
34.6.202.28 - - [20/Jan/2026:10:18:47 +0100] "GET /uploads/plansviews/pdf/Veda-E-Bro.pdf HTTP/1.1" 301 162 "-" "Mozilla/5.0 (Macintosh; Intel Mac OS X 10_15_7) AppleWebKit/537.36 (KHTML, like Gecko) Chrome/120.0.0.0 Safari/537.36"
167.235.143.113 - - [20/Jan/2026:10:21:28 +0100] "HEAD / HTTP/1.1" 301 0 "http://www.omkar.com" "Mozilla/5.0+(compatible; UptimeRobot/2.0; http://www.uptimerobot.com/)"
88.99.80.227 - - [20/Jan/2026:10:22:26 +0100] "HEAD / HTTP/1.1" 301 0 "http://omkar.com/" "Mozilla/5.0+(compatible; UptimeRobot/2.0; http://www.uptimerobot.com/)"
49.13.167.123 - - [20/Jan/2026:10:26:36 +0100] "HEAD / HTTP/1.1" 301 0 "http://www.omkar.com" "Mozilla/5.0+(compatible; UptimeRobot/2.0; http://www.uptimerobot.com/)"
49.13.164.148 - - [20/Jan/2026:10:27:34 +0100] "HEAD / HTTP/1.1" 301 0 "http://omkar.com/" "Mozilla/5.0+(compatible; UptimeRobot/2.0; http://www.uptimerobot.com/)"
34.12.241.79 - - [20/Jan/2026:10:30:14 +0100] "GET /uploads/csr/Skill-Development-Program-Book-Marathi-201216.pdf HTTP/1.1" 301 162 "-" "Mozilla/5.0 (Macintosh; Intel Mac OS X 10_15_7) AppleWebKit/537.36 (KHTML, like Gecko) Chrome/120.0.0.0 Safari/537.36"
128.140.41.193 - - [20/Jan/2026:10:31:44 +0100] "HEAD / HTTP/1.1" 301 0 "http://www.omkar.com" "Mozilla/5.0+(compatible; UptimeRobot/2.0; http://www.uptimerobot.com/)"
49.13.134.145 - - [20/Jan/2026:10:32:41 +0100] "HEAD / HTTP/1.1" 301 0 "http://omkar.com/" "Mozilla/5.0+(compatible; UptimeRobot/2.0; http://www.uptimerobot.com/)"
34.7.104.138 - - [20/Jan/2026:10:35:45 +0100] "GET /uploads/news/attachment/attachment_13_2_2016-06-15-13-05.pdf HTTP/1.1" 301 162 "-" "Mozilla/5.0 (Macintosh; Intel Mac OS X 10_15_7) AppleWebKit/537.36 (KHTML, like Gecko) Chrome/120.0.0.0 Safari/537.36"
142.132.180.39 - - [20/Jan/2026:10:36:50 +0100] "HEAD / HTTP/1.1" 301 0 "http://www.omkar.com" "Mozilla/5.0+(compatible; UptimeRobot/2.0; http://www.uptimerobot.com/)"
49.13.24.81 - - [20/Jan/2026:10:37:49 +0100] "HEAD / HTTP/1.1" 301 0 "http://omkar.com/" "Mozilla/5.0+(compatible; UptimeRobot/2.0; http://www.uptimerobot.com/)"
34.7.57.136 - - [20/Jan/2026:10:40:24 +0100] "GET /uploads/news/attachment/attachment_12_2_2016-06-15-13-04.pdf HTTP/1.1" 301 162 "-" "Mozilla/5.0 (Macintosh; Intel Mac OS X 10_15_7) AppleWebKit/537.36 (KHTML, like Gecko) Chrome/120.0.0.0 Safari/537.36"
52.59.43.236 - - [20/Jan/2026:10:41:58 +0100] "HEAD / HTTP/1.1" 301 0 "http://www.omkar.com" "Mozilla/5.0+(compatible; UptimeRobot/2.0; http://www.uptimerobot.com/)"
3.77.67.4 - - [20/Jan/2026:10:42:57 +0100] "HEAD / HTTP/1.1" 301 0 "http://omkar.com/" "Mozilla/5.0+(compatible; UptimeRobot/2.0; http://www.uptimerobot.com/)"
188.143.244.139 - - [20/Jan/2026:10:44:20 +0100] "GET /omresidency/overview HTTP/1.1" 301 162 "-" "Mozilla/5.0 X11; Ubuntu; Linux x86_64; rv:126.0 Gecko/20100101 Firefox/126.0"
3.79.134.69 - - [20/Jan/2026:10:47:05 +0100] "HEAD / HTTP/1.1" 301 0 "http://www.omkar.com" "Mozilla/5.0+(compatible; UptimeRobot/2.0; http://www.uptimerobot.com/)"
63.178.84.147 - - [20/Jan/2026:10:48:03 +0100] "HEAD / HTTP/1.1" 301 0 "http://omkar.com/" "Mozilla/5.0+(compatible; UptimeRobot/2.0; http://www.uptimerobot.com/)"
49.13.24.81 - - [20/Jan/2026:10:52:12 +0100] "HEAD / HTTP/1.1" 301 0 "http://www.omkar.com" "Mozilla/5.0+(compatible; UptimeRobot/2.0; http://www.uptimerobot.com/)"
34.90.41.77 - - [20/Jan/2026:10:52:58 +0100] "GET /uploads/news/attachment/attachment_1_2_2016-06-10-05-46.pdf HTTP/1.1" 301 162 "-" "Mozilla/5.0 (Macintosh; Intel Mac OS X 10_15_7) AppleWebKit/537.36 (KHTML, like Gecko) Chrome/120.0.0.0 Safari/537.36"
52.59.43.236 - - [20/Jan/2026:10:53:10 +0100] "HEAD / HTTP/1.1" 301 0 "http://omkar.com/" "Mozilla/5.0+(compatible; UptimeRobot/2.0; http://www.uptimerobot.com/)"
35.211.227.170 - - [20/Jan/2026:10:53:12 +0100] "GET / HTTP/1.1" 301 162 "-" "Mozilla/5.0 (Windows NT 10.0; Win64; x64; rv:109.0) Gecko/20100101 Firefox/116.0"
168.119.96.239 - - [20/Jan/2026:10:57:19 +0100] "HEAD / HTTP/1.1" 301 0 "http://www.omkar.com" "Mozilla/5.0+(compatible; UptimeRobot/2.0; http://www.uptimerobot.com/)"
216.244.66.197 - - [20/Jan/2026:10:57:51 +0100] "GET /robots.txt HTTP/1.1" 301 162 "-" "Mozilla/5.0 (compatible; DotBot/1.2; +https://opensiteexplorer.org/dotbot; help@moz.com)"
216.244.66.197 - - [20/Jan/2026:10:57:51 +0100] "GET /robots.txt HTTP/1.1" 301 162 "-" "Mozilla/5.0 (compatible; DotBot/1.2; +https://opensiteexplorer.org/dotbot; help@moz.com)"
168.119.53.160 - - [20/Jan/2026:10:58:17 +0100] "HEAD / HTTP/1.1" 301 0 "http://omkar.com/" "Mozilla/5.0+(compatible; UptimeRobot/2.0; http://www.uptimerobot.com/)"
168.119.53.160 - - [20/Jan/2026:11:02:25 +0100] "HEAD / HTTP/1.1" 301 0 "http://www.omkar.com" "Mozilla/5.0+(compatible; UptimeRobot/2.0; http://www.uptimerobot.com/)"
168.119.123.75 - - [20/Jan/2026:11:03:24 +0100] "HEAD / HTTP/1.1" 301 0 "http://omkar.com/" "Mozilla/5.0+(compatible; UptimeRobot/2.0; http://www.uptimerobot.com/)"
34.147.4.4 - - [20/Jan/2026:11:06:39 +0100] "GET /uploads/csr/Skill-Development-Program-Book-220716.pdf HTTP/1.1" 301 162 "-" "Mozilla/5.0 (Macintosh; Intel Mac OS X 10_15_7) AppleWebKit/537.36 (KHTML, like Gecko) Chrome/120.0.0.0 Safari/537.36"
49.13.24.81 - - [20/Jan/2026:11:07:33 +0100] "HEAD / HTTP/1.1" 301 0 "http://www.omkar.com" "Mozilla/5.0+(compatible; UptimeRobot/2.0; http://www.uptimerobot.com/)"
18.192.166.72 - - [20/Jan/2026:11:08:32 +0100] "HEAD / HTTP/1.1" 301 0 "http://omkar.com/" "Mozilla/5.0+(compatible; UptimeRobot/2.0; http://www.uptimerobot.com/)"
49.13.134.145 - - [20/Jan/2026:11:12:40 +0100] "HEAD / HTTP/1.1" 301 0 "http://www.omkar.com" "Mozilla/5.0+(compatible; UptimeRobot/2.0; http://www.uptimerobot.com/)"
3.77.67.4 - - [20/Jan/2026:11:13:38 +0100] "HEAD / HTTP/1.1" 301 0 "http://omkar.com/" "Mozilla/5.0+(compatible; UptimeRobot/2.0; http://www.uptimerobot.com/)"
49.13.164.148 - - [20/Jan/2026:11:17:47 +0100] "HEAD / HTTP/1.1" 301 0 "http://www.omkar.com" "Mozilla/5.0+(compatible; UptimeRobot/2.0; http://www.uptimerobot.com/)"
78.46.215.1 - - [20/Jan/2026:11:18:45 +0100] "HEAD / HTTP/1.1" 301 0 "http://omkar.com/" "Mozilla/5.0+(compatible; UptimeRobot/2.0; http://www.uptimerobot.com/)"
74.120.249.158 - - [20/Jan/2026:11:19:50 +0100] "GET /careers/worklife HTTP/1.1" 301 162 "-" "-"
128.140.106.114 - - [20/Jan/2026:11:22:54 +0100] "HEAD / HTTP/1.1" 301 0 "http://www.omkar.com" "Mozilla/5.0+(compatible; UptimeRobot/2.0; http://www.uptimerobot.com/)"
157.90.155.240 - - [20/Jan/2026:11:23:52 +0100] "HEAD / HTTP/1.1" 301 0 "http://omkar.com/" "Mozilla/5.0+(compatible; UptimeRobot/2.0; http://www.uptimerobot.com/)"
142.214.184.9 - - [20/Jan/2026:11:27:10 +0100] "GET /.well-known/acme-challenge/9WN671Y3I7ERJE_5JAL3P0ILSSPW35EH HTTP/1.1" 301 162 "-" "Cpanel-HTTP-Client/1.0"
142.214.184.9 - - [20/Jan/2026:11:27:11 +0100] "GET /.well-known/acme-challenge/WPC5IER5FZNC1-O53QOARYBL571VUKS9 HTTP/1.1" 301 162 "-" "Cpanel-HTTP-Client/1.0"
157.90.156.63 - - [20/Jan/2026:11:28:01 +0100] "HEAD / HTTP/1.1" 301 0 "http://www.omkar.com" "Mozilla/5.0+(compatible; UptimeRobot/2.0; http://www.uptimerobot.com/)"
49.13.164.148 - - [20/Jan/2026:11:28:58 +0100] "HEAD / HTTP/1.1" 301 0 "http://omkar.com/" "Mozilla/5.0+(compatible; UptimeRobot/2.0; http://www.uptimerobot.com/)"
128.140.41.193 - - [20/Jan/2026:11:33:10 +0100] "HEAD / HTTP/1.1" 301 0 "http://www.omkar.com" "Mozilla/5.0+(compatible; UptimeRobot/2.0; http://www.uptimerobot.com/)"
49.13.130.29 - - [20/Jan/2026:11:34:06 +0100] "HEAD / HTTP/1.1" 301 0 "http://omkar.com/" "Mozilla/5.0+(compatible; UptimeRobot/2.0; http://www.uptimerobot.com/)"
49.13.134.145 - - [20/Jan/2026:11:38:19 +0100] "HEAD / HTTP/1.1" 301 0 "http://www.omkar.com" "Mozilla/5.0+(compatible; UptimeRobot/2.0; http://www.uptimerobot.com/)"
52.28.162.93 - - [20/Jan/2026:11:39:11 +0100] "HEAD / HTTP/1.1" 301 0 "http://omkar.com/" "Mozilla/5.0+(compatible; UptimeRobot/2.0; http://www.uptimerobot.com/)"
72.205.0.67 - - [20/Jan/2026:11:40:38 +0100] "GET /blogs/4-reasons-a-property-investment-a-smart-way-to-earn/ HTTP/1.0" 301 162 "http://omkar.com/blogs/4-reasons-a-property-investment-a-smart-way-to-earn/" "Mozilla/5.0 (Windows NT 10.0; Win64; x64) AppleWebKit/537.36 (KHTML, like Gecko) Chrome/131.0.0.0 Safari/537.36 Avast/131.0.0.0"
128.140.106.114 - - [20/Jan/2026:11:43:26 +0100] "HEAD / HTTP/1.1" 301 0 "http://www.omkar.com" "Mozilla/5.0+(compatible; UptimeRobot/2.0; http://www.uptimerobot.com/)"
34.34.30.139 - - [20/Jan/2026:11:44:17 +0100] "GET /uploads/news/attachment/attachment_11_2_2016-06-15-13-03.pdf HTTP/1.1" 301 162 "-" "Mozilla/5.0 (Macintosh; Intel Mac OS X 10_15_7) AppleWebKit/537.36 (KHTML, like Gecko) Chrome/120.0.0.0 Safari/537.36"
159.69.158.189 - - [20/Jan/2026:11:44:19 +0100] "HEAD / HTTP/1.1" 301 0 "http://omkar.com/" "Mozilla/5.0+(compatible; UptimeRobot/2.0; http://www.uptimerobot.com/)"
216.244.66.197 - - [20/Jan/2026:11:45:38 +0100] "GET /robots.txt HTTP/1.1" 301 162 "-" "Mozilla/5.0 (compatible; DotBot/1.2; +https://opensiteexplorer.org/dotbot; help@moz.com)"
216.244.66.197 - - [20/Jan/2026:11:45:38 +0100] "GET /robots.txt HTTP/1.1" 301 162 "-" "Mozilla/5.0 (compatible; DotBot/1.2; +https://opensiteexplorer.org/dotbot; help@moz.com)"
168.119.96.239 - - [20/Jan/2026:11:48:33 +0100] "HEAD / HTTP/1.1" 301 0 "http://www.omkar.com" "Mozilla/5.0+(compatible; UptimeRobot/2.0; http://www.uptimerobot.com/)"
157.90.156.63 - - [20/Jan/2026:11:49:25 +0100] "HEAD / HTTP/1.1" 301 0 "http://omkar.com/" "Mozilla/5.0+(compatible; UptimeRobot/2.0; http://www.uptimerobot.com/)"
18.193.252.127 - - [20/Jan/2026:11:53:40 +0100] "HEAD / HTTP/1.1" 301 0 "http://www.omkar.com" "Mozilla/5.0+(compatible; UptimeRobot/2.0; http://www.uptimerobot.com/)"
49.13.24.81 - - [20/Jan/2026:11:54:32 +0100] "HEAD / HTTP/1.1" 301 0 "http://omkar.com/" "Mozilla/5.0+(compatible; UptimeRobot/2.0; http://www.uptimerobot.com/)"
34.91.101.81 - - [20/Jan/2026:11:56:17 +0100] "GET /uploads/internalmagzine/attachment/attachment_2_2_2016-06-03-13-18.pdf HTTP/1.1" 301 162 "-" "Mozilla/5.0 (Macintosh; Intel Mac OS X 10_15_7) AppleWebKit/537.36 (KHTML, like Gecko) Chrome/120.0.0.0 Safari/537.36"
78.46.215.1 - - [20/Jan/2026:11:58:47 +0100] "HEAD / HTTP/1.1" 301 0 "http://www.omkar.com" "Mozilla/5.0+(compatible; UptimeRobot/2.0; http://www.uptimerobot.com/)"
142.132.180.39 - - [20/Jan/2026:11:59:39 +0100] "HEAD / HTTP/1.1" 301 0 "http://omkar.com/" "Mozilla/5.0+(compatible; UptimeRobot/2.0; http://www.uptimerobot.com/)"
203.86.123.31 - - [20/Jan/2026:12:02:29 +0100] "GET /blogs/sites/default/files/styles/image_770x505/public/2018-02/Commercial%20Property%20in%20Andheri.jpg?itok=yym4pO6j HTTP/1.1" 301 162 "-" "Mozilla/5.0 (X11; Ubuntu; Linux x86_64; rv:72.0) Gecko/20100101 Firefox/72.0"
52.28.162.93 - - [20/Jan/2026:12:03:56 +0100] "HEAD / HTTP/1.1" 301 0 "http://www.omkar.com" "Mozilla/5.0+(compatible; UptimeRobot/2.0; http://www.uptimerobot.com/)"
88.99.80.227 - - [20/Jan/2026:12:04:45 +0100] "HEAD / HTTP/1.1" 301 0 "http://omkar.com/" "Mozilla/5.0+(compatible; UptimeRobot/2.0; http://www.uptimerobot.com/)"
35.204.239.79 - - [20/Jan/2026:12:05:53 +0100] "GET /uploads/plansviews/pdf/Omkar-1973-Worli-Compressed.pdf HTTP/1.1" 301 162 "-" "Mozilla/5.0 (Macintosh; Intel Mac OS X 10_15_7) AppleWebKit/537.36 (KHTML, like Gecko) Chrome/120.0.0.0 Safari/537.36"
78.46.190.63 - - [20/Jan/2026:12:09:04 +0100] "HEAD / HTTP/1.1" 301 0 "http://www.omkar.com" "Mozilla/5.0+(compatible; UptimeRobot/2.0; http://www.uptimerobot.com/)"
18.193.252.127 - - [20/Jan/2026:12:09:51 +0100] "HEAD / HTTP/1.1" 301 0 "http://omkar.com/" "Mozilla/5.0+(compatible; UptimeRobot/2.0; http://www.uptimerobot.com/)"
64.31.20.24 - - [20/Jan/2026:12:12:24 +0100] "GET / HTTP/1.0" 301 162 "http://omkar.com/" "Mozilla/5.0 (Windows NT 10.0; Win64; x64) AppleWebKit/537.36 (KHTML, like Gecko) Chrome/130.0.0.0 Safari/537.36"
49.13.164.148 - - [20/Jan/2026:12:14:12 +0100] "HEAD / HTTP/1.1" 301 0 "http://www.omkar.com" "Mozilla/5.0+(compatible; UptimeRobot/2.0; http://www.uptimerobot.com/)"
173.252.79.5 - - [20/Jan/2026:12:14:42 +0100] "GET / HTTP/1.1" 301 162 "-" "facebookexternalhit/1.1 (+http://www.facebook.com/externalhit_uatext.php)"
173.252.79.10 - - [20/Jan/2026:12:14:44 +0100] "GET / HTTP/1.1" 301 162 "-" "facebookexternalhit/1.1 (+http://www.facebook.com/externalhit_uatext.php)"
52.28.162.93 - - [20/Jan/2026:12:14:58 +0100] "HEAD / HTTP/1.1" 301 0 "http://omkar.com/" "Mozilla/5.0+(compatible; UptimeRobot/2.0; http://www.uptimerobot.com/)"
152.58.120.0 - - [20/Jan/2026:12:15:42 +0100] "GET / HTTP/1.1" 301 162 "https://l.instagram.com/" "Mozilla/5.0 (Linux; Android 15; TECNO KM8 Build/AP3A.240905.015.A2; wv) AppleWebKit/537.36 (KHTML, like Gecko) Version/4.0 Chrome/143.0.7499.114 Mobile Safari/537.36 Instagram 410.1.0.63.71 Android (35/15; 280dpi; 720x1600; TECNO; TECNO KM8; TECNO-KM8; mt6835; en_US; 846519237; IABMV/1)"
52.28.162.93 - - [20/Jan/2026:12:19:20 +0100] "HEAD / HTTP/1.1" 301 0 "http://www.omkar.com" "Mozilla/5.0+(compatible; UptimeRobot/2.0; http://www.uptimerobot.com/)"
78.46.190.63 - - [20/Jan/2026:12:20:06 +0100] "HEAD / HTTP/1.1" 301 0 "http://omkar.com/" "Mozilla/5.0+(compatible; UptimeRobot/2.0; http://www.uptimerobot.com/)"
85.208.96.195 - - [20/Jan/2026:12:22:35 +0100] "GET /robots.txt HTTP/1.1" 301 162 "-" "Mozilla/5.0 (compatible; SemrushBot/7~bl; +http://www.semrush.com/bot.html)"
85.208.96.200 - - [20/Jan/2026:12:22:37 +0100] "GET /omresidency/overview HTTP/1.1" 301 162 "-" "Mozilla/5.0 (compatible; SemrushBot/7~bl; +http://www.semrush.com/bot.html)"
157.90.155.240 - - [20/Jan/2026:12:24:28 +0100] "HEAD / HTTP/1.1" 301 0 "http://www.omkar.com" "Mozilla/5.0+(compatible; UptimeRobot/2.0; http://www.uptimerobot.com/)"
18.193.252.127 - - [20/Jan/2026:12:25:13 +0100] "HEAD / HTTP/1.1" 301 0 "http://omkar.com/" "Mozilla/5.0+(compatible; UptimeRobot/2.0; http://www.uptimerobot.com/)"
156.253.14.247 - - [20/Jan/2026:12:25:41 +0100] "GET / HTTP/1.1" 301 162 "-" "googlebot"
156.253.14.247 - - [20/Jan/2026:12:25:47 +0100] "GET /wp-json/wp/v2/users/ HTTP/1.1" 301 162 "-" "Mozilla/5.0 (Windows NT 10.0; Win64; x64; rv:146.0) Gecko/20100101 Firefox/146.0"
156.253.14.247 - - [20/Jan/2026:12:25:48 +0100] "GET /wp-json/wp/v2/users/ HTTP/1.1" 301 162 "-" "Mozilla/5.0 (Windows NT 10.0; Win64; x64; rv:146.0) Gecko/20100101 Firefox/146.0"
78.47.173.76 - - [20/Jan/2026:12:29:35 +0100] "HEAD / HTTP/1.1" 301 0 "http://www.omkar.com" "Mozilla/5.0+(compatible; UptimeRobot/2.0; http://www.uptimerobot.com/)"
78.47.173.76 - - [20/Jan/2026:12:30:21 +0100] "HEAD / HTTP/1.1" 301 0 "http://omkar.com/" "Mozilla/5.0+(compatible; UptimeRobot/2.0; http://www.uptimerobot.com/)"
216.244.66.197 - - [20/Jan/2026:12:32:26 +0100] "GET /robots.txt HTTP/1.1" 301 162 "-" "Mozilla/5.0 (compatible; DotBot/1.2; +https://opensiteexplorer.org/dotbot; help@moz.com)"
49.13.164.148 - - [20/Jan/2026:12:34:42 +0100] "HEAD / HTTP/1.1" 301 0 "http://www.omkar.com" "Mozilla/5.0+(compatible; UptimeRobot/2.0; http://www.uptimerobot.com/)"
3.77.67.4 - - [20/Jan/2026:12:35:28 +0100] "HEAD / HTTP/1.1" 301 0 "http://omkar.com/" "Mozilla/5.0+(compatible; UptimeRobot/2.0; http://www.uptimerobot.com/)"
78.46.215.1 - - [20/Jan/2026:12:39:49 +0100] "HEAD / HTTP/1.1" 301 0 "http://www.omkar.com" "Mozilla/5.0+(compatible; UptimeRobot/2.0; http://www.uptimerobot.com/)"
63.178.84.147 - - [20/Jan/2026:12:40:36 +0100] "HEAD / HTTP/1.1" 301 0 "http://omkar.com/" "Mozilla/5.0+(compatible; UptimeRobot/2.0; http://www.uptimerobot.com/)"
52.28.162.93 - - [20/Jan/2026:12:44:56 +0100] "HEAD / HTTP/1.1" 301 0 "http://www.omkar.com" "Mozilla/5.0+(compatible; UptimeRobot/2.0; http://www.uptimerobot.com/)"
34.6.146.169 - - [20/Jan/2026:12:45:17 +0100] "GET /uploads/news/attachment/attachment_9_2_2016-06-15-13-01.pdf HTTP/1.1" 301 162 "-" "Mozilla/5.0 (Macintosh; Intel Mac OS X 10_15_7) AppleWebKit/537.36 (KHTML, like Gecko) Chrome/120.0.0.0 Safari/537.36"
78.47.173.76 - - [20/Jan/2026:12:45:43 +0100] "HEAD / HTTP/1.1" 301 0 "http://omkar.com/" "Mozilla/5.0+(compatible; UptimeRobot/2.0; http://www.uptimerobot.com/)"
205.169.39.46 - - [20/Jan/2026:12:49:56 +0100] "GET / HTTP/1.1" 301 162 "-" "Mozilla/5.0 (Windows NT 10.0) AppleWebKit/537.36 (KHTML, like Gecko) Chrome/106.0.0.0 Safari/537.36"
52.28.162.93 - - [20/Jan/2026:12:50:03 +0100] "HEAD / HTTP/1.1" 301 0 "http://www.omkar.com" "Mozilla/5.0+(compatible; UptimeRobot/2.0; http://www.uptimerobot.com/)"
49.13.130.29 - - [20/Jan/2026:12:50:50 +0100] "HEAD / HTTP/1.1" 301 0 "http://omkar.com/" "Mozilla/5.0+(compatible; UptimeRobot/2.0; http://www.uptimerobot.com/)"
78.47.173.76 - - [20/Jan/2026:12:55:09 +0100] "HEAD / HTTP/1.1" 301 0 "http://www.omkar.com" "Mozilla/5.0+(compatible; UptimeRobot/2.0; http://www.uptimerobot.com/)"
167.235.143.113 - - [20/Jan/2026:12:55:56 +0100] "HEAD / HTTP/1.1" 301 0 "http://omkar.com/" "Mozilla/5.0+(compatible; UptimeRobot/2.0; http://www.uptimerobot.com/)"
67.182.232.233 - - [20/Jan/2026:12:56:03 +0100] "GET / HTTP/1.1" 301 162 "https://www.google.com/" "Mozilla/5.0 (Windows NT 10.0; Win64; x64) AppleWebKit/537.36 (KHTML, like Gecko)"
67.182.232.233 - - [20/Jan/2026:12:56:19 +0100] "GET /robots.txt HTTP/1.1" 301 162 "https://www.google.com/" "Mozilla/5.0 (Windows NT 10.0; Win64; x64) AppleWebKit/537.36 (KHTML, like Gecko)"
67.182.232.233 - - [20/Jan/2026:12:56:36 +0100] "GET /sitemap HTTP/1.1" 301 162 "https://www.google.com/" "Mozilla/5.0 (Windows NT 10.0; Win64; x64) AppleWebKit/537.36 (KHTML, like Gecko)"
67.182.232.233 - - [20/Jan/2026:12:56:54 +0100] "GET /sitemap.xml HTTP/1.1" 301 162 "https://www.google.com/" "Mozilla/5.0 (Windows NT 10.0; Win64; x64) AppleWebKit/537.36 (KHTML, like Gecko)"
67.182.232.233 - - [20/Jan/2026:12:57:14 +0100] "GET /sitemap_index.xml HTTP/1.1" 301 162 "https://www.google.com/" "Mozilla/5.0 (Windows NT 10.0; Win64; x64) AppleWebKit/537.36 (KHTML, like Gecko)"
67.182.232.233 - - [20/Jan/2026:12:57:32 +0100] "GET /wp-sitemap.xml HTTP/1.1" 301 162 "https://www.google.com/" "Mozilla/5.0 (Windows NT 10.0; Win64; x64) AppleWebKit/537.36 (KHTML, like Gecko)"
67.182.232.233 - - [20/Jan/2026:12:57:50 +0100] "GET /sitemapIndex.xml HTTP/1.1" 301 162 "https://www.google.com/" "Mozilla/5.0 (Windows NT 10.0; Win64; x64) AppleWebKit/537.36 (KHTML, like Gecko)"
52.28.162.93 - - [20/Jan/2026:13:00:15 +0100] "HEAD / HTTP/1.1" 301 0 "http://www.omkar.com" "Mozilla/5.0+(compatible; UptimeRobot/2.0; http://www.uptimerobot.com/)"
69.171.231.22 - - [20/Jan/2026:13:00:43 +0100] "GET / HTTP/1.1" 301 162 "-" "facebookexternalhit/1.1 (+http://www.facebook.com/externalhit_uatext.php)"
69.171.231.114 - - [20/Jan/2026:13:00:45 +0100] "GET / HTTP/1.1" 301 162 "-" "facebookexternalhit/1.1 (+http://www.facebook.com/externalhit_uatext.php)"
78.46.215.1 - - [20/Jan/2026:13:01:02 +0100] "HEAD / HTTP/1.1" 301 0 "http://omkar.com/" "Mozilla/5.0+(compatible; UptimeRobot/2.0; http://www.uptimerobot.com/)"
192.155.89.215 - - [20/Jan/2026:13:03:43 +0100] "GET /ongoing-residential-projects-mumbai/omkar-Lawns-and-Beyond HTTP/1.1" 301 162 "-" "-"
192.155.89.215 - - [20/Jan/2026:13:03:46 +0100] "GET /ongoing-residential-projects-mumbai/omkar-Lawns-and-Beyond HTTP/1.1" 301 162 "-" "-"
34.7.8.191 - - [20/Jan/2026:13:03:47 +0100] "GET /uploads/pressrelease/attachment/attachment_8_2_2016-06-09-11-44.docx HTTP/1.1" 301 162 "-" "Mozilla/5.0 (Macintosh; Intel Mac OS X 10_15_7) AppleWebKit/537.36 (KHTML, like Gecko) Chrome/120.0.0.0 Safari/537.36"
192.155.89.215 - - [20/Jan/2026:13:03:49 +0100] "GET /ongoing-residential-projects-mumbai/sereno-by-omkar HTTP/1.1" 301 162 "-" "-"
192.155.89.215 - - [20/Jan/2026:13:03:52 +0100] "GET /ongoing-residential-projects-mumbai/sereno-by-omkar HTTP/1.1" 301 162 "-" "-"
192.155.89.215 - - [20/Jan/2026:13:03:54 +0100] "GET /ongoing-residential-projects-mumbai/omkar-1973-worli HTTP/1.1" 301 162 "-" "-"
192.155.89.215 - - [20/Jan/2026:13:03:57 +0100] "GET /ongoing-residential-projects-mumbai/omkar-1973-worli HTTP/1.1" 301 162 "-" "-"
192.155.89.215 - - [20/Jan/2026:13:04:00 +0100] "GET /ongoing-residential-projects-mumbai/omkar-alta-monte-malad HTTP/1.1" 301 162 "-" "-"
192.155.89.215 - - [20/Jan/2026:13:04:04 +0100] "GET /ongoing-residential-projects-mumbai/omkar-alta-monte-malad HTTP/1.1" 301 162 "-" "-"
192.155.89.215 - - [20/Jan/2026:13:04:07 +0100] "GET /ongoing-residential-projects-mumbai/omkar-ananta-goregaon HTTP/1.1" 301 162 "-" "-"
192.155.89.215 - - [20/Jan/2026:13:04:10 +0100] "GET /ongoing-residential-projects-mumbai/omkar-ananta-goregaon HTTP/1.1" 301 162 "-" "-"
192.155.89.215 - - [20/Jan/2026:13:04:13 +0100] "GET /ongoing-residential-projects-mumbai/omkar-meridia-bkc HTTP/1.1" 301 162 "-" "-"
192.155.89.215 - - [20/Jan/2026:13:04:16 +0100] "GET /ongoing-residential-projects-mumbai/omkar-meridia-bkc HTTP/1.1" 301 162 "-" "-"
192.155.89.215 - - [20/Jan/2026:13:04:19 +0100] "GET /ongoing-residential-projects-mumbai/omkar-signet-malad HTTP/1.1" 301 162 "-" "-"
192.155.89.215 - - [20/Jan/2026:13:04:21 +0100] "GET /ongoing-residential-projects-mumbai/omkar-signet-malad HTTP/1.1" 301 162 "-" "-"
192.155.89.215 - - [20/Jan/2026:13:04:24 +0100] "GET /ongoing-residential-projects-mumbai/omkar-vive-bkc HTTP/1.1" 301 162 "-" "-"
192.155.89.215 - - [20/Jan/2026:13:04:27 +0100] "GET /ongoing-residential-projects-mumbai/omkar-vive-bkc HTTP/1.1" 301 162 "-" "-"
192.155.89.215 - - [20/Jan/2026:13:04:30 +0100] "GET /ongoing-commercial-projects-mumbai/tsbb-andheri-east HTTP/1.1" 301 162 "-" "-"
192.155.89.215 - - [20/Jan/2026:13:04:33 +0100] "GET /ongoing-commercial-projects-mumbai/tsbb-andheri-east HTTP/1.1" 301 162 "-" "-"
49.13.134.145 - - [20/Jan/2026:13:05:22 +0100] "HEAD / HTTP/1.1" 301 0 "http://www.omkar.com" "Mozilla/5.0+(compatible; UptimeRobot/2.0; http://www.uptimerobot.com/)"
168.119.53.160 - - [20/Jan/2026:13:06:10 +0100] "HEAD / HTTP/1.1" 301 0 "http://omkar.com/" "Mozilla/5.0+(compatible; UptimeRobot/2.0; http://www.uptimerobot.com/)"
3.79.134.69 - - [20/Jan/2026:13:10:28 +0100] "HEAD / HTTP/1.1" 301 0 "http://www.omkar.com" "Mozilla/5.0+(compatible; UptimeRobot/2.0; http://www.uptimerobot.com/)"
192.155.89.215 - - [20/Jan/2026:13:10:59 +0100] "GET /rss HTTP/1.1" 301 162 "-" "-"
192.155.89.215 - - [20/Jan/2026:13:11:03 +0100] "GET /rss HTTP/1.1" 301 162 "-" "-"
192.155.89.215 - - [20/Jan/2026:13:11:07 +0100] "GET /feed HTTP/1.1" 301 162 "-" "-"
192.155.89.215 - - [20/Jan/2026:13:11:10 +0100] "GET /feed HTTP/1.1" 301 162 "-" "-"
192.155.89.215 - - [20/Jan/2026:13:11:14 +0100] "GET /blog/rss HTTP/1.1" 301 162 "-" "-"
63.178.84.147 - - [20/Jan/2026:13:11:17 +0100] "HEAD / HTTP/1.1" 301 0 "http://omkar.com/" "Mozilla/5.0+(compatible; UptimeRobot/2.0; http://www.uptimerobot.com/)"
192.155.89.215 - - [20/Jan/2026:13:11:19 +0100] "GET /blog/rss HTTP/1.1" 301 162 "-" "-"
192.155.89.215 - - [20/Jan/2026:13:11:23 +0100] "GET /blog/feed HTTP/1.1" 301 162 "-" "-"
192.155.89.215 - - [20/Jan/2026:13:11:27 +0100] "GET /blog/feed HTTP/1.1" 301 162 "-" "-"
142.132.180.39 - - [20/Jan/2026:13:15:35 +0100] "HEAD / HTTP/1.1" 301 0 "http://www.omkar.com" "Mozilla/5.0+(compatible; UptimeRobot/2.0; http://www.uptimerobot.com/)"
18.193.252.127 - - [20/Jan/2026:13:16:25 +0100] "HEAD / HTTP/1.1" 301 0 "http://omkar.com/" "Mozilla/5.0+(compatible; UptimeRobot/2.0; http://www.uptimerobot.com/)"
49.13.24.81 - - [20/Jan/2026:13:20:42 +0100] "HEAD / HTTP/1.1" 301 0 "http://www.omkar.com" "Mozilla/5.0+(compatible; UptimeRobot/2.0; http://www.uptimerobot.com/)"
49.13.130.29 - - [20/Jan/2026:13:21:33 +0100] "HEAD / HTTP/1.1" 301 0 "http://omkar.com/" "Mozilla/5.0+(compatible; UptimeRobot/2.0; http://www.uptimerobot.com/)"
216.244.66.197 - - [20/Jan/2026:13:22:39 +0100] "GET /robots.txt HTTP/1.1" 301 162 "-" "Mozilla/5.0 (compatible; DotBot/1.2; +https://opensiteexplorer.org/dotbot; help@moz.com)"
185.121.171.132 - - [20/Jan/2026:13:25:11 +0100] "GET /uploads/constructionupdates/image/thumb_image_26_1_2016-06-07-10-33.jpg HTTP/1.1" 301 162 "-" "Mozilla/5.0 (iPhone 15; CPU iPhone OS 15_0 like Mac OS X) AppleWebKit/605.1.15 (KHTML, like Gecko) FxiOS/125.0 Mobile/15E148 Safari/605.1.15"
3.79.134.69 - - [20/Jan/2026:13:25:49 +0100] "HEAD / HTTP/1.1" 301 0 "http://www.omkar.com" "Mozilla/5.0+(compatible; UptimeRobot/2.0; http://www.uptimerobot.com/)"
49.13.24.81 - - [20/Jan/2026:13:26:41 +0100] "HEAD / HTTP/1.1" 301 0 "http://omkar.com/" "Mozilla/5.0+(compatible; UptimeRobot/2.0; http://www.uptimerobot.com/)"
45.33.76.66 - - [20/Jan/2026:13:27:19 +0100] "GET / HTTP/1.1" 301 162 "-" "Mozilla/5.0 (Macintosh; Intel Mac OS X 10_15_7) AppleWebKit/605.1.15 (KHTML, like Gecko) Version/25.0 Safari/605.1.15"
45.33.76.66 - - [20/Jan/2026:13:28:16 +0100] "GET /ongoing-residential-projects-mumbai/omkar-lawns-and-beyond HTTP/1.1" 301 162 "-" "Mozilla/5.0 (Windows NT 10.0; Win64; x64) AppleWebKit/537.36 (KHTML, like Gecko) Chrome/142.0.0.0 Safari/537.36"
45.33.76.66 - - [20/Jan/2026:13:28:19 +0100] "GET /ongoing-residential-projects-mumbai/sereno-by-omkar HTTP/1.1" 301 162 "-" "Mozilla/5.0 (Windows NT 10.0; Win64; x64) AppleWebKit/537.36 (KHTML, like Gecko) Chrome/142.0.0.0 Safari/537.36"
45.33.76.66 - - [20/Jan/2026:13:28:21 +0100] "GET /ongoing-residential-projects-mumbai/omkar-1973-worli HTTP/1.1" 301 162 "-" "Mozilla/5.0 (Windows NT 10.0; Win64; x64) AppleWebKit/537.36 (KHTML, like Gecko) Chrome/142.0.0.0 Safari/537.36"
78.47.173.76 - - [20/Jan/2026:13:30:57 +0100] "HEAD / HTTP/1.1" 301 0 "http://www.omkar.com" "Mozilla/5.0+(compatible; UptimeRobot/2.0; http://www.uptimerobot.com/)"
78.46.190.63 - - [20/Jan/2026:13:31:49 +0100] "HEAD / HTTP/1.1" 301 0 "http://omkar.com/" "Mozilla/5.0+(compatible; UptimeRobot/2.0; http://www.uptimerobot.com/)"
152.58.45.215 - - [20/Jan/2026:13:32:15 +0100] "GET /residential-and-commercial-projects/veda-exclusive-parel HTTP/1.1" 301 162 "-" "Mozilla/5.0 (Linux; Android 10; K) AppleWebKit/537.36 (KHTML, like Gecko) Chrome/143.0.0.0 Mobile Safari/537.36"
