66.249.65.203 - - [24/Jan/2026:01:14:40 +0100] "GET /autocgxzb97193036 HTTP/1.1" 301 162 "-" "Mozilla/5.0 (Linux; Android 6.0.1; Nexus 5X Build/MMB29P) AppleWebKit/537.36 (KHTML, like Gecko) Chrome/143.0.7499.192 Mobile Safari/537.36 (compatible; Googlebot/2.1; +http://www.google.com/bot.html)"
78.47.98.55 - - [24/Jan/2026:01:16:26 +0100] "HEAD / HTTP/1.1" 301 0 "http://www.omkar.com" "Mozilla/5.0+(compatible; UptimeRobot/2.0; http://www.uptimerobot.com/)"
43.166.1.243 - - [24/Jan/2026:01:16:59 +0100] "GET /bkc2/ HTTP/1.1" 301 162 "-" "Mozilla/5.0 (iPhone; CPU iPhone OS 13_2_3 like Mac OS X) AppleWebKit/605.1.15 (KHTML, like Gecko) Version/13.0.3 Mobile/15E148 Safari/604.1"
142.132.180.39 - - [24/Jan/2026:01:17:48 +0100] "HEAD / HTTP/1.1" 301 0 "http://omkar.com/" "Mozilla/5.0+(compatible; UptimeRobot/2.0; http://www.uptimerobot.com/)"
142.132.180.39 - - [24/Jan/2026:01:21:33 +0100] "HEAD / HTTP/1.1" 301 0 "http://www.omkar.com" "Mozilla/5.0+(compatible; UptimeRobot/2.0; http://www.uptimerobot.com/)"
159.138.155.158 - - [24/Jan/2026:01:22:04 +0100] "GET / HTTP/1.1" 301 162 "-" "Mozilla/5.0 (Windows NT 10.0; Win64; x64) AppleWebKit/537.36 (KHTML, like Gecko) Chrome/109.0.0.0 Safari/537.36"
49.13.167.123 - - [24/Jan/2026:01:22:54 +0100] "HEAD / HTTP/1.1" 301 0 "http://omkar.com/" "Mozilla/5.0+(compatible; UptimeRobot/2.0; http://www.uptimerobot.com/)"
66.249.65.201 - - [24/Jan/2026:01:25:40 +0100] "GET /unogdans316690 HTTP/1.1" 301 162 "-" "Mozilla/5.0 (Linux; Android 6.0.1; Nexus 5X Build/MMB29P) AppleWebKit/537.36 (KHTML, like Gecko) Chrome/143.0.7499.192 Mobile Safari/537.36 (compatible; Googlebot/2.1; +http://www.google.com/bot.html)"
49.13.164.148 - - [24/Jan/2026:01:26:41 +0100] "HEAD / HTTP/1.1" 301 0 "http://www.omkar.com" "Mozilla/5.0+(compatible; UptimeRobot/2.0; http://www.uptimerobot.com/)"
18.193.252.127 - - [24/Jan/2026:01:28:00 +0100] "HEAD / HTTP/1.1" 301 0 "http://omkar.com/" "Mozilla/5.0+(compatible; UptimeRobot/2.0; http://www.uptimerobot.com/)"
49.13.130.29 - - [24/Jan/2026:01:31:48 +0100] "HEAD / HTTP/1.1" 301 0 "http://www.omkar.com" "Mozilla/5.0+(compatible; UptimeRobot/2.0; http://www.uptimerobot.com/)"
45.8.22.117 - - [24/Jan/2026:01:32:43 +0100] "POST /wp-confiq.php HTTP/1.1" 301 162 "-" "Mozilla/5.0 (Linux; Android 7.0; SM-G892A Build/NRD90M; wv) AppleWebKit/537.36 (KHTML, like Gecko) Version/4.0 Chrome/60.0.3112.107 Mobile Safari/537.36"
157.90.155.240 - - [24/Jan/2026:01:33:07 +0100] "HEAD / HTTP/1.1" 301 0 "http://omkar.com/" "Mozilla/5.0+(compatible; UptimeRobot/2.0; http://www.uptimerobot.com/)"
66.249.65.203 - - [24/Jan/2026:01:36:41 +0100] "GET /ahak21897081 HTTP/1.1" 301 162 "-" "Mozilla/5.0 (Linux; Android 6.0.1; Nexus 5X Build/MMB29P) AppleWebKit/537.36 (KHTML, like Gecko) Chrome/143.0.7499.192 Mobile Safari/537.36 (compatible; Googlebot/2.1; +http://www.google.com/bot.html)"
159.69.158.189 - - [24/Jan/2026:01:36:55 +0100] "HEAD / HTTP/1.1" 301 0 "http://www.omkar.com" "Mozilla/5.0+(compatible; UptimeRobot/2.0; http://www.uptimerobot.com/)"
154.26.212.222 - - [24/Jan/2026:01:37:35 +0100] "GET /static/images/nopic.png HTTP/1.1" 301 162 "-" "Mozilla/5.0 (Windows NT 10.0; WOW64; rv:48.0) Gecko/20100101 Firefox/48.0"
18.193.252.127 - - [24/Jan/2026:01:38:13 +0100] "HEAD / HTTP/1.1" 301 0 "http://omkar.com/" "Mozilla/5.0+(compatible; UptimeRobot/2.0; http://www.uptimerobot.com/)"
128.140.41.193 - - [24/Jan/2026:01:42:02 +0100] "HEAD / HTTP/1.1" 301 0 "http://www.omkar.com" "Mozilla/5.0+(compatible; UptimeRobot/2.0; http://www.uptimerobot.com/)"
49.13.167.123 - - [24/Jan/2026:01:43:20 +0100] "HEAD / HTTP/1.1" 301 0 "http://omkar.com/" "Mozilla/5.0+(compatible; UptimeRobot/2.0; http://www.uptimerobot.com/)"
78.46.190.63 - - [24/Jan/2026:01:47:09 +0100] "HEAD / HTTP/1.1" 301 0 "http://www.omkar.com" "Mozilla/5.0+(compatible; UptimeRobot/2.0; http://www.uptimerobot.com/)"
3.79.134.69 - - [24/Jan/2026:01:48:26 +0100] "HEAD / HTTP/1.1" 301 0 "http://omkar.com/" "Mozilla/5.0+(compatible; UptimeRobot/2.0; http://www.uptimerobot.com/)"
49.13.167.123 - - [24/Jan/2026:01:52:15 +0100] "HEAD / HTTP/1.1" 301 0 "http://www.omkar.com" "Mozilla/5.0+(compatible; UptimeRobot/2.0; http://www.uptimerobot.com/)"
192.71.2.57 - - [24/Jan/2026:01:53:30 +0100] "GET / HTTP/1.1" 301 162 "-" "Mozilla/5.0 (iPhone; CPU iPhone OS 16_3 like Mac OS X) AppleWebKit/605.1.15 (KHTML, like Gecko) CriOS/122.0.6261.89 Mobile/15E148 Safari/604"
52.28.162.93 - - [24/Jan/2026:01:53:33 +0100] "HEAD / HTTP/1.1" 301 0 "http://omkar.com/" "Mozilla/5.0+(compatible; UptimeRobot/2.0; http://www.uptimerobot.com/)"
192.71.126.151 - - [24/Jan/2026:01:53:39 +0100] "GET /ongoing-residential-projects-mumbai/omkar-alta-monte-malad HTTP/1.1" 301 162 "-" "Mozilla/5.0 (iPhone; CPU iPhone OS 16_3 like Mac OS X) AppleWebKit/605.1.15 (KHTML, like Gecko) CriOS/122.0.6261.89 Mobile/15E148 Safari/604"
125.131.2.28 - - [24/Jan/2026:01:53:41 +0100] "GET /wordpress/wp-login.php HTTP/1.1" 301 162 "https://www.google.com" "Mozilla/5.0 (X11; Linux x86_64) AppleWebKit/537.36 (KHTML, like Gecko) Chrome/140.0.0.0 Safari/537.36"
43.153.71.132 - - [24/Jan/2026:01:56:06 +0100] "GET /ongoing-residential-projects-mumbai/sereno-by-omkar HTTP/1.1" 301 162 "-" "Mozilla/5.0 (iPhone; CPU iPhone OS 13_2_3 like Mac OS X) AppleWebKit/605.1.15 (KHTML, like Gecko) Version/13.0.3 Mobile/15E148 Safari/604.1"
49.13.130.29 - - [24/Jan/2026:01:57:24 +0100] "HEAD / HTTP/1.1" 301 0 "http://www.omkar.com" "Mozilla/5.0+(compatible; UptimeRobot/2.0; http://www.uptimerobot.com/)"
78.46.190.63 - - [24/Jan/2026:01:58:39 +0100] "HEAD / HTTP/1.1" 301 0 "http://omkar.com/" "Mozilla/5.0+(compatible; UptimeRobot/2.0; http://www.uptimerobot.com/)"
216.244.66.197 - - [24/Jan/2026:01:59:21 +0100] "GET /robots.txt HTTP/1.1" 301 162 "-" "Mozilla/5.0 (compatible; DotBot/1.2; +https://opensiteexplorer.org/dotbot; help@moz.com)"
18.193.252.127 - - [24/Jan/2026:02:02:31 +0100] "HEAD / HTTP/1.1" 301 0 "http://www.omkar.com" "Mozilla/5.0+(compatible; UptimeRobot/2.0; http://www.uptimerobot.com/)"
49.13.130.29 - - [24/Jan/2026:02:03:45 +0100] "HEAD / HTTP/1.1" 301 0 "http://omkar.com/" "Mozilla/5.0+(compatible; UptimeRobot/2.0; http://www.uptimerobot.com/)"
168.119.96.239 - - [24/Jan/2026:02:07:38 +0100] "HEAD / HTTP/1.1" 301 0 "http://www.omkar.com" "Mozilla/5.0+(compatible; UptimeRobot/2.0; http://www.uptimerobot.com/)"
78.47.98.55 - - [24/Jan/2026:02:08:52 +0100] "HEAD / HTTP/1.1" 301 0 "http://omkar.com/" "Mozilla/5.0+(compatible; UptimeRobot/2.0; http://www.uptimerobot.com/)"
168.119.53.160 - - [24/Jan/2026:02:12:46 +0100] "HEAD / HTTP/1.1" 301 0 "http://www.omkar.com" "Mozilla/5.0+(compatible; UptimeRobot/2.0; http://www.uptimerobot.com/)"
168.119.53.160 - - [24/Jan/2026:02:13:58 +0100] "HEAD / HTTP/1.1" 301 0 "http://omkar.com/" "Mozilla/5.0+(compatible; UptimeRobot/2.0; http://www.uptimerobot.com/)"
168.119.96.239 - - [24/Jan/2026:02:17:55 +0100] "HEAD / HTTP/1.1" 301 0 "http://www.omkar.com" "Mozilla/5.0+(compatible; UptimeRobot/2.0; http://www.uptimerobot.com/)"
52.59.43.236 - - [24/Jan/2026:02:19:07 +0100] "HEAD / HTTP/1.1" 301 0 "http://omkar.com/" "Mozilla/5.0+(compatible; UptimeRobot/2.0; http://www.uptimerobot.com/)"
45.8.22.117 - - [24/Jan/2026:02:20:59 +0100] "POST /wp-confiq.php HTTP/1.1" 301 162 "-" "Mozilla/5.0 (Linux; Android 7.0; SM-G892A Build/NRD90M; wv) AppleWebKit/537.36 (KHTML, like Gecko) Version/4.0 Chrome/60.0.3112.107 Mobile Safari/537.36"
142.214.184.9 - - [24/Jan/2026:02:22:22 +0100] "GET /.well-known/acme-challenge/BG4516R-O6EC2KCR7S24-C2FLTE8PNQJ HTTP/1.1" 301 162 "-" "Cpanel-HTTP-Client/1.0"
142.214.184.9 - - [24/Jan/2026:02:22:23 +0100] "GET /.well-known/acme-challenge/S3-20E6IE-673ZX7-AC39XDIVY69HPVY HTTP/1.1" 301 162 "-" "Cpanel-HTTP-Client/1.0"
168.119.53.160 - - [24/Jan/2026:02:23:01 +0100] "HEAD / HTTP/1.1" 301 0 "http://www.omkar.com" "Mozilla/5.0+(compatible; UptimeRobot/2.0; http://www.uptimerobot.com/)"
66.249.71.40 - - [24/Jan/2026:02:23:54 +0100] "GET /radiyeiv91231145 HTTP/1.1" 301 162 "-" "Mozilla/5.0 (Linux; Android 6.0.1; Nexus 5X Build/MMB29P) AppleWebKit/537.36 (KHTML, like Gecko) Chrome/143.0.7499.192 Mobile Safari/537.36 (compatible; Googlebot/2.1; +http://www.google.com/bot.html)"
142.132.180.39 - - [24/Jan/2026:02:24:14 +0100] "HEAD / HTTP/1.1" 301 0 "http://omkar.com/" "Mozilla/5.0+(compatible; UptimeRobot/2.0; http://www.uptimerobot.com/)"
168.119.96.239 - - [24/Jan/2026:02:28:08 +0100] "HEAD / HTTP/1.1" 301 0 "http://www.omkar.com" "Mozilla/5.0+(compatible; UptimeRobot/2.0; http://www.uptimerobot.com/)"
52.28.162.93 - - [24/Jan/2026:02:29:20 +0100] "HEAD / HTTP/1.1" 301 0 "http://omkar.com/" "Mozilla/5.0+(compatible; UptimeRobot/2.0; http://www.uptimerobot.com/)"
49.13.164.148 - - [24/Jan/2026:02:33:15 +0100] "HEAD / HTTP/1.1" 301 0 "http://www.omkar.com" "Mozilla/5.0+(compatible; UptimeRobot/2.0; http://www.uptimerobot.com/)"
167.235.143.113 - - [24/Jan/2026:02:34:27 +0100] "HEAD / HTTP/1.1" 301 0 "http://omkar.com/" "Mozilla/5.0+(compatible; UptimeRobot/2.0; http://www.uptimerobot.com/)"
64.233.172.38 - - [24/Jan/2026:02:37:49 +0100] "GET /ongoing-residential-projects-mumbai/the-bliss-collection?utm_source=GoogleMyBusiness HTTP/1.1" 301 162 "-" "Mozilla/5.0 (X11; Linux x86_64) AppleWebKit/537.36 (KHTML, like Gecko; Google-BusinessLinkVerification) Chrome/143.0.7499.192 Safari/537.36"
78.46.215.1 - - [24/Jan/2026:02:38:22 +0100] "HEAD / HTTP/1.1" 301 0 "http://www.omkar.com" "Mozilla/5.0+(compatible; UptimeRobot/2.0; http://www.uptimerobot.com/)"
63.178.84.147 - - [24/Jan/2026:02:39:35 +0100] "HEAD / HTTP/1.1" 301 0 "http://omkar.com/" "Mozilla/5.0+(compatible; UptimeRobot/2.0; http://www.uptimerobot.com/)"
49.13.130.29 - - [24/Jan/2026:02:43:29 +0100] "HEAD / HTTP/1.1" 301 0 "http://www.omkar.com" "Mozilla/5.0+(compatible; UptimeRobot/2.0; http://www.uptimerobot.com/)"
78.46.190.63 - - [24/Jan/2026:02:44:42 +0100] "HEAD / HTTP/1.1" 301 0 "http://omkar.com/" "Mozilla/5.0+(compatible; UptimeRobot/2.0; http://www.uptimerobot.com/)"
216.244.66.197 - - [24/Jan/2026:02:47:20 +0100] "GET /robots.txt HTTP/1.1" 301 162 "-" "Mozilla/5.0 (compatible; DotBot/1.2; +https://opensiteexplorer.org/dotbot; help@moz.com)"
216.244.66.197 - - [24/Jan/2026:02:47:20 +0100] "GET /robots.txt HTTP/1.1" 301 162 "-" "Mozilla/5.0 (compatible; DotBot/1.2; +https://opensiteexplorer.org/dotbot; help@moz.com)"
52.59.43.236 - - [24/Jan/2026:02:48:37 +0100] "HEAD / HTTP/1.1" 301 0 "http://www.omkar.com" "Mozilla/5.0+(compatible; UptimeRobot/2.0; http://www.uptimerobot.com/)"
128.140.41.193 - - [24/Jan/2026:02:49:49 +0100] "HEAD / HTTP/1.1" 301 0 "http://omkar.com/" "Mozilla/5.0+(compatible; UptimeRobot/2.0; http://www.uptimerobot.com/)"
43.163.206.70 - - [24/Jan/2026:02:50:51 +0100] "GET / HTTP/1.1" 301 162 "-" "Mozilla/5.0 (iPhone; CPU iPhone OS 13_2_3 like Mac OS X) AppleWebKit/605.1.15 (KHTML, like Gecko) Version/13.0.3 Mobile/15E148 Safari/604.1"
49.13.24.81 - - [24/Jan/2026:02:53:43 +0100] "HEAD / HTTP/1.1" 301 0 "http://www.omkar.com" "Mozilla/5.0+(compatible; UptimeRobot/2.0; http://www.uptimerobot.com/)"
159.69.158.189 - - [24/Jan/2026:02:54:55 +0100] "HEAD / HTTP/1.1" 301 0 "http://omkar.com/" "Mozilla/5.0+(compatible; UptimeRobot/2.0; http://www.uptimerobot.com/)"
167.235.143.113 - - [24/Jan/2026:02:58:50 +0100] "HEAD / HTTP/1.1" 301 0 "http://www.omkar.com" "Mozilla/5.0+(compatible; UptimeRobot/2.0; http://www.uptimerobot.com/)"
128.140.41.193 - - [24/Jan/2026:03:00:02 +0100] "HEAD / HTTP/1.1" 301 0 "http://omkar.com/" "Mozilla/5.0+(compatible; UptimeRobot/2.0; http://www.uptimerobot.com/)"
49.13.167.123 - - [24/Jan/2026:03:03:56 +0100] "HEAD / HTTP/1.1" 301 0 "http://www.omkar.com" "Mozilla/5.0+(compatible; UptimeRobot/2.0; http://www.uptimerobot.com/)"
88.99.80.227 - - [24/Jan/2026:03:05:08 +0100] "HEAD / HTTP/1.1" 301 0 "http://omkar.com/" "Mozilla/5.0+(compatible; UptimeRobot/2.0; http://www.uptimerobot.com/)"
23.111.165.10 - - [24/Jan/2026:03:07:38 +0100] "HEAD / HTTP/1.1" 301 0 "-" "-"
23.111.165.10 - - [24/Jan/2026:03:07:41 +0100] "GET / HTTP/1.1" 301 162 "-" "-"
49.13.134.145 - - [24/Jan/2026:03:09:05 +0100] "HEAD / HTTP/1.1" 301 0 "http://www.omkar.com" "Mozilla/5.0+(compatible; UptimeRobot/2.0; http://www.uptimerobot.com/)"
52.59.43.236 - - [24/Jan/2026:03:10:15 +0100] "HEAD / HTTP/1.1" 301 0 "http://omkar.com/" "Mozilla/5.0+(compatible; UptimeRobot/2.0; http://www.uptimerobot.com/)"
66.249.74.131 - - [24/Jan/2026:03:12:27 +0100] "GET /robots.txt HTTP/1.1" 301 162 "-" "Mozilla/5.0 (compatible; Googlebot/2.1; +http://www.google.com/bot.html)"
66.249.74.129 - - [24/Jan/2026:03:12:29 +0100] "GET /home/thank_you/project-details HTTP/1.1" 301 162 "-" "Mozilla/5.0 (compatible; Googlebot/2.1; +http://www.google.com/bot.html)"
78.47.173.76 - - [24/Jan/2026:03:14:13 +0100] "HEAD / HTTP/1.1" 301 0 "http://www.omkar.com" "Mozilla/5.0+(compatible; UptimeRobot/2.0; http://www.uptimerobot.com/)"
3.77.67.4 - - [24/Jan/2026:03:15:21 +0100] "HEAD / HTTP/1.1" 301 0 "http://omkar.com/" "Mozilla/5.0+(compatible; UptimeRobot/2.0; http://www.uptimerobot.com/)"
66.249.65.201 - - [24/Jan/2026:03:18:42 +0100] "GET /inhqfxwq1859000 HTTP/1.1" 301 162 "-" "Mozilla/5.0 (Linux; Android 6.0.1; Nexus 5X Build/MMB29P) AppleWebKit/537.36 (KHTML, like Gecko) Chrome/143.0.7499.192 Mobile Safari/537.36 (compatible; Googlebot/2.1; +http://www.google.com/bot.html)"
78.47.98.55 - - [24/Jan/2026:03:19:20 +0100] "HEAD / HTTP/1.1" 301 0 "http://www.omkar.com" "Mozilla/5.0+(compatible; UptimeRobot/2.0; http://www.uptimerobot.com/)"
63.178.84.147 - - [24/Jan/2026:03:20:27 +0100] "HEAD / HTTP/1.1" 301 0 "http://omkar.com/" "Mozilla/5.0+(compatible; UptimeRobot/2.0; http://www.uptimerobot.com/)"
34.13.177.158 - - [24/Jan/2026:03:22:00 +0100] "GET /pdf/altamontemalad/OmkarAltaMonteEBrochure.pdf HTTP/1.1" 301 162 "-" "Mozilla/5.0 (Macintosh; Intel Mac OS X 10_15_7) AppleWebKit/537.36 (KHTML, like Gecko) Chrome/120.0.0.0 Safari/537.36"
142.132.180.39 - - [24/Jan/2026:03:24:25 +0100] "HEAD / HTTP/1.1" 301 0 "http://www.omkar.com" "Mozilla/5.0+(compatible; UptimeRobot/2.0; http://www.uptimerobot.com/)"
157.90.156.63 - - [24/Jan/2026:03:25:35 +0100] "HEAD / HTTP/1.1" 301 0 "http://omkar.com/" "Mozilla/5.0+(compatible; UptimeRobot/2.0; http://www.uptimerobot.com/)"
3.77.67.4 - - [24/Jan/2026:03:29:30 +0100] "HEAD / HTTP/1.1" 301 0 "http://www.omkar.com" "Mozilla/5.0+(compatible; UptimeRobot/2.0; http://www.uptimerobot.com/)"
168.119.96.239 - - [24/Jan/2026:03:30:41 +0100] "HEAD / HTTP/1.1" 301 0 "http://omkar.com/" "Mozilla/5.0+(compatible; UptimeRobot/2.0; http://www.uptimerobot.com/)"
168.119.123.75 - - [24/Jan/2026:03:34:39 +0100] "HEAD / HTTP/1.1" 301 0 "http://www.omkar.com" "Mozilla/5.0+(compatible; UptimeRobot/2.0; http://www.uptimerobot.com/)"
31.13.127.3 - - [24/Jan/2026:03:35:23 +0100] "GET / HTTP/1.1" 301 162 "-" "facebookexternalhit/1.1 (+http://www.facebook.com/externalhit_uatext.php)"
31.13.127.116 - - [24/Jan/2026:03:35:24 +0100] "GET / HTTP/1.1" 301 162 "-" "facebookexternalhit/1.1 (+http://www.facebook.com/externalhit_uatext.php)"
216.244.66.197 - - [24/Jan/2026:03:35:31 +0100] "GET /robots.txt HTTP/1.1" 301 162 "-" "Mozilla/5.0 (compatible; DotBot/1.2; +https://opensiteexplorer.org/dotbot; help@moz.com)"
216.244.66.197 - - [24/Jan/2026:03:35:31 +0100] "GET /robots.txt HTTP/1.1" 301 162 "-" "Mozilla/5.0 (compatible; DotBot/1.2; +https://opensiteexplorer.org/dotbot; help@moz.com)"
49.13.24.81 - - [24/Jan/2026:03:35:48 +0100] "HEAD / HTTP/1.1" 301 0 "http://omkar.com/" "Mozilla/5.0+(compatible; UptimeRobot/2.0; http://www.uptimerobot.com/)"
78.47.98.55 - - [24/Jan/2026:03:39:47 +0100] "HEAD / HTTP/1.1" 301 0 "http://www.omkar.com" "Mozilla/5.0+(compatible; UptimeRobot/2.0; http://www.uptimerobot.com/)"
18.193.252.127 - - [24/Jan/2026:03:40:55 +0100] "HEAD / HTTP/1.1" 301 0 "http://omkar.com/" "Mozilla/5.0+(compatible; UptimeRobot/2.0; http://www.uptimerobot.com/)"
17.22.245.38 - - [24/Jan/2026:03:40:55 +0100] "GET /robots.txt HTTP/1.1" 301 162 "-" "Mozilla/5.0 (Macintosh; Intel Mac OS X 10_15_7) AppleWebKit/605.1.15 (KHTML, like Gecko) Version/17.4 Safari/605.1.15 (Applebot/0.1; +http://www.apple.com/go/applebot)"
17.22.245.38 - - [24/Jan/2026:03:40:57 +0100] "GET / HTTP/1.1" 301 162 "-" "Mozilla/5.0 (Macintosh; Intel Mac OS X 10_15_7) AppleWebKit/605.1.15 (KHTML, like Gecko) Version/17.4 Safari/605.1.15 (Applebot/0.1; +http://www.apple.com/go/applebot)"
66.249.65.202 - - [24/Jan/2026:03:42:40 +0100] "GET /inhqfxwq1859000 HTTP/1.1" 301 162 "-" "Mozilla/5.0 (Linux; Android 6.0.1; Nexus 5X Build/MMB29P) AppleWebKit/537.36 (KHTML, like Gecko) Chrome/143.0.7499.192 Mobile Safari/537.36 (compatible; GoogleOther)"
168.119.96.239 - - [24/Jan/2026:03:44:53 +0100] "HEAD / HTTP/1.1" 301 0 "http://www.omkar.com" "Mozilla/5.0+(compatible; UptimeRobot/2.0; http://www.uptimerobot.com/)"
192.155.89.215 - - [24/Jan/2026:03:45:40 +0100] "GET /ongoing-residential-projects-mumbai/omkar-Lawns-and-Beyond HTTP/1.1" 301 162 "-" "-"
192.155.89.215 - - [24/Jan/2026:03:45:43 +0100] "GET /ongoing-residential-projects-mumbai/omkar-Lawns-and-Beyond HTTP/1.1" 301 162 "-" "-"
192.155.89.215 - - [24/Jan/2026:03:45:46 +0100] "GET /ongoing-residential-projects-mumbai/sereno-by-omkar HTTP/1.1" 301 162 "-" "-"
192.155.89.215 - - [24/Jan/2026:03:45:49 +0100] "GET /ongoing-residential-projects-mumbai/sereno-by-omkar HTTP/1.1" 301 162 "-" "-"
192.155.89.215 - - [24/Jan/2026:03:45:51 +0100] "GET /ongoing-residential-projects-mumbai/omkar-1973-worli HTTP/1.1" 301 162 "-" "-"
192.155.89.215 - - [24/Jan/2026:03:45:54 +0100] "GET /ongoing-residential-projects-mumbai/omkar-1973-worli HTTP/1.1" 301 162 "-" "-"
192.155.89.215 - - [24/Jan/2026:03:45:58 +0100] "GET /ongoing-residential-projects-mumbai/omkar-alta-monte-malad HTTP/1.1" 301 162 "-" "-"
192.155.89.215 - - [24/Jan/2026:03:46:01 +0100] "GET /ongoing-residential-projects-mumbai/omkar-alta-monte-malad HTTP/1.1" 301 162 "-" "-"
52.28.162.93 - - [24/Jan/2026:03:46:01 +0100] "HEAD / HTTP/1.1" 301 0 "http://omkar.com/" "Mozilla/5.0+(compatible; UptimeRobot/2.0; http://www.uptimerobot.com/)"
192.155.89.215 - - [24/Jan/2026:03:46:04 +0100] "GET /ongoing-residential-projects-mumbai/omkar-ananta-goregaon HTTP/1.1" 301 162 "-" "-"
192.155.89.215 - - [24/Jan/2026:03:46:06 +0100] "GET /ongoing-residential-projects-mumbai/omkar-ananta-goregaon HTTP/1.1" 301 162 "-" "-"
192.155.89.215 - - [24/Jan/2026:03:46:09 +0100] "GET /ongoing-residential-projects-mumbai/omkar-meridia-bkc HTTP/1.1" 301 162 "-" "-"
192.155.89.215 - - [24/Jan/2026:03:46:12 +0100] "GET /ongoing-residential-projects-mumbai/omkar-meridia-bkc HTTP/1.1" 301 162 "-" "-"
192.155.89.215 - - [24/Jan/2026:03:46:15 +0100] "GET /ongoing-residential-projects-mumbai/omkar-signet-malad HTTP/1.1" 301 162 "-" "-"
192.155.89.215 - - [24/Jan/2026:03:46:18 +0100] "GET /ongoing-residential-projects-mumbai/omkar-signet-malad HTTP/1.1" 301 162 "-" "-"
192.155.89.215 - - [24/Jan/2026:03:46:21 +0100] "GET /ongoing-residential-projects-mumbai/omkar-vive-bkc HTTP/1.1" 301 162 "-" "-"
192.155.89.215 - - [24/Jan/2026:03:46:25 +0100] "GET /ongoing-residential-projects-mumbai/omkar-vive-bkc HTTP/1.1" 301 162 "-" "-"
192.155.89.215 - - [24/Jan/2026:03:46:27 +0100] "GET /ongoing-commercial-projects-mumbai/tsbb-andheri-east HTTP/1.1" 301 162 "-" "-"
192.155.89.215 - - [24/Jan/2026:03:46:31 +0100] "GET /ongoing-commercial-projects-mumbai/tsbb-andheri-east HTTP/1.1" 301 162 "-" "-"
66.249.65.202 - - [24/Jan/2026:03:48:42 +0100] "GET /irabckq673031 HTTP/1.1" 301 162 "-" "Mozilla/5.0 (Linux; Android 6.0.1; Nexus 5X Build/MMB29P) AppleWebKit/537.36 (KHTML, like Gecko) Chrome/143.0.7499.192 Mobile Safari/537.36 (compatible; GoogleOther)"
3.77.67.4 - - [24/Jan/2026:03:50:01 +0100] "HEAD / HTTP/1.1" 301 0 "http://www.omkar.com" "Mozilla/5.0+(compatible; UptimeRobot/2.0; http://www.uptimerobot.com/)"
88.99.80.227 - - [24/Jan/2026:03:51:07 +0100] "HEAD / HTTP/1.1" 301 0 "http://omkar.com/" "Mozilla/5.0+(compatible; UptimeRobot/2.0; http://www.uptimerobot.com/)"
192.155.89.215 - - [24/Jan/2026:03:52:47 +0100] "GET /rss HTTP/1.1" 301 162 "-" "-"
192.155.89.215 - - [24/Jan/2026:03:52:51 +0100] "GET /rss HTTP/1.1" 301 162 "-" "-"
192.155.89.215 - - [24/Jan/2026:03:52:55 +0100] "GET /feed HTTP/1.1" 301 162 "-" "-"
192.155.89.215 - - [24/Jan/2026:03:52:58 +0100] "GET /feed HTTP/1.1" 301 162 "-" "-"
192.155.89.215 - - [24/Jan/2026:03:53:02 +0100] "GET /blog/rss HTTP/1.1" 301 162 "-" "-"
192.155.89.215 - - [24/Jan/2026:03:53:06 +0100] "GET /blog/rss HTTP/1.1" 301 162 "-" "-"
192.155.89.215 - - [24/Jan/2026:03:53:10 +0100] "GET /blog/feed HTTP/1.1" 301 162 "-" "-"
192.155.89.215 - - [24/Jan/2026:03:53:14 +0100] "GET /blog/feed HTTP/1.1" 301 162 "-" "-"
49.13.130.29 - - [24/Jan/2026:03:55:09 +0100] "HEAD / HTTP/1.1" 301 0 "http://www.omkar.com" "Mozilla/5.0+(compatible; UptimeRobot/2.0; http://www.uptimerobot.com/)"
18.192.166.72 - - [24/Jan/2026:03:56:14 +0100] "HEAD / HTTP/1.1" 301 0 "http://omkar.com/" "Mozilla/5.0+(compatible; UptimeRobot/2.0; http://www.uptimerobot.com/)"
18.192.166.72 - - [24/Jan/2026:04:00:16 +0100] "HEAD / HTTP/1.1" 301 0 "http://www.omkar.com" "Mozilla/5.0+(compatible; UptimeRobot/2.0; http://www.uptimerobot.com/)"
78.46.190.63 - - [24/Jan/2026:04:01:20 +0100] "HEAD / HTTP/1.1" 301 0 "http://omkar.com/" "Mozilla/5.0+(compatible; UptimeRobot/2.0; http://www.uptimerobot.com/)"
167.235.143.113 - - [24/Jan/2026:04:05:24 +0100] "HEAD / HTTP/1.1" 301 0 "http://www.omkar.com" "Mozilla/5.0+(compatible; UptimeRobot/2.0; http://www.uptimerobot.com/)"
128.140.106.114 - - [24/Jan/2026:04:06:27 +0100] "HEAD / HTTP/1.1" 301 0 "http://omkar.com/" "Mozilla/5.0+(compatible; UptimeRobot/2.0; http://www.uptimerobot.com/)"
18.193.252.127 - - [24/Jan/2026:04:10:31 +0100] "HEAD / HTTP/1.1" 301 0 "http://www.omkar.com" "Mozilla/5.0+(compatible; UptimeRobot/2.0; http://www.uptimerobot.com/)"
34.34.106.249 - - [24/Jan/2026:04:11:10 +0100] "GET /newsletter/jan-mar/pdf/venkatrolla.pdf HTTP/1.1" 301 162 "-" "Mozilla/5.0 (Macintosh; Intel Mac OS X 10_15_7) AppleWebKit/537.36 (KHTML, like Gecko) Chrome/120.0.0.0 Safari/537.36"
168.119.123.75 - - [24/Jan/2026:04:11:33 +0100] "HEAD / HTTP/1.1" 301 0 "http://omkar.com/" "Mozilla/5.0+(compatible; UptimeRobot/2.0; http://www.uptimerobot.com/)"
167.235.143.113 - - [24/Jan/2026:04:15:37 +0100] "HEAD / HTTP/1.1" 301 0 "http://www.omkar.com" "Mozilla/5.0+(compatible; UptimeRobot/2.0; http://www.uptimerobot.com/)"
78.46.215.1 - - [24/Jan/2026:04:16:41 +0100] "HEAD / HTTP/1.1" 301 0 "http://omkar.com/" "Mozilla/5.0+(compatible; UptimeRobot/2.0; http://www.uptimerobot.com/)"
52.59.43.236 - - [24/Jan/2026:04:20:45 +0100] "HEAD / HTTP/1.1" 301 0 "http://www.omkar.com" "Mozilla/5.0+(compatible; UptimeRobot/2.0; http://www.uptimerobot.com/)"
168.119.53.160 - - [24/Jan/2026:04:21:48 +0100] "HEAD / HTTP/1.1" 301 0 "http://omkar.com/" "Mozilla/5.0+(compatible; UptimeRobot/2.0; http://www.uptimerobot.com/)"
3.79.134.69 - - [24/Jan/2026:04:25:53 +0100] "HEAD / HTTP/1.1" 301 0 "http://www.omkar.com" "Mozilla/5.0+(compatible; UptimeRobot/2.0; http://www.uptimerobot.com/)"
167.235.143.113 - - [24/Jan/2026:04:26:55 +0100] "HEAD / HTTP/1.1" 301 0 "http://omkar.com/" "Mozilla/5.0+(compatible; UptimeRobot/2.0; http://www.uptimerobot.com/)"
168.119.123.75 - - [24/Jan/2026:04:30:58 +0100] "HEAD / HTTP/1.1" 301 0 "http://www.omkar.com" "Mozilla/5.0+(compatible; UptimeRobot/2.0; http://www.uptimerobot.com/)"
159.69.158.189 - - [24/Jan/2026:04:32:01 +0100] "HEAD / HTTP/1.1" 301 0 "http://omkar.com/" "Mozilla/5.0+(compatible; UptimeRobot/2.0; http://www.uptimerobot.com/)"
100.30.5.6 - - [24/Jan/2026:04:34:23 +0100] "GET /robots.txt HTTP/1.1" 301 162 "-" "Mozilla/5.0 (Macintosh; Intel Mac OS X 10_10_1) AppleWebKit/600.2.5 (KHTML, like Gecko) Version/8.0.2 Safari/600.2.5 (TestUserAgent)"
52.28.162.93 - - [24/Jan/2026:04:36:05 +0100] "HEAD / HTTP/1.1" 301 0 "http://www.omkar.com" "Mozilla/5.0+(compatible; UptimeRobot/2.0; http://www.uptimerobot.com/)"
157.90.155.240 - - [24/Jan/2026:04:37:07 +0100] "HEAD / HTTP/1.1" 301 0 "http://omkar.com/" "Mozilla/5.0+(compatible; UptimeRobot/2.0; http://www.uptimerobot.com/)"
49.13.134.145 - - [24/Jan/2026:04:41:14 +0100] "HEAD / HTTP/1.1" 301 0 "http://www.omkar.com" "Mozilla/5.0+(compatible; UptimeRobot/2.0; http://www.uptimerobot.com/)"
49.13.24.81 - - [24/Jan/2026:04:42:16 +0100] "HEAD / HTTP/1.1" 301 0 "http://omkar.com/" "Mozilla/5.0+(compatible; UptimeRobot/2.0; http://www.uptimerobot.com/)"
66.249.74.129 - - [24/Jan/2026:04:43:08 +0100] "GET /index.phppcrowbmsa1462254 HTTP/1.1" 301 162 "-" "Mozilla/5.0 (Linux; Android 6.0.1; Nexus 5X Build/MMB29P) AppleWebKit/537.36 (KHTML, like Gecko) Chrome/143.0.7499.192 Mobile Safari/537.36 (compatible; GoogleOther)"
78.46.190.63 - - [24/Jan/2026:04:43:10 +0100] "GET / HTTP/1.1" 301 162 "http://omkar.com/" "Mozilla/5.0+(compatible; UptimeRobot/2.0; http://www.uptimerobot.com/)"
34.6.206.226 - - [24/Jan/2026:04:44:58 +0100] "GET /pdf/altamontemalad/OmkarAltaMonteEBrochure.pdf HTTP/1.1" 301 162 "-" "Mozilla/5.0 (Macintosh; Intel Mac OS X 10_15_7) AppleWebKit/537.36 (KHTML, like Gecko) Chrome/120.0.0.0 Safari/537.36"
52.28.162.93 - - [24/Jan/2026:04:46:21 +0100] "HEAD / HTTP/1.1" 301 0 "http://www.omkar.com" "Mozilla/5.0+(compatible; UptimeRobot/2.0; http://www.uptimerobot.com/)"
128.140.41.193 - - [24/Jan/2026:04:48:16 +0100] "HEAD / HTTP/1.1" 301 0 "http://omkar.com/" "Mozilla/5.0+(compatible; UptimeRobot/2.0; http://www.uptimerobot.com/)"
49.13.130.29 - - [24/Jan/2026:04:51:28 +0100] "HEAD / HTTP/1.1" 301 0 "http://www.omkar.com" "Mozilla/5.0+(compatible; UptimeRobot/2.0; http://www.uptimerobot.com/)"
23.21.204.95 - - [24/Jan/2026:04:52:53 +0100] "GET /robots.txt HTTP/1.1" 301 162 "-" "Mozilla/5.0 AppleWebKit/537.36 (KHTML, like Gecko; compatible; Amazonbot/0.1; +https://developer.amazon.com/support/amazonbot) Chrome/119.0.6045.214 Safari/537.36"
98.83.177.42 - - [24/Jan/2026:04:52:57 +0100] "GET /ongoing-residential-projects-mumbai/omkar-vive-bkc HTTP/1.1" 301 162 "-" "Mozilla/5.0 AppleWebKit/537.36 (KHTML, like Gecko; compatible; Amazonbot/0.1; +https://developer.amazon.com/support/amazonbot) Chrome/119.0.6045.214 Safari/537.36"
157.90.156.63 - - [24/Jan/2026:04:53:23 +0100] "HEAD / HTTP/1.1" 301 0 "http://omkar.com/" "Mozilla/5.0+(compatible; UptimeRobot/2.0; http://www.uptimerobot.com/)"
52.28.162.93 - - [24/Jan/2026:04:56:35 +0100] "HEAD / HTTP/1.1" 301 0 "http://www.omkar.com" "Mozilla/5.0+(compatible; UptimeRobot/2.0; http://www.uptimerobot.com/)"
167.114.156.52 - - [24/Jan/2026:04:57:20 +0100] "GET / HTTP/1.1" 301 162 "-" "8LEGS"
78.46.190.63 - - [24/Jan/2026:04:58:29 +0100] "HEAD / HTTP/1.1" 301 0 "http://omkar.com/" "Mozilla/5.0+(compatible; UptimeRobot/2.0; http://www.uptimerobot.com/)"
3.77.67.4 - - [24/Jan/2026:05:01:42 +0100] "HEAD / HTTP/1.1" 301 0 "http://www.omkar.com" "Mozilla/5.0+(compatible; UptimeRobot/2.0; http://www.uptimerobot.com/)"
157.90.156.63 - - [24/Jan/2026:05:03:35 +0100] "HEAD / HTTP/1.1" 301 0 "http://omkar.com/" "Mozilla/5.0+(compatible; UptimeRobot/2.0; http://www.uptimerobot.com/)"
18.192.166.72 - - [24/Jan/2026:05:06:48 +0100] "HEAD / HTTP/1.1" 301 0 "http://www.omkar.com" "Mozilla/5.0+(compatible; UptimeRobot/2.0; http://www.uptimerobot.com/)"
216.244.66.197 - - [24/Jan/2026:05:07:03 +0100] "GET /robots.txt HTTP/1.1" 301 162 "-" "Mozilla/5.0 (compatible; DotBot/1.2; +https://opensiteexplorer.org/dotbot; help@moz.com)"
216.244.66.197 - - [24/Jan/2026:05:07:03 +0100] "GET /robots.txt HTTP/1.1" 301 162 "-" "Mozilla/5.0 (compatible; DotBot/1.2; +https://opensiteexplorer.org/dotbot; help@moz.com)"
168.119.53.160 - - [24/Jan/2026:05:08:43 +0100] "HEAD / HTTP/1.1" 301 0 "http://omkar.com/" "Mozilla/5.0+(compatible; UptimeRobot/2.0; http://www.uptimerobot.com/)"
142.132.180.39 - - [24/Jan/2026:05:11:54 +0100] "HEAD / HTTP/1.1" 301 0 "http://www.omkar.com" "Mozilla/5.0+(compatible; UptimeRobot/2.0; http://www.uptimerobot.com/)"
66.249.71.38 - - [24/Jan/2026:05:12:45 +0100] "GET /gommh4483065 HTTP/1.1" 301 162 "-" "Mozilla/5.0 (Linux; Android 6.0.1; Nexus 5X Build/MMB29P) AppleWebKit/537.36 (KHTML, like Gecko) Chrome/143.0.7499.192 Mobile Safari/537.36 (compatible; Googlebot/2.1; +http://www.google.com/bot.html)"
49.13.167.123 - - [24/Jan/2026:05:12:48 +0100] "GET / HTTP/1.1" 301 162 "http://www.omkar.com" "Mozilla/5.0+(compatible; UptimeRobot/2.0; http://www.uptimerobot.com/)"
66.249.74.131 - - [24/Jan/2026:05:12:51 +0100] "GET /blogs/goregaon-right-place-to-invest HTTP/1.1" 301 162 "-" "Mozilla/5.0 (Linux; Android 6.0.1; Nexus 5X Build/MMB29P) AppleWebKit/537.36 (KHTML, like Gecko) Chrome/143.0.7499.192 Mobile Safari/537.36 (compatible; Googlebot/2.1; +http://www.google.com/bot.html)"
128.140.41.193 - - [24/Jan/2026:05:13:51 +0100] "HEAD / HTTP/1.1" 301 0 "http://omkar.com/" "Mozilla/5.0+(compatible; UptimeRobot/2.0; http://www.uptimerobot.com/)"
66.249.74.130 - - [24/Jan/2026:05:14:58 +0100] "GET /projects HTTP/1.1" 301 162 "-" "Mozilla/5.0 (Linux; Android 6.0.1; Nexus 5X Build/MMB29P) AppleWebKit/537.36 (KHTML, like Gecko) Chrome/143.0.7499.192 Mobile Safari/537.36 (compatible; Googlebot/2.1; +http://www.google.com/bot.html)"
3.79.134.69 - - [24/Jan/2026:05:17:55 +0100] "HEAD / HTTP/1.1" 301 0 "http://www.omkar.com" "Mozilla/5.0+(compatible; UptimeRobot/2.0; http://www.uptimerobot.com/)"
49.13.167.123 - - [24/Jan/2026:05:18:58 +0100] "HEAD / HTTP/1.1" 301 0 "http://omkar.com/" "Mozilla/5.0+(compatible; UptimeRobot/2.0; http://www.uptimerobot.com/)"
63.178.84.147 - - [24/Jan/2026:05:23:03 +0100] "HEAD / HTTP/1.1" 301 0 "http://www.omkar.com" "Mozilla/5.0+(compatible; UptimeRobot/2.0; http://www.uptimerobot.com/)"
78.47.173.76 - - [24/Jan/2026:05:24:05 +0100] "HEAD / HTTP/1.1" 301 0 "http://omkar.com/" "Mozilla/5.0+(compatible; UptimeRobot/2.0; http://www.uptimerobot.com/)"
3.77.67.4 - - [24/Jan/2026:05:28:10 +0100] "HEAD / HTTP/1.1" 301 0 "http://www.omkar.com" "Mozilla/5.0+(compatible; UptimeRobot/2.0; http://www.uptimerobot.com/)"
142.132.180.39 - - [24/Jan/2026:05:29:13 +0100] "HEAD / HTTP/1.1" 301 0 "http://omkar.com/" "Mozilla/5.0+(compatible; UptimeRobot/2.0; http://www.uptimerobot.com/)"
142.214.184.9 - - [24/Jan/2026:05:31:02 +0100] "GET /.well-known/acme-challenge/HHMSA6Y37JD3TP8NTZ36-BGMKEUJ27HU HTTP/1.1" 301 162 "-" "Cpanel-HTTP-Client/1.0"
142.214.184.9 - - [24/Jan/2026:05:31:03 +0100] "GET /.well-known/acme-challenge/S5C53GB5IHUIMQV64X5M31VAV7XM9JV5 HTTP/1.1" 301 162 "-" "Cpanel-HTTP-Client/1.0"
54.236.1.51 - - [24/Jan/2026:05:33:05 +0100] "GET /robots.txt HTTP/1.1" 301 162 "-" "Mozilla/5.0 (compatible; Pinterestbot/1.0; +http://www.pinterest.com/bot.html)"
128.140.106.114 - - [24/Jan/2026:05:33:17 +0100] "HEAD / HTTP/1.1" 301 0 "http://www.omkar.com" "Mozilla/5.0+(compatible; UptimeRobot/2.0; http://www.uptimerobot.com/)"
63.178.84.147 - - [24/Jan/2026:05:34:20 +0100] "HEAD / HTTP/1.1" 301 0 "http://omkar.com/" "Mozilla/5.0+(compatible; UptimeRobot/2.0; http://www.uptimerobot.com/)"
78.46.215.1 - - [24/Jan/2026:05:38:23 +0100] "HEAD / HTTP/1.1" 301 0 "http://www.omkar.com" "Mozilla/5.0+(compatible; UptimeRobot/2.0; http://www.uptimerobot.com/)"
78.47.173.76 - - [24/Jan/2026:05:39:28 +0100] "HEAD / HTTP/1.1" 301 0 "http://omkar.com/" "Mozilla/5.0+(compatible; UptimeRobot/2.0; http://www.uptimerobot.com/)"
66.249.74.130 - - [24/Jan/2026:05:42:27 +0100] "GET /altamonte-malad HTTP/1.1" 301 162 "-" "Mozilla/5.0 (Linux; Android 6.0.1; Nexus 5X Build/MMB29P) AppleWebKit/537.36 (KHTML, like Gecko) Chrome/143.0.7499.192 Mobile Safari/537.36 (compatible; Googlebot/2.1; +http://www.google.com/bot.html)"
18.193.252.127 - - [24/Jan/2026:05:43:30 +0100] "HEAD / HTTP/1.1" 301 0 "http://www.omkar.com" "Mozilla/5.0+(compatible; UptimeRobot/2.0; http://www.uptimerobot.com/)"
63.178.84.147 - - [24/Jan/2026:05:44:35 +0100] "HEAD / HTTP/1.1" 301 0 "http://omkar.com/" "Mozilla/5.0+(compatible; UptimeRobot/2.0; http://www.uptimerobot.com/)"
54.236.1.13 - - [24/Jan/2026:05:48:10 +0100] "GET /.sitemap.xml HTTP/1.1" 301 162 "-" "Mozilla/5.0 (compatible; Pinterestbot/1.0; +http://www.pinterest.com/bot.html)"
54.236.1.52 - - [24/Jan/2026:05:48:15 +0100] "GET /admin/config/search/xmlsitemap HTTP/1.1" 301 162 "-" "Mozilla/5.0 (compatible; Pinterestbot/1.0; +http://www.pinterest.com/bot.html)"
54.236.1.11 - - [24/Jan/2026:05:48:20 +0100] "GET /sitemap_index.xml.gz HTTP/1.1" 301 162 "-" "Mozilla/5.0 (compatible; Pinterestbot/1.0; +http://www.pinterest.com/bot.html)"
167.235.143.113 - - [24/Jan/2026:05:48:35 +0100] "HEAD / HTTP/1.1" 301 0 "http://www.omkar.com" "Mozilla/5.0+(compatible; UptimeRobot/2.0; http://www.uptimerobot.com/)"
54.236.1.53 - - [24/Jan/2026:05:49:21 +0100] "GET /sitemap_index.xml.gz HTTP/1.1" 301 162 "-" "Mozilla/5.0 (compatible; Pinterestbot/1.0; +http://www.pinterest.com/bot.html)"
88.99.80.227 - - [24/Jan/2026:05:49:41 +0100] "HEAD / HTTP/1.1" 301 0 "http://omkar.com/" "Mozilla/5.0+(compatible; UptimeRobot/2.0; http://www.uptimerobot.com/)"
54.236.1.52 - - [24/Jan/2026:05:50:21 +0100] "GET /sitemap/sitemap-index.xml HTTP/1.1" 301 162 "-" "Mozilla/5.0 (compatible; Pinterestbot/1.0; +http://www.pinterest.com/bot.html)"
54.236.1.51 - - [24/Jan/2026:05:51:21 +0100] "GET /sitemap/sitemap-index.xml HTTP/1.1" 301 162 "-" "Mozilla/5.0 (compatible; Pinterestbot/1.0; +http://www.pinterest.com/bot.html)"
54.236.1.52 - - [24/Jan/2026:05:51:28 +0100] "GET /sitemap-index.xml.gz HTTP/1.1" 301 162 "-" "Mozilla/5.0 (compatible; Pinterestbot/1.0; +http://www.pinterest.com/bot.html)"
54.236.1.51 - - [24/Jan/2026:05:51:31 +0100] "GET /sitemap_index.xml HTTP/1.1" 301 162 "-" "Mozilla/5.0 (compatible; Pinterestbot/1.0; +http://www.pinterest.com/bot.html)"
54.236.1.13 - - [24/Jan/2026:05:51:36 +0100] "GET /sitemap.xml HTTP/1.1" 301 162 "-" "Mozilla/5.0 (compatible; Pinterestbot/1.0; +http://www.pinterest.com/bot.html)"
54.236.1.54 - - [24/Jan/2026:05:51:39 +0100] "GET /sitemap HTTP/1.1" 301 162 "-" "Mozilla/5.0 (compatible; Pinterestbot/1.0; +http://www.pinterest.com/bot.html)"
54.236.1.53 - - [24/Jan/2026:05:51:43 +0100] "GET /sitemap-index.xml HTTP/1.1" 301 162 "-" "Mozilla/5.0 (compatible; Pinterestbot/1.0; +http://www.pinterest.com/bot.html)"
54.236.1.54 - - [24/Jan/2026:05:51:47 +0100] "GET /sitemap.xml.gz HTTP/1.1" 301 162 "-" "Mozilla/5.0 (compatible; Pinterestbot/1.0; +http://www.pinterest.com/bot.html)"
49.13.164.148 - - [24/Jan/2026:05:53:43 +0100] "HEAD / HTTP/1.1" 301 0 "http://www.omkar.com" "Mozilla/5.0+(compatible; UptimeRobot/2.0; http://www.uptimerobot.com/)"
216.244.66.197 - - [24/Jan/2026:05:53:55 +0100] "GET /robots.txt HTTP/1.1" 301 162 "-" "Mozilla/5.0 (compatible; DotBot/1.2; +https://opensiteexplorer.org/dotbot; help@moz.com)"
216.244.66.197 - - [24/Jan/2026:05:53:55 +0100] "GET /robots.txt HTTP/1.1" 301 162 "-" "Mozilla/5.0 (compatible; DotBot/1.2; +https://opensiteexplorer.org/dotbot; help@moz.com)"
52.59.43.236 - - [24/Jan/2026:05:54:49 +0100] "HEAD / HTTP/1.1" 301 0 "http://omkar.com/" "Mozilla/5.0+(compatible; UptimeRobot/2.0; http://www.uptimerobot.com/)"
49.13.164.148 - - [24/Jan/2026:05:59:01 +0100] "HEAD / HTTP/1.1" 301 0 "http://www.omkar.com" "Mozilla/5.0+(compatible; UptimeRobot/2.0; http://www.uptimerobot.com/)"
128.140.41.193 - - [24/Jan/2026:05:59:54 +0100] "HEAD / HTTP/1.1" 301 0 "http://omkar.com/" "Mozilla/5.0+(compatible; UptimeRobot/2.0; http://www.uptimerobot.com/)"
52.59.43.236 - - [24/Jan/2026:06:04:07 +0100] "HEAD / HTTP/1.1" 301 0 "http://www.omkar.com" "Mozilla/5.0+(compatible; UptimeRobot/2.0; http://www.uptimerobot.com/)"
52.59.43.236 - - [24/Jan/2026:06:05:00 +0100] "HEAD / HTTP/1.1" 301 0 "http://omkar.com/" "Mozilla/5.0+(compatible; UptimeRobot/2.0; http://www.uptimerobot.com/)"
3.77.67.4 - - [24/Jan/2026:06:09:13 +0100] "HEAD / HTTP/1.1" 301 0 "http://www.omkar.com" "Mozilla/5.0+(compatible; UptimeRobot/2.0; http://www.uptimerobot.com/)"
78.46.215.1 - - [24/Jan/2026:06:10:07 +0100] "HEAD / HTTP/1.1" 301 0 "http://omkar.com/" "Mozilla/5.0+(compatible; UptimeRobot/2.0; http://www.uptimerobot.com/)"
66.249.65.201 - - [24/Jan/2026:06:13:03 +0100] "GET /index.phpphollnngxro886520 HTTP/1.1" 301 162 "-" "Mozilla/5.0 (Linux; Android 6.0.1; Nexus 5X Build/MMB29P) AppleWebKit/537.36 (KHTML, like Gecko) Chrome/143.0.7499.192 Mobile Safari/537.36 (compatible; Googlebot/2.1; +http://www.google.com/bot.html)"
167.235.143.113 - - [24/Jan/2026:06:14:20 +0100] "HEAD / HTTP/1.1" 301 0 "http://www.omkar.com" "Mozilla/5.0+(compatible; UptimeRobot/2.0; http://www.uptimerobot.com/)"
128.140.41.193 - - [24/Jan/2026:06:15:13 +0100] "HEAD / HTTP/1.1" 301 0 "http://omkar.com/" "Mozilla/5.0+(compatible; UptimeRobot/2.0; http://www.uptimerobot.com/)"
3.79.134.69 - - [24/Jan/2026:06:19:27 +0100] "HEAD / HTTP/1.1" 301 0 "http://www.omkar.com" "Mozilla/5.0+(compatible; UptimeRobot/2.0; http://www.uptimerobot.com/)"
68.71.251.134 - - [24/Jan/2026:06:20:14 +0100] "GET /blogs/4-reasons-a-property-investment-a-smart-way-to-earn/ HTTP/1.0" 301 162 "http://omkar.com/blogs/4-reasons-a-property-investment-a-smart-way-to-earn/" "Mozilla/5.0 (Windows NT 10.0; Win64; x64) AppleWebKit/537.36 (KHTML, like Gecko) Chrome/130.0.0.0 Safari/537.36 CCleaner/130.0.0.0"
49.13.164.148 - - [24/Jan/2026:06:20:20 +0100] "HEAD / HTTP/1.1" 301 0 "http://omkar.com/" "Mozilla/5.0+(compatible; UptimeRobot/2.0; http://www.uptimerobot.com/)"
18.193.252.127 - - [24/Jan/2026:06:24:34 +0100] "HEAD / HTTP/1.1" 301 0 "http://www.omkar.com" "Mozilla/5.0+(compatible; UptimeRobot/2.0; http://www.uptimerobot.com/)"
168.119.96.239 - - [24/Jan/2026:06:25:27 +0100] "HEAD / HTTP/1.1" 301 0 "http://omkar.com/" "Mozilla/5.0+(compatible; UptimeRobot/2.0; http://www.uptimerobot.com/)"
167.235.143.113 - - [24/Jan/2026:06:29:41 +0100] "HEAD / HTTP/1.1" 301 0 "http://www.omkar.com" "Mozilla/5.0+(compatible; UptimeRobot/2.0; http://www.uptimerobot.com/)"
128.140.106.114 - - [24/Jan/2026:06:30:35 +0100] "HEAD / HTTP/1.1" 301 0 "http://omkar.com/" "Mozilla/5.0+(compatible; UptimeRobot/2.0; http://www.uptimerobot.com/)"
167.235.143.113 - - [24/Jan/2026:06:34:47 +0100] "HEAD / HTTP/1.1" 301 0 "http://www.omkar.com" "Mozilla/5.0+(compatible; UptimeRobot/2.0; http://www.uptimerobot.com/)"
49.13.134.145 - - [24/Jan/2026:06:35:41 +0100] "HEAD / HTTP/1.1" 301 0 "http://omkar.com/" "Mozilla/5.0+(compatible; UptimeRobot/2.0; http://www.uptimerobot.com/)"
168.119.53.160 - - [24/Jan/2026:06:39:54 +0100] "HEAD / HTTP/1.1" 301 0 "http://www.omkar.com" "Mozilla/5.0+(compatible; UptimeRobot/2.0; http://www.uptimerobot.com/)"
216.244.66.197 - - [24/Jan/2026:06:40:25 +0100] "GET /robots.txt HTTP/1.1" 301 162 "-" "Mozilla/5.0 (compatible; DotBot/1.2; +https://opensiteexplorer.org/dotbot; help@moz.com)"
216.244.66.197 - - [24/Jan/2026:06:40:25 +0100] "GET /robots.txt HTTP/1.1" 301 162 "-" "Mozilla/5.0 (compatible; DotBot/1.2; +https://opensiteexplorer.org/dotbot; help@moz.com)"
168.119.96.239 - - [24/Jan/2026:06:40:47 +0100] "HEAD / HTTP/1.1" 301 0 "http://omkar.com/" "Mozilla/5.0+(compatible; UptimeRobot/2.0; http://www.uptimerobot.com/)"
34.7.242.59 - - [24/Jan/2026:06:44:13 +0100] "GET /pdf/altamontemalad/Luxe.pdf HTTP/1.1" 301 162 "-" "Mozilla/5.0 (Macintosh; Intel Mac OS X 10_15_7) AppleWebKit/537.36 (KHTML, like Gecko) Chrome/120.0.0.0 Safari/537.36"
78.46.190.63 - - [24/Jan/2026:06:45:00 +0100] "HEAD / HTTP/1.1" 301 0 "http://www.omkar.com" "Mozilla/5.0+(compatible; UptimeRobot/2.0; http://www.uptimerobot.com/)"
34.12.28.132 - - [24/Jan/2026:06:45:35 +0100] "GET /uploads/news_document/7484077521516271778.pdf HTTP/1.1" 301 162 "-" "Mozilla/5.0 (Macintosh; Intel Mac OS X 10_15_7) AppleWebKit/537.36 (KHTML, like Gecko) Chrome/120.0.0.0 Safari/537.36"
168.119.53.160 - - [24/Jan/2026:06:46:04 +0100] "HEAD / HTTP/1.1" 301 0 "http://omkar.com/" "Mozilla/5.0+(compatible; UptimeRobot/2.0; http://www.uptimerobot.com/)"
157.90.156.63 - - [24/Jan/2026:06:50:06 +0100] "HEAD / HTTP/1.1" 301 0 "http://www.omkar.com" "Mozilla/5.0+(compatible; UptimeRobot/2.0; http://www.uptimerobot.com/)"
167.235.143.113 - - [24/Jan/2026:06:51:12 +0100] "HEAD / HTTP/1.1" 301 0 "http://omkar.com/" "Mozilla/5.0+(compatible; UptimeRobot/2.0; http://www.uptimerobot.com/)"
52.59.43.236 - - [24/Jan/2026:06:55:12 +0100] "HEAD / HTTP/1.1" 301 0 "http://www.omkar.com" "Mozilla/5.0+(compatible; UptimeRobot/2.0; http://www.uptimerobot.com/)"
3.77.67.4 - - [24/Jan/2026:06:56:20 +0100] "HEAD / HTTP/1.1" 301 0 "http://omkar.com/" "Mozilla/5.0+(compatible; UptimeRobot/2.0; http://www.uptimerobot.com/)"
18.193.252.127 - - [24/Jan/2026:07:00:19 +0100] "HEAD / HTTP/1.1" 301 0 "http://www.omkar.com" "Mozilla/5.0+(compatible; UptimeRobot/2.0; http://www.uptimerobot.com/)"
74.7.244.24 - - [24/Jan/2026:07:00:47 +0100] "GET /robots.txt HTTP/1.1" 301 162 "-" "Mozilla/5.0 (Macintosh; Intel Mac OS X 10_15_7) AppleWebKit/537.36 (KHTML, like Gecko) Chrome/131.0.0.0 Safari/537.36; compatible; OAI-SearchBot/1.3; robots.txt; +https://openai.com/searchbot"
74.7.241.48 - - [24/Jan/2026:07:00:49 +0100] "GET / HTTP/1.1" 301 162 "https://beststartup.in" "Mozilla/5.0 AppleWebKit/537.36 (KHTML, like Gecko; compatible; GPTBot/1.3; +https://openai.com/gptbot)"
18.192.166.72 - - [24/Jan/2026:07:01:27 +0100] "HEAD / HTTP/1.1" 301 0 "http://omkar.com/" "Mozilla/5.0+(compatible; UptimeRobot/2.0; http://www.uptimerobot.com/)"
49.13.24.81 - - [24/Jan/2026:07:05:25 +0100] "HEAD / HTTP/1.1" 301 0 "http://www.omkar.com" "Mozilla/5.0+(compatible; UptimeRobot/2.0; http://www.uptimerobot.com/)"
128.140.41.193 - - [24/Jan/2026:07:06:33 +0100] "HEAD / HTTP/1.1" 301 0 "http://omkar.com/" "Mozilla/5.0+(compatible; UptimeRobot/2.0; http://www.uptimerobot.com/)"
49.13.24.81 - - [24/Jan/2026:07:10:31 +0100] "HEAD / HTTP/1.1" 301 0 "http://www.omkar.com" "Mozilla/5.0+(compatible; UptimeRobot/2.0; http://www.uptimerobot.com/)"
49.13.130.29 - - [24/Jan/2026:07:11:40 +0100] "HEAD / HTTP/1.1" 301 0 "http://omkar.com/" "Mozilla/5.0+(compatible; UptimeRobot/2.0; http://www.uptimerobot.com/)"
63.178.84.147 - - [24/Jan/2026:07:15:37 +0100] "HEAD / HTTP/1.1" 301 0 "http://www.omkar.com" "Mozilla/5.0+(compatible; UptimeRobot/2.0; http://www.uptimerobot.com/)"
3.77.67.4 - - [24/Jan/2026:07:16:47 +0100] "HEAD / HTTP/1.1" 301 0 "http://omkar.com/" "Mozilla/5.0+(compatible; UptimeRobot/2.0; http://www.uptimerobot.com/)"
91.215.85.191 - - [24/Jan/2026:07:18:25 +0100] "GET / HTTP/1.1" 301 162 "-" "Mozilla/5.0 (Windows NT 10.0; Win64; x64) Chrome/120.0.0.0 Safari/537.36"
66.249.74.131 - - [24/Jan/2026:07:19:37 +0100] "GET /home/thank_you/enquiry HTTP/1.1" 301 162 "-" "Mozilla/5.0 (Linux; Android 6.0.1; Nexus 5X Build/MMB29P) AppleWebKit/537.36 (KHTML, like Gecko) Chrome/143.0.7499.192 Mobile Safari/537.36 (compatible; Googlebot/2.1; +http://www.google.com/bot.html)"
52.28.162.93 - - [24/Jan/2026:07:20:43 +0100] "HEAD / HTTP/1.1" 301 0 "http://www.omkar.com" "Mozilla/5.0+(compatible; UptimeRobot/2.0; http://www.uptimerobot.com/)"
51.68.107.154 - - [24/Jan/2026:07:21:13 +0100] "GET /robots.txt HTTP/1.1" 301 162 "-" "Mozilla/5.0 (compatible; MJ12bot/v2.0.4; http://mj12bot.com/)"
51.68.107.154 - - [24/Jan/2026:07:21:14 +0100] "GET / HTTP/1.1" 301 162 "-" "Mozilla/5.0 (compatible; MJ12bot/v2.0.4; http://mj12bot.com/)"
3.77.67.4 - - [24/Jan/2026:07:21:55 +0100] "HEAD / HTTP/1.1" 301 0 "http://omkar.com/" "Mozilla/5.0+(compatible; UptimeRobot/2.0; http://www.uptimerobot.com/)"
216.244.66.197 - - [24/Jan/2026:07:25:43 +0100] "GET /robots.txt HTTP/1.1" 301 162 "-" "Mozilla/5.0 (compatible; DotBot/1.2; +https://opensiteexplorer.org/dotbot; help@moz.com)"
63.178.84.147 - - [24/Jan/2026:07:25:50 +0100] "HEAD / HTTP/1.1" 301 0 "http://www.omkar.com" "Mozilla/5.0+(compatible; UptimeRobot/2.0; http://www.uptimerobot.com/)"
85.208.96.204 - - [24/Jan/2026:07:26:41 +0100] "GET /robots.txt HTTP/1.1" 301 162 "-" "Mozilla/5.0 (compatible; SemrushBot/7~bl; +http://www.semrush.com/bot.html)"
185.191.171.13 - - [24/Jan/2026:07:26:43 +0100] "GET / HTTP/1.1" 301 162 "-" "Mozilla/5.0 (compatible; SemrushBot/7~bl; +http://www.semrush.com/bot.html)"
159.69.158.189 - - [24/Jan/2026:07:27:02 +0100] "HEAD / HTTP/1.1" 301 0 "http://omkar.com/" "Mozilla/5.0+(compatible; UptimeRobot/2.0; http://www.uptimerobot.com/)"
49.13.130.29 - - [24/Jan/2026:07:30:56 +0100] "HEAD / HTTP/1.1" 301 0 "http://www.omkar.com" "Mozilla/5.0+(compatible; UptimeRobot/2.0; http://www.uptimerobot.com/)"
49.13.164.148 - - [24/Jan/2026:07:32:09 +0100] "HEAD / HTTP/1.1" 301 0 "http://omkar.com/" "Mozilla/5.0+(compatible; UptimeRobot/2.0; http://www.uptimerobot.com/)"
51.68.107.154 - - [24/Jan/2026:07:33:52 +0100] "GET /robots.txt HTTP/1.1" 301 162 "-" "Mozilla/5.0 (compatible; MJ12bot/v2.0.4; http://mj12bot.com/)"
51.68.107.154 - - [24/Jan/2026:07:33:52 +0100] "GET / HTTP/1.1" 301 162 "-" "Mozilla/5.0 (compatible; MJ12bot/v2.0.4; http://mj12bot.com/)"
128.140.106.114 - - [24/Jan/2026:07:36:05 +0100] "HEAD / HTTP/1.1" 301 0 "http://www.omkar.com" "Mozilla/5.0+(compatible; UptimeRobot/2.0; http://www.uptimerobot.com/)"
49.13.134.145 - - [24/Jan/2026:07:37:16 +0100] "HEAD / HTTP/1.1" 301 0 "http://omkar.com/" "Mozilla/5.0+(compatible; UptimeRobot/2.0; http://www.uptimerobot.com/)"
103.109.103.43 - - [24/Jan/2026:07:39:43 +0100] "GET / HTTP/1.1" 301 162 "-" "Mozilla/5.0 (Linux; Android 11; CPH2185) AppleWebKit/537.36 (KHTML, like Gecko) Chrome/91.0.4472.101 Mobile Safari/537.36"
49.13.130.29 - - [24/Jan/2026:07:41:13 +0100] "HEAD / HTTP/1.1" 301 0 "http://www.omkar.com" "Mozilla/5.0+(compatible; UptimeRobot/2.0; http://www.uptimerobot.com/)"
159.69.158.189 - - [24/Jan/2026:07:42:23 +0100] "HEAD / HTTP/1.1" 301 0 "http://omkar.com/" "Mozilla/5.0+(compatible; UptimeRobot/2.0; http://www.uptimerobot.com/)"
66.249.74.131 - - [24/Jan/2026:07:42:56 +0100] "GET /ongoing-residential-projects-mumbai? HTTP/1.1" 301 162 "-" "Mozilla/5.0 (compatible; Googlebot/2.1; +http://www.google.com/bot.html)"
3.77.67.4 - - [24/Jan/2026:07:46:20 +0100] "HEAD / HTTP/1.1" 301 0 "http://www.omkar.com" "Mozilla/5.0+(compatible; UptimeRobot/2.0; http://www.uptimerobot.com/)"
78.46.215.1 - - [24/Jan/2026:07:47:31 +0100] "HEAD / HTTP/1.1" 301 0 "http://omkar.com/" "Mozilla/5.0+(compatible; UptimeRobot/2.0; http://www.uptimerobot.com/)"
49.13.167.123 - - [24/Jan/2026:07:51:25 +0100] "HEAD / HTTP/1.1" 301 0 "http://www.omkar.com" "Mozilla/5.0+(compatible; UptimeRobot/2.0; http://www.uptimerobot.com/)"
18.193.252.127 - - [24/Jan/2026:07:52:39 +0100] "HEAD / HTTP/1.1" 301 0 "http://omkar.com/" "Mozilla/5.0+(compatible; UptimeRobot/2.0; http://www.uptimerobot.com/)"
78.47.173.76 - - [24/Jan/2026:07:56:32 +0100] "HEAD / HTTP/1.1" 301 0 "http://www.omkar.com" "Mozilla/5.0+(compatible; UptimeRobot/2.0; http://www.uptimerobot.com/)"
3.79.134.69 - - [24/Jan/2026:07:57:46 +0100] "HEAD / HTTP/1.1" 301 0 "http://omkar.com/" "Mozilla/5.0+(compatible; UptimeRobot/2.0; http://www.uptimerobot.com/)"
3.77.67.4 - - [24/Jan/2026:08:01:39 +0100] "HEAD / HTTP/1.1" 301 0 "http://www.omkar.com" "Mozilla/5.0+(compatible; UptimeRobot/2.0; http://www.uptimerobot.com/)"
78.47.173.76 - - [24/Jan/2026:08:02:55 +0100] "HEAD / HTTP/1.1" 301 0 "http://omkar.com/" "Mozilla/5.0+(compatible; UptimeRobot/2.0; http://www.uptimerobot.com/)"
66.249.74.129 - - [24/Jan/2026:08:06:16 +0100] "GET /home/thank_you/enquiry HTTP/1.1" 301 162 "-" "Mozilla/5.0 (compatible; Googlebot/2.1; +http://www.google.com/bot.html)"
49.13.164.148 - - [24/Jan/2026:08:06:45 +0100] "HEAD / HTTP/1.1" 301 0 "http://www.omkar.com" "Mozilla/5.0+(compatible; UptimeRobot/2.0; http://www.uptimerobot.com/)"
85.208.96.196 - - [24/Jan/2026:08:07:10 +0100] "GET /?ref=levels.fyi HTTP/1.1" 301 162 "-" "Mozilla/5.0 (compatible; SemrushBot/7~bl; +http://www.semrush.com/bot.html)"
78.46.190.63 - - [24/Jan/2026:08:08:02 +0100] "HEAD / HTTP/1.1" 301 0 "http://omkar.com/" "Mozilla/5.0+(compatible; UptimeRobot/2.0; http://www.uptimerobot.com/)"
216.244.66.197 - - [24/Jan/2026:08:09:31 +0100] "GET /robots.txt HTTP/1.1" 301 162 "-" "Mozilla/5.0 (compatible; DotBot/1.2; +https://opensiteexplorer.org/dotbot; help@moz.com)"
216.244.66.197 - - [24/Jan/2026:08:09:31 +0100] "GET /robots.txt HTTP/1.1" 301 162 "-" "Mozilla/5.0 (compatible; DotBot/1.2; +https://opensiteexplorer.org/dotbot; help@moz.com)"
167.235.143.113 - - [24/Jan/2026:08:11:52 +0100] "HEAD / HTTP/1.1" 301 0 "http://www.omkar.com" "Mozilla/5.0+(compatible; UptimeRobot/2.0; http://www.uptimerobot.com/)"
66.249.65.203 - - [24/Jan/2026:08:12:39 +0100] "GET /index.phppblvhhnhg1247254 HTTP/1.1" 301 162 "-" "Mozilla/5.0 (Linux; Android 6.0.1; Nexus 5X Build/MMB29P) AppleWebKit/537.36 (KHTML, like Gecko) Chrome/143.0.7499.192 Mobile Safari/537.36 (compatible; Googlebot/2.1; +http://www.google.com/bot.html)"
88.99.80.227 - - [24/Jan/2026:08:13:08 +0100] "HEAD / HTTP/1.1" 301 0 "http://omkar.com/" "Mozilla/5.0+(compatible; UptimeRobot/2.0; http://www.uptimerobot.com/)"
168.119.53.160 - - [24/Jan/2026:08:17:00 +0100] "HEAD / HTTP/1.1" 301 0 "http://www.omkar.com" "Mozilla/5.0+(compatible; UptimeRobot/2.0; http://www.uptimerobot.com/)"
159.69.158.189 - - [24/Jan/2026:08:18:15 +0100] "HEAD / HTTP/1.1" 301 0 "http://omkar.com/" "Mozilla/5.0+(compatible; UptimeRobot/2.0; http://www.uptimerobot.com/)"
142.214.184.9 - - [24/Jan/2026:08:20:32 +0100] "GET /.well-known/acme-challenge/9D8-XH2DNPWV241WR4208X-EJJFXCK1U HTTP/1.1" 301 162 "-" "Cpanel-HTTP-Client/1.0"
142.214.184.9 - - [24/Jan/2026:08:20:33 +0100] "GET /.well-known/acme-challenge/9LAI1XIY1ZU7A7E3UANR5W8LUSN4T1XN HTTP/1.1" 301 162 "-" "Cpanel-HTTP-Client/1.0"
66.94.101.16 - - [24/Jan/2026:08:21:31 +0100] "GET /roundcubemail/ HTTP/1.1" 301 162 "-" "Mozilla/5.0 (Windows NT 10.0; Win64; x64) AppleWebKit/537.36 (KHTML, like Gecko) Chrome/58.0.3029.110 Safari/537.36"
78.47.98.55 - - [24/Jan/2026:08:22:07 +0100] "HEAD / HTTP/1.1" 301 0 "http://www.omkar.com" "Mozilla/5.0+(compatible; UptimeRobot/2.0; http://www.uptimerobot.com/)"
168.119.53.160 - - [24/Jan/2026:08:23:21 +0100] "HEAD / HTTP/1.1" 301 0 "http://omkar.com/" "Mozilla/5.0+(compatible; UptimeRobot/2.0; http://www.uptimerobot.com/)"
